14.18.90.195 - - [20/Mar/2026:00:44:42 -0300] "POST /xmlrpc.php HTTP/1.1" 200 416 "-" "Apache-HttpClient/4.5.2 (Java/1.8.0_161)"
14.18.90.195 - - [20/Mar/2026:00:44:50 -0300] "POST /xmlrpc.php HTTP/1.1" 200 416 "-" "Apache-HttpClient/4.5.2 (Java/1.8.0_161)"
14.18.90.195 - - [20/Mar/2026:00:44:56 -0300] "POST /xmlrpc.php HTTP/1.1" 200 416 "-" "Apache-HttpClient/4.5.2 (Java/1.8.0_161)"
14.18.90.195 - - [20/Mar/2026:00:45:09 -0300] "POST /xmlrpc.php HTTP/1.1" 200 416 "-" "Apache-HttpClient/4.5.2 (Java/1.8.0_161)"
162.240.153.75 - - [20/Mar/2026:00:45:20 -0300] "POST /wp-cron.php?doing_wp_cron=1773978320.6571140289306640625000 HTTP/1.1" 200 - "-" "WordPress/6.9.4; https://tarapaca.vsptdigital.cl"
14.18.90.195 - - [20/Mar/2026:00:45:17 -0300] "POST /xmlrpc.php HTTP/1.1" 200 416 "-" "Apache-HttpClient/4.5.2 (Java/1.8.0_161)"
14.18.90.195 - - [20/Mar/2026:00:45:21 -0300] "POST /xmlrpc.php HTTP/1.1" 200 416 "-" "Apache-HttpClient/4.5.2 (Java/1.8.0_161)"
14.18.90.195 - - [20/Mar/2026:00:45:24 -0300] "POST /xmlrpc.php HTTP/1.1" 200 416 "-" "Apache-HttpClient/4.5.2 (Java/1.8.0_161)"
14.18.90.195 - - [20/Mar/2026:00:45:27 -0300] "POST /xmlrpc.php HTTP/1.1" 200 416 "-" "Apache-HttpClient/4.5.2 (Java/1.8.0_161)"
14.18.90.195 - - [20/Mar/2026:00:45:31 -0300] "POST /xmlrpc.php HTTP/1.1" 200 416 "-" "Apache-HttpClient/4.5.2 (Java/1.8.0_161)"
14.18.90.195 - - [20/Mar/2026:00:45:34 -0300] "POST /xmlrpc.php HTTP/1.1" 200 416 "-" "Apache-HttpClient/4.5.2 (Java/1.8.0_161)"
14.18.90.195 - - [20/Mar/2026:00:45:40 -0300] "POST /xmlrpc.php HTTP/1.1" 200 416 "-" "Apache-HttpClient/4.5.2 (Java/1.8.0_161)"
14.18.90.195 - - [20/Mar/2026:00:45:48 -0300] "POST /xmlrpc.php HTTP/1.1" 200 416 "-" "Apache-HttpClient/4.5.2 (Java/1.8.0_161)"
14.18.90.195 - - [20/Mar/2026:00:45:53 -0300] "POST /xmlrpc.php HTTP/1.1" 200 416 "-" "Apache-HttpClient/4.5.2 (Java/1.8.0_161)"
14.18.90.195 - - [20/Mar/2026:00:46:00 -0300] "POST /xmlrpc.php HTTP/1.1" 200 416 "-" "Apache-HttpClient/4.5.2 (Java/1.8.0_161)"
14.18.90.195 - - [20/Mar/2026:00:46:08 -0300] "POST /xmlrpc.php HTTP/1.1" 200 416 "-" "Apache-HttpClient/4.5.2 (Java/1.8.0_161)"
14.18.90.195 - - [20/Mar/2026:00:46:11 -0300] "POST /xmlrpc.php HTTP/1.1" 200 416 "-" "Apache-HttpClient/4.5.2 (Java/1.8.0_161)"
162.240.153.75 - - [20/Mar/2026:00:46:26 -0300] "POST /wp-cron.php?doing_wp_cron=1773978386.0837259292602539062500 HTTP/1.1" 200 - "-" "WordPress/6.9.4; https://tarapaca.vsptdigital.cl"
14.18.90.195 - - [20/Mar/2026:00:46:23 -0300] "POST /xmlrpc.php HTTP/1.1" 200 416 "-" "Apache-HttpClient/4.5.2 (Java/1.8.0_161)"
14.18.90.195 - - [20/Mar/2026:00:46:29 -0300] "POST /xmlrpc.php HTTP/1.1" 200 416 "-" "Apache-HttpClient/4.5.2 (Java/1.8.0_161)"
14.18.90.195 - - [20/Mar/2026:00:46:37 -0300] "POST /xmlrpc.php HTTP/1.1" 200 416 "-" "Apache-HttpClient/4.5.2 (Java/1.8.0_161)"
14.18.90.195 - - [20/Mar/2026:00:46:41 -0300] "POST /xmlrpc.php HTTP/1.1" 200 416 "-" "Apache-HttpClient/4.5.2 (Java/1.8.0_161)"
14.18.90.195 - - [20/Mar/2026:00:46:44 -0300] "POST /xmlrpc.php HTTP/1.1" 200 416 "-" "Apache-HttpClient/4.5.2 (Java/1.8.0_161)"
14.18.90.195 - - [20/Mar/2026:00:46:50 -0300] "POST /xmlrpc.php HTTP/1.1" 200 416 "-" "Apache-HttpClient/4.5.2 (Java/1.8.0_161)"
14.18.90.195 - - [20/Mar/2026:00:46:54 -0300] "POST /xmlrpc.php HTTP/1.1" 200 416 "-" "Apache-HttpClient/4.5.2 (Java/1.8.0_161)"
14.18.90.195 - - [20/Mar/2026:00:46:56 -0300] "POST /xmlrpc.php HTTP/1.1" 200 416 "-" "Apache-HttpClient/4.5.2 (Java/1.8.0_161)"
14.18.90.195 - - [20/Mar/2026:00:46:59 -0300] "POST /xmlrpc.php HTTP/1.1" 200 416 "-" "Apache-HttpClient/4.5.2 (Java/1.8.0_161)"
14.18.90.195 - - [20/Mar/2026:00:47:02 -0300] "POST /xmlrpc.php HTTP/1.1" 200 416 "-" "Apache-HttpClient/4.5.2 (Java/1.8.0_161)"
14.18.90.195 - - [20/Mar/2026:00:47:10 -0300] "POST /xmlrpc.php HTTP/1.1" 200 416 "-" "Apache-HttpClient/4.5.2 (Java/1.8.0_161)"
14.18.90.195 - - [20/Mar/2026:00:47:13 -0300] "POST /xmlrpc.php HTTP/1.1" 200 416 "-" "Apache-HttpClient/4.5.2 (Java/1.8.0_161)"
162.240.153.75 - - [20/Mar/2026:00:47:20 -0300] "POST /wp-cron.php?doing_wp_cron=1773978440.1791570186614990234375 HTTP/1.1" 200 - "-" "WordPress/6.9.4; https://tarapaca.vsptdigital.cl"
14.18.90.195 - - [20/Mar/2026:00:47:17 -0300] "POST /xmlrpc.php HTTP/1.1" 200 416 "-" "Apache-HttpClient/4.5.2 (Java/1.8.0_161)"
14.18.90.195 - - [20/Mar/2026:00:47:23 -0300] "POST /xmlrpc.php HTTP/1.1" 200 416 "-" "Apache-HttpClient/4.5.2 (Java/1.8.0_161)"
14.18.90.195 - - [20/Mar/2026:00:47:29 -0300] "POST /xmlrpc.php HTTP/1.1" 200 416 "-" "Apache-HttpClient/4.5.2 (Java/1.8.0_161)"
14.18.90.195 - - [20/Mar/2026:00:47:37 -0300] "POST /xmlrpc.php HTTP/1.1" 200 416 "-" "Apache-HttpClient/4.5.2 (Java/1.8.0_161)"
14.18.90.195 - - [20/Mar/2026:00:47:44 -0300] "POST /xmlrpc.php HTTP/1.1" 200 416 "-" "Apache-HttpClient/4.5.2 (Java/1.8.0_161)"
14.18.90.195 - - [20/Mar/2026:00:47:50 -0300] "POST /xmlrpc.php HTTP/1.1" 200 416 "-" "Apache-HttpClient/4.5.2 (Java/1.8.0_161)"
14.18.90.195 - - [20/Mar/2026:00:47:53 -0300] "POST /xmlrpc.php HTTP/1.1" 200 416 "-" "Apache-HttpClient/4.5.2 (Java/1.8.0_161)"
14.18.90.195 - - [20/Mar/2026:00:47:58 -0300] "POST /xmlrpc.php HTTP/1.1" 200 416 "-" "Apache-HttpClient/4.5.2 (Java/1.8.0_161)"
14.18.90.195 - - [20/Mar/2026:00:47:59 -0300] "POST /xmlrpc.php HTTP/1.1" 200 416 "-" "Apache-HttpClient/4.5.2 (Java/1.8.0_161)"
14.18.90.195 - - [20/Mar/2026:00:48:00 -0300] "POST /xmlrpc.php HTTP/1.1" 200 416 "-" "Apache-HttpClient/4.5.2 (Java/1.8.0_161)"
14.18.90.195 - - [20/Mar/2026:00:48:02 -0300] "POST /xmlrpc.php HTTP/1.1" 200 416 "-" "Apache-HttpClient/4.5.2 (Java/1.8.0_161)"
14.18.90.195 - - [20/Mar/2026:00:48:08 -0300] "POST /xmlrpc.php HTTP/1.1" 200 416 "-" "Apache-HttpClient/4.5.2 (Java/1.8.0_161)"
14.18.90.195 - - [20/Mar/2026:00:48:12 -0300] "POST /xmlrpc.php HTTP/1.1" 200 416 "-" "Apache-HttpClient/4.5.2 (Java/1.8.0_161)"
14.18.90.195 - - [20/Mar/2026:00:48:14 -0300] "POST /xmlrpc.php HTTP/1.1" 200 416 "-" "Apache-HttpClient/4.5.2 (Java/1.8.0_161)"
14.18.90.195 - - [20/Mar/2026:00:48:16 -0300] "POST /xmlrpc.php HTTP/1.1" 200 416 "-" "Apache-HttpClient/4.5.2 (Java/1.8.0_161)"
162.240.153.75 - - [20/Mar/2026:00:48:23 -0300] "POST /wp-cron.php?doing_wp_cron=1773978503.1495440006256103515625 HTTP/1.1" 200 - "-" "WordPress/6.9.4; https://tarapaca.vsptdigital.cl"
14.18.90.195 - - [20/Mar/2026:00:48:20 -0300] "POST /xmlrpc.php HTTP/1.1" 200 416 "-" "Apache-HttpClient/4.5.2 (Java/1.8.0_161)"
14.18.90.195 - - [20/Mar/2026:00:48:23 -0300] "POST /xmlrpc.php HTTP/1.1" 200 416 "-" "Apache-HttpClient/4.5.2 (Java/1.8.0_161)"
14.18.90.195 - - [20/Mar/2026:00:48:26 -0300] "POST /xmlrpc.php HTTP/1.1" 200 416 "-" "Apache-HttpClient/4.5.2 (Java/1.8.0_161)"
14.18.90.195 - - [20/Mar/2026:00:48:29 -0300] "POST /xmlrpc.php HTTP/1.1" 200 416 "-" "Apache-HttpClient/4.5.2 (Java/1.8.0_161)"
14.18.90.195 - - [20/Mar/2026:00:48:38 -0300] "POST /xmlrpc.php HTTP/1.1" 200 416 "-" "Apache-HttpClient/4.5.2 (Java/1.8.0_161)"
14.18.90.195 - - [20/Mar/2026:00:48:39 -0300] "POST /xmlrpc.php HTTP/1.1" 200 416 "-" "Apache-HttpClient/4.5.2 (Java/1.8.0_161)"
14.18.90.195 - - [20/Mar/2026:00:48:50 -0300] "POST /xmlrpc.php HTTP/1.1" 200 416 "-" "Apache-HttpClient/4.5.2 (Java/1.8.0_161)"
14.18.90.195 - - [20/Mar/2026:00:48:56 -0300] "POST /xmlrpc.php HTTP/1.1" 200 416 "-" "Apache-HttpClient/4.5.2 (Java/1.8.0_161)"
14.18.90.195 - - [20/Mar/2026:00:49:08 -0300] "POST /xmlrpc.php HTTP/1.1" 200 416 "-" "Apache-HttpClient/4.5.2 (Java/1.8.0_161)"
14.18.90.195 - - [20/Mar/2026:00:49:11 -0300] "POST /xmlrpc.php HTTP/1.1" 200 416 "-" "Apache-HttpClient/4.5.2 (Java/1.8.0_161)"
14.18.90.195 - - [20/Mar/2026:00:49:14 -0300] "POST /xmlrpc.php HTTP/1.1" 200 416 "-" "Apache-HttpClient/4.5.2 (Java/1.8.0_161)"
162.240.153.75 - - [20/Mar/2026:00:49:20 -0300] "POST /wp-cron.php?doing_wp_cron=1773978560.8145089149475097656250 HTTP/1.1" 200 - "-" "WordPress/6.9.4; https://tarapaca.vsptdigital.cl"
14.18.90.195 - - [20/Mar/2026:00:49:17 -0300] "POST /xmlrpc.php HTTP/1.1" 200 416 "-" "Apache-HttpClient/4.5.2 (Java/1.8.0_161)"
14.18.90.195 - - [20/Mar/2026:00:49:29 -0300] "POST /xmlrpc.php HTTP/1.1" 200 416 "-" "Apache-HttpClient/4.5.2 (Java/1.8.0_161)"
14.18.90.195 - - [20/Mar/2026:00:49:32 -0300] "POST /xmlrpc.php HTTP/1.1" 200 416 "-" "Apache-HttpClient/4.5.2 (Java/1.8.0_161)"
14.18.90.195 - - [20/Mar/2026:00:49:41 -0300] "POST /xmlrpc.php HTTP/1.1" 200 416 "-" "Apache-HttpClient/4.5.2 (Java/1.8.0_161)"
14.18.90.195 - - [20/Mar/2026:00:49:50 -0300] "POST /xmlrpc.php HTTP/1.1" 200 416 "-" "Apache-HttpClient/4.5.2 (Java/1.8.0_161)"
14.18.90.195 - - [20/Mar/2026:00:49:51 -0300] "POST /xmlrpc.php HTTP/1.1" 200 416 "-" "Apache-HttpClient/4.5.2 (Java/1.8.0_161)"
14.18.90.195 - - [20/Mar/2026:00:49:52 -0300] "POST /xmlrpc.php HTTP/1.1" 200 416 "-" "Apache-HttpClient/4.5.2 (Java/1.8.0_161)"
14.18.90.195 - - [20/Mar/2026:00:49:58 -0300] "POST /xmlrpc.php HTTP/1.1" 200 416 "-" "Apache-HttpClient/4.5.2 (Java/1.8.0_161)"
14.18.90.195 - - [20/Mar/2026:00:50:04 -0300] "POST /xmlrpc.php HTTP/1.1" 200 416 "-" "Apache-HttpClient/4.5.2 (Java/1.8.0_161)"
14.18.90.195 - - [20/Mar/2026:00:50:05 -0300] "POST /xmlrpc.php HTTP/1.1" 200 416 "-" "Apache-HttpClient/4.5.2 (Java/1.8.0_161)"
14.18.90.195 - - [20/Mar/2026:00:50:06 -0300] "POST /xmlrpc.php HTTP/1.1" 200 416 "-" "Apache-HttpClient/4.5.2 (Java/1.8.0_161)"
14.18.90.195 - - [20/Mar/2026:00:50:17 -0300] "POST /xmlrpc.php HTTP/1.1" 200 416 "-" "Apache-HttpClient/4.5.2 (Java/1.8.0_161)"
162.240.153.75 - - [20/Mar/2026:00:50:22 -0300] "POST /wp-cron.php?doing_wp_cron=1773978622.8891930580139160156250 HTTP/1.1" 200 - "-" "WordPress/6.9.4; https://tarapaca.vsptdigital.cl"
14.18.90.195 - - [20/Mar/2026:00:50:20 -0300] "POST /xmlrpc.php HTTP/1.1" 200 416 "-" "Apache-HttpClient/4.5.2 (Java/1.8.0_161)"
14.18.90.195 - - [20/Mar/2026:00:50:23 -0300] "POST /xmlrpc.php HTTP/1.1" 200 416 "-" "Apache-HttpClient/4.5.2 (Java/1.8.0_161)"
14.18.90.195 - - [20/Mar/2026:00:50:25 -0300] "POST /xmlrpc.php HTTP/1.1" 200 416 "-" "Apache-HttpClient/4.5.2 (Java/1.8.0_161)"
14.18.90.195 - - [20/Mar/2026:00:50:26 -0300] "POST /xmlrpc.php HTTP/1.1" 200 416 "-" "Apache-HttpClient/4.5.2 (Java/1.8.0_161)"
14.18.90.195 - - [20/Mar/2026:00:50:29 -0300] "POST /xmlrpc.php HTTP/1.1" 200 416 "-" "Apache-HttpClient/4.5.2 (Java/1.8.0_161)"
14.18.90.195 - - [20/Mar/2026:00:50:32 -0300] "POST /xmlrpc.php HTTP/1.1" 200 416 "-" "Apache-HttpClient/4.5.2 (Java/1.8.0_161)"
14.18.90.195 - - [20/Mar/2026:00:50:39 -0300] "POST /xmlrpc.php HTTP/1.1" 200 416 "-" "Apache-HttpClient/4.5.2 (Java/1.8.0_161)"
14.18.90.195 - - [20/Mar/2026:00:50:48 -0300] "POST /xmlrpc.php HTTP/1.1" 200 416 "-" "Apache-HttpClient/4.5.2 (Java/1.8.0_161)"
14.18.90.195 - - [20/Mar/2026:00:50:56 -0300] "POST /xmlrpc.php HTTP/1.1" 200 416 "-" "Apache-HttpClient/4.5.2 (Java/1.8.0_161)"
14.18.90.195 - - [20/Mar/2026:00:51:07 -0300] "POST /xmlrpc.php HTTP/1.1" 200 416 "-" "Apache-HttpClient/4.5.2 (Java/1.8.0_161)"
14.18.90.195 - - [20/Mar/2026:00:51:15 -0300] "POST /xmlrpc.php HTTP/1.1" 200 416 "-" "Apache-HttpClient/4.5.2 (Java/1.8.0_161)"
162.240.153.75 - - [20/Mar/2026:00:51:30 -0300] "POST /wp-cron.php?doing_wp_cron=1773978690.5618119239807128906250 HTTP/1.1" 200 - "-" "WordPress/6.9.4; https://tarapaca.vsptdigital.cl"
14.18.90.195 - - [20/Mar/2026:00:51:28 -0300] "POST /xmlrpc.php HTTP/1.1" 200 416 "-" "Apache-HttpClient/4.5.2 (Java/1.8.0_161)"
14.18.90.195 - - [20/Mar/2026:00:51:33 -0300] "POST /xmlrpc.php HTTP/1.1" 200 416 "-" "Apache-HttpClient/4.5.2 (Java/1.8.0_161)"
14.18.90.195 - - [20/Mar/2026:00:51:36 -0300] "POST /xmlrpc.php HTTP/1.1" 200 416 "-" "Apache-HttpClient/4.5.2 (Java/1.8.0_161)"
14.18.90.195 - - [20/Mar/2026:00:51:39 -0300] "POST /xmlrpc.php HTTP/1.1" 200 416 "-" "Apache-HttpClient/4.5.2 (Java/1.8.0_161)"
14.18.90.195 - - [20/Mar/2026:00:51:40 -0300] "POST /xmlrpc.php HTTP/1.1" 200 416 "-" "Apache-HttpClient/4.5.2 (Java/1.8.0_161)"
14.18.90.195 - - [20/Mar/2026:00:51:41 -0300] "POST /xmlrpc.php HTTP/1.1" 200 416 "-" "Apache-HttpClient/4.5.2 (Java/1.8.0_161)"
14.18.90.195 - - [20/Mar/2026:00:51:52 -0300] "POST /xmlrpc.php HTTP/1.1" 200 416 "-" "Apache-HttpClient/4.5.2 (Java/1.8.0_161)"
14.18.90.195 - - [20/Mar/2026:00:51:53 -0300] "POST /xmlrpc.php HTTP/1.1" 200 416 "-" "Apache-HttpClient/4.5.2 (Java/1.8.0_161)"
14.18.90.195 - - [20/Mar/2026:00:51:54 -0300] "POST /xmlrpc.php HTTP/1.1" 200 416 "-" "Apache-HttpClient/4.5.2 (Java/1.8.0_161)"
14.18.90.195 - - [20/Mar/2026:00:51:55 -0300] "POST /xmlrpc.php HTTP/1.1" 200 416 "-" "Apache-HttpClient/4.5.2 (Java/1.8.0_161)"
14.18.90.195 - - [20/Mar/2026:00:51:56 -0300] "POST /xmlrpc.php HTTP/1.1" 200 416 "-" "Apache-HttpClient/4.5.2 (Java/1.8.0_161)"
14.18.90.195 - - [20/Mar/2026:00:51:57 -0300] "POST /xmlrpc.php HTTP/1.1" 200 416 "-" "Apache-HttpClient/4.5.2 (Java/1.8.0_161)"
14.18.90.195 - - [20/Mar/2026:00:52:00 -0300] "POST /xmlrpc.php HTTP/1.1" 200 416 "-" "Apache-HttpClient/4.5.2 (Java/1.8.0_161)"
14.18.90.195 - - [20/Mar/2026:00:52:07 -0300] "POST /xmlrpc.php HTTP/1.1" 200 403 "-" "Apache-HttpClient/4.5.2 (Java/1.8.0_161)"
14.18.90.195 - - [20/Mar/2026:00:52:13 -0300] "POST /xmlrpc.php HTTP/1.1" 200 416 "-" "Apache-HttpClient/4.5.2 (Java/1.8.0_161)"
14.18.90.195 - - [20/Mar/2026:00:52:16 -0300] "POST /xmlrpc.php HTTP/1.1" 200 416 "-" "Apache-HttpClient/4.5.2 (Java/1.8.0_161)"
162.240.153.75 - - [20/Mar/2026:00:52:27 -0300] "POST /wp-cron.php?doing_wp_cron=1773978747.9703979492187500000000 HTTP/1.1" 200 - "-" "WordPress/6.9.4; https://tarapaca.vsptdigital.cl"
14.18.90.195 - - [20/Mar/2026:00:52:25 -0300] "POST /xmlrpc.php HTTP/1.1" 200 416 "-" "Apache-HttpClient/4.5.2 (Java/1.8.0_161)"
14.18.90.195 - - [20/Mar/2026:00:52:31 -0300] "POST /xmlrpc.php HTTP/1.1" 200 416 "-" "Apache-HttpClient/4.5.2 (Java/1.8.0_161)"
14.18.90.195 - - [20/Mar/2026:00:52:34 -0300] "POST /xmlrpc.php HTTP/1.1" 200 416 "-" "Apache-HttpClient/4.5.2 (Java/1.8.0_161)"
14.18.90.195 - - [20/Mar/2026:00:52:38 -0300] "POST /xmlrpc.php HTTP/1.1" 200 416 "-" "Apache-HttpClient/4.5.2 (Java/1.8.0_161)"
14.18.90.195 - - [20/Mar/2026:00:52:50 -0300] "POST /xmlrpc.php HTTP/1.1" 200 416 "-" "Apache-HttpClient/4.5.2 (Java/1.8.0_161)"
14.18.90.195 - - [20/Mar/2026:00:52:52 -0300] "POST /xmlrpc.php HTTP/1.1" 200 416 "-" "Apache-HttpClient/4.5.2 (Java/1.8.0_161)"
14.18.90.195 - - [20/Mar/2026:00:52:56 -0300] "POST /xmlrpc.php HTTP/1.1" 200 416 "-" "Apache-HttpClient/4.5.2 (Java/1.8.0_161)"
14.18.90.195 - - [20/Mar/2026:00:53:12 -0300] "POST /xmlrpc.php HTTP/1.1" 200 416 "-" "Apache-HttpClient/4.5.2 (Java/1.8.0_161)"
162.240.153.75 - - [20/Mar/2026:00:53:29 -0300] "POST /wp-cron.php?doing_wp_cron=1773978809.0350120067596435546875 HTTP/1.1" 200 - "-" "WordPress/6.9.4; https://tarapaca.vsptdigital.cl"
14.18.90.195 - - [20/Mar/2026:00:53:26 -0300] "POST /xmlrpc.php HTTP/1.1" 200 416 "-" "Apache-HttpClient/4.5.2 (Java/1.8.0_161)"
14.18.90.195 - - [20/Mar/2026:00:53:32 -0300] "POST /xmlrpc.php HTTP/1.1" 200 416 "-" "Apache-HttpClient/4.5.2 (Java/1.8.0_161)"
14.18.90.195 - - [20/Mar/2026:00:53:39 -0300] "POST /xmlrpc.php HTTP/1.1" 200 416 "-" "Apache-HttpClient/4.5.2 (Java/1.8.0_161)"
14.18.90.195 - - [20/Mar/2026:00:53:42 -0300] "POST /xmlrpc.php HTTP/1.1" 200 416 "-" "Apache-HttpClient/4.5.2 (Java/1.8.0_161)"
14.18.90.195 - - [20/Mar/2026:00:53:45 -0300] "POST /xmlrpc.php HTTP/1.1" 200 416 "-" "Apache-HttpClient/4.5.2 (Java/1.8.0_161)"
14.18.90.195 - - [20/Mar/2026:00:53:58 -0300] "POST /xmlrpc.php HTTP/1.1" 200 416 "-" "Apache-HttpClient/4.5.2 (Java/1.8.0_161)"
14.18.90.195 - - [20/Mar/2026:00:54:01 -0300] "POST /xmlrpc.php HTTP/1.1" 200 416 "-" "Apache-HttpClient/4.5.2 (Java/1.8.0_161)"
14.18.90.195 - - [20/Mar/2026:00:54:09 -0300] "POST /xmlrpc.php HTTP/1.1" 200 416 "-" "Apache-HttpClient/4.5.2 (Java/1.8.0_161)"
14.18.90.195 - - [20/Mar/2026:00:54:12 -0300] "POST /xmlrpc.php HTTP/1.1" 200 416 "-" "Apache-HttpClient/4.5.2 (Java/1.8.0_161)"
14.18.90.195 - - [20/Mar/2026:00:54:16 -0300] "POST /xmlrpc.php HTTP/1.1" 200 416 "-" "Apache-HttpClient/4.5.2 (Java/1.8.0_161)"
162.240.153.75 - - [20/Mar/2026:00:54:24 -0300] "POST /wp-cron.php?doing_wp_cron=1773978864.8322930335998535156250 HTTP/1.1" 200 - "-" "WordPress/6.9.4; https://tarapaca.vsptdigital.cl"
14.18.90.195 - - [20/Mar/2026:00:54:22 -0300] "POST /xmlrpc.php HTTP/1.1" 200 416 "-" "Apache-HttpClient/4.5.2 (Java/1.8.0_161)"
14.18.90.195 - - [20/Mar/2026:00:54:28 -0300] "POST /xmlrpc.php HTTP/1.1" 200 416 "-" "Apache-HttpClient/4.5.2 (Java/1.8.0_161)"
14.18.90.195 - - [20/Mar/2026:00:54:34 -0300] "POST /xmlrpc.php HTTP/1.1" 200 416 "-" "Apache-HttpClient/4.5.2 (Java/1.8.0_161)"
14.18.90.195 - - [20/Mar/2026:00:54:42 -0300] "POST /xmlrpc.php HTTP/1.1" 200 416 "-" "Apache-HttpClient/4.5.2 (Java/1.8.0_161)"
14.18.90.195 - - [20/Mar/2026:00:54:43 -0300] "POST /xmlrpc.php HTTP/1.1" 200 416 "-" "Apache-HttpClient/4.5.2 (Java/1.8.0_161)"
14.18.90.195 - - [20/Mar/2026:00:54:45 -0300] "POST /xmlrpc.php HTTP/1.1" 200 416 "-" "Apache-HttpClient/4.5.2 (Java/1.8.0_161)"
14.18.90.195 - - [20/Mar/2026:00:54:47 -0300] "POST /xmlrpc.php HTTP/1.1" 200 416 "-" "Apache-HttpClient/4.5.2 (Java/1.8.0_161)"
14.18.90.195 - - [20/Mar/2026:00:54:52 -0300] "POST /xmlrpc.php HTTP/1.1" 200 416 "-" "Apache-HttpClient/4.5.2 (Java/1.8.0_161)"
14.18.90.195 - - [20/Mar/2026:00:54:58 -0300] "POST /xmlrpc.php HTTP/1.1" 200 416 "-" "Apache-HttpClient/4.5.2 (Java/1.8.0_161)"
14.18.90.195 - - [20/Mar/2026:00:55:00 -0300] "POST /xmlrpc.php HTTP/1.1" 200 416 "-" "Apache-HttpClient/4.5.2 (Java/1.8.0_161)"
14.18.90.195 - - [20/Mar/2026:00:55:13 -0300] "POST /xmlrpc.php HTTP/1.1" 200 416 "-" "Apache-HttpClient/4.5.2 (Java/1.8.0_161)"
14.18.90.195 - - [20/Mar/2026:00:55:15 -0300] "POST /xmlrpc.php HTTP/1.1" 200 416 "-" "Apache-HttpClient/4.5.2 (Java/1.8.0_161)"
162.240.153.75 - - [20/Mar/2026:00:55:30 -0300] "POST /wp-cron.php?doing_wp_cron=1773978930.7488629817962646484375 HTTP/1.1" 200 - "-" "WordPress/6.9.4; https://tarapaca.vsptdigital.cl"
14.18.90.195 - - [20/Mar/2026:00:55:27 -0300] "POST /xmlrpc.php HTTP/1.1" 200 416 "-" "Apache-HttpClient/4.5.2 (Java/1.8.0_161)"
14.18.90.195 - - [20/Mar/2026:00:55:31 -0300] "POST /xmlrpc.php HTTP/1.1" 200 416 "-" "Apache-HttpClient/4.5.2 (Java/1.8.0_161)"
14.18.90.195 - - [20/Mar/2026:00:55:35 -0300] "POST /xmlrpc.php HTTP/1.1" 200 416 "-" "Apache-HttpClient/4.5.2 (Java/1.8.0_161)"
14.18.90.195 - - [20/Mar/2026:00:55:45 -0300] "POST /xmlrpc.php HTTP/1.1" 200 416 "-" "Apache-HttpClient/4.5.2 (Java/1.8.0_161)"
14.18.90.195 - - [20/Mar/2026:00:55:52 -0300] "POST /xmlrpc.php HTTP/1.1" 200 416 "-" "Apache-HttpClient/4.5.2 (Java/1.8.0_161)"
14.18.90.195 - - [20/Mar/2026:00:55:59 -0300] "POST /xmlrpc.php HTTP/1.1" 200 416 "-" "Apache-HttpClient/4.5.2 (Java/1.8.0_161)"
14.18.90.195 - - [20/Mar/2026:00:56:03 -0300] "POST /xmlrpc.php HTTP/1.1" 200 416 "-" "Apache-HttpClient/4.5.2 (Java/1.8.0_161)"
14.18.90.195 - - [20/Mar/2026:00:56:10 -0300] "POST /xmlrpc.php HTTP/1.1" 200 416 "-" "Apache-HttpClient/4.5.2 (Java/1.8.0_161)"
14.18.90.195 - - [20/Mar/2026:00:56:23 -0300] "POST /xmlrpc.php HTTP/1.1" 200 416 "-" "Apache-HttpClient/4.5.2 (Java/1.8.0_161)"
14.18.90.195 - - [20/Mar/2026:00:56:27 -0300] "POST /xmlrpc.php HTTP/1.1" 200 416 "-" "Apache-HttpClient/4.5.2 (Java/1.8.0_161)"
14.18.90.195 - - [20/Mar/2026:00:56:31 -0300] "POST /xmlrpc.php HTTP/1.1" 200 416 "-" "Apache-HttpClient/4.5.2 (Java/1.8.0_161)"
14.18.90.195 - - [20/Mar/2026:00:56:34 -0300] "POST /xmlrpc.php HTTP/1.1" 200 416 "-" "Apache-HttpClient/4.5.2 (Java/1.8.0_161)"
14.18.90.195 - - [20/Mar/2026:00:56:37 -0300] "POST /xmlrpc.php HTTP/1.1" 200 416 "-" "Apache-HttpClient/4.5.2 (Java/1.8.0_161)"
14.18.90.195 - - [20/Mar/2026:00:56:40 -0300] "POST /xmlrpc.php HTTP/1.1" 200 416 "-" "Apache-HttpClient/4.5.2 (Java/1.8.0_161)"
14.18.90.195 - - [20/Mar/2026:00:56:46 -0300] "POST /xmlrpc.php HTTP/1.1" 200 416 "-" "Apache-HttpClient/4.5.2 (Java/1.8.0_161)"
14.18.90.195 - - [20/Mar/2026:00:56:54 -0300] "POST /xmlrpc.php HTTP/1.1" 200 416 "-" "Apache-HttpClient/4.5.2 (Java/1.8.0_161)"
14.18.90.195 - - [20/Mar/2026:00:57:00 -0300] "POST /xmlrpc.php HTTP/1.1" 200 416 "-" "Apache-HttpClient/4.5.2 (Java/1.8.0_161)"
14.18.90.195 - - [20/Mar/2026:00:57:02 -0300] "POST /xmlrpc.php HTTP/1.1" 200 416 "-" "Apache-HttpClient/4.5.2 (Java/1.8.0_161)"
14.18.90.195 - - [20/Mar/2026:00:57:05 -0300] "POST /xmlrpc.php HTTP/1.1" 200 416 "-" "Apache-HttpClient/4.5.2 (Java/1.8.0_161)"
14.18.90.195 - - [20/Mar/2026:00:57:11 -0300] "POST /xmlrpc.php HTTP/1.1" 200 416 "-" "Apache-HttpClient/4.5.2 (Java/1.8.0_161)"
14.18.90.195 - - [20/Mar/2026:00:57:14 -0300] "POST /xmlrpc.php HTTP/1.1" 200 416 "-" "Apache-HttpClient/4.5.2 (Java/1.8.0_161)"
162.240.153.75 - - [20/Mar/2026:00:57:20 -0300] "POST /wp-cron.php?doing_wp_cron=1773979040.4657230377197265625000 HTTP/1.1" 200 - "-" "WordPress/6.9.4; https://tarapaca.vsptdigital.cl"
14.18.90.195 - - [20/Mar/2026:00:57:17 -0300] "POST /xmlrpc.php HTTP/1.1" 200 416 "-" "Apache-HttpClient/4.5.2 (Java/1.8.0_161)"
14.18.90.195 - - [20/Mar/2026:00:57:20 -0300] "POST /xmlrpc.php HTTP/1.1" 200 416 "-" "Apache-HttpClient/4.5.2 (Java/1.8.0_161)"
14.18.90.195 - - [20/Mar/2026:00:57:32 -0300] "POST /xmlrpc.php HTTP/1.1" 200 416 "-" "Apache-HttpClient/4.5.2 (Java/1.8.0_161)"
14.18.90.195 - - [20/Mar/2026:00:57:39 -0300] "POST /xmlrpc.php HTTP/1.1" 200 416 "-" "Apache-HttpClient/4.5.2 (Java/1.8.0_161)"
14.18.90.195 - - [20/Mar/2026:00:57:42 -0300] "POST /xmlrpc.php HTTP/1.1" 200 416 "-" "Apache-HttpClient/4.5.2 (Java/1.8.0_161)"
14.18.90.195 - - [20/Mar/2026:00:57:44 -0300] "POST /xmlrpc.php HTTP/1.1" 200 416 "-" "Apache-HttpClient/4.5.2 (Java/1.8.0_161)"
14.18.90.195 - - [20/Mar/2026:00:57:50 -0300] "POST /xmlrpc.php HTTP/1.1" 200 416 "-" "Apache-HttpClient/4.5.2 (Java/1.8.0_161)"
14.18.90.195 - - [20/Mar/2026:00:57:53 -0300] "POST /xmlrpc.php HTTP/1.1" 200 416 "-" "Apache-HttpClient/4.5.2 (Java/1.8.0_161)"
14.18.90.195 - - [20/Mar/2026:00:57:56 -0300] "POST /xmlrpc.php HTTP/1.1" 200 416 "-" "Apache-HttpClient/4.5.2 (Java/1.8.0_161)"
14.18.90.195 - - [20/Mar/2026:00:57:59 -0300] "POST /xmlrpc.php HTTP/1.1" 200 416 "-" "Apache-HttpClient/4.5.2 (Java/1.8.0_161)"
14.18.90.195 - - [20/Mar/2026:00:58:02 -0300] "POST /xmlrpc.php HTTP/1.1" 200 416 "-" "Apache-HttpClient/4.5.2 (Java/1.8.0_161)"
14.18.90.195 - - [20/Mar/2026:00:58:05 -0300] "POST /xmlrpc.php HTTP/1.1" 200 416 "-" "Apache-HttpClient/4.5.2 (Java/1.8.0_161)"
14.18.90.195 - - [20/Mar/2026:00:58:08 -0300] "POST /xmlrpc.php HTTP/1.1" 200 416 "-" "Apache-HttpClient/4.5.2 (Java/1.8.0_161)"
14.18.90.195 - - [20/Mar/2026:00:58:11 -0300] "POST /xmlrpc.php HTTP/1.1" 200 416 "-" "Apache-HttpClient/4.5.2 (Java/1.8.0_161)"
14.18.90.195 - - [20/Mar/2026:00:58:15 -0300] "POST /xmlrpc.php HTTP/1.1" 200 416 "-" "Apache-HttpClient/4.5.2 (Java/1.8.0_161)"
162.240.153.75 - - [20/Mar/2026:00:58:24 -0300] "POST /wp-cron.php?doing_wp_cron=1773979104.3027389049530029296875 HTTP/1.1" 200 - "-" "WordPress/6.9.4; https://tarapaca.vsptdigital.cl"
14.18.90.195 - - [20/Mar/2026:00:58:21 -0300] "POST /xmlrpc.php HTTP/1.1" 200 416 "-" "Apache-HttpClient/4.5.2 (Java/1.8.0_161)"
14.18.90.195 - - [20/Mar/2026:00:58:29 -0300] "POST /xmlrpc.php HTTP/1.1" 200 416 "-" "Apache-HttpClient/4.5.2 (Java/1.8.0_161)"
14.18.90.195 - - [20/Mar/2026:00:58:38 -0300] "POST /xmlrpc.php HTTP/1.1" 200 416 "-" "Apache-HttpClient/4.5.2 (Java/1.8.0_161)"
193.142.58.23 - - [20/Mar/2026:00:58:39 -0300] "GET /2026/01/31/como-verificar-tu-cuenta-de-manera-eficiente/ HTTP/1.1" 200 32829 "http://tarapaca.vsptdigital.cl/" "Mozilla/5.0 (Windows NT 10.0; Win64; x64) AppleWebKit/537.36 (KHTML, like Gecko) Chrome/114.0.0.0 Safari/537.36 Edg/114.0.1264.71"
193.142.58.23 - - [20/Mar/2026:00:58:44 -0300] "GET /wp-includes/css/dist/block-library/style.min.css?ver=6.9.4 HTTP/1.1" 200 119358 "http://tarapaca.vsptdigital.cl/2026/01/31/como-verificar-tu-cuenta-de-manera-eficiente/" "Mozilla/5.0 (Windows NT 10.0; Win64; x64) AppleWebKit/537.36 (KHTML, like Gecko) Chrome/143.0.0.0 Safari/537.36"
193.142.58.23 - - [20/Mar/2026:00:58:45 -0300] "GET /wp-content/plugins/contact-form-7/includes/css/styles.css?ver=5.9.3 HTTP/1.1" 200 2894 "http://tarapaca.vsptdigital.cl/2026/01/31/como-verificar-tu-cuenta-de-manera-eficiente/" "Mozilla/5.0 (Windows NT 10.0; Win64; x64) AppleWebKit/537.36 (KHTML, like Gecko) Chrome/143.0.0.0 Safari/537.36"
193.142.58.23 - - [20/Mar/2026:00:58:46 -0300] "GET /wp-content/plugins/woocommerce/assets/css/woocommerce-layout.css?ver=8.7.2 HTTP/1.1" 200 17688 "http://tarapaca.vsptdigital.cl/2026/01/31/como-verificar-tu-cuenta-de-manera-eficiente/" "Mozilla/5.0 (Windows NT 10.0; Win64; x64) AppleWebKit/537.36 (KHTML, like Gecko) Chrome/143.0.0.0 Safari/537.36"
193.142.58.23 - - [20/Mar/2026:00:58:46 -0300] "GET /wp-content/plugins/woocommerce/assets/css/woocommerce-smallscreen.css?ver=8.7.2 HTTP/1.1" 200 7043 "http://tarapaca.vsptdigital.cl/2026/01/31/como-verificar-tu-cuenta-de-manera-eficiente/" "Mozilla/5.0 (Windows NT 10.0; Win64; x64) AppleWebKit/537.36 (KHTML, like Gecko) Chrome/143.0.0.0 Safari/537.36"
193.142.58.23 - - [20/Mar/2026:00:58:46 -0300] "GET /wp-content/plugins/woocommerce/assets/css/woocommerce.css?ver=8.7.2 HTTP/1.1" 200 77339 "http://tarapaca.vsptdigital.cl/2026/01/31/como-verificar-tu-cuenta-de-manera-eficiente/" "Mozilla/5.0 (Windows NT 10.0; Win64; x64) AppleWebKit/537.36 (KHTML, like Gecko) Chrome/143.0.0.0 Safari/537.36"
193.142.58.23 - - [20/Mar/2026:00:58:47 -0300] "GET /wp-content/themes/hello-elementor/style.min.css?ver=2.9.0 HTTP/1.1" 200 5756 "http://tarapaca.vsptdigital.cl/2026/01/31/como-verificar-tu-cuenta-de-manera-eficiente/" "Mozilla/5.0 (Windows NT 10.0; Win64; x64) AppleWebKit/537.36 (KHTML, like Gecko) Chrome/143.0.0.0 Safari/537.36"
193.142.58.23 - - [20/Mar/2026:00:58:47 -0300] "GET /wp-content/themes/hello-elementor/theme.min.css?ver=2.9.0 HTTP/1.1" 200 12439 "http://tarapaca.vsptdigital.cl/2026/01/31/como-verificar-tu-cuenta-de-manera-eficiente/" "Mozilla/5.0 (Windows NT 10.0; Win64; x64) AppleWebKit/537.36 (KHTML, like Gecko) Chrome/143.0.0.0 Safari/537.36"
14.18.90.195 - - [20/Mar/2026:00:58:45 -0300] "POST /xmlrpc.php HTTP/1.1" 200 416 "-" "Apache-HttpClient/4.5.2 (Java/1.8.0_161)"
193.142.58.23 - - [20/Mar/2026:00:58:48 -0300] "GET /wp-content/plugins/elementor/assets/css/frontend-lite.min.css?ver=3.20.3 HTTP/1.1" 200 118630 "http://tarapaca.vsptdigital.cl/2026/01/31/como-verificar-tu-cuenta-de-manera-eficiente/" "Mozilla/5.0 (Windows NT 10.0; Win64; x64) AppleWebKit/537.36 (KHTML, like Gecko) Chrome/143.0.0.0 Safari/537.36"
193.142.58.23 - - [20/Mar/2026:00:58:49 -0300] "GET /wp-content/uploads/elementor/css/post-5.css?ver=1705946908 HTTP/1.1" 200 1169 "http://tarapaca.vsptdigital.cl/2026/01/31/como-verificar-tu-cuenta-de-manera-eficiente/" "Mozilla/5.0 (Windows NT 10.0; Win64; x64) AppleWebKit/537.36 (KHTML, like Gecko) Chrome/143.0.0.0 Safari/537.36"
193.142.58.23 - - [20/Mar/2026:00:58:49 -0300] "GET /wp-content/plugins/winwheel4wp/assets/winwheel4wp.css?ver=1669909447 HTTP/1.1" 200 4354 "http://tarapaca.vsptdigital.cl/2026/01/31/como-verificar-tu-cuenta-de-manera-eficiente/" "Mozilla/5.0 (Windows NT 10.0; Win64; x64) AppleWebKit/537.36 (KHTML, like Gecko) Chrome/143.0.0.0 Safari/537.36"
14.18.90.195 - - [20/Mar/2026:00:58:48 -0300] "POST /xmlrpc.php HTTP/1.1" 200 416 "-" "Apache-HttpClient/4.5.2 (Java/1.8.0_161)"
193.142.58.23 - - [20/Mar/2026:00:58:49 -0300] "POST /wp-comments-post.php HTTP/1.1" 302 - "http://tarapaca.vsptdigital.cl/2026/01/31/como-verificar-tu-cuenta-de-manera-eficiente/" "Mozilla/5.0 (Windows NT 10.0; Win64; x64) AppleWebKit/537.36 (KHTML, like Gecko) Chrome/114.0.0.0 Safari/537.36 Edg/114.0.1264.71"
14.18.90.195 - - [20/Mar/2026:00:58:50 -0300] "POST /xmlrpc.php HTTP/1.1" 200 416 "-" "Apache-HttpClient/4.5.2 (Java/1.8.0_161)"
14.18.90.195 - - [20/Mar/2026:00:58:57 -0300] "POST /xmlrpc.php HTTP/1.1" 200 416 "-" "Apache-HttpClient/4.5.2 (Java/1.8.0_161)"
193.142.58.23 - - [20/Mar/2026:00:58:58 -0300] "GET /2026/01/31/como-verificar-tu-cuenta-de-manera-eficiente/ HTTP/1.1" 200 32829 "-" "Mozilla/5.0 (Windows NT 10.0; Win64; x64) AppleWebKit/537.36 (KHTML, like Gecko) Chrome/114.0.0.0 Safari/537.36 Edg/114.0.1264.71"
162.240.153.75 - - [20/Mar/2026:00:59:23 -0300] "POST /wp-cron.php?doing_wp_cron=1773979163.4122159481048583984375 HTTP/1.1" 200 - "-" "WordPress/6.9.4; https://tarapaca.vsptdigital.cl"
14.18.90.195 - - [20/Mar/2026:00:59:20 -0300] "POST /xmlrpc.php HTTP/1.1" 200 416 "-" "Apache-HttpClient/4.5.2 (Java/1.8.0_161)"
14.18.90.195 - - [20/Mar/2026:00:59:28 -0300] "POST /xmlrpc.php HTTP/1.1" 200 416 "-" "Apache-HttpClient/4.5.2 (Java/1.8.0_161)"
14.18.90.195 - - [20/Mar/2026:00:59:32 -0300] "POST /xmlrpc.php HTTP/1.1" 200 416 "-" "Apache-HttpClient/4.5.2 (Java/1.8.0_161)"
14.18.90.195 - - [20/Mar/2026:00:59:43 -0300] "POST /xmlrpc.php HTTP/1.1" 200 416 "-" "Apache-HttpClient/4.5.2 (Java/1.8.0_161)"
14.18.90.195 - - [20/Mar/2026:00:59:47 -0300] "POST /xmlrpc.php HTTP/1.1" 200 416 "-" "Apache-HttpClient/4.5.2 (Java/1.8.0_161)"
14.18.90.195 - - [20/Mar/2026:00:59:49 -0300] "POST /xmlrpc.php HTTP/1.1" 200 416 "-" "Apache-HttpClient/4.5.2 (Java/1.8.0_161)"
14.18.90.195 - - [20/Mar/2026:00:59:53 -0300] "POST /xmlrpc.php HTTP/1.1" 200 416 "-" "Apache-HttpClient/4.5.2 (Java/1.8.0_161)"
14.18.90.195 - - [20/Mar/2026:00:59:59 -0300] "POST /xmlrpc.php HTTP/1.1" 200 416 "-" "Apache-HttpClient/4.5.2 (Java/1.8.0_161)"
14.18.90.195 - - [20/Mar/2026:01:00:02 -0300] "POST /xmlrpc.php HTTP/1.1" 200 416 "-" "Apache-HttpClient/4.5.2 (Java/1.8.0_161)"
14.18.90.195 - - [20/Mar/2026:01:00:05 -0300] "POST /xmlrpc.php HTTP/1.1" 200 416 "-" "Apache-HttpClient/4.5.2 (Java/1.8.0_161)"
14.18.90.195 - - [20/Mar/2026:01:00:07 -0300] "POST /xmlrpc.php HTTP/1.1" 200 416 "-" "Apache-HttpClient/4.5.2 (Java/1.8.0_161)"
14.18.90.195 - - [20/Mar/2026:01:00:17 -0300] "POST /xmlrpc.php HTTP/1.1" 200 416 "-" "Apache-HttpClient/4.5.2 (Java/1.8.0_161)"
162.240.153.75 - - [20/Mar/2026:01:00:22 -0300] "POST /wp-cron.php?doing_wp_cron=1773979222.7673990726470947265625 HTTP/1.1" 200 - "-" "WordPress/6.9.4; https://tarapaca.vsptdigital.cl"
14.18.90.195 - - [20/Mar/2026:01:00:20 -0300] "POST /xmlrpc.php HTTP/1.1" 200 416 "-" "Apache-HttpClient/4.5.2 (Java/1.8.0_161)"
14.18.90.195 - - [20/Mar/2026:01:00:23 -0300] "POST /xmlrpc.php HTTP/1.1" 200 416 "-" "Apache-HttpClient/4.5.2 (Java/1.8.0_161)"
14.18.90.195 - - [20/Mar/2026:01:00:26 -0300] "POST /xmlrpc.php HTTP/1.1" 200 416 "-" "Apache-HttpClient/4.5.2 (Java/1.8.0_161)"
14.18.90.195 - - [20/Mar/2026:01:00:28 -0300] "POST /xmlrpc.php HTTP/1.1" 200 416 "-" "Apache-HttpClient/4.5.2 (Java/1.8.0_161)"
14.18.90.195 - - [20/Mar/2026:01:00:31 -0300] "POST /xmlrpc.php HTTP/1.1" 200 416 "-" "Apache-HttpClient/4.5.2 (Java/1.8.0_161)"
14.18.90.195 - - [20/Mar/2026:01:00:34 -0300] "POST /xmlrpc.php HTTP/1.1" 200 416 "-" "Apache-HttpClient/4.5.2 (Java/1.8.0_161)"
14.18.90.195 - - [20/Mar/2026:01:00:36 -0300] "POST /xmlrpc.php HTTP/1.1" 200 416 "-" "Apache-HttpClient/4.5.2 (Java/1.8.0_161)"
14.18.90.195 - - [20/Mar/2026:01:00:39 -0300] "POST /xmlrpc.php HTTP/1.1" 200 416 "-" "Apache-HttpClient/4.5.2 (Java/1.8.0_161)"
14.18.90.195 - - [20/Mar/2026:01:00:42 -0300] "POST /xmlrpc.php HTTP/1.1" 200 416 "-" "Apache-HttpClient/4.5.2 (Java/1.8.0_161)"
14.18.90.195 - - [20/Mar/2026:01:00:48 -0300] "POST /xmlrpc.php HTTP/1.1" 200 416 "-" "Apache-HttpClient/4.5.2 (Java/1.8.0_161)"
14.18.90.195 - - [20/Mar/2026:01:00:51 -0300] "POST /xmlrpc.php HTTP/1.1" 200 416 "-" "Apache-HttpClient/4.5.2 (Java/1.8.0_161)"
14.18.90.195 - - [20/Mar/2026:01:00:53 -0300] "POST /xmlrpc.php HTTP/1.1" 200 416 "-" "Apache-HttpClient/4.5.2 (Java/1.8.0_161)"
14.18.90.195 - - [20/Mar/2026:01:00:59 -0300] "POST /xmlrpc.php HTTP/1.1" 200 416 "-" "Apache-HttpClient/4.5.2 (Java/1.8.0_161)"
14.18.90.195 - - [20/Mar/2026:01:01:12 -0300] "POST /xmlrpc.php HTTP/1.1" 200 416 "-" "Apache-HttpClient/4.5.2 (Java/1.8.0_161)"
14.18.90.195 - - [20/Mar/2026:01:01:16 -0300] "POST /xmlrpc.php HTTP/1.1" 200 416 "-" "Apache-HttpClient/4.5.2 (Java/1.8.0_161)"
162.240.153.75 - - [20/Mar/2026:01:01:22 -0300] "POST /wp-cron.php?doing_wp_cron=1773979282.0076398849487304687500 HTTP/1.1" 200 - "-" "WordPress/6.9.4; https://tarapaca.vsptdigital.cl"
14.18.90.195 - - [20/Mar/2026:01:01:19 -0300] "POST /xmlrpc.php HTTP/1.1" 200 416 "-" "Apache-HttpClient/4.5.2 (Java/1.8.0_161)"
14.18.90.195 - - [20/Mar/2026:01:01:25 -0300] "POST /xmlrpc.php HTTP/1.1" 200 416 "-" "Apache-HttpClient/4.5.2 (Java/1.8.0_161)"
14.18.90.195 - - [20/Mar/2026:01:01:28 -0300] "POST /xmlrpc.php HTTP/1.1" 200 416 "-" "Apache-HttpClient/4.5.2 (Java/1.8.0_161)"
14.18.90.195 - - [20/Mar/2026:01:01:30 -0300] "POST /xmlrpc.php HTTP/1.1" 200 416 "-" "Apache-HttpClient/4.5.2 (Java/1.8.0_161)"
14.18.90.195 - - [20/Mar/2026:01:01:33 -0300] "POST /xmlrpc.php HTTP/1.1" 200 416 "-" "Apache-HttpClient/4.5.2 (Java/1.8.0_161)"
14.18.90.195 - - [20/Mar/2026:01:01:39 -0300] "POST /xmlrpc.php HTTP/1.1" 200 416 "-" "Apache-HttpClient/4.5.2 (Java/1.8.0_161)"
14.18.90.195 - - [20/Mar/2026:01:01:40 -0300] "POST /xmlrpc.php HTTP/1.1" 200 416 "-" "Apache-HttpClient/4.5.2 (Java/1.8.0_161)"
14.18.90.195 - - [20/Mar/2026:01:01:47 -0300] "POST /xmlrpc.php HTTP/1.1" 200 416 "-" "Apache-HttpClient/4.5.2 (Java/1.8.0_161)"
14.18.90.195 - - [20/Mar/2026:01:01:52 -0300] "POST /xmlrpc.php HTTP/1.1" 200 416 "-" "Apache-HttpClient/4.5.2 (Java/1.8.0_161)"
14.18.90.195 - - [20/Mar/2026:01:01:58 -0300] "POST /xmlrpc.php HTTP/1.1" 200 416 "-" "Apache-HttpClient/4.5.2 (Java/1.8.0_161)"
14.18.90.195 - - [20/Mar/2026:01:02:04 -0300] "POST /xmlrpc.php HTTP/1.1" 200 416 "-" "Apache-HttpClient/4.5.2 (Java/1.8.0_161)"
14.18.90.195 - - [20/Mar/2026:01:02:07 -0300] "POST /xmlrpc.php HTTP/1.1" 200 416 "-" "Apache-HttpClient/4.5.2 (Java/1.8.0_161)"
36.111.32.232 - - [20/Mar/2026:01:02:09 -0300] "GET /wp-login.php HTTP/1.1" 302 - "-" "Apache-HttpClient/4.5.2 (Java/1.8.0_151)"
162.240.153.75 - - [20/Mar/2026:01:02:20 -0300] "POST /wp-cron.php?doing_wp_cron=1773979340.9071149826049804687500 HTTP/1.1" 200 - "-" "WordPress/6.9.4; https://tarapaca.vsptdigital.cl"
14.18.90.195 - - [20/Mar/2026:01:02:17 -0300] "POST /xmlrpc.php HTTP/1.1" 200 416 "-" "Apache-HttpClient/4.5.2 (Java/1.8.0_161)"
14.18.90.195 - - [20/Mar/2026:01:02:21 -0300] "POST /xmlrpc.php HTTP/1.1" 200 416 "-" "Apache-HttpClient/4.5.2 (Java/1.8.0_161)"
14.18.90.195 - - [20/Mar/2026:01:02:25 -0300] "POST /xmlrpc.php HTTP/1.1" 200 416 "-" "Apache-HttpClient/4.5.2 (Java/1.8.0_161)"
14.18.90.195 - - [20/Mar/2026:01:02:28 -0300] "POST /xmlrpc.php HTTP/1.1" 200 416 "-" "Apache-HttpClient/4.5.2 (Java/1.8.0_161)"
14.18.90.195 - - [20/Mar/2026:01:02:35 -0300] "POST /xmlrpc.php HTTP/1.1" 200 416 "-" "Apache-HttpClient/4.5.2 (Java/1.8.0_161)"
162.240.153.75 - - [20/Mar/2026:01:02:38 -0300] "POST /wp-cron.php?doing_wp_cron=1773979358.9390931129455566406250 HTTP/1.1" 200 - "-" "WordPress/6.9.4; https://tarapaca.vsptdigital.cl"
36.111.32.232 - - [20/Mar/2026:01:02:16 -0300] "GET /?author=1 HTTP/1.1" 200 29650 "-" "Apache-HttpClient/4.5.2 (Java/1.8.0_151)"
14.18.90.195 - - [20/Mar/2026:01:02:38 -0300] "POST /xmlrpc.php HTTP/1.1" 200 416 "-" "Apache-HttpClient/4.5.2 (Java/1.8.0_161)"
14.18.90.195 - - [20/Mar/2026:01:02:47 -0300] "POST /xmlrpc.php HTTP/1.1" 200 416 "-" "Apache-HttpClient/4.5.2 (Java/1.8.0_161)"
14.18.90.195 - - [20/Mar/2026:01:02:50 -0300] "POST /xmlrpc.php HTTP/1.1" 200 416 "-" "Apache-HttpClient/4.5.2 (Java/1.8.0_161)"
36.111.32.232 - - [20/Mar/2026:01:02:39 -0300] "GET /?author=2 HTTP/1.1" 200 29650 "-" "Apache-HttpClient/4.5.2 (Java/1.8.0_151)"
14.18.90.195 - - [20/Mar/2026:01:02:59 -0300] "POST /xmlrpc.php HTTP/1.1" 200 416 "-" "Apache-HttpClient/4.5.2 (Java/1.8.0_161)"
36.111.32.232 - - [20/Mar/2026:01:02:54 -0300] "GET /?author=3 HTTP/1.1" 200 29650 "-" "Apache-HttpClient/4.5.2 (Java/1.8.0_151)"
14.18.90.195 - - [20/Mar/2026:01:03:05 -0300] "POST /xmlrpc.php HTTP/1.1" 200 416 "-" "Apache-HttpClient/4.5.2 (Java/1.8.0_161)"
14.18.90.195 - - [20/Mar/2026:01:03:08 -0300] "POST /xmlrpc.php HTTP/1.1" 200 416 "-" "Apache-HttpClient/4.5.2 (Java/1.8.0_161)"
14.18.90.195 - - [20/Mar/2026:01:03:11 -0300] "POST /xmlrpc.php HTTP/1.1" 200 416 "-" "Apache-HttpClient/4.5.2 (Java/1.8.0_161)"
36.111.32.232 - - [20/Mar/2026:01:03:07 -0300] "GET /?author=4 HTTP/1.1" 200 29650 "-" "Apache-HttpClient/4.5.2 (Java/1.8.0_151)"
14.18.90.195 - - [20/Mar/2026:01:03:18 -0300] "POST /xmlrpc.php HTTP/1.1" 200 416 "-" "Apache-HttpClient/4.5.2 (Java/1.8.0_161)"
14.18.90.195 - - [20/Mar/2026:01:03:24 -0300] "POST /xmlrpc.php HTTP/1.1" 200 416 "-" "Apache-HttpClient/4.5.2 (Java/1.8.0_161)"
14.18.90.195 - - [20/Mar/2026:01:03:28 -0300] "POST /xmlrpc.php HTTP/1.1" 200 416 "-" "Apache-HttpClient/4.5.2 (Java/1.8.0_161)"
36.111.32.232 - - [20/Mar/2026:01:03:21 -0300] "GET /?author=5 HTTP/1.1" 200 29650 "-" "Apache-HttpClient/4.5.2 (Java/1.8.0_151)"
14.18.90.195 - - [20/Mar/2026:01:03:35 -0300] "POST /xmlrpc.php HTTP/1.1" 200 416 "-" "Apache-HttpClient/4.5.2 (Java/1.8.0_161)"
162.240.153.75 - - [20/Mar/2026:01:03:41 -0300] "POST /wp-cron.php?doing_wp_cron=1773979421.7913649082183837890625 HTTP/1.1" 200 - "-" "WordPress/6.9.4; https://tarapaca.vsptdigital.cl"
14.18.90.195 - - [20/Mar/2026:01:03:39 -0300] "POST /xmlrpc.php HTTP/1.1" 200 416 "-" "Apache-HttpClient/4.5.2 (Java/1.8.0_161)"
162.240.153.75 - - [20/Mar/2026:01:03:43 -0300] "POST /wp-cron.php?doing_wp_cron=1773979423.5538110733032226562500 HTTP/1.1" 200 - "-" "WordPress/6.9.4; https://tarapaca.vsptdigital.cl"
36.111.32.232 - - [20/Mar/2026:01:03:33 -0300] "GET /?author=6 HTTP/1.1" 200 29650 "-" "Apache-HttpClient/4.5.2 (Java/1.8.0_151)"
14.18.90.195 - - [20/Mar/2026:01:03:42 -0300] "POST /xmlrpc.php HTTP/1.1" 200 416 "-" "Apache-HttpClient/4.5.2 (Java/1.8.0_161)"
14.18.90.195 - - [20/Mar/2026:01:03:45 -0300] "POST /xmlrpc.php HTTP/1.1" 200 416 "-" "Apache-HttpClient/4.5.2 (Java/1.8.0_161)"
36.111.32.232 - - [20/Mar/2026:01:03:43 -0300] "GET /?author=7 HTTP/1.1" 200 29650 "-" "Apache-HttpClient/4.5.2 (Java/1.8.0_151)"
14.18.90.195 - - [20/Mar/2026:01:03:53 -0300] "POST /xmlrpc.php HTTP/1.1" 200 416 "-" "Apache-HttpClient/4.5.2 (Java/1.8.0_161)"
36.111.32.232 - - [20/Mar/2026:01:03:51 -0300] "GET /?author=8 HTTP/1.1" 200 29650 "-" "Apache-HttpClient/4.5.2 (Java/1.8.0_151)"
14.18.90.195 - - [20/Mar/2026:01:03:54 -0300] "POST /xmlrpc.php HTTP/1.1" 200 416 "-" "Apache-HttpClient/4.5.2 (Java/1.8.0_161)"
14.18.90.195 - - [20/Mar/2026:01:03:55 -0300] "POST /xmlrpc.php HTTP/1.1" 200 416 "-" "Apache-HttpClient/4.5.2 (Java/1.8.0_161)"
36.111.32.232 - - [20/Mar/2026:01:03:54 -0300] "GET /?author=9 HTTP/1.1" 200 29650 "-" "Apache-HttpClient/4.5.2 (Java/1.8.0_151)"
14.18.90.195 - - [20/Mar/2026:01:03:57 -0300] "POST /xmlrpc.php HTTP/1.1" 200 416 "-" "Apache-HttpClient/4.5.2 (Java/1.8.0_161)"
14.18.90.195 - - [20/Mar/2026:01:03:58 -0300] "POST /xmlrpc.php HTTP/1.1" 200 416 "-" "Apache-HttpClient/4.5.2 (Java/1.8.0_161)"
36.111.32.232 - - [20/Mar/2026:01:03:57 -0300] "GET /?author=10 HTTP/1.1" 200 29651 "-" "Apache-HttpClient/4.5.2 (Java/1.8.0_151)"
14.18.90.195 - - [20/Mar/2026:01:04:02 -0300] "POST /xmlrpc.php HTTP/1.1" 200 416 "-" "Apache-HttpClient/4.5.2 (Java/1.8.0_161)"
36.111.32.232 - - [20/Mar/2026:01:04:01 -0300] "GET /?author=11 HTTP/1.1" 200 29651 "-" "Apache-HttpClient/4.5.2 (Java/1.8.0_151)"
36.111.32.232 - - [20/Mar/2026:01:04:04 -0300] "GET /?author=12 HTTP/1.1" 200 29651 "-" "Apache-HttpClient/4.5.2 (Java/1.8.0_151)"
14.18.90.195 - - [20/Mar/2026:01:04:08 -0300] "POST /xmlrpc.php HTTP/1.1" 200 416 "-" "Apache-HttpClient/4.5.2 (Java/1.8.0_161)"
36.111.32.232 - - [20/Mar/2026:01:04:07 -0300] "GET /?author=13 HTTP/1.1" 200 29651 "-" "Apache-HttpClient/4.5.2 (Java/1.8.0_151)"
36.111.32.232 - - [20/Mar/2026:01:04:12 -0300] "GET /?author=14 HTTP/1.1" 200 29651 "-" "Apache-HttpClient/4.5.2 (Java/1.8.0_151)"
14.18.90.195 - - [20/Mar/2026:01:04:17 -0300] "POST /xmlrpc.php HTTP/1.1" 200 416 "-" "Apache-HttpClient/4.5.2 (Java/1.8.0_161)"
162.240.153.75 - - [20/Mar/2026:01:04:20 -0300] "POST /wp-cron.php?doing_wp_cron=1773979460.1758170127868652343750 HTTP/1.1" 200 - "-" "WordPress/6.9.4; https://tarapaca.vsptdigital.cl"
14.18.90.195 - - [20/Mar/2026:01:04:19 -0300] "POST /xmlrpc.php HTTP/1.1" 200 416 "-" "Apache-HttpClient/4.5.2 (Java/1.8.0_161)"
36.111.32.232 - - [20/Mar/2026:01:04:16 -0300] "GET /?author=15 HTTP/1.1" 200 29651 "-" "Apache-HttpClient/4.5.2 (Java/1.8.0_151)"
14.18.90.195 - - [20/Mar/2026:01:04:20 -0300] "POST /xmlrpc.php HTTP/1.1" 200 416 "-" "Apache-HttpClient/4.5.2 (Java/1.8.0_161)"
14.18.90.195 - - [20/Mar/2026:01:04:21 -0300] "POST /xmlrpc.php HTTP/1.1" 200 416 "-" "Apache-HttpClient/4.5.2 (Java/1.8.0_161)"
36.111.32.232 - - [20/Mar/2026:01:04:20 -0300] "GET /?author=16 HTTP/1.1" 200 29651 "-" "Apache-HttpClient/4.5.2 (Java/1.8.0_151)"
36.111.32.232 - - [20/Mar/2026:01:04:24 -0300] "GET /?author=17 HTTP/1.1" 200 29651 "-" "Apache-HttpClient/4.5.2 (Java/1.8.0_151)"
36.111.32.232 - - [20/Mar/2026:01:04:27 -0300] "GET /?author=18 HTTP/1.1" 200 29651 "-" "Apache-HttpClient/4.5.2 (Java/1.8.0_151)"
14.18.90.195 - - [20/Mar/2026:01:04:32 -0300] "POST /xmlrpc.php HTTP/1.1" 200 416 "-" "Apache-HttpClient/4.5.2 (Java/1.8.0_161)"
36.111.32.232 - - [20/Mar/2026:01:04:30 -0300] "GET /?author=19 HTTP/1.1" 200 29651 "-" "Apache-HttpClient/4.5.2 (Java/1.8.0_151)"
14.18.90.195 - - [20/Mar/2026:01:04:36 -0300] "POST /xmlrpc.php HTTP/1.1" 200 416 "-" "Apache-HttpClient/4.5.2 (Java/1.8.0_161)"
36.111.32.232 - - [20/Mar/2026:01:04:34 -0300] "GET /?author=20 HTTP/1.1" 200 29651 "-" "Apache-HttpClient/4.5.2 (Java/1.8.0_151)"
14.18.90.195 - - [20/Mar/2026:01:04:37 -0300] "POST /xmlrpc.php HTTP/1.1" 200 416 "-" "Apache-HttpClient/4.5.2 (Java/1.8.0_161)"
36.111.32.232 - - [20/Mar/2026:01:04:38 -0300] "GET /xmlrpc.php HTTP/1.1" 405 42 "-" "Apache-HttpClient/4.5.2 (Java/1.8.0_151)"
36.111.32.232 - - [20/Mar/2026:01:04:38 -0300] "POST /xmlrpc.php HTTP/1.1" 200 416 "-" "Apache-HttpClient/4.5.2 (Java/1.8.0_151)"
36.111.32.232 - - [20/Mar/2026:01:04:39 -0300] "POST /xmlrpc.php HTTP/1.1" 200 416 "-" "Apache-HttpClient/4.5.2 (Java/1.8.0_151)"
14.18.90.195 - - [20/Mar/2026:01:04:43 -0300] "POST /xmlrpc.php HTTP/1.1" 200 416 "-" "Apache-HttpClient/4.5.2 (Java/1.8.0_161)"
36.111.32.232 - - [20/Mar/2026:01:04:44 -0300] "POST /xmlrpc.php HTTP/1.1" 200 416 "-" "Apache-HttpClient/4.5.2 (Java/1.8.0_151)"
36.111.32.232 - - [20/Mar/2026:01:04:45 -0300] "POST /xmlrpc.php HTTP/1.1" 200 416 "-" "Apache-HttpClient/4.5.2 (Java/1.8.0_151)"
36.111.32.232 - - [20/Mar/2026:01:04:49 -0300] "POST /xmlrpc.php HTTP/1.1" 200 416 "-" "Apache-HttpClient/4.5.2 (Java/1.8.0_151)"
14.18.90.195 - - [20/Mar/2026:01:04:50 -0300] "POST /xmlrpc.php HTTP/1.1" 200 416 "-" "Apache-HttpClient/4.5.2 (Java/1.8.0_161)"
14.18.90.195 - - [20/Mar/2026:01:04:51 -0300] "POST /xmlrpc.php HTTP/1.1" 200 416 "-" "Apache-HttpClient/4.5.2 (Java/1.8.0_161)"
14.18.90.195 - - [20/Mar/2026:01:04:52 -0300] "POST /xmlrpc.php HTTP/1.1" 200 416 "-" "Apache-HttpClient/4.5.2 (Java/1.8.0_161)"
36.111.32.232 - - [20/Mar/2026:01:04:54 -0300] "POST /xmlrpc.php HTTP/1.1" 200 416 "-" "Apache-HttpClient/4.5.2 (Java/1.8.0_151)"
14.18.90.195 - - [20/Mar/2026:01:04:56 -0300] "POST /xmlrpc.php HTTP/1.1" 200 416 "-" "Apache-HttpClient/4.5.2 (Java/1.8.0_161)"
36.111.32.232 - - [20/Mar/2026:01:04:57 -0300] "POST /xmlrpc.php HTTP/1.1" 200 416 "-" "Apache-HttpClient/4.5.2 (Java/1.8.0_151)"
14.18.90.195 - - [20/Mar/2026:01:04:57 -0300] "POST /xmlrpc.php HTTP/1.1" 200 416 "-" "Apache-HttpClient/4.5.2 (Java/1.8.0_161)"
36.111.32.232 - - [20/Mar/2026:01:04:58 -0300] "POST /xmlrpc.php HTTP/1.1" 200 416 "-" "Apache-HttpClient/4.5.2 (Java/1.8.0_151)"
36.111.32.232 - - [20/Mar/2026:01:04:59 -0300] "POST /xmlrpc.php HTTP/1.1" 200 416 "-" "Apache-HttpClient/4.5.2 (Java/1.8.0_151)"
36.111.32.232 - - [20/Mar/2026:01:04:59 -0300] "POST /xmlrpc.php HTTP/1.1" 200 416 "-" "Apache-HttpClient/4.5.2 (Java/1.8.0_151)"
14.18.90.195 - - [20/Mar/2026:01:05:01 -0300] "POST /xmlrpc.php HTTP/1.1" 200 416 "-" "Apache-HttpClient/4.5.2 (Java/1.8.0_161)"
36.111.32.232 - - [20/Mar/2026:01:05:01 -0300] "POST /xmlrpc.php HTTP/1.1" 200 416 "-" "Apache-HttpClient/4.5.2 (Java/1.8.0_151)"
14.18.90.195 - - [20/Mar/2026:01:05:02 -0300] "POST /xmlrpc.php HTTP/1.1" 200 416 "-" "Apache-HttpClient/4.5.2 (Java/1.8.0_161)"
36.111.32.232 - - [20/Mar/2026:01:05:02 -0300] "POST /xmlrpc.php HTTP/1.1" 200 416 "-" "Apache-HttpClient/4.5.2 (Java/1.8.0_151)"
14.18.90.195 - - [20/Mar/2026:01:05:03 -0300] "POST /xmlrpc.php HTTP/1.1" 200 416 "-" "Apache-HttpClient/4.5.2 (Java/1.8.0_161)"
14.18.90.195 - - [20/Mar/2026:01:05:04 -0300] "POST /xmlrpc.php HTTP/1.1" 200 416 "-" "Apache-HttpClient/4.5.2 (Java/1.8.0_161)"
36.111.32.232 - - [20/Mar/2026:01:05:04 -0300] "POST /xmlrpc.php HTTP/1.1" 200 416 "-" "Apache-HttpClient/4.5.2 (Java/1.8.0_151)"
14.18.90.195 - - [20/Mar/2026:01:05:05 -0300] "POST /xmlrpc.php HTTP/1.1" 200 416 "-" "Apache-HttpClient/4.5.2 (Java/1.8.0_161)"
36.111.32.232 - - [20/Mar/2026:01:05:05 -0300] "POST /xmlrpc.php HTTP/1.1" 200 416 "-" "Apache-HttpClient/4.5.2 (Java/1.8.0_151)"
14.18.90.195 - - [20/Mar/2026:01:05:06 -0300] "POST /xmlrpc.php HTTP/1.1" 200 416 "-" "Apache-HttpClient/4.5.2 (Java/1.8.0_161)"
36.111.32.232 - - [20/Mar/2026:01:05:07 -0300] "POST /xmlrpc.php HTTP/1.1" 200 416 "-" "Apache-HttpClient/4.5.2 (Java/1.8.0_151)"
36.111.32.232 - - [20/Mar/2026:01:05:09 -0300] "POST /xmlrpc.php HTTP/1.1" 200 416 "-" "Apache-HttpClient/4.5.2 (Java/1.8.0_151)"
36.111.32.232 - - [20/Mar/2026:01:05:11 -0300] "POST /xmlrpc.php HTTP/1.1" 200 416 "-" "Apache-HttpClient/4.5.2 (Java/1.8.0_151)"
14.18.90.195 - - [20/Mar/2026:01:05:12 -0300] "POST /xmlrpc.php HTTP/1.1" 200 416 "-" "Apache-HttpClient/4.5.2 (Java/1.8.0_161)"
36.111.32.232 - - [20/Mar/2026:01:05:14 -0300] "POST /xmlrpc.php HTTP/1.1" 200 416 "-" "Apache-HttpClient/4.5.2 (Java/1.8.0_151)"
14.18.90.195 - - [20/Mar/2026:01:05:14 -0300] "POST /xmlrpc.php HTTP/1.1" 200 416 "-" "Apache-HttpClient/4.5.2 (Java/1.8.0_161)"
162.240.153.75 - - [20/Mar/2026:01:05:23 -0300] "POST /wp-cron.php?doing_wp_cron=1773979523.9085719585418701171875 HTTP/1.1" 200 - "-" "WordPress/6.9.4; https://tarapaca.vsptdigital.cl"
36.111.32.232 - - [20/Mar/2026:01:05:21 -0300] "POST /xmlrpc.php HTTP/1.1" 200 416 "-" "Apache-HttpClient/4.5.2 (Java/1.8.0_151)"
36.111.32.232 - - [20/Mar/2026:01:05:22 -0300] "POST /xmlrpc.php HTTP/1.1" 200 416 "-" "Apache-HttpClient/4.5.2 (Java/1.8.0_151)"
14.18.90.195 - - [20/Mar/2026:01:05:23 -0300] "POST /xmlrpc.php HTTP/1.1" 200 416 "-" "Apache-HttpClient/4.5.2 (Java/1.8.0_161)"
14.18.90.195 - - [20/Mar/2026:01:05:26 -0300] "POST /xmlrpc.php HTTP/1.1" 200 416 "-" "Apache-HttpClient/4.5.2 (Java/1.8.0_161)"
36.111.32.232 - - [20/Mar/2026:01:05:26 -0300] "POST /xmlrpc.php HTTP/1.1" 200 416 "-" "Apache-HttpClient/4.5.2 (Java/1.8.0_151)"
14.18.90.195 - - [20/Mar/2026:01:05:30 -0300] "POST /xmlrpc.php HTTP/1.1" 200 416 "-" "Apache-HttpClient/4.5.2 (Java/1.8.0_161)"
36.111.32.232 - - [20/Mar/2026:01:05:30 -0300] "POST /xmlrpc.php HTTP/1.1" 200 416 "-" "Apache-HttpClient/4.5.2 (Java/1.8.0_151)"
36.111.32.232 - - [20/Mar/2026:01:05:34 -0300] "POST /xmlrpc.php HTTP/1.1" 200 416 "-" "Apache-HttpClient/4.5.2 (Java/1.8.0_151)"
14.18.90.195 - - [20/Mar/2026:01:05:34 -0300] "POST /xmlrpc.php HTTP/1.1" 200 416 "-" "Apache-HttpClient/4.5.2 (Java/1.8.0_161)"
36.111.32.232 - - [20/Mar/2026:01:05:38 -0300] "POST /xmlrpc.php HTTP/1.1" 200 416 "-" "Apache-HttpClient/4.5.2 (Java/1.8.0_151)"
14.18.90.195 - - [20/Mar/2026:01:05:38 -0300] "POST /xmlrpc.php HTTP/1.1" 200 416 "-" "Apache-HttpClient/4.5.2 (Java/1.8.0_161)"
36.111.32.232 - - [20/Mar/2026:01:05:41 -0300] "POST /xmlrpc.php HTTP/1.1" 200 416 "-" "Apache-HttpClient/4.5.2 (Java/1.8.0_151)"
14.18.90.195 - - [20/Mar/2026:01:05:41 -0300] "POST /xmlrpc.php HTTP/1.1" 200 416 "-" "Apache-HttpClient/4.5.2 (Java/1.8.0_161)"
36.111.32.232 - - [20/Mar/2026:01:05:45 -0300] "POST /xmlrpc.php HTTP/1.1" 200 416 "-" "Apache-HttpClient/4.5.2 (Java/1.8.0_151)"
14.18.90.195 - - [20/Mar/2026:01:05:45 -0300] "POST /xmlrpc.php HTTP/1.1" 200 416 "-" "Apache-HttpClient/4.5.2 (Java/1.8.0_161)"
36.111.32.232 - - [20/Mar/2026:01:05:48 -0300] "POST /xmlrpc.php HTTP/1.1" 200 416 "-" "Apache-HttpClient/4.5.2 (Java/1.8.0_151)"
14.18.90.195 - - [20/Mar/2026:01:05:49 -0300] "POST /xmlrpc.php HTTP/1.1" 200 416 "-" "Apache-HttpClient/4.5.2 (Java/1.8.0_161)"
36.111.32.232 - - [20/Mar/2026:01:05:52 -0300] "POST /xmlrpc.php HTTP/1.1" 200 416 "-" "Apache-HttpClient/4.5.2 (Java/1.8.0_151)"
36.111.32.232 - - [20/Mar/2026:01:05:54 -0300] "POST /xmlrpc.php HTTP/1.1" 200 416 "-" "Apache-HttpClient/4.5.2 (Java/1.8.0_151)"
14.18.90.195 - - [20/Mar/2026:01:05:55 -0300] "POST /xmlrpc.php HTTP/1.1" 200 416 "-" "Apache-HttpClient/4.5.2 (Java/1.8.0_161)"
14.18.90.195 - - [20/Mar/2026:01:05:58 -0300] "POST /xmlrpc.php HTTP/1.1" 200 416 "-" "Apache-HttpClient/4.5.2 (Java/1.8.0_161)"
14.18.90.195 - - [20/Mar/2026:01:06:01 -0300] "POST /xmlrpc.php HTTP/1.1" 200 416 "-" "Apache-HttpClient/4.5.2 (Java/1.8.0_161)"
36.111.32.232 - - [20/Mar/2026:01:06:01 -0300] "POST /xmlrpc.php HTTP/1.1" 200 416 "-" "Apache-HttpClient/4.5.2 (Java/1.8.0_151)"
36.111.32.232 - - [20/Mar/2026:01:06:03 -0300] "POST /xmlrpc.php HTTP/1.1" 200 416 "-" "Apache-HttpClient/4.5.2 (Java/1.8.0_151)"
14.18.90.195 - - [20/Mar/2026:01:06:04 -0300] "POST /xmlrpc.php HTTP/1.1" 200 416 "-" "Apache-HttpClient/4.5.2 (Java/1.8.0_161)"
89.117.104.23 - - [20/Mar/2026:01:06:07 -0300] "GET /wp-content/uploads/ HTTP/1.1" 404 22377 "-" "-"
14.18.90.195 - - [20/Mar/2026:01:06:08 -0300] "POST /xmlrpc.php HTTP/1.1" 200 416 "-" "Apache-HttpClient/4.5.2 (Java/1.8.0_161)"
89.117.104.23 - - [20/Mar/2026:01:06:10 -0300] "GET /wp-includes/ HTTP/1.1" 404 22377 "-" "-"
36.111.32.232 - - [20/Mar/2026:01:06:12 -0300] "POST /xmlrpc.php HTTP/1.1" 200 416 "-" "Apache-HttpClient/4.5.2 (Java/1.8.0_151)"
89.117.104.23 - - [20/Mar/2026:01:06:13 -0300] "GET /wp-includes/css/ HTTP/1.1" 404 22377 "-" "-"
