14.18.90.195 - - [19/Mar/2026:21:51:44 -0300] "POST /xmlrpc.php HTTP/1.1" 200 416 "-" "Apache-HttpClient/4.5.2 (Java/1.8.0_161)"
14.18.90.195 - - [19/Mar/2026:21:52:03 -0300] "POST /xmlrpc.php HTTP/1.1" 200 416 "-" "Apache-HttpClient/4.5.2 (Java/1.8.0_161)"
14.18.90.195 - - [19/Mar/2026:21:52:09 -0300] "POST /xmlrpc.php HTTP/1.1" 200 416 "-" "Apache-HttpClient/4.5.2 (Java/1.8.0_161)"
162.240.153.75 - - [19/Mar/2026:21:52:20 -0300] "POST /wp-cron.php?doing_wp_cron=1773967940.8007359504699707031250 HTTP/1.1" 200 - "-" "WordPress/6.9.4; https://tarapaca.vsptdigital.cl"
14.18.90.195 - - [19/Mar/2026:21:52:18 -0300] "POST /xmlrpc.php HTTP/1.1" 200 416 "-" "Apache-HttpClient/4.5.2 (Java/1.8.0_161)"
14.18.90.195 - - [19/Mar/2026:21:52:29 -0300] "POST /xmlrpc.php HTTP/1.1" 200 416 "-" "Apache-HttpClient/4.5.2 (Java/1.8.0_161)"
14.18.90.195 - - [19/Mar/2026:21:52:37 -0300] "POST /xmlrpc.php HTTP/1.1" 200 416 "-" "Apache-HttpClient/4.5.2 (Java/1.8.0_161)"
14.18.90.195 - - [19/Mar/2026:21:52:45 -0300] "POST /xmlrpc.php HTTP/1.1" 200 416 "-" "Apache-HttpClient/4.5.2 (Java/1.8.0_161)"
14.18.90.195 - - [19/Mar/2026:21:52:48 -0300] "POST /xmlrpc.php HTTP/1.1" 200 416 "-" "Apache-HttpClient/4.5.2 (Java/1.8.0_161)"
14.18.90.195 - - [19/Mar/2026:21:52:54 -0300] "POST /xmlrpc.php HTTP/1.1" 200 416 "-" "Apache-HttpClient/4.5.2 (Java/1.8.0_161)"
14.18.90.195 - - [19/Mar/2026:21:53:02 -0300] "POST /xmlrpc.php HTTP/1.1" 200 416 "-" "Apache-HttpClient/4.5.2 (Java/1.8.0_161)"
162.240.153.75 - - [19/Mar/2026:21:53:23 -0300] "POST /wp-cron.php?doing_wp_cron=1773968003.6297099590301513671875 HTTP/1.1" 200 - "-" "WordPress/6.9.4; https://tarapaca.vsptdigital.cl"
14.18.90.195 - - [19/Mar/2026:21:53:20 -0300] "POST /xmlrpc.php HTTP/1.1" 200 416 "-" "Apache-HttpClient/4.5.2 (Java/1.8.0_161)"
14.18.90.195 - - [19/Mar/2026:21:53:34 -0300] "POST /xmlrpc.php HTTP/1.1" 200 416 "-" "Apache-HttpClient/4.5.2 (Java/1.8.0_161)"
14.18.90.195 - - [19/Mar/2026:21:53:39 -0300] "POST /xmlrpc.php HTTP/1.1" 200 416 "-" "Apache-HttpClient/4.5.2 (Java/1.8.0_161)"
14.18.90.195 - - [19/Mar/2026:21:53:47 -0300] "POST /xmlrpc.php HTTP/1.1" 200 416 "-" "Apache-HttpClient/4.5.2 (Java/1.8.0_161)"
14.18.90.195 - - [19/Mar/2026:21:53:50 -0300] "POST /xmlrpc.php HTTP/1.1" 200 416 "-" "Apache-HttpClient/4.5.2 (Java/1.8.0_161)"
14.18.90.195 - - [19/Mar/2026:21:54:03 -0300] "POST /xmlrpc.php HTTP/1.1" 200 416 "-" "Apache-HttpClient/4.5.2 (Java/1.8.0_161)"
14.18.90.195 - - [19/Mar/2026:21:54:16 -0300] "POST /xmlrpc.php HTTP/1.1" 200 416 "-" "Apache-HttpClient/4.5.2 (Java/1.8.0_161)"
162.240.153.75 - - [19/Mar/2026:21:54:37 -0300] "POST /wp-cron.php?doing_wp_cron=1773968077.1031050682067871093750 HTTP/1.1" 200 - "-" "WordPress/6.9.4; https://tarapaca.vsptdigital.cl"
14.18.90.195 - - [19/Mar/2026:21:54:34 -0300] "POST /xmlrpc.php HTTP/1.1" 200 416 "-" "Apache-HttpClient/4.5.2 (Java/1.8.0_161)"
14.18.90.195 - - [19/Mar/2026:21:54:45 -0300] "POST /xmlrpc.php HTTP/1.1" 200 416 "-" "Apache-HttpClient/4.5.2 (Java/1.8.0_161)"
162.240.153.75 - - [19/Mar/2026:21:55:31 -0300] "POST /wp-cron.php?doing_wp_cron=1773968131.8432450294494628906250 HTTP/1.1" 200 - "-" "WordPress/6.9.4; https://tarapaca.vsptdigital.cl"
14.18.90.195 - - [19/Mar/2026:21:55:28 -0300] "POST /xmlrpc.php HTTP/1.1" 200 416 "-" "Apache-HttpClient/4.5.2 (Java/1.8.0_161)"
14.18.90.195 - - [19/Mar/2026:21:55:32 -0300] "POST /xmlrpc.php HTTP/1.1" 200 416 "-" "Apache-HttpClient/4.5.2 (Java/1.8.0_161)"
14.18.90.195 - - [19/Mar/2026:21:55:38 -0300] "POST /xmlrpc.php HTTP/1.1" 200 416 "-" "Apache-HttpClient/4.5.2 (Java/1.8.0_161)"
14.18.90.195 - - [19/Mar/2026:21:55:48 -0300] "POST /xmlrpc.php HTTP/1.1" 200 416 "-" "Apache-HttpClient/4.5.2 (Java/1.8.0_161)"
14.18.90.195 - - [19/Mar/2026:21:55:50 -0300] "POST /xmlrpc.php HTTP/1.1" 200 416 "-" "Apache-HttpClient/4.5.2 (Java/1.8.0_161)"
14.18.90.195 - - [19/Mar/2026:21:56:16 -0300] "POST /xmlrpc.php HTTP/1.1" 200 416 "-" "Apache-HttpClient/4.5.2 (Java/1.8.0_161)"
14.18.90.195 - - [19/Mar/2026:21:56:35 -0300] "POST /xmlrpc.php HTTP/1.1" 200 416 "-" "Apache-HttpClient/4.5.2 (Java/1.8.0_161)"
14.18.90.195 - - [19/Mar/2026:21:56:54 -0300] "POST /xmlrpc.php HTTP/1.1" 200 416 "-" "Apache-HttpClient/4.5.2 (Java/1.8.0_161)"
91.84.118.32 - - [19/Mar/2026:21:57:00 -0300] "GET /2025/11/05/tretinoin-krema-kako-deluje-in-njene-prednosti/ HTTP/1.1" 200 32103 "-" "Mozilla/5.0 (Macintosh; Intel Mac OS X 12_5) AppleWebKit/537.36 (KHTML, like Gecko) Chrome/114.0.0.0 Safari/537.36 Edg/114.0.1264.71"
14.18.90.195 - - [19/Mar/2026:21:57:09 -0300] "POST /xmlrpc.php HTTP/1.1" 200 416 "-" "Apache-HttpClient/4.5.2 (Java/1.8.0_161)"
14.18.90.195 - - [19/Mar/2026:21:57:12 -0300] "POST /xmlrpc.php HTTP/1.1" 200 416 "-" "Apache-HttpClient/4.5.2 (Java/1.8.0_161)"
162.240.153.75 - - [19/Mar/2026:21:57:42 -0300] "POST /wp-cron.php?doing_wp_cron=1773968262.0509400367736816406250 HTTP/1.1" 200 - "-" "WordPress/6.9.4; https://tarapaca.vsptdigital.cl"
14.18.90.195 - - [19/Mar/2026:21:57:39 -0300] "POST /xmlrpc.php HTTP/1.1" 200 416 "-" "Apache-HttpClient/4.5.2 (Java/1.8.0_161)"
14.18.90.195 - - [19/Mar/2026:21:58:15 -0300] "POST /xmlrpc.php HTTP/1.1" 200 416 "-" "Apache-HttpClient/4.5.2 (Java/1.8.0_161)"
162.240.153.75 - - [19/Mar/2026:21:58:25 -0300] "POST /wp-cron.php?doing_wp_cron=1773968305.5316309928894042968750 HTTP/1.1" 200 - "-" "WordPress/6.9.4; https://tarapaca.vsptdigital.cl"
14.18.90.195 - - [19/Mar/2026:21:58:23 -0300] "POST /xmlrpc.php HTTP/1.1" 200 416 "-" "Apache-HttpClient/4.5.2 (Java/1.8.0_161)"
14.18.90.195 - - [19/Mar/2026:21:58:30 -0300] "POST /xmlrpc.php HTTP/1.1" 200 416 "-" "Apache-HttpClient/4.5.2 (Java/1.8.0_161)"
14.18.90.195 - - [19/Mar/2026:21:58:33 -0300] "POST /xmlrpc.php HTTP/1.1" 200 416 "-" "Apache-HttpClient/4.5.2 (Java/1.8.0_161)"
14.18.90.195 - - [19/Mar/2026:21:58:51 -0300] "POST /xmlrpc.php HTTP/1.1" 200 416 "-" "Apache-HttpClient/4.5.2 (Java/1.8.0_161)"
14.18.90.195 - - [19/Mar/2026:21:58:54 -0300] "POST /xmlrpc.php HTTP/1.1" 200 416 "-" "Apache-HttpClient/4.5.2 (Java/1.8.0_161)"
14.18.90.195 - - [19/Mar/2026:21:59:02 -0300] "POST /xmlrpc.php HTTP/1.1" 200 416 "-" "Apache-HttpClient/4.5.2 (Java/1.8.0_161)"
14.18.90.195 - - [19/Mar/2026:21:59:31 -0300] "POST /xmlrpc.php HTTP/1.1" 200 416 "-" "Apache-HttpClient/4.5.2 (Java/1.8.0_161)"
14.18.90.195 - - [19/Mar/2026:21:59:35 -0300] "POST /xmlrpc.php HTTP/1.1" 200 416 "-" "Apache-HttpClient/4.5.2 (Java/1.8.0_161)"
14.18.90.195 - - [19/Mar/2026:21:59:38 -0300] "POST /xmlrpc.php HTTP/1.1" 200 416 "-" "Apache-HttpClient/4.5.2 (Java/1.8.0_161)"
14.18.90.195 - - [19/Mar/2026:21:59:49 -0300] "POST /xmlrpc.php HTTP/1.1" 200 416 "-" "Apache-HttpClient/4.5.2 (Java/1.8.0_161)"
14.18.90.195 - - [19/Mar/2026:21:59:52 -0300] "POST /xmlrpc.php HTTP/1.1" 200 416 "-" "Apache-HttpClient/4.5.2 (Java/1.8.0_161)"
14.18.90.195 - - [19/Mar/2026:22:00:01 -0300] "POST /xmlrpc.php HTTP/1.1" 200 416 "-" "Apache-HttpClient/4.5.2 (Java/1.8.0_161)"
14.18.90.195 - - [19/Mar/2026:22:00:04 -0300] "POST /xmlrpc.php HTTP/1.1" 200 416 "-" "Apache-HttpClient/4.5.2 (Java/1.8.0_161)"
14.18.90.195 - - [19/Mar/2026:22:00:15 -0300] "POST /xmlrpc.php HTTP/1.1" 200 416 "-" "Apache-HttpClient/4.5.2 (Java/1.8.0_161)"
162.240.153.75 - - [19/Mar/2026:22:00:26 -0300] "POST /wp-cron.php?doing_wp_cron=1773968426.2327730655670166015625 HTTP/1.1" 200 - "-" "WordPress/6.9.4; https://tarapaca.vsptdigital.cl"
14.18.90.195 - - [19/Mar/2026:22:00:23 -0300] "POST /xmlrpc.php HTTP/1.1" 200 416 "-" "Apache-HttpClient/4.5.2 (Java/1.8.0_161)"
14.18.90.195 - - [19/Mar/2026:22:00:54 -0300] "POST /xmlrpc.php HTTP/1.1" 200 416 "-" "Apache-HttpClient/4.5.2 (Java/1.8.0_161)"
14.18.90.195 - - [19/Mar/2026:22:00:58 -0300] "POST /xmlrpc.php HTTP/1.1" 200 416 "-" "Apache-HttpClient/4.5.2 (Java/1.8.0_161)"
14.18.90.195 - - [19/Mar/2026:22:01:04 -0300] "POST /xmlrpc.php HTTP/1.1" 200 416 "-" "Apache-HttpClient/4.5.2 (Java/1.8.0_161)"
14.18.90.195 - - [19/Mar/2026:22:01:08 -0300] "POST /xmlrpc.php HTTP/1.1" 200 416 "-" "Apache-HttpClient/4.5.2 (Java/1.8.0_161)"
162.240.153.75 - - [19/Mar/2026:22:01:49 -0300] "POST /wp-cron.php?doing_wp_cron=1773968509.5316329002380371093750 HTTP/1.1" 200 - "-" "WordPress/6.9.4; https://tarapaca.vsptdigital.cl"
14.18.90.195 - - [19/Mar/2026:22:01:45 -0300] "POST /xmlrpc.php HTTP/1.1" 200 416 "-" "Apache-HttpClient/4.5.2 (Java/1.8.0_161)"
14.18.90.195 - - [19/Mar/2026:22:01:59 -0300] "POST /xmlrpc.php HTTP/1.1" 200 416 "-" "Apache-HttpClient/4.5.2 (Java/1.8.0_161)"
14.18.90.195 - - [19/Mar/2026:22:02:05 -0300] "POST /xmlrpc.php HTTP/1.1" 200 416 "-" "Apache-HttpClient/4.5.2 (Java/1.8.0_161)"
14.18.90.195 - - [19/Mar/2026:22:02:08 -0300] "POST /xmlrpc.php HTTP/1.1" 200 416 "-" "Apache-HttpClient/4.5.2 (Java/1.8.0_161)"
162.240.153.75 - - [19/Mar/2026:22:02:36 -0300] "POST /wp-cron.php?doing_wp_cron=1773968556.9164299964904785156250 HTTP/1.1" 200 - "-" "WordPress/6.9.4; https://tarapaca.vsptdigital.cl"
14.18.90.195 - - [19/Mar/2026:22:02:34 -0300] "POST /xmlrpc.php HTTP/1.1" 200 416 "-" "Apache-HttpClient/4.5.2 (Java/1.8.0_161)"
14.18.90.195 - - [19/Mar/2026:22:02:52 -0300] "POST /xmlrpc.php HTTP/1.1" 200 416 "-" "Apache-HttpClient/4.5.2 (Java/1.8.0_161)"
144.172.94.217 - - [19/Mar/2026:22:02:59 -0300] "GET /2025/09/14/understanding-the-bc-game-mirror-a-comprehensive/ HTTP/1.1" 200 31102 "http://tarapaca.vsptdigital.cl/" "Mozilla/5.0 (Windows NT 10.0; Win64; x64) AppleWebKit/537.36 (KHTML, like Gecko) Chrome/114.0.0.0 Safari/537.36 Vivaldi/5.3.2679.68"
14.18.90.195 - - [19/Mar/2026:22:03:00 -0300] "POST /xmlrpc.php HTTP/1.1" 200 416 "-" "Apache-HttpClient/4.5.2 (Java/1.8.0_161)"
144.172.94.217 - - [19/Mar/2026:22:03:13 -0300] "GET /2025/09/14/understanding-the-bc-game-mirror-a-comprehensive/ HTTP/1.1" 200 31102 "http://tarapaca.vsptdigital.cl/2025/09/14/understanding-the-bc-game-mirror-a-comprehensive/" "Mozilla/5.0 (Windows NT 6.3; Win64; x64) AppleWebKit/537.36 (KHTML, like Gecko) Chrome/103.0.0.0 Safari/537.36"
144.172.94.217 - - [19/Mar/2026:22:03:16 -0300] "GET /wp-includes/css/dist/block-library/style.min.css?ver=6.9.4 HTTP/1.1" 200 119358 "http://tarapaca.vsptdigital.cl/2025/09/14/understanding-the-bc-game-mirror-a-comprehensive/" "Mozilla/5.0 (Windows NT 10.0; Win64; x64) AppleWebKit/537.36 (KHTML, like Gecko) Chrome/143.0.0.0 Safari/537.36"
144.172.94.217 - - [19/Mar/2026:22:03:16 -0300] "GET /wp-content/plugins/contact-form-7/includes/css/styles.css?ver=5.9.3 HTTP/1.1" 200 2894 "http://tarapaca.vsptdigital.cl/2025/09/14/understanding-the-bc-game-mirror-a-comprehensive/" "Mozilla/5.0 (Windows NT 10.0; Win64; x64) AppleWebKit/537.36 (KHTML, like Gecko) Chrome/143.0.0.0 Safari/537.36"
144.172.94.217 - - [19/Mar/2026:22:03:16 -0300] "GET /wp-content/plugins/woocommerce/assets/css/woocommerce-layout.css?ver=8.7.2 HTTP/1.1" 200 17688 "http://tarapaca.vsptdigital.cl/2025/09/14/understanding-the-bc-game-mirror-a-comprehensive/" "Mozilla/5.0 (Windows NT 10.0; Win64; x64) AppleWebKit/537.36 (KHTML, like Gecko) Chrome/143.0.0.0 Safari/537.36"
144.172.94.217 - - [19/Mar/2026:22:03:16 -0300] "GET /wp-content/plugins/woocommerce/assets/css/woocommerce-smallscreen.css?ver=8.7.2 HTTP/1.1" 200 7043 "http://tarapaca.vsptdigital.cl/2025/09/14/understanding-the-bc-game-mirror-a-comprehensive/" "Mozilla/5.0 (Windows NT 10.0; Win64; x64) AppleWebKit/537.36 (KHTML, like Gecko) Chrome/143.0.0.0 Safari/537.36"
144.172.94.217 - - [19/Mar/2026:22:03:16 -0300] "GET /wp-content/plugins/woocommerce/assets/css/woocommerce.css?ver=8.7.2 HTTP/1.1" 200 77339 "http://tarapaca.vsptdigital.cl/2025/09/14/understanding-the-bc-game-mirror-a-comprehensive/" "Mozilla/5.0 (Windows NT 10.0; Win64; x64) AppleWebKit/537.36 (KHTML, like Gecko) Chrome/143.0.0.0 Safari/537.36"
144.172.94.217 - - [19/Mar/2026:22:03:16 -0300] "GET /wp-content/themes/hello-elementor/style.min.css?ver=2.9.0 HTTP/1.1" 200 5756 "http://tarapaca.vsptdigital.cl/2025/09/14/understanding-the-bc-game-mirror-a-comprehensive/" "Mozilla/5.0 (Windows NT 10.0; Win64; x64) AppleWebKit/537.36 (KHTML, like Gecko) Chrome/143.0.0.0 Safari/537.36"
144.172.94.217 - - [19/Mar/2026:22:03:17 -0300] "GET /wp-content/themes/hello-elementor/theme.min.css?ver=2.9.0 HTTP/1.1" 200 12439 "http://tarapaca.vsptdigital.cl/2025/09/14/understanding-the-bc-game-mirror-a-comprehensive/" "Mozilla/5.0 (Windows NT 10.0; Win64; x64) AppleWebKit/537.36 (KHTML, like Gecko) Chrome/143.0.0.0 Safari/537.36"
144.172.94.217 - - [19/Mar/2026:22:03:17 -0300] "GET /wp-content/plugins/elementor/assets/css/frontend-lite.min.css?ver=3.20.3 HTTP/1.1" 200 118630 "http://tarapaca.vsptdigital.cl/2025/09/14/understanding-the-bc-game-mirror-a-comprehensive/" "Mozilla/5.0 (Windows NT 10.0; Win64; x64) AppleWebKit/537.36 (KHTML, like Gecko) Chrome/143.0.0.0 Safari/537.36"
144.172.94.217 - - [19/Mar/2026:22:03:17 -0300] "GET /wp-content/uploads/elementor/css/post-5.css?ver=1705946908 HTTP/1.1" 200 1169 "http://tarapaca.vsptdigital.cl/2025/09/14/understanding-the-bc-game-mirror-a-comprehensive/" "Mozilla/5.0 (Windows NT 10.0; Win64; x64) AppleWebKit/537.36 (KHTML, like Gecko) Chrome/143.0.0.0 Safari/537.36"
144.172.94.217 - - [19/Mar/2026:22:03:17 -0300] "GET /wp-content/plugins/winwheel4wp/assets/winwheel4wp.css?ver=1669909447 HTTP/1.1" 200 4354 "http://tarapaca.vsptdigital.cl/2025/09/14/understanding-the-bc-game-mirror-a-comprehensive/" "Mozilla/5.0 (Windows NT 10.0; Win64; x64) AppleWebKit/537.36 (KHTML, like Gecko) Chrome/143.0.0.0 Safari/537.36"
162.240.153.75 - - [19/Mar/2026:22:03:20 -0300] "POST /wp-cron.php?doing_wp_cron=1773968600.5324289798736572265625 HTTP/1.1" 200 - "-" "WordPress/6.9.4; https://tarapaca.vsptdigital.cl"
144.172.94.217 - - [19/Mar/2026:22:03:17 -0300] "POST /wp-comments-post.php HTTP/1.1" 302 - "http://tarapaca.vsptdigital.cl/2025/09/14/understanding-the-bc-game-mirror-a-comprehensive/" "Mozilla/5.0 (Windows NT 6.3; Win64; x64) AppleWebKit/537.36 (KHTML, like Gecko) Chrome/103.0.0.0 Safari/537.36"
144.172.94.217 - - [19/Mar/2026:22:03:24 -0300] "GET /2025/09/14/understanding-the-bc-game-mirror-a-comprehensive/ HTTP/1.1" 200 31102 "-" "Mozilla/5.0 (compatible; Googlebot/2.1; +http://www.google.com/bot.html)"
14.18.90.195 - - [19/Mar/2026:22:03:26 -0300] "POST /xmlrpc.php HTTP/1.1" 200 403 "-" "Apache-HttpClient/4.5.2 (Java/1.8.0_161)"
14.18.90.195 - - [19/Mar/2026:22:03:49 -0300] "POST /xmlrpc.php HTTP/1.1" 200 416 "-" "Apache-HttpClient/4.5.2 (Java/1.8.0_161)"
14.18.90.195 - - [19/Mar/2026:22:04:00 -0300] "POST /xmlrpc.php HTTP/1.1" 200 416 "-" "Apache-HttpClient/4.5.2 (Java/1.8.0_161)"
14.18.90.195 - - [19/Mar/2026:22:04:03 -0300] "POST /xmlrpc.php HTTP/1.1" 200 416 "-" "Apache-HttpClient/4.5.2 (Java/1.8.0_161)"
162.240.153.75 - - [19/Mar/2026:22:04:40 -0300] "POST /wp-cron.php?doing_wp_cron=1773968680.0640959739685058593750 HTTP/1.1" 200 - "-" "WordPress/6.9.4; https://tarapaca.vsptdigital.cl"
14.18.90.195 - - [19/Mar/2026:22:04:36 -0300] "POST /xmlrpc.php HTTP/1.1" 200 416 "-" "Apache-HttpClient/4.5.2 (Java/1.8.0_161)"
14.18.90.195 - - [19/Mar/2026:22:04:40 -0300] "POST /xmlrpc.php HTTP/1.1" 200 416 "-" "Apache-HttpClient/4.5.2 (Java/1.8.0_161)"
14.18.90.195 - - [19/Mar/2026:22:04:46 -0300] "POST /xmlrpc.php HTTP/1.1" 200 416 "-" "Apache-HttpClient/4.5.2 (Java/1.8.0_161)"
14.18.90.195 - - [19/Mar/2026:22:04:54 -0300] "POST /xmlrpc.php HTTP/1.1" 200 416 "-" "Apache-HttpClient/4.5.2 (Java/1.8.0_161)"
14.18.90.195 - - [19/Mar/2026:22:05:05 -0300] "POST /xmlrpc.php HTTP/1.1" 200 416 "-" "Apache-HttpClient/4.5.2 (Java/1.8.0_161)"
14.18.90.195 - - [19/Mar/2026:22:05:08 -0300] "POST /xmlrpc.php HTTP/1.1" 200 416 "-" "Apache-HttpClient/4.5.2 (Java/1.8.0_161)"
14.18.90.195 - - [19/Mar/2026:22:05:13 -0300] "POST /xmlrpc.php HTTP/1.1" 200 416 "-" "Apache-HttpClient/4.5.2 (Java/1.8.0_161)"
162.240.153.75 - - [19/Mar/2026:22:05:28 -0300] "POST /wp-cron.php?doing_wp_cron=1773968727.8736450672149658203125 HTTP/1.1" 200 - "-" "WordPress/6.9.4; https://tarapaca.vsptdigital.cl"
14.18.90.195 - - [19/Mar/2026:22:05:25 -0300] "POST /xmlrpc.php HTTP/1.1" 200 416 "-" "Apache-HttpClient/4.5.2 (Java/1.8.0_161)"
14.18.90.195 - - [19/Mar/2026:22:05:29 -0300] "POST /xmlrpc.php HTTP/1.1" 200 416 "-" "Apache-HttpClient/4.5.2 (Java/1.8.0_161)"
14.18.90.195 - - [19/Mar/2026:22:05:34 -0300] "POST /xmlrpc.php HTTP/1.1" 200 416 "-" "Apache-HttpClient/4.5.2 (Java/1.8.0_161)"
14.18.90.195 - - [19/Mar/2026:22:05:43 -0300] "POST /xmlrpc.php HTTP/1.1" 200 416 "-" "Apache-HttpClient/4.5.2 (Java/1.8.0_161)"
14.18.90.195 - - [19/Mar/2026:22:05:46 -0300] "POST /xmlrpc.php HTTP/1.1" 200 416 "-" "Apache-HttpClient/4.5.2 (Java/1.8.0_161)"
14.18.90.195 - - [19/Mar/2026:22:05:57 -0300] "POST /xmlrpc.php HTTP/1.1" 200 416 "-" "Apache-HttpClient/4.5.2 (Java/1.8.0_161)"
14.18.90.195 - - [19/Mar/2026:22:06:13 -0300] "POST /xmlrpc.php HTTP/1.1" 200 416 "-" "Apache-HttpClient/4.5.2 (Java/1.8.0_161)"
14.18.90.195 - - [19/Mar/2026:22:06:16 -0300] "POST /xmlrpc.php HTTP/1.1" 200 416 "-" "Apache-HttpClient/4.5.2 (Java/1.8.0_161)"
162.240.153.75 - - [19/Mar/2026:22:06:29 -0300] "POST /wp-cron.php?doing_wp_cron=1773968789.6143240928649902343750 HTTP/1.1" 200 - "-" "WordPress/6.9.4; https://tarapaca.vsptdigital.cl"
14.18.90.195 - - [19/Mar/2026:22:06:27 -0300] "POST /xmlrpc.php HTTP/1.1" 200 416 "-" "Apache-HttpClient/4.5.2 (Java/1.8.0_161)"
14.18.90.195 - - [19/Mar/2026:22:06:30 -0300] "POST /xmlrpc.php HTTP/1.1" 200 416 "-" "Apache-HttpClient/4.5.2 (Java/1.8.0_161)"
14.18.90.195 - - [19/Mar/2026:22:06:33 -0300] "POST /xmlrpc.php HTTP/1.1" 200 416 "-" "Apache-HttpClient/4.5.2 (Java/1.8.0_161)"
14.18.90.195 - - [19/Mar/2026:22:06:46 -0300] "POST /xmlrpc.php HTTP/1.1" 200 416 "-" "Apache-HttpClient/4.5.2 (Java/1.8.0_161)"
14.18.90.195 - - [19/Mar/2026:22:07:04 -0300] "POST /xmlrpc.php HTTP/1.1" 200 416 "-" "Apache-HttpClient/4.5.2 (Java/1.8.0_161)"
14.18.90.195 - - [19/Mar/2026:22:07:09 -0300] "POST /xmlrpc.php HTTP/1.1" 200 416 "-" "Apache-HttpClient/4.5.2 (Java/1.8.0_161)"
162.240.153.75 - - [19/Mar/2026:22:07:23 -0300] "POST /wp-cron.php?doing_wp_cron=1773968843.5994229316711425781250 HTTP/1.1" 200 - "-" "WordPress/6.9.4; https://tarapaca.vsptdigital.cl"
14.18.90.195 - - [19/Mar/2026:22:07:20 -0300] "POST /xmlrpc.php HTTP/1.1" 200 416 "-" "Apache-HttpClient/4.5.2 (Java/1.8.0_161)"
14.18.90.195 - - [19/Mar/2026:22:07:24 -0300] "POST /xmlrpc.php HTTP/1.1" 200 416 "-" "Apache-HttpClient/4.5.2 (Java/1.8.0_161)"
14.18.90.195 - - [19/Mar/2026:22:07:42 -0300] "POST /xmlrpc.php HTTP/1.1" 200 416 "-" "Apache-HttpClient/4.5.2 (Java/1.8.0_161)"
14.18.90.195 - - [19/Mar/2026:22:07:48 -0300] "POST /xmlrpc.php HTTP/1.1" 200 416 "-" "Apache-HttpClient/4.5.2 (Java/1.8.0_161)"
14.18.90.195 - - [19/Mar/2026:22:07:51 -0300] "POST /xmlrpc.php HTTP/1.1" 200 416 "-" "Apache-HttpClient/4.5.2 (Java/1.8.0_161)"
14.18.90.195 - - [19/Mar/2026:22:07:54 -0300] "POST /xmlrpc.php HTTP/1.1" 200 416 "-" "Apache-HttpClient/4.5.2 (Java/1.8.0_161)"
14.18.90.195 - - [19/Mar/2026:22:08:07 -0300] "POST /xmlrpc.php HTTP/1.1" 200 416 "-" "Apache-HttpClient/4.5.2 (Java/1.8.0_161)"
14.18.90.195 - - [19/Mar/2026:22:08:10 -0300] "POST /xmlrpc.php HTTP/1.1" 200 416 "-" "Apache-HttpClient/4.5.2 (Java/1.8.0_161)"
162.240.153.75 - - [19/Mar/2026:22:08:24 -0300] "POST /wp-cron.php?doing_wp_cron=1773968904.6351859569549560546875 HTTP/1.1" 200 - "-" "WordPress/6.9.4; https://tarapaca.vsptdigital.cl"
14.18.90.195 - - [19/Mar/2026:22:08:21 -0300] "POST /xmlrpc.php HTTP/1.1" 200 416 "-" "Apache-HttpClient/4.5.2 (Java/1.8.0_161)"
14.18.90.195 - - [19/Mar/2026:22:08:25 -0300] "POST /xmlrpc.php HTTP/1.1" 200 416 "-" "Apache-HttpClient/4.5.2 (Java/1.8.0_161)"
144.172.94.217 - - [19/Mar/2026:22:08:29 -0300] "GET /2025/09/14/understanding-the-bc-game-mirror-a-comprehensive/ HTTP/1.1" 200 31102 "-" "Mozilla/5.0 (compatible; Googlebot/2.1; +http://www.google.com/bot.html)"
14.18.90.195 - - [19/Mar/2026:22:08:39 -0300] "POST /xmlrpc.php HTTP/1.1" 200 416 "-" "Apache-HttpClient/4.5.2 (Java/1.8.0_161)"
14.18.90.195 - - [19/Mar/2026:22:08:42 -0300] "POST /xmlrpc.php HTTP/1.1" 200 416 "-" "Apache-HttpClient/4.5.2 (Java/1.8.0_161)"
14.18.90.195 - - [19/Mar/2026:22:08:45 -0300] "POST /xmlrpc.php HTTP/1.1" 200 416 "-" "Apache-HttpClient/4.5.2 (Java/1.8.0_161)"
14.18.90.195 - - [19/Mar/2026:22:08:48 -0300] "POST /xmlrpc.php HTTP/1.1" 200 416 "-" "Apache-HttpClient/4.5.2 (Java/1.8.0_161)"
14.18.90.195 - - [19/Mar/2026:22:09:03 -0300] "POST /xmlrpc.php HTTP/1.1" 200 416 "-" "Apache-HttpClient/4.5.2 (Java/1.8.0_161)"
14.18.90.195 - - [19/Mar/2026:22:09:06 -0300] "POST /xmlrpc.php HTTP/1.1" 200 416 "-" "Apache-HttpClient/4.5.2 (Java/1.8.0_161)"
14.18.90.195 - - [19/Mar/2026:22:09:13 -0300] "POST /xmlrpc.php HTTP/1.1" 200 416 "-" "Apache-HttpClient/4.5.2 (Java/1.8.0_161)"
14.18.90.195 - - [19/Mar/2026:22:09:16 -0300] "POST /xmlrpc.php HTTP/1.1" 200 416 "-" "Apache-HttpClient/4.5.2 (Java/1.8.0_161)"
162.240.153.75 - - [19/Mar/2026:22:09:28 -0300] "POST /wp-cron.php?doing_wp_cron=1773968967.9830040931701660156250 HTTP/1.1" 200 - "-" "WordPress/6.9.4; https://tarapaca.vsptdigital.cl"
14.18.90.195 - - [19/Mar/2026:22:09:25 -0300] "POST /xmlrpc.php HTTP/1.1" 200 416 "-" "Apache-HttpClient/4.5.2 (Java/1.8.0_161)"
14.18.90.195 - - [19/Mar/2026:22:09:46 -0300] "POST /xmlrpc.php HTTP/1.1" 200 416 "-" "Apache-HttpClient/4.5.2 (Java/1.8.0_161)"
91.84.118.32 - - [19/Mar/2026:22:09:50 -0300] "GET /2025/11/05/tretinoin-krema-kako-deluje-in-njene-prednosti/ HTTP/1.1" 200 32103 "-" "Mozilla/5.0 (Macintosh; Intel Mac OS X 12_5) AppleWebKit/537.36 (KHTML, like Gecko) Chrome/114.0.0.0 Safari/537.36 Edg/114.0.1264.71"
14.18.90.195 - - [19/Mar/2026:22:09:59 -0300] "POST /xmlrpc.php HTTP/1.1" 200 416 "-" "Apache-HttpClient/4.5.2 (Java/1.8.0_161)"
162.240.153.75 - - [19/Mar/2026:22:10:28 -0300] "POST /wp-cron.php?doing_wp_cron=1773969028.4705688953399658203125 HTTP/1.1" 200 - "-" "WordPress/6.9.4; https://tarapaca.vsptdigital.cl"
14.18.90.195 - - [19/Mar/2026:22:10:25 -0300] "POST /xmlrpc.php HTTP/1.1" 200 416 "-" "Apache-HttpClient/4.5.2 (Java/1.8.0_161)"
14.18.90.195 - - [19/Mar/2026:22:10:28 -0300] "POST /xmlrpc.php HTTP/1.1" 200 416 "-" "Apache-HttpClient/4.5.2 (Java/1.8.0_161)"
14.18.90.195 - - [19/Mar/2026:22:10:32 -0300] "POST /xmlrpc.php HTTP/1.1" 200 416 "-" "Apache-HttpClient/4.5.2 (Java/1.8.0_161)"
14.18.90.195 - - [19/Mar/2026:22:10:38 -0300] "POST /xmlrpc.php HTTP/1.1" 200 416 "-" "Apache-HttpClient/4.5.2 (Java/1.8.0_161)"
14.18.90.195 - - [19/Mar/2026:22:10:41 -0300] "POST /xmlrpc.php HTTP/1.1" 200 416 "-" "Apache-HttpClient/4.5.2 (Java/1.8.0_161)"
14.18.90.195 - - [19/Mar/2026:22:10:44 -0300] "POST /xmlrpc.php HTTP/1.1" 200 416 "-" "Apache-HttpClient/4.5.2 (Java/1.8.0_161)"
14.18.90.195 - - [19/Mar/2026:22:10:47 -0300] "POST /xmlrpc.php HTTP/1.1" 200 416 "-" "Apache-HttpClient/4.5.2 (Java/1.8.0_161)"
14.18.90.195 - - [19/Mar/2026:22:10:55 -0300] "POST /xmlrpc.php HTTP/1.1" 200 416 "-" "Apache-HttpClient/4.5.2 (Java/1.8.0_161)"
14.18.90.195 - - [19/Mar/2026:22:11:03 -0300] "POST /xmlrpc.php HTTP/1.1" 200 416 "-" "Apache-HttpClient/4.5.2 (Java/1.8.0_161)"
14.18.90.195 - - [19/Mar/2026:22:11:16 -0300] "POST /xmlrpc.php HTTP/1.1" 200 416 "-" "Apache-HttpClient/4.5.2 (Java/1.8.0_161)"
162.240.153.75 - - [19/Mar/2026:22:11:21 -0300] "POST /wp-cron.php?doing_wp_cron=1773969081.3282260894775390625000 HTTP/1.1" 200 - "-" "WordPress/6.9.4; https://tarapaca.vsptdigital.cl"
14.18.90.195 - - [19/Mar/2026:22:11:19 -0300] "POST /xmlrpc.php HTTP/1.1" 200 416 "-" "Apache-HttpClient/4.5.2 (Java/1.8.0_161)"
14.18.90.195 - - [19/Mar/2026:22:11:26 -0300] "POST /xmlrpc.php HTTP/1.1" 200 416 "-" "Apache-HttpClient/4.5.2 (Java/1.8.0_161)"
14.18.90.195 - - [19/Mar/2026:22:11:34 -0300] "POST /xmlrpc.php HTTP/1.1" 200 416 "-" "Apache-HttpClient/4.5.2 (Java/1.8.0_161)"
14.18.90.195 - - [19/Mar/2026:22:11:47 -0300] "POST /xmlrpc.php HTTP/1.1" 200 416 "-" "Apache-HttpClient/4.5.2 (Java/1.8.0_161)"
14.18.90.195 - - [19/Mar/2026:22:11:50 -0300] "POST /xmlrpc.php HTTP/1.1" 200 416 "-" "Apache-HttpClient/4.5.2 (Java/1.8.0_161)"
14.18.90.195 - - [19/Mar/2026:22:11:58 -0300] "POST /xmlrpc.php HTTP/1.1" 200 416 "-" "Apache-HttpClient/4.5.2 (Java/1.8.0_161)"
14.18.90.195 - - [19/Mar/2026:22:12:01 -0300] "POST /xmlrpc.php HTTP/1.1" 200 416 "-" "Apache-HttpClient/4.5.2 (Java/1.8.0_161)"
14.18.90.195 - - [19/Mar/2026:22:12:05 -0300] "POST /xmlrpc.php HTTP/1.1" 200 416 "-" "Apache-HttpClient/4.5.2 (Java/1.8.0_161)"
14.18.90.195 - - [19/Mar/2026:22:12:08 -0300] "POST /xmlrpc.php HTTP/1.1" 200 416 "-" "Apache-HttpClient/4.5.2 (Java/1.8.0_161)"
162.240.153.75 - - [19/Mar/2026:22:12:21 -0300] "POST /wp-cron.php?doing_wp_cron=1773969141.5434410572052001953125 HTTP/1.1" 200 - "-" "WordPress/6.9.4; https://tarapaca.vsptdigital.cl"
14.18.90.195 - - [19/Mar/2026:22:12:19 -0300] "POST /xmlrpc.php HTTP/1.1" 200 416 "-" "Apache-HttpClient/4.5.2 (Java/1.8.0_161)"
14.18.90.195 - - [19/Mar/2026:22:12:44 -0300] "POST /xmlrpc.php HTTP/1.1" 200 416 "-" "Apache-HttpClient/4.5.2 (Java/1.8.0_161)"
14.18.90.195 - - [19/Mar/2026:22:12:47 -0300] "POST /xmlrpc.php HTTP/1.1" 200 416 "-" "Apache-HttpClient/4.5.2 (Java/1.8.0_161)"
14.18.90.195 - - [19/Mar/2026:22:12:55 -0300] "POST /xmlrpc.php HTTP/1.1" 200 416 "-" "Apache-HttpClient/4.5.2 (Java/1.8.0_161)"
14.18.90.195 - - [19/Mar/2026:22:12:58 -0300] "POST /xmlrpc.php HTTP/1.1" 200 416 "-" "Apache-HttpClient/4.5.2 (Java/1.8.0_161)"
14.18.90.195 - - [19/Mar/2026:22:13:15 -0300] "POST /xmlrpc.php HTTP/1.1" 200 416 "-" "Apache-HttpClient/4.5.2 (Java/1.8.0_161)"
162.240.153.75 - - [19/Mar/2026:22:13:24 -0300] "POST /wp-cron.php?doing_wp_cron=1773969204.4294290542602539062500 HTTP/1.1" 200 - "-" "WordPress/6.9.4; https://tarapaca.vsptdigital.cl"
14.18.90.195 - - [19/Mar/2026:22:13:21 -0300] "POST /xmlrpc.php HTTP/1.1" 200 416 "-" "Apache-HttpClient/4.5.2 (Java/1.8.0_161)"
14.18.90.195 - - [19/Mar/2026:22:13:32 -0300] "POST /xmlrpc.php HTTP/1.1" 200 416 "-" "Apache-HttpClient/4.5.2 (Java/1.8.0_161)"
14.18.90.195 - - [19/Mar/2026:22:13:35 -0300] "POST /xmlrpc.php HTTP/1.1" 200 416 "-" "Apache-HttpClient/4.5.2 (Java/1.8.0_161)"
14.18.90.195 - - [19/Mar/2026:22:13:38 -0300] "POST /xmlrpc.php HTTP/1.1" 200 416 "-" "Apache-HttpClient/4.5.2 (Java/1.8.0_161)"
14.18.90.195 - - [19/Mar/2026:22:13:50 -0300] "POST /xmlrpc.php HTTP/1.1" 200 416 "-" "Apache-HttpClient/4.5.2 (Java/1.8.0_161)"
14.18.90.195 - - [19/Mar/2026:22:13:58 -0300] "POST /xmlrpc.php HTTP/1.1" 200 416 "-" "Apache-HttpClient/4.5.2 (Java/1.8.0_161)"
14.18.90.195 - - [19/Mar/2026:22:14:11 -0300] "POST /xmlrpc.php HTTP/1.1" 200 416 "-" "Apache-HttpClient/4.5.2 (Java/1.8.0_161)"
162.240.153.75 - - [19/Mar/2026:22:14:24 -0300] "POST /wp-cron.php?doing_wp_cron=1773969264.4745950698852539062500 HTTP/1.1" 200 - "-" "WordPress/6.9.4; https://tarapaca.vsptdigital.cl"
14.18.90.195 - - [19/Mar/2026:22:14:22 -0300] "POST /xmlrpc.php HTTP/1.1" 200 416 "-" "Apache-HttpClient/4.5.2 (Java/1.8.0_161)"
14.18.90.195 - - [19/Mar/2026:22:14:24 -0300] "POST /xmlrpc.php HTTP/1.1" 200 416 "-" "Apache-HttpClient/4.5.2 (Java/1.8.0_161)"
14.18.90.195 - - [19/Mar/2026:22:14:27 -0300] "POST /xmlrpc.php HTTP/1.1" 200 416 "-" "Apache-HttpClient/4.5.2 (Java/1.8.0_161)"
14.18.90.195 - - [19/Mar/2026:22:14:38 -0300] "POST /xmlrpc.php HTTP/1.1" 200 416 "-" "Apache-HttpClient/4.5.2 (Java/1.8.0_161)"
14.18.90.195 - - [19/Mar/2026:22:14:49 -0300] "POST /xmlrpc.php HTTP/1.1" 200 416 "-" "Apache-HttpClient/4.5.2 (Java/1.8.0_161)"
13.77.158.28 - - [19/Mar/2026:22:14:52 -0300] "GET /2026/01/12/discover-the-best-casino-sites-not-on-gamstop-14/ HTTP/1.0" 200 32921 "-" "Mozilla/5.0 (Macintosh; Intel Mac OS X 12_5) AppleWebKit/537.36 (KHTML, like Gecko) Chrome/114.0.0.0 Safari/537.36"
14.18.90.195 - - [19/Mar/2026:22:14:52 -0300] "POST /xmlrpc.php HTTP/1.1" 200 416 "-" "Apache-HttpClient/4.5.2 (Java/1.8.0_161)"
14.18.90.195 - - [19/Mar/2026:22:15:00 -0300] "POST /xmlrpc.php HTTP/1.1" 200 416 "-" "Apache-HttpClient/4.5.2 (Java/1.8.0_161)"
14.18.90.195 - - [19/Mar/2026:22:15:03 -0300] "POST /xmlrpc.php HTTP/1.1" 200 416 "-" "Apache-HttpClient/4.5.2 (Java/1.8.0_161)"
14.18.90.195 - - [19/Mar/2026:22:15:07 -0300] "POST /xmlrpc.php HTTP/1.1" 200 416 "-" "Apache-HttpClient/4.5.2 (Java/1.8.0_161)"
14.18.90.195 - - [19/Mar/2026:22:15:12 -0300] "POST /xmlrpc.php HTTP/1.1" 200 416 "-" "Apache-HttpClient/4.5.2 (Java/1.8.0_161)"
162.240.153.75 - - [19/Mar/2026:22:15:24 -0300] "POST /wp-cron.php?doing_wp_cron=1773969324.1594340801239013671875 HTTP/1.1" 200 - "-" "WordPress/6.9.4; https://tarapaca.vsptdigital.cl"
14.18.90.195 - - [19/Mar/2026:22:15:21 -0300] "POST /xmlrpc.php HTTP/1.1" 200 416 "-" "Apache-HttpClient/4.5.2 (Java/1.8.0_161)"
14.18.90.195 - - [19/Mar/2026:22:15:24 -0300] "POST /xmlrpc.php HTTP/1.1" 200 416 "-" "Apache-HttpClient/4.5.2 (Java/1.8.0_161)"
14.18.90.195 - - [19/Mar/2026:22:15:27 -0300] "POST /xmlrpc.php HTTP/1.1" 200 416 "-" "Apache-HttpClient/4.5.2 (Java/1.8.0_161)"
14.18.90.195 - - [19/Mar/2026:22:15:40 -0300] "POST /xmlrpc.php HTTP/1.1" 200 416 "-" "Apache-HttpClient/4.5.2 (Java/1.8.0_161)"
14.18.90.195 - - [19/Mar/2026:22:15:51 -0300] "POST /xmlrpc.php HTTP/1.1" 200 416 "-" "Apache-HttpClient/4.5.2 (Java/1.8.0_161)"
14.18.90.195 - - [19/Mar/2026:22:15:55 -0300] "POST /xmlrpc.php HTTP/1.1" 200 416 "-" "Apache-HttpClient/4.5.2 (Java/1.8.0_161)"
162.240.153.75 - - [19/Mar/2026:22:16:24 -0300] "POST /wp-cron.php?doing_wp_cron=1773969384.8579161167144775390625 HTTP/1.1" 200 - "-" "WordPress/6.9.4; https://tarapaca.vsptdigital.cl"
14.18.90.195 - - [19/Mar/2026:22:16:22 -0300] "POST /xmlrpc.php HTTP/1.1" 200 416 "-" "Apache-HttpClient/4.5.2 (Java/1.8.0_161)"
14.18.90.195 - - [19/Mar/2026:22:16:28 -0300] "POST /xmlrpc.php HTTP/1.1" 200 416 "-" "Apache-HttpClient/4.5.2 (Java/1.8.0_161)"
14.18.90.195 - - [19/Mar/2026:22:16:30 -0300] "POST /xmlrpc.php HTTP/1.1" 200 416 "-" "Apache-HttpClient/4.5.2 (Java/1.8.0_161)"
14.18.90.195 - - [19/Mar/2026:22:16:41 -0300] "POST /xmlrpc.php HTTP/1.1" 200 416 "-" "Apache-HttpClient/4.5.2 (Java/1.8.0_161)"
14.18.90.195 - - [19/Mar/2026:22:16:47 -0300] "POST /xmlrpc.php HTTP/1.1" 200 416 "-" "Apache-HttpClient/4.5.2 (Java/1.8.0_161)"
14.18.90.195 - - [19/Mar/2026:22:16:49 -0300] "POST /xmlrpc.php HTTP/1.1" 200 416 "-" "Apache-HttpClient/4.5.2 (Java/1.8.0_161)"
14.18.90.195 - - [19/Mar/2026:22:17:02 -0300] "POST /xmlrpc.php HTTP/1.1" 200 416 "-" "Apache-HttpClient/4.5.2 (Java/1.8.0_161)"
14.18.90.195 - - [19/Mar/2026:22:17:04 -0300] "POST /xmlrpc.php HTTP/1.1" 200 416 "-" "Apache-HttpClient/4.5.2 (Java/1.8.0_161)"
14.18.90.195 - - [19/Mar/2026:22:17:07 -0300] "POST /xmlrpc.php HTTP/1.1" 200 416 "-" "Apache-HttpClient/4.5.2 (Java/1.8.0_161)"
14.18.90.195 - - [19/Mar/2026:22:17:10 -0300] "POST /xmlrpc.php HTTP/1.1" 200 416 "-" "Apache-HttpClient/4.5.2 (Java/1.8.0_161)"
14.18.90.195 - - [19/Mar/2026:22:17:14 -0300] "POST /xmlrpc.php HTTP/1.1" 200 416 "-" "Apache-HttpClient/4.5.2 (Java/1.8.0_161)"
162.240.153.75 - - [19/Mar/2026:22:17:20 -0300] "POST /wp-cron.php?doing_wp_cron=1773969440.5275299549102783203125 HTTP/1.1" 200 - "-" "WordPress/6.9.4; https://tarapaca.vsptdigital.cl"
14.18.90.195 - - [19/Mar/2026:22:17:18 -0300] "POST /xmlrpc.php HTTP/1.1" 200 416 "-" "Apache-HttpClient/4.5.2 (Java/1.8.0_161)"
14.18.90.195 - - [19/Mar/2026:22:17:25 -0300] "POST /xmlrpc.php HTTP/1.1" 200 416 "-" "Apache-HttpClient/4.5.2 (Java/1.8.0_161)"
14.18.90.195 - - [19/Mar/2026:22:17:36 -0300] "POST /xmlrpc.php HTTP/1.1" 200 416 "-" "Apache-HttpClient/4.5.2 (Java/1.8.0_161)"
14.18.90.195 - - [19/Mar/2026:22:17:39 -0300] "POST /xmlrpc.php HTTP/1.1" 200 416 "-" "Apache-HttpClient/4.5.2 (Java/1.8.0_161)"
14.18.90.195 - - [19/Mar/2026:22:17:43 -0300] "POST /xmlrpc.php HTTP/1.1" 200 416 "-" "Apache-HttpClient/4.5.2 (Java/1.8.0_161)"
14.18.90.195 - - [19/Mar/2026:22:17:51 -0300] "POST /xmlrpc.php HTTP/1.1" 200 416 "-" "Apache-HttpClient/4.5.2 (Java/1.8.0_161)"
14.18.90.195 - - [19/Mar/2026:22:17:54 -0300] "POST /xmlrpc.php HTTP/1.1" 200 416 "-" "Apache-HttpClient/4.5.2 (Java/1.8.0_161)"
14.18.90.195 - - [19/Mar/2026:22:17:56 -0300] "POST /xmlrpc.php HTTP/1.1" 200 416 "-" "Apache-HttpClient/4.5.2 (Java/1.8.0_161)"
14.18.90.195 - - [19/Mar/2026:22:18:10 -0300] "POST /xmlrpc.php HTTP/1.1" 200 416 "-" "Apache-HttpClient/4.5.2 (Java/1.8.0_161)"
162.240.153.75 - - [19/Mar/2026:22:18:24 -0300] "POST /wp-cron.php?doing_wp_cron=1773969504.6410140991210937500000 HTTP/1.1" 200 - "-" "WordPress/6.9.4; https://tarapaca.vsptdigital.cl"
14.18.90.195 - - [19/Mar/2026:22:18:22 -0300] "POST /xmlrpc.php HTTP/1.1" 200 416 "-" "Apache-HttpClient/4.5.2 (Java/1.8.0_161)"
14.18.90.195 - - [19/Mar/2026:22:18:25 -0300] "POST /xmlrpc.php HTTP/1.1" 200 416 "-" "Apache-HttpClient/4.5.2 (Java/1.8.0_161)"
14.18.90.195 - - [19/Mar/2026:22:18:31 -0300] "POST /xmlrpc.php HTTP/1.1" 200 416 "-" "Apache-HttpClient/4.5.2 (Java/1.8.0_161)"
14.18.90.195 - - [19/Mar/2026:22:18:36 -0300] "POST /xmlrpc.php HTTP/1.1" 200 416 "-" "Apache-HttpClient/4.5.2 (Java/1.8.0_161)"
14.18.90.195 - - [19/Mar/2026:22:18:46 -0300] "POST /xmlrpc.php HTTP/1.1" 200 416 "-" "Apache-HttpClient/4.5.2 (Java/1.8.0_161)"
14.18.90.195 - - [19/Mar/2026:22:18:48 -0300] "POST /xmlrpc.php HTTP/1.1" 200 416 "-" "Apache-HttpClient/4.5.2 (Java/1.8.0_161)"
14.18.90.195 - - [19/Mar/2026:22:18:55 -0300] "POST /xmlrpc.php HTTP/1.1" 200 416 "-" "Apache-HttpClient/4.5.2 (Java/1.8.0_161)"
14.18.90.195 - - [19/Mar/2026:22:18:57 -0300] "POST /xmlrpc.php HTTP/1.1" 200 416 "-" "Apache-HttpClient/4.5.2 (Java/1.8.0_161)"
14.18.90.195 - - [19/Mar/2026:22:19:08 -0300] "POST /xmlrpc.php HTTP/1.1" 200 416 "-" "Apache-HttpClient/4.5.2 (Java/1.8.0_161)"
14.18.90.195 - - [19/Mar/2026:22:19:15 -0300] "POST /xmlrpc.php HTTP/1.1" 200 416 "-" "Apache-HttpClient/4.5.2 (Java/1.8.0_161)"
162.240.153.75 - - [19/Mar/2026:22:19:21 -0300] "POST /wp-cron.php?doing_wp_cron=1773969561.3794829845428466796875 HTTP/1.1" 200 - "-" "WordPress/6.9.4; https://tarapaca.vsptdigital.cl"
14.18.90.195 - - [19/Mar/2026:22:19:18 -0300] "POST /xmlrpc.php HTTP/1.1" 200 416 "-" "Apache-HttpClient/4.5.2 (Java/1.8.0_161)"
212.8.248.108 - - [19/Mar/2026:22:19:19 -0300] "GET /2025/12/27/casino-payment-gateways-compared-find-the-best-2/ HTTP/1.1" 200 32665 "-" "Mozilla/5.0 (Windows NT 10.0; Win64; x64) AppleWebKit/537.36 (KHTML, like Gecko) Chrome/58.0.3029.110 Safari/537.3"
14.18.90.195 - - [19/Mar/2026:22:19:21 -0300] "POST /xmlrpc.php HTTP/1.1" 200 416 "-" "Apache-HttpClient/4.5.2 (Java/1.8.0_161)"
14.18.90.195 - - [19/Mar/2026:22:19:30 -0300] "POST /xmlrpc.php HTTP/1.1" 200 416 "-" "Apache-HttpClient/4.5.2 (Java/1.8.0_161)"
14.18.90.195 - - [19/Mar/2026:22:19:33 -0300] "POST /xmlrpc.php HTTP/1.1" 200 416 "-" "Apache-HttpClient/4.5.2 (Java/1.8.0_161)"
14.18.90.195 - - [19/Mar/2026:22:19:39 -0300] "POST /xmlrpc.php HTTP/1.1" 200 416 "-" "Apache-HttpClient/4.5.2 (Java/1.8.0_161)"
14.18.90.195 - - [19/Mar/2026:22:19:47 -0300] "POST /xmlrpc.php HTTP/1.1" 200 416 "-" "Apache-HttpClient/4.5.2 (Java/1.8.0_161)"
14.18.90.195 - - [19/Mar/2026:22:19:56 -0300] "POST /xmlrpc.php HTTP/1.1" 200 416 "-" "Apache-HttpClient/4.5.2 (Java/1.8.0_161)"
14.18.90.195 - - [19/Mar/2026:22:20:07 -0300] "POST /xmlrpc.php HTTP/1.1" 200 416 "-" "Apache-HttpClient/4.5.2 (Java/1.8.0_161)"
14.18.90.195 - - [19/Mar/2026:22:20:11 -0300] "POST /xmlrpc.php HTTP/1.1" 200 416 "-" "Apache-HttpClient/4.5.2 (Java/1.8.0_161)"
162.240.153.75 - - [19/Mar/2026:22:20:21 -0300] "POST /wp-cron.php?doing_wp_cron=1773969621.7245619297027587890625 HTTP/1.1" 200 - "-" "WordPress/6.9.4; https://tarapaca.vsptdigital.cl"
14.18.90.195 - - [19/Mar/2026:22:20:18 -0300] "POST /xmlrpc.php HTTP/1.1" 200 416 "-" "Apache-HttpClient/4.5.2 (Java/1.8.0_161)"
14.18.90.195 - - [19/Mar/2026:22:20:22 -0300] "POST /xmlrpc.php HTTP/1.1" 200 416 "-" "Apache-HttpClient/4.5.2 (Java/1.8.0_161)"
14.18.90.195 - - [19/Mar/2026:22:20:24 -0300] "POST /xmlrpc.php HTTP/1.1" 200 416 "-" "Apache-HttpClient/4.5.2 (Java/1.8.0_161)"
14.18.90.195 - - [19/Mar/2026:22:20:30 -0300] "POST /xmlrpc.php HTTP/1.1" 200 416 "-" "Apache-HttpClient/4.5.2 (Java/1.8.0_161)"
14.18.90.195 - - [19/Mar/2026:22:20:49 -0300] "POST /xmlrpc.php HTTP/1.1" 200 416 "-" "Apache-HttpClient/4.5.2 (Java/1.8.0_161)"
14.18.90.195 - - [19/Mar/2026:22:21:07 -0300] "POST /xmlrpc.php HTTP/1.1" 200 416 "-" "Apache-HttpClient/4.5.2 (Java/1.8.0_161)"
91.84.118.32 - - [19/Mar/2026:22:21:09 -0300] "GET /2025/11/05/tretinoin-krema-kako-deluje-in-njene-prednosti/ HTTP/1.1" 200 32103 "-" "Mozilla/5.0 (Macintosh; Intel Mac OS X 12_5) AppleWebKit/537.36 (KHTML, like Gecko) Chrome/114.0.0.0 Safari/537.36 Edg/114.0.1264.71"
14.18.90.195 - - [19/Mar/2026:22:21:14 -0300] "POST /xmlrpc.php HTTP/1.1" 200 416 "-" "Apache-HttpClient/4.5.2 (Java/1.8.0_161)"
162.240.153.75 - - [19/Mar/2026:22:21:23 -0300] "POST /wp-cron.php?doing_wp_cron=1773969683.0176250934600830078125 HTTP/1.1" 200 - "-" "WordPress/6.9.4; https://tarapaca.vsptdigital.cl"
14.18.90.195 - - [19/Mar/2026:22:21:20 -0300] "POST /xmlrpc.php HTTP/1.1" 200 416 "-" "Apache-HttpClient/4.5.2 (Java/1.8.0_161)"
14.18.90.195 - - [19/Mar/2026:22:21:33 -0300] "POST /xmlrpc.php HTTP/1.1" 200 416 "-" "Apache-HttpClient/4.5.2 (Java/1.8.0_161)"
14.18.90.195 - - [19/Mar/2026:22:21:36 -0300] "POST /xmlrpc.php HTTP/1.1" 200 416 "-" "Apache-HttpClient/4.5.2 (Java/1.8.0_161)"
14.18.90.195 - - [19/Mar/2026:22:21:42 -0300] "POST /xmlrpc.php HTTP/1.1" 200 416 "-" "Apache-HttpClient/4.5.2 (Java/1.8.0_161)"
14.18.90.195 - - [19/Mar/2026:22:21:53 -0300] "POST /xmlrpc.php HTTP/1.1" 200 416 "-" "Apache-HttpClient/4.5.2 (Java/1.8.0_161)"
14.18.90.195 - - [19/Mar/2026:22:22:06 -0300] "POST /xmlrpc.php HTTP/1.1" 200 416 "-" "Apache-HttpClient/4.5.2 (Java/1.8.0_161)"
14.18.90.195 - - [19/Mar/2026:22:22:16 -0300] "POST /xmlrpc.php HTTP/1.1" 200 416 "-" "Apache-HttpClient/4.5.2 (Java/1.8.0_161)"
14.18.90.195 - - [19/Mar/2026:22:22:50 -0300] "POST /xmlrpc.php HTTP/1.1" 200 416 "-" "Apache-HttpClient/4.5.2 (Java/1.8.0_161)"
14.18.90.195 - - [19/Mar/2026:22:23:08 -0300] "POST /xmlrpc.php HTTP/1.1" 200 416 "-" "Apache-HttpClient/4.5.2 (Java/1.8.0_161)"
14.18.90.195 - - [19/Mar/2026:22:23:11 -0300] "POST /xmlrpc.php HTTP/1.1" 200 416 "-" "Apache-HttpClient/4.5.2 (Java/1.8.0_161)"
162.240.153.75 - - [19/Mar/2026:22:23:24 -0300] "POST /wp-cron.php?doing_wp_cron=1773969804.8105161190032958984375 HTTP/1.1" 200 - "-" "WordPress/6.9.4; https://tarapaca.vsptdigital.cl"
14.18.90.195 - - [19/Mar/2026:22:23:22 -0300] "POST /xmlrpc.php HTTP/1.1" 200 416 "-" "Apache-HttpClient/4.5.2 (Java/1.8.0_161)"
14.18.90.195 - - [19/Mar/2026:22:23:28 -0300] "POST /xmlrpc.php HTTP/1.1" 200 416 "-" "Apache-HttpClient/4.5.2 (Java/1.8.0_161)"
14.18.90.195 - - [19/Mar/2026:22:23:35 -0300] "POST /xmlrpc.php HTTP/1.1" 200 416 "-" "Apache-HttpClient/4.5.2 (Java/1.8.0_161)"
14.18.90.195 - - [19/Mar/2026:22:23:53 -0300] "POST /xmlrpc.php HTTP/1.1" 200 416 "-" "Apache-HttpClient/4.5.2 (Java/1.8.0_161)"
162.240.153.75 - - [19/Mar/2026:22:24:29 -0300] "POST /wp-cron.php?doing_wp_cron=1773969869.4825909137725830078125 HTTP/1.1" 200 - "-" "WordPress/6.9.4; https://tarapaca.vsptdigital.cl"
14.18.90.195 - - [19/Mar/2026:22:24:26 -0300] "POST /xmlrpc.php HTTP/1.1" 200 416 "-" "Apache-HttpClient/4.5.2 (Java/1.8.0_161)"
14.18.90.195 - - [19/Mar/2026:22:24:29 -0300] "POST /xmlrpc.php HTTP/1.1" 200 416 "-" "Apache-HttpClient/4.5.2 (Java/1.8.0_161)"
14.18.90.195 - - [19/Mar/2026:22:24:36 -0300] "POST /xmlrpc.php HTTP/1.1" 200 416 "-" "Apache-HttpClient/4.5.2 (Java/1.8.0_161)"
14.18.90.195 - - [19/Mar/2026:22:24:50 -0300] "POST /xmlrpc.php HTTP/1.1" 200 416 "-" "Apache-HttpClient/4.5.2 (Java/1.8.0_161)"
14.18.90.195 - - [19/Mar/2026:22:24:59 -0300] "POST /xmlrpc.php HTTP/1.1" 200 416 "-" "Apache-HttpClient/4.5.2 (Java/1.8.0_161)"
14.18.90.195 - - [19/Mar/2026:22:25:08 -0300] "POST /xmlrpc.php HTTP/1.1" 200 416 "-" "Apache-HttpClient/4.5.2 (Java/1.8.0_161)"
162.240.153.75 - - [19/Mar/2026:22:25:25 -0300] "POST /wp-cron.php?doing_wp_cron=1773969925.0834989547729492187500 HTTP/1.1" 200 - "-" "WordPress/6.9.4; https://tarapaca.vsptdigital.cl"
14.18.90.195 - - [19/Mar/2026:22:25:22 -0300] "POST /xmlrpc.php HTTP/1.1" 200 416 "-" "Apache-HttpClient/4.5.2 (Java/1.8.0_161)"
14.18.90.195 - - [19/Mar/2026:22:25:43 -0300] "POST /xmlrpc.php HTTP/1.1" 200 416 "-" "Apache-HttpClient/4.5.2 (Java/1.8.0_161)"
14.18.90.195 - - [19/Mar/2026:22:25:47 -0300] "POST /xmlrpc.php HTTP/1.1" 200 416 "-" "Apache-HttpClient/4.5.2 (Java/1.8.0_161)"
14.18.90.195 - - [19/Mar/2026:22:25:50 -0300] "POST /xmlrpc.php HTTP/1.1" 200 416 "-" "Apache-HttpClient/4.5.2 (Java/1.8.0_161)"
14.18.90.195 - - [19/Mar/2026:22:25:53 -0300] "POST /xmlrpc.php HTTP/1.1" 200 416 "-" "Apache-HttpClient/4.5.2 (Java/1.8.0_161)"
14.18.90.195 - - [19/Mar/2026:22:25:56 -0300] "POST /xmlrpc.php HTTP/1.1" 200 416 "-" "Apache-HttpClient/4.5.2 (Java/1.8.0_161)"
14.18.90.195 - - [19/Mar/2026:22:26:13 -0300] "POST /xmlrpc.php HTTP/1.1" 200 416 "-" "Apache-HttpClient/4.5.2 (Java/1.8.0_161)"
162.240.153.75 - - [19/Mar/2026:22:26:34 -0300] "POST /wp-cron.php?doing_wp_cron=1773969994.0083749294281005859375 HTTP/1.1" 200 - "-" "WordPress/6.9.4; https://tarapaca.vsptdigital.cl"
14.18.90.195 - - [19/Mar/2026:22:26:30 -0300] "POST /xmlrpc.php HTTP/1.1" 200 416 "-" "Apache-HttpClient/4.5.2 (Java/1.8.0_161)"
14.18.90.195 - - [19/Mar/2026:22:26:47 -0300] "POST /xmlrpc.php HTTP/1.1" 200 416 "-" "Apache-HttpClient/4.5.2 (Java/1.8.0_161)"
14.18.90.195 - - [19/Mar/2026:22:26:58 -0300] "POST /xmlrpc.php HTTP/1.1" 200 416 "-" "Apache-HttpClient/4.5.2 (Java/1.8.0_161)"
162.240.153.75 - - [19/Mar/2026:22:27:25 -0300] "POST /wp-cron.php?doing_wp_cron=1773970045.4468529224395751953125 HTTP/1.1" 200 - "-" "WordPress/6.9.4; https://tarapaca.vsptdigital.cl"
14.18.90.195 - - [19/Mar/2026:22:27:21 -0300] "POST /xmlrpc.php HTTP/1.1" 200 416 "-" "Apache-HttpClient/4.5.2 (Java/1.8.0_161)"
14.18.90.195 - - [19/Mar/2026:22:27:25 -0300] "POST /xmlrpc.php HTTP/1.1" 200 416 "-" "Apache-HttpClient/4.5.2 (Java/1.8.0_161)"
14.18.90.195 - - [19/Mar/2026:22:27:32 -0300] "POST /xmlrpc.php HTTP/1.1" 200 416 "-" "Apache-HttpClient/4.5.2 (Java/1.8.0_161)"
14.18.90.195 - - [19/Mar/2026:22:27:42 -0300] "POST /xmlrpc.php HTTP/1.1" 200 416 "-" "Apache-HttpClient/4.5.2 (Java/1.8.0_161)"
14.18.90.195 - - [19/Mar/2026:22:27:49 -0300] "POST /xmlrpc.php HTTP/1.1" 200 416 "-" "Apache-HttpClient/4.5.2 (Java/1.8.0_161)"
14.18.90.195 - - [19/Mar/2026:22:27:53 -0300] "POST /xmlrpc.php HTTP/1.1" 200 416 "-" "Apache-HttpClient/4.5.2 (Java/1.8.0_161)"
14.18.90.195 - - [19/Mar/2026:22:28:09 -0300] "POST /xmlrpc.php HTTP/1.1" 200 416 "-" "Apache-HttpClient/4.5.2 (Java/1.8.0_161)"
14.18.90.195 - - [19/Mar/2026:22:28:12 -0300] "POST /xmlrpc.php HTTP/1.1" 200 416 "-" "Apache-HttpClient/4.5.2 (Java/1.8.0_161)"
14.18.90.195 - - [19/Mar/2026:22:28:19 -0300] "POST /xmlrpc.php HTTP/1.1" 200 416 "-" "Apache-HttpClient/4.5.2 (Java/1.8.0_161)"
14.18.90.195 - - [19/Mar/2026:22:28:32 -0300] "POST /xmlrpc.php HTTP/1.1" 200 416 "-" "Apache-HttpClient/4.5.2 (Java/1.8.0_161)"
14.18.90.195 - - [19/Mar/2026:22:28:59 -0300] "POST /xmlrpc.php HTTP/1.1" 200 416 "-" "Apache-HttpClient/4.5.2 (Java/1.8.0_161)"
14.18.90.195 - - [19/Mar/2026:22:29:03 -0300] "POST /xmlrpc.php HTTP/1.1" 200 416 "-" "Apache-HttpClient/4.5.2 (Java/1.8.0_161)"
14.18.90.195 - - [19/Mar/2026:22:29:09 -0300] "POST /xmlrpc.php HTTP/1.1" 200 416 "-" "Apache-HttpClient/4.5.2 (Java/1.8.0_161)"
162.240.153.75 - - [19/Mar/2026:22:29:28 -0300] "POST /wp-cron.php?doing_wp_cron=1773970168.6532449722290039062500 HTTP/1.1" 200 - "-" "WordPress/6.9.4; https://tarapaca.vsptdigital.cl"
14.18.90.195 - - [19/Mar/2026:22:29:26 -0300] "POST /xmlrpc.php HTTP/1.1" 200 416 "-" "Apache-HttpClient/4.5.2 (Java/1.8.0_161)"
14.18.90.195 - - [19/Mar/2026:22:29:34 -0300] "POST /xmlrpc.php HTTP/1.1" 200 416 "-" "Apache-HttpClient/4.5.2 (Java/1.8.0_161)"
14.18.90.195 - - [19/Mar/2026:22:29:45 -0300] "POST /xmlrpc.php HTTP/1.1" 200 416 "-" "Apache-HttpClient/4.5.2 (Java/1.8.0_161)"
14.18.90.195 - - [19/Mar/2026:22:29:51 -0300] "POST /xmlrpc.php HTTP/1.1" 200 416 "-" "Apache-HttpClient/4.5.2 (Java/1.8.0_161)"
14.18.90.195 - - [19/Mar/2026:22:30:00 -0300] "POST /xmlrpc.php HTTP/1.1" 200 416 "-" "Apache-HttpClient/4.5.2 (Java/1.8.0_161)"
14.18.90.195 - - [19/Mar/2026:22:30:09 -0300] "POST /xmlrpc.php HTTP/1.1" 200 416 "-" "Apache-HttpClient/4.5.2 (Java/1.8.0_161)"
162.240.153.75 - - [19/Mar/2026:22:30:23 -0300] "POST /wp-cron.php?doing_wp_cron=1773970223.6066460609436035156250 HTTP/1.1" 200 - "-" "WordPress/6.9.4; https://tarapaca.vsptdigital.cl"
14.18.90.195 - - [19/Mar/2026:22:30:21 -0300] "POST /xmlrpc.php HTTP/1.1" 200 416 "-" "Apache-HttpClient/4.5.2 (Java/1.8.0_161)"
14.18.90.195 - - [19/Mar/2026:22:30:24 -0300] "POST /xmlrpc.php HTTP/1.1" 200 416 "-" "Apache-HttpClient/4.5.2 (Java/1.8.0_161)"
200.36.219.55 - - [19/Mar/2026:22:30:25 -0300] "POST /xmlrpc.php HTTP/1.1" 200 670534 "-" "Mozilla/5.0 (Windows NT 10.0; Win64; x64) AppleWebKit/537.36 (KHTML, like Gecko) Chrome/79.0.3945.130 Safari/537.36"
14.18.90.195 - - [19/Mar/2026:22:30:32 -0300] "POST /xmlrpc.php HTTP/1.1" 200 416 "-" "Apache-HttpClient/4.5.2 (Java/1.8.0_161)"
14.18.90.195 - - [19/Mar/2026:22:30:34 -0300] "POST /xmlrpc.php HTTP/1.1" 200 416 "-" "Apache-HttpClient/4.5.2 (Java/1.8.0_161)"
162.240.153.75 - - [19/Mar/2026:22:30:37 -0300] "POST /wp-cron.php?doing_wp_cron=1773970237.7477591037750244140625 HTTP/1.1" 200 - "-" "WordPress/6.9.4; https://tarapaca.vsptdigital.cl"
37.111.41.134 - - [19/Mar/2026:22:30:35 -0300] "POST /xmlrpc.php HTTP/1.1" 200 181 "-" "Mozilla/5.0 (Windows NT 10.0; Win64; x64) AppleWebKit/537.36 (KHTML, like Gecko) Chrome/79.0.3945.130 Safari/537.36"
41.42.139.111 - - [19/Mar/2026:22:30:39 -0300] "POST /xmlrpc.php HTTP/1.1" 200 6623 "-" "Mozilla/5.0 (Windows NT 10.0; Win64; x64) AppleWebKit/537.36 (KHTML, like Gecko) Chrome/79.0.3945.130 Safari/537.36"
14.18.90.195 - - [19/Mar/2026:22:30:47 -0300] "POST /xmlrpc.php HTTP/1.1" 200 416 "-" "Apache-HttpClient/4.5.2 (Java/1.8.0_161)"
14.18.90.195 - - [19/Mar/2026:22:30:59 -0300] "POST /xmlrpc.php HTTP/1.1" 200 416 "-" "Apache-HttpClient/4.5.2 (Java/1.8.0_161)"
14.18.90.195 - - [19/Mar/2026:22:31:09 -0300] "POST /xmlrpc.php HTTP/1.1" 200 416 "-" "Apache-HttpClient/4.5.2 (Java/1.8.0_161)"
162.240.153.75 - - [19/Mar/2026:22:31:24 -0300] "POST /wp-cron.php?doing_wp_cron=1773970284.2041959762573242187500 HTTP/1.1" 200 - "-" "WordPress/6.9.4; https://tarapaca.vsptdigital.cl"
14.18.90.195 - - [19/Mar/2026:22:31:21 -0300] "POST /xmlrpc.php HTTP/1.1" 200 416 "-" "Apache-HttpClient/4.5.2 (Java/1.8.0_161)"
14.18.90.195 - - [19/Mar/2026:22:31:24 -0300] "POST /xmlrpc.php HTTP/1.1" 200 416 "-" "Apache-HttpClient/4.5.2 (Java/1.8.0_161)"
14.18.90.195 - - [19/Mar/2026:22:31:28 -0300] "POST /xmlrpc.php HTTP/1.1" 200 416 "-" "Apache-HttpClient/4.5.2 (Java/1.8.0_161)"
14.18.90.195 - - [19/Mar/2026:22:31:31 -0300] "POST /xmlrpc.php HTTP/1.1" 200 416 "-" "Apache-HttpClient/4.5.2 (Java/1.8.0_161)"
14.18.90.195 - - [19/Mar/2026:22:31:43 -0300] "POST /xmlrpc.php HTTP/1.1" 200 416 "-" "Apache-HttpClient/4.5.2 (Java/1.8.0_161)"
14.18.90.195 - - [19/Mar/2026:22:31:49 -0300] "POST /xmlrpc.php HTTP/1.1" 200 416 "-" "Apache-HttpClient/4.5.2 (Java/1.8.0_161)"
14.18.90.195 - - [19/Mar/2026:22:31:55 -0300] "POST /xmlrpc.php HTTP/1.1" 200 416 "-" "Apache-HttpClient/4.5.2 (Java/1.8.0_161)"
14.18.90.195 - - [19/Mar/2026:22:32:05 -0300] "POST /xmlrpc.php HTTP/1.1" 200 416 "-" "Apache-HttpClient/4.5.2 (Java/1.8.0_161)"
14.18.90.195 - - [19/Mar/2026:22:32:14 -0300] "POST /xmlrpc.php HTTP/1.1" 200 416 "-" "Apache-HttpClient/4.5.2 (Java/1.8.0_161)"
14.18.90.195 - - [19/Mar/2026:22:32:16 -0300] "POST /xmlrpc.php HTTP/1.1" 200 416 "-" "Apache-HttpClient/4.5.2 (Java/1.8.0_161)"
162.240.153.75 - - [19/Mar/2026:22:32:37 -0300] "POST /wp-cron.php?doing_wp_cron=1773970357.3011209964752197265625 HTTP/1.1" 200 - "-" "WordPress/6.9.4; https://tarapaca.vsptdigital.cl"
91.84.118.32 - - [19/Mar/2026:22:32:34 -0300] "GET /2025/11/05/tretinoin-krema-kako-deluje-in-njene-prednosti/ HTTP/1.1" 200 32103 "-" "Mozilla/5.0 (Macintosh; Intel Mac OS X 12_5) AppleWebKit/537.36 (KHTML, like Gecko) Chrome/114.0.0.0 Safari/537.36 Edg/114.0.1264.71"
14.18.90.195 - - [19/Mar/2026:22:32:39 -0300] "POST /xmlrpc.php HTTP/1.1" 200 416 "-" "Apache-HttpClient/4.5.2 (Java/1.8.0_161)"
14.18.90.195 - - [19/Mar/2026:22:32:52 -0300] "POST /xmlrpc.php HTTP/1.1" 200 416 "-" "Apache-HttpClient/4.5.2 (Java/1.8.0_161)"
14.18.90.195 - - [19/Mar/2026:22:33:04 -0300] "POST /xmlrpc.php HTTP/1.1" 200 416 "-" "Apache-HttpClient/4.5.2 (Java/1.8.0_161)"
14.18.90.195 - - [19/Mar/2026:22:33:10 -0300] "POST /xmlrpc.php HTTP/1.1" 200 416 "-" "Apache-HttpClient/4.5.2 (Java/1.8.0_161)"
162.240.153.75 - - [19/Mar/2026:22:33:34 -0300] "POST /wp-cron.php?doing_wp_cron=1773970414.7653830051422119140625 HTTP/1.1" 200 - "-" "WordPress/6.9.4; https://tarapaca.vsptdigital.cl"
14.18.90.195 - - [19/Mar/2026:22:33:31 -0300] "POST /xmlrpc.php HTTP/1.1" 200 416 "-" "Apache-HttpClient/4.5.2 (Java/1.8.0_161)"
14.18.90.195 - - [19/Mar/2026:22:33:40 -0300] "POST /xmlrpc.php HTTP/1.1" 200 416 "-" "Apache-HttpClient/4.5.2 (Java/1.8.0_161)"
14.18.90.195 - - [19/Mar/2026:22:34:04 -0300] "POST /xmlrpc.php HTTP/1.1" 200 416 "-" "Apache-HttpClient/4.5.2 (Java/1.8.0_161)"
14.18.90.195 - - [19/Mar/2026:22:34:07 -0300] "POST /xmlrpc.php HTTP/1.1" 200 416 "-" "Apache-HttpClient/4.5.2 (Java/1.8.0_161)"
162.240.153.75 - - [19/Mar/2026:22:34:32 -0300] "POST /wp-cron.php?doing_wp_cron=1773970472.0750920772552490234375 HTTP/1.1" 200 - "-" "WordPress/6.9.4; https://tarapaca.vsptdigital.cl"
14.18.90.195 - - [19/Mar/2026:22:34:29 -0300] "POST /xmlrpc.php HTTP/1.1" 200 416 "-" "Apache-HttpClient/4.5.2 (Java/1.8.0_161)"
14.18.90.195 - - [19/Mar/2026:22:34:37 -0300] "POST /xmlrpc.php HTTP/1.1" 200 416 "-" "Apache-HttpClient/4.5.2 (Java/1.8.0_161)"
14.18.90.195 - - [19/Mar/2026:22:34:41 -0300] "POST /xmlrpc.php HTTP/1.1" 200 416 "-" "Apache-HttpClient/4.5.2 (Java/1.8.0_161)"
14.18.90.195 - - [19/Mar/2026:22:34:52 -0300] "POST /xmlrpc.php HTTP/1.1" 200 416 "-" "Apache-HttpClient/4.5.2 (Java/1.8.0_161)"
