136.111.7.184 - - [19/Mar/2026:15:12:08 -0300] "POST /xmlrpc.php HTTP/1.1" 200 414 "-" "Mozilla/5.0 (Windows NT 10.0; Win64; x64) AppleWebKit/537.36 (KHTML, like Gecko) Chrome/78.0.3904.108 Safari/537.36"
136.111.7.184 - - [19/Mar/2026:15:12:08 -0300] "POST /xmlrpc.php HTTP/1.1" 200 414 "-" "Mozilla/5.0 (Windows NT 10.0; Win64; x64) AppleWebKit/537.36 (KHTML, like Gecko) Chrome/78.0.3904.108 Safari/537.36"
136.111.7.184 - - [19/Mar/2026:15:12:09 -0300] "POST /xmlrpc.php HTTP/1.1" 200 414 "-" "Mozilla/5.0 (Windows NT 10.0; Win64; x64) AppleWebKit/537.36 (KHTML, like Gecko) Chrome/78.0.3904.108 Safari/537.36"
136.111.7.184 - - [19/Mar/2026:15:12:10 -0300] "POST /xmlrpc.php HTTP/1.1" 200 414 "-" "Mozilla/5.0 (Windows NT 10.0; Win64; x64) AppleWebKit/537.36 (KHTML, like Gecko) Chrome/78.0.3904.108 Safari/537.36"
136.111.7.184 - - [19/Mar/2026:15:12:11 -0300] "POST /xmlrpc.php HTTP/1.1" 200 414 "-" "Mozilla/5.0 (Windows NT 10.0; Win64; x64) AppleWebKit/537.36 (KHTML, like Gecko) Chrome/78.0.3904.108 Safari/537.36"
136.111.7.184 - - [19/Mar/2026:15:12:12 -0300] "POST /xmlrpc.php HTTP/1.1" 200 414 "-" "Mozilla/5.0 (Windows NT 10.0; Win64; x64) AppleWebKit/537.36 (KHTML, like Gecko) Chrome/78.0.3904.108 Safari/537.36"
136.111.7.184 - - [19/Mar/2026:15:12:13 -0300] "POST /xmlrpc.php HTTP/1.1" 200 414 "-" "Mozilla/5.0 (Windows NT 10.0; Win64; x64) AppleWebKit/537.36 (KHTML, like Gecko) Chrome/78.0.3904.108 Safari/537.36"
136.111.7.184 - - [19/Mar/2026:15:12:13 -0300] "POST /xmlrpc.php HTTP/1.1" 200 414 "-" "Mozilla/5.0 (Windows NT 10.0; Win64; x64) AppleWebKit/537.36 (KHTML, like Gecko) Chrome/78.0.3904.108 Safari/537.36"
136.111.7.184 - - [19/Mar/2026:15:12:14 -0300] "POST /xmlrpc.php HTTP/1.1" 200 414 "-" "Mozilla/5.0 (Windows NT 10.0; Win64; x64) AppleWebKit/537.36 (KHTML, like Gecko) Chrome/78.0.3904.108 Safari/537.36"
136.111.7.184 - - [19/Mar/2026:15:12:15 -0300] "POST /xmlrpc.php HTTP/1.1" 200 414 "-" "Mozilla/5.0 (Windows NT 10.0; Win64; x64) AppleWebKit/537.36 (KHTML, like Gecko) Chrome/78.0.3904.108 Safari/537.36"
136.111.7.184 - - [19/Mar/2026:15:12:15 -0300] "POST /xmlrpc.php HTTP/1.1" 200 414 "-" "Mozilla/5.0 (Windows NT 10.0; Win64; x64) AppleWebKit/537.36 (KHTML, like Gecko) Chrome/78.0.3904.108 Safari/537.36"
136.111.7.184 - - [19/Mar/2026:15:12:16 -0300] "POST /xmlrpc.php HTTP/1.1" 200 414 "-" "Mozilla/5.0 (Windows NT 10.0; Win64; x64) AppleWebKit/537.36 (KHTML, like Gecko) Chrome/78.0.3904.108 Safari/537.36"
136.111.7.184 - - [19/Mar/2026:15:12:17 -0300] "POST /xmlrpc.php HTTP/1.1" 200 414 "-" "Mozilla/5.0 (Windows NT 10.0; Win64; x64) AppleWebKit/537.36 (KHTML, like Gecko) Chrome/78.0.3904.108 Safari/537.36"
162.240.153.75 - - [19/Mar/2026:15:44:28 -0300] "POST /wp-cron.php?doing_wp_cron=1773945868.9177680015563964843750 HTTP/1.1" 200 - "-" "WordPress/6.9.4; https://tarapaca.vsptdigital.cl"
200.10.47.160 - - [19/Mar/2026:15:44:27 -0300] "GET /2025/09/21/pocket-option-binary-options-strategies-mastering-3/ HTTP/1.1" 200 32639 "-" "Mozilla/5.0 (Macintosh; Intel Mac OS X 12_5) AppleWebKit/537.36 (KHTML, like Gecko) Chrome/114.0.0.0 Safari/537.36"
162.240.153.75 - - [19/Mar/2026:16:05:52 -0300] "POST /wp-cron.php?doing_wp_cron=1773947152.5586409568786621093750 HTTP/1.1" 200 - "-" "WordPress/6.9.4; https://tarapaca.vsptdigital.cl"
135.136.3.15 - - [19/Mar/2026:16:05:51 -0300] "POST /xmlrpc.php HTTP/1.1" 200 664 "-" "Mozilla/5.0 (Windows NT 10.0; Win64; x64) AppleWebKit/537.36 (KHTML, like Gecko) Chrome/114.0.0.0 Safari/537.36 OPR/89.0.4447.51"
162.240.153.75 - - [19/Mar/2026:16:22:45 -0300] "POST /wp-cron.php?doing_wp_cron=1773948165.0590310096740722656250 HTTP/1.1" 200 - "-" "WordPress/6.9.4; https://tarapaca.vsptdigital.cl"
46.101.146.47 - - [19/Mar/2026:16:22:42 -0300] "GET /wp-login.php HTTP/1.1" 302 - "-" "Mozilla/5.0"
162.240.153.75 - - [19/Mar/2026:16:33:36 -0300] "POST /wp-cron.php?doing_wp_cron=1773948816.0308849811553955078125 HTTP/1.1" 200 - "-" "WordPress/6.9.4; https://tarapaca.vsptdigital.cl"
135.136.3.15 - - [19/Mar/2026:16:33:34 -0300] "POST /xmlrpc.php HTTP/1.1" 200 670534 "-" "Mozilla/5.0 (X11; Linux x86_64) AppleWebKit/537.36 (KHTML, like Gecko) Chrome/114.0.0.0 Safari/537.36 OPR/89.0.4447.51"
162.240.153.75 - - [19/Mar/2026:16:33:41 -0300] "POST /wp-cron.php?doing_wp_cron=1773948821.3497979640960693359375 HTTP/1.1" 200 - "-" "WordPress/6.9.4; https://tarapaca.vsptdigital.cl"
135.136.3.15 - - [19/Mar/2026:16:33:40 -0300] "POST /xmlrpc.php HTTP/1.1" 200 181 "-" "Mozilla/5.0 (X11; Linux x86_64) AppleWebKit/537.36 (KHTML, like Gecko) Chrome/114.0.0.0 Safari/537.36 OPR/89.0.4447.51"
135.136.3.15 - - [19/Mar/2026:16:33:41 -0300] "POST /xmlrpc.php HTTP/1.1" 200 8071 "-" "Mozilla/5.0 (X11; Linux x86_64) AppleWebKit/537.36 (KHTML, like Gecko) Chrome/114.0.0.0 Safari/537.36 OPR/89.0.4447.51"
162.240.153.75 - - [19/Mar/2026:16:58:38 -0300] "POST /wp-cron.php?doing_wp_cron=1773950318.7198169231414794921875 HTTP/1.1" 200 - "-" "WordPress/6.9.4; https://tarapaca.vsptdigital.cl"
212.8.248.108 - - [19/Mar/2026:16:58:37 -0300] "GET /2025/11/06/casino-senza-documenti-gioca-in-modo-semplice-e-7/ HTTP/1.1" 200 32127 "-" "Mozilla/5.0 (Windows NT 10.0; Win64; x64) AppleWebKit/537.36 (KHTML, like Gecko) Chrome/58.0.3029.110 Safari/537.3"
162.240.153.75 - - [19/Mar/2026:17:02:11 -0300] "POST /wp-cron.php?doing_wp_cron=1773950531.6082339286804199218750 HTTP/1.1" 200 - "-" "WordPress/6.9.4; https://tarapaca.vsptdigital.cl"
193.32.126.218 - - [19/Mar/2026:17:01:53 -0300] "HEAD / HTTP/1.1" 200 - "-" "python-requests/2.32.4"
162.240.153.75 - - [19/Mar/2026:17:57:24 -0300] "POST /wp-cron.php?doing_wp_cron=1773953844.1268799304962158203125 HTTP/1.1" 200 - "-" "WordPress/6.9.4; https://tarapaca.vsptdigital.cl"
141.98.11.181 - - [19/Mar/2026:17:57:06 -0300] "GET / HTTP/1.1" 200 29205 "-" "Mozilla/5.0 (Windows NT 10.0; Win64; x64) AppleWebKit/537.36 (KHTML, like Gecko) Chrome/95.0.4638.69 Safari/537.36"
141.98.11.181 - - [19/Mar/2026:17:57:24 -0300] "GET /wp-includes/ID3/license.txt HTTP/1.1" 200 1396 "-" "Mozilla/5.0 (Windows NT 10.0; Win64; x64) AppleWebKit/537.36 (KHTML, like Gecko) Chrome/95.0.4638.69 Safari/537.36"
141.98.11.181 - - [19/Mar/2026:17:57:24 -0300] "GET /feed/ HTTP/1.1" 200 58466 "-" "Mozilla/5.0 (Windows NT 10.0; Win64; x64) AppleWebKit/537.36 (KHTML, like Gecko) Chrome/95.0.4638.69 Safari/537.36"
141.98.11.181 - - [19/Mar/2026:17:57:41 -0300] "GET /?author=1 HTTP/1.1" 200 29489 "-" "Mozilla/5.0 (Windows NT 10.0; Win64; x64) AppleWebKit/537.36 (KHTML, like Gecko) Chrome/95.0.4638.69 Safari/537.36"
141.98.11.181 - - [19/Mar/2026:17:57:44 -0300] "GET /wp-json/wp/v2/users/ HTTP/1.1" 200 6912 "-" "Mozilla/5.0 (Windows NT 10.0; Win64; x64) AppleWebKit/537.36 (KHTML, like Gecko) Chrome/95.0.4638.69 Safari/537.36"
141.98.11.181 - - [19/Mar/2026:17:57:58 -0300] "POST /xmlrpc.php HTTP/1.1" 200 414 "-" "Mozilla/5.0 (Windows NT 10.0; Win64; x64) AppleWebKit/537.36 (KHTML, like Gecko) Chrome/95.0.4638.69 Safari/537.36"
141.98.11.181 - - [19/Mar/2026:17:58:01 -0300] "POST /xmlrpc.php HTTP/1.1" 200 414 "-" "Mozilla/5.0 (Windows NT 10.0; Win64; x64) AppleWebKit/537.36 (KHTML, like Gecko) Chrome/95.0.4638.69 Safari/537.36"
141.98.11.181 - - [19/Mar/2026:17:58:03 -0300] "POST /xmlrpc.php HTTP/1.1" 200 403 "-" "Mozilla/5.0 (Windows NT 10.0; Win64; x64) AppleWebKit/537.36 (KHTML, like Gecko) Chrome/95.0.4638.69 Safari/537.36"
141.98.11.181 - - [19/Mar/2026:17:58:04 -0300] "POST /xmlrpc.php HTTP/1.1" 200 414 "-" "Mozilla/5.0 (Windows NT 10.0; Win64; x64) AppleWebKit/537.36 (KHTML, like Gecko) Chrome/95.0.4638.69 Safari/537.36"
141.98.11.181 - - [19/Mar/2026:17:58:05 -0300] "POST /xmlrpc.php HTTP/1.1" 200 414 "-" "Mozilla/5.0 (Windows NT 10.0; Win64; x64) AppleWebKit/537.36 (KHTML, like Gecko) Chrome/95.0.4638.69 Safari/537.36"
141.98.11.181 - - [19/Mar/2026:17:58:06 -0300] "POST /xmlrpc.php HTTP/1.1" 200 414 "-" "Mozilla/5.0 (Windows NT 10.0; Win64; x64) AppleWebKit/537.36 (KHTML, like Gecko) Chrome/95.0.4638.69 Safari/537.36"
141.98.11.181 - - [19/Mar/2026:17:58:07 -0300] "POST /xmlrpc.php HTTP/1.1" 200 414 "-" "Mozilla/5.0 (Windows NT 10.0; Win64; x64) AppleWebKit/537.36 (KHTML, like Gecko) Chrome/95.0.4638.69 Safari/537.36"
141.98.11.181 - - [19/Mar/2026:17:58:08 -0300] "POST /xmlrpc.php HTTP/1.1" 200 414 "-" "Mozilla/5.0 (Windows NT 10.0; Win64; x64) AppleWebKit/537.36 (KHTML, like Gecko) Chrome/95.0.4638.69 Safari/537.36"
141.98.11.181 - - [19/Mar/2026:17:58:09 -0300] "POST /xmlrpc.php HTTP/1.1" 200 414 "-" "Mozilla/5.0 (Windows NT 10.0; Win64; x64) AppleWebKit/537.36 (KHTML, like Gecko) Chrome/95.0.4638.69 Safari/537.36"
141.98.11.181 - - [19/Mar/2026:17:58:10 -0300] "POST /xmlrpc.php HTTP/1.1" 200 414 "-" "Mozilla/5.0 (Windows NT 10.0; Win64; x64) AppleWebKit/537.36 (KHTML, like Gecko) Chrome/95.0.4638.69 Safari/537.36"
141.98.11.181 - - [19/Mar/2026:17:58:11 -0300] "POST /xmlrpc.php HTTP/1.1" 200 414 "-" "Mozilla/5.0 (Windows NT 10.0; Win64; x64) AppleWebKit/537.36 (KHTML, like Gecko) Chrome/95.0.4638.69 Safari/537.36"
141.98.11.181 - - [19/Mar/2026:17:58:12 -0300] "POST /xmlrpc.php HTTP/1.1" 200 414 "-" "Mozilla/5.0 (Windows NT 10.0; Win64; x64) AppleWebKit/537.36 (KHTML, like Gecko) Chrome/95.0.4638.69 Safari/537.36"
141.98.11.181 - - [19/Mar/2026:17:58:13 -0300] "POST /xmlrpc.php HTTP/1.1" 200 414 "-" "Mozilla/5.0 (Windows NT 10.0; Win64; x64) AppleWebKit/537.36 (KHTML, like Gecko) Chrome/95.0.4638.69 Safari/537.36"
141.98.11.181 - - [19/Mar/2026:17:58:14 -0300] "POST /xmlrpc.php HTTP/1.1" 200 414 "-" "Mozilla/5.0 (Windows NT 10.0; Win64; x64) AppleWebKit/537.36 (KHTML, like Gecko) Chrome/95.0.4638.69 Safari/537.36"
141.98.11.181 - - [19/Mar/2026:17:58:15 -0300] "POST /xmlrpc.php HTTP/1.1" 200 414 "-" "Mozilla/5.0 (Windows NT 10.0; Win64; x64) AppleWebKit/537.36 (KHTML, like Gecko) Chrome/95.0.4638.69 Safari/537.36"
141.98.11.181 - - [19/Mar/2026:17:58:16 -0300] "POST /xmlrpc.php HTTP/1.1" 200 414 "-" "Mozilla/5.0 (Windows NT 10.0; Win64; x64) AppleWebKit/537.36 (KHTML, like Gecko) Chrome/95.0.4638.69 Safari/537.36"
141.98.11.181 - - [19/Mar/2026:17:58:17 -0300] "POST /xmlrpc.php HTTP/1.1" 200 414 "-" "Mozilla/5.0 (Windows NT 10.0; Win64; x64) AppleWebKit/537.36 (KHTML, like Gecko) Chrome/95.0.4638.69 Safari/537.36"
141.98.11.181 - - [19/Mar/2026:17:58:18 -0300] "POST /xmlrpc.php HTTP/1.1" 200 414 "-" "Mozilla/5.0 (Windows NT 10.0; Win64; x64) AppleWebKit/537.36 (KHTML, like Gecko) Chrome/95.0.4638.69 Safari/537.36"
141.98.11.181 - - [19/Mar/2026:17:58:18 -0300] "POST /xmlrpc.php HTTP/1.1" 200 414 "-" "Mozilla/5.0 (Windows NT 10.0; Win64; x64) AppleWebKit/537.36 (KHTML, like Gecko) Chrome/95.0.4638.69 Safari/537.36"
141.98.11.181 - - [19/Mar/2026:17:58:19 -0300] "POST /xmlrpc.php HTTP/1.1" 200 414 "-" "Mozilla/5.0 (Windows NT 10.0; Win64; x64) AppleWebKit/537.36 (KHTML, like Gecko) Chrome/95.0.4638.69 Safari/537.36"
141.98.11.181 - - [19/Mar/2026:17:58:20 -0300] "POST /xmlrpc.php HTTP/1.1" 200 414 "-" "Mozilla/5.0 (Windows NT 10.0; Win64; x64) AppleWebKit/537.36 (KHTML, like Gecko) Chrome/95.0.4638.69 Safari/537.36"
141.98.11.181 - - [19/Mar/2026:17:58:21 -0300] "POST /xmlrpc.php HTTP/1.1" 200 414 "-" "Mozilla/5.0 (Windows NT 10.0; Win64; x64) AppleWebKit/537.36 (KHTML, like Gecko) Chrome/95.0.4638.69 Safari/537.36"
141.98.11.181 - - [19/Mar/2026:17:58:22 -0300] "POST /xmlrpc.php HTTP/1.1" 200 414 "-" "Mozilla/5.0 (Windows NT 10.0; Win64; x64) AppleWebKit/537.36 (KHTML, like Gecko) Chrome/95.0.4638.69 Safari/537.36"
162.240.153.75 - - [19/Mar/2026:17:58:24 -0300] "POST /wp-cron.php?doing_wp_cron=1773953904.3110210895538330078125 HTTP/1.1" 200 - "-" "WordPress/6.9.4; https://tarapaca.vsptdigital.cl"
141.98.11.181 - - [19/Mar/2026:17:58:23 -0300] "POST /xmlrpc.php HTTP/1.1" 200 414 "-" "Mozilla/5.0 (Windows NT 10.0; Win64; x64) AppleWebKit/537.36 (KHTML, like Gecko) Chrome/95.0.4638.69 Safari/537.36"
141.98.11.181 - - [19/Mar/2026:17:58:24 -0300] "POST /xmlrpc.php HTTP/1.1" 200 414 "-" "Mozilla/5.0 (Windows NT 10.0; Win64; x64) AppleWebKit/537.36 (KHTML, like Gecko) Chrome/95.0.4638.69 Safari/537.36"
141.98.11.181 - - [19/Mar/2026:17:58:25 -0300] "POST /xmlrpc.php HTTP/1.1" 200 414 "-" "Mozilla/5.0 (Windows NT 10.0; Win64; x64) AppleWebKit/537.36 (KHTML, like Gecko) Chrome/95.0.4638.69 Safari/537.36"
141.98.11.181 - - [19/Mar/2026:17:58:26 -0300] "POST /xmlrpc.php HTTP/1.1" 200 414 "-" "Mozilla/5.0 (Windows NT 10.0; Win64; x64) AppleWebKit/537.36 (KHTML, like Gecko) Chrome/95.0.4638.69 Safari/537.36"
141.98.11.181 - - [19/Mar/2026:17:58:27 -0300] "POST /xmlrpc.php HTTP/1.1" 200 403 "-" "Mozilla/5.0 (Windows NT 10.0; Win64; x64) AppleWebKit/537.36 (KHTML, like Gecko) Chrome/95.0.4638.69 Safari/537.36"
141.98.11.181 - - [19/Mar/2026:17:58:28 -0300] "POST /xmlrpc.php HTTP/1.1" 200 414 "-" "Mozilla/5.0 (Windows NT 10.0; Win64; x64) AppleWebKit/537.36 (KHTML, like Gecko) Chrome/95.0.4638.69 Safari/537.36"
141.98.11.181 - - [19/Mar/2026:17:58:29 -0300] "POST /xmlrpc.php HTTP/1.1" 200 414 "-" "Mozilla/5.0 (Windows NT 10.0; Win64; x64) AppleWebKit/537.36 (KHTML, like Gecko) Chrome/95.0.4638.69 Safari/537.36"
141.98.11.181 - - [19/Mar/2026:17:58:31 -0300] "POST /xmlrpc.php HTTP/1.1" 200 414 "-" "Mozilla/5.0 (Windows NT 10.0; Win64; x64) AppleWebKit/537.36 (KHTML, like Gecko) Chrome/95.0.4638.69 Safari/537.36"
141.98.11.181 - - [19/Mar/2026:17:58:35 -0300] "POST /xmlrpc.php HTTP/1.1" 200 414 "-" "Mozilla/5.0 (Windows NT 10.0; Win64; x64) AppleWebKit/537.36 (KHTML, like Gecko) Chrome/95.0.4638.69 Safari/537.36"
141.98.11.181 - - [19/Mar/2026:17:58:38 -0300] "POST /xmlrpc.php HTTP/1.1" 200 414 "-" "Mozilla/5.0 (Windows NT 10.0; Win64; x64) AppleWebKit/537.36 (KHTML, like Gecko) Chrome/95.0.4638.69 Safari/537.36"
141.98.11.181 - - [19/Mar/2026:17:58:41 -0300] "POST /xmlrpc.php HTTP/1.1" 200 414 "-" "Mozilla/5.0 (Windows NT 10.0; Win64; x64) AppleWebKit/537.36 (KHTML, like Gecko) Chrome/95.0.4638.69 Safari/537.36"
141.98.11.181 - - [19/Mar/2026:17:58:44 -0300] "POST /xmlrpc.php HTTP/1.1" 200 414 "-" "Mozilla/5.0 (Windows NT 10.0; Win64; x64) AppleWebKit/537.36 (KHTML, like Gecko) Chrome/95.0.4638.69 Safari/537.36"
141.98.11.181 - - [19/Mar/2026:17:58:47 -0300] "POST /xmlrpc.php HTTP/1.1" 200 414 "-" "Mozilla/5.0 (Windows NT 10.0; Win64; x64) AppleWebKit/537.36 (KHTML, like Gecko) Chrome/95.0.4638.69 Safari/537.36"
141.98.11.181 - - [19/Mar/2026:17:58:50 -0300] "POST /xmlrpc.php HTTP/1.1" 200 414 "-" "Mozilla/5.0 (Windows NT 10.0; Win64; x64) AppleWebKit/537.36 (KHTML, like Gecko) Chrome/95.0.4638.69 Safari/537.36"
141.98.11.181 - - [19/Mar/2026:17:58:53 -0300] "POST /xmlrpc.php HTTP/1.1" 200 414 "-" "Mozilla/5.0 (Windows NT 10.0; Win64; x64) AppleWebKit/537.36 (KHTML, like Gecko) Chrome/95.0.4638.69 Safari/537.36"
141.98.11.181 - - [19/Mar/2026:17:58:56 -0300] "POST /xmlrpc.php HTTP/1.1" 200 414 "-" "Mozilla/5.0 (Windows NT 10.0; Win64; x64) AppleWebKit/537.36 (KHTML, like Gecko) Chrome/95.0.4638.69 Safari/537.36"
141.98.11.181 - - [19/Mar/2026:17:58:59 -0300] "POST /xmlrpc.php HTTP/1.1" 200 414 "-" "Mozilla/5.0 (Windows NT 10.0; Win64; x64) AppleWebKit/537.36 (KHTML, like Gecko) Chrome/95.0.4638.69 Safari/537.36"
141.98.11.181 - - [19/Mar/2026:17:59:02 -0300] "POST /xmlrpc.php HTTP/1.1" 200 414 "-" "Mozilla/5.0 (Windows NT 10.0; Win64; x64) AppleWebKit/537.36 (KHTML, like Gecko) Chrome/95.0.4638.69 Safari/537.36"
141.98.11.181 - - [19/Mar/2026:17:59:05 -0300] "POST /xmlrpc.php HTTP/1.1" 200 414 "-" "Mozilla/5.0 (Windows NT 10.0; Win64; x64) AppleWebKit/537.36 (KHTML, like Gecko) Chrome/95.0.4638.69 Safari/537.36"
141.98.11.181 - - [19/Mar/2026:17:59:07 -0300] "POST /xmlrpc.php HTTP/1.1" 200 414 "-" "Mozilla/5.0 (Windows NT 10.0; Win64; x64) AppleWebKit/537.36 (KHTML, like Gecko) Chrome/95.0.4638.69 Safari/537.36"
141.98.11.181 - - [19/Mar/2026:17:59:08 -0300] "POST /xmlrpc.php HTTP/1.1" 200 414 "-" "Mozilla/5.0 (Windows NT 10.0; Win64; x64) AppleWebKit/537.36 (KHTML, like Gecko) Chrome/95.0.4638.69 Safari/537.36"
141.98.11.181 - - [19/Mar/2026:17:59:09 -0300] "POST /xmlrpc.php HTTP/1.1" 200 414 "-" "Mozilla/5.0 (Windows NT 10.0; Win64; x64) AppleWebKit/537.36 (KHTML, like Gecko) Chrome/95.0.4638.69 Safari/537.36"
141.98.11.181 - - [19/Mar/2026:17:59:10 -0300] "POST /xmlrpc.php HTTP/1.1" 200 414 "-" "Mozilla/5.0 (Windows NT 10.0; Win64; x64) AppleWebKit/537.36 (KHTML, like Gecko) Chrome/95.0.4638.69 Safari/537.36"
141.98.11.181 - - [19/Mar/2026:17:59:11 -0300] "POST /xmlrpc.php HTTP/1.1" 200 414 "-" "Mozilla/5.0 (Windows NT 10.0; Win64; x64) AppleWebKit/537.36 (KHTML, like Gecko) Chrome/95.0.4638.69 Safari/537.36"
141.98.11.181 - - [19/Mar/2026:17:59:12 -0300] "POST /xmlrpc.php HTTP/1.1" 200 414 "-" "Mozilla/5.0 (Windows NT 10.0; Win64; x64) AppleWebKit/537.36 (KHTML, like Gecko) Chrome/95.0.4638.69 Safari/537.36"
141.98.11.181 - - [19/Mar/2026:17:59:13 -0300] "POST /xmlrpc.php HTTP/1.1" 200 414 "-" "Mozilla/5.0 (Windows NT 10.0; Win64; x64) AppleWebKit/537.36 (KHTML, like Gecko) Chrome/95.0.4638.69 Safari/537.36"
141.98.11.181 - - [19/Mar/2026:17:59:14 -0300] "POST /xmlrpc.php HTTP/1.1" 200 414 "-" "Mozilla/5.0 (Windows NT 10.0; Win64; x64) AppleWebKit/537.36 (KHTML, like Gecko) Chrome/95.0.4638.69 Safari/537.36"
141.98.11.181 - - [19/Mar/2026:17:59:15 -0300] "POST /xmlrpc.php HTTP/1.1" 200 414 "-" "Mozilla/5.0 (Windows NT 10.0; Win64; x64) AppleWebKit/537.36 (KHTML, like Gecko) Chrome/95.0.4638.69 Safari/537.36"
141.98.11.181 - - [19/Mar/2026:17:59:16 -0300] "POST /xmlrpc.php HTTP/1.1" 200 414 "-" "Mozilla/5.0 (Windows NT 10.0; Win64; x64) AppleWebKit/537.36 (KHTML, like Gecko) Chrome/95.0.4638.69 Safari/537.36"
141.98.11.181 - - [19/Mar/2026:17:59:17 -0300] "POST /xmlrpc.php HTTP/1.1" 200 403 "-" "Mozilla/5.0 (Windows NT 10.0; Win64; x64) AppleWebKit/537.36 (KHTML, like Gecko) Chrome/95.0.4638.69 Safari/537.36"
141.98.11.181 - - [19/Mar/2026:17:59:18 -0300] "POST /xmlrpc.php HTTP/1.1" 200 414 "-" "Mozilla/5.0 (Windows NT 10.0; Win64; x64) AppleWebKit/537.36 (KHTML, like Gecko) Chrome/95.0.4638.69 Safari/537.36"
162.240.153.75 - - [19/Mar/2026:17:59:20 -0300] "POST /wp-cron.php?doing_wp_cron=1773953960.0346770286560058593750 HTTP/1.1" 200 - "-" "WordPress/6.9.4; https://tarapaca.vsptdigital.cl"
141.98.11.181 - - [19/Mar/2026:17:59:19 -0300] "POST /xmlrpc.php HTTP/1.1" 200 414 "-" "Mozilla/5.0 (Windows NT 10.0; Win64; x64) AppleWebKit/537.36 (KHTML, like Gecko) Chrome/95.0.4638.69 Safari/537.36"
141.98.11.181 - - [19/Mar/2026:17:59:20 -0300] "POST /xmlrpc.php HTTP/1.1" 200 414 "-" "Mozilla/5.0 (Windows NT 10.0; Win64; x64) AppleWebKit/537.36 (KHTML, like Gecko) Chrome/95.0.4638.69 Safari/537.36"
141.98.11.181 - - [19/Mar/2026:17:59:21 -0300] "POST /xmlrpc.php HTTP/1.1" 200 414 "-" "Mozilla/5.0 (Windows NT 10.0; Win64; x64) AppleWebKit/537.36 (KHTML, like Gecko) Chrome/95.0.4638.69 Safari/537.36"
141.98.11.181 - - [19/Mar/2026:17:59:22 -0300] "POST /xmlrpc.php HTTP/1.1" 200 414 "-" "Mozilla/5.0 (Windows NT 10.0; Win64; x64) AppleWebKit/537.36 (KHTML, like Gecko) Chrome/95.0.4638.69 Safari/537.36"
141.98.11.181 - - [19/Mar/2026:17:59:24 -0300] "POST /xmlrpc.php HTTP/1.1" 200 414 "-" "Mozilla/5.0 (Windows NT 10.0; Win64; x64) AppleWebKit/537.36 (KHTML, like Gecko) Chrome/95.0.4638.69 Safari/537.36"
141.98.11.181 - - [19/Mar/2026:17:59:25 -0300] "POST /xmlrpc.php HTTP/1.1" 200 414 "-" "Mozilla/5.0 (Windows NT 10.0; Win64; x64) AppleWebKit/537.36 (KHTML, like Gecko) Chrome/95.0.4638.69 Safari/537.36"
141.98.11.181 - - [19/Mar/2026:17:59:26 -0300] "POST /xmlrpc.php HTTP/1.1" 200 414 "-" "Mozilla/5.0 (Windows NT 10.0; Win64; x64) AppleWebKit/537.36 (KHTML, like Gecko) Chrome/95.0.4638.69 Safari/537.36"
141.98.11.181 - - [19/Mar/2026:17:59:27 -0300] "POST /xmlrpc.php HTTP/1.1" 200 414 "-" "Mozilla/5.0 (Windows NT 10.0; Win64; x64) AppleWebKit/537.36 (KHTML, like Gecko) Chrome/95.0.4638.69 Safari/537.36"
141.98.11.181 - - [19/Mar/2026:17:59:28 -0300] "POST /xmlrpc.php HTTP/1.1" 200 414 "-" "Mozilla/5.0 (Windows NT 10.0; Win64; x64) AppleWebKit/537.36 (KHTML, like Gecko) Chrome/95.0.4638.69 Safari/537.36"
141.98.11.181 - - [19/Mar/2026:17:59:29 -0300] "POST /xmlrpc.php HTTP/1.1" 200 414 "-" "Mozilla/5.0 (Windows NT 10.0; Win64; x64) AppleWebKit/537.36 (KHTML, like Gecko) Chrome/95.0.4638.69 Safari/537.36"
141.98.11.181 - - [19/Mar/2026:17:59:30 -0300] "POST /xmlrpc.php HTTP/1.1" 200 414 "-" "Mozilla/5.0 (Windows NT 10.0; Win64; x64) AppleWebKit/537.36 (KHTML, like Gecko) Chrome/95.0.4638.69 Safari/537.36"
141.98.11.181 - - [19/Mar/2026:17:59:31 -0300] "POST /xmlrpc.php HTTP/1.1" 200 414 "-" "Mozilla/5.0 (Windows NT 10.0; Win64; x64) AppleWebKit/537.36 (KHTML, like Gecko) Chrome/95.0.4638.69 Safari/537.36"
141.98.11.181 - - [19/Mar/2026:17:59:32 -0300] "POST /xmlrpc.php HTTP/1.1" 200 414 "-" "Mozilla/5.0 (Windows NT 10.0; Win64; x64) AppleWebKit/537.36 (KHTML, like Gecko) Chrome/95.0.4638.69 Safari/537.36"
141.98.11.181 - - [19/Mar/2026:17:59:33 -0300] "POST /xmlrpc.php HTTP/1.1" 200 414 "-" "Mozilla/5.0 (Windows NT 10.0; Win64; x64) AppleWebKit/537.36 (KHTML, like Gecko) Chrome/95.0.4638.69 Safari/537.36"
141.98.11.181 - - [19/Mar/2026:17:59:34 -0300] "POST /xmlrpc.php HTTP/1.1" 200 414 "-" "Mozilla/5.0 (Windows NT 10.0; Win64; x64) AppleWebKit/537.36 (KHTML, like Gecko) Chrome/95.0.4638.69 Safari/537.36"
141.98.11.181 - - [19/Mar/2026:17:59:35 -0300] "POST /xmlrpc.php HTTP/1.1" 200 414 "-" "Mozilla/5.0 (Windows NT 10.0; Win64; x64) AppleWebKit/537.36 (KHTML, like Gecko) Chrome/95.0.4638.69 Safari/537.36"
141.98.11.181 - - [19/Mar/2026:17:59:36 -0300] "POST /xmlrpc.php HTTP/1.1" 200 414 "-" "Mozilla/5.0 (Windows NT 10.0; Win64; x64) AppleWebKit/537.36 (KHTML, like Gecko) Chrome/95.0.4638.69 Safari/537.36"
141.98.11.181 - - [19/Mar/2026:17:59:37 -0300] "POST /xmlrpc.php HTTP/1.1" 200 414 "-" "Mozilla/5.0 (Windows NT 10.0; Win64; x64) AppleWebKit/537.36 (KHTML, like Gecko) Chrome/95.0.4638.69 Safari/537.36"
141.98.11.181 - - [19/Mar/2026:17:59:38 -0300] "POST /xmlrpc.php HTTP/1.1" 200 414 "-" "Mozilla/5.0 (Windows NT 10.0; Win64; x64) AppleWebKit/537.36 (KHTML, like Gecko) Chrome/95.0.4638.69 Safari/537.36"
141.98.11.181 - - [19/Mar/2026:17:59:39 -0300] "POST /xmlrpc.php HTTP/1.1" 200 414 "-" "Mozilla/5.0 (Windows NT 10.0; Win64; x64) AppleWebKit/537.36 (KHTML, like Gecko) Chrome/95.0.4638.69 Safari/537.36"
141.98.11.181 - - [19/Mar/2026:17:59:40 -0300] "POST /xmlrpc.php HTTP/1.1" 200 414 "-" "Mozilla/5.0 (Windows NT 10.0; Win64; x64) AppleWebKit/537.36 (KHTML, like Gecko) Chrome/95.0.4638.69 Safari/537.36"
141.98.11.181 - - [19/Mar/2026:17:59:41 -0300] "POST /xmlrpc.php HTTP/1.1" 200 414 "-" "Mozilla/5.0 (Windows NT 10.0; Win64; x64) AppleWebKit/537.36 (KHTML, like Gecko) Chrome/95.0.4638.69 Safari/537.36"
141.98.11.181 - - [19/Mar/2026:17:59:42 -0300] "POST /xmlrpc.php HTTP/1.1" 200 414 "-" "Mozilla/5.0 (Windows NT 10.0; Win64; x64) AppleWebKit/537.36 (KHTML, like Gecko) Chrome/95.0.4638.69 Safari/537.36"
141.98.11.181 - - [19/Mar/2026:17:59:43 -0300] "POST /xmlrpc.php HTTP/1.1" 200 403 "-" "Mozilla/5.0 (Windows NT 10.0; Win64; x64) AppleWebKit/537.36 (KHTML, like Gecko) Chrome/95.0.4638.69 Safari/537.36"
141.98.11.181 - - [19/Mar/2026:17:59:44 -0300] "POST /xmlrpc.php HTTP/1.1" 200 414 "-" "Mozilla/5.0 (Windows NT 10.0; Win64; x64) AppleWebKit/537.36 (KHTML, like Gecko) Chrome/95.0.4638.69 Safari/537.36"
141.98.11.181 - - [19/Mar/2026:17:59:45 -0300] "POST /xmlrpc.php HTTP/1.1" 200 414 "-" "Mozilla/5.0 (Windows NT 10.0; Win64; x64) AppleWebKit/537.36 (KHTML, like Gecko) Chrome/95.0.4638.69 Safari/537.36"
141.98.11.181 - - [19/Mar/2026:17:59:47 -0300] "POST /xmlrpc.php HTTP/1.1" 200 414 "-" "Mozilla/5.0 (Windows NT 10.0; Win64; x64) AppleWebKit/537.36 (KHTML, like Gecko) Chrome/95.0.4638.69 Safari/537.36"
141.98.11.181 - - [19/Mar/2026:17:59:51 -0300] "POST /xmlrpc.php HTTP/1.1" 200 414 "-" "Mozilla/5.0 (Windows NT 10.0; Win64; x64) AppleWebKit/537.36 (KHTML, like Gecko) Chrome/95.0.4638.69 Safari/537.36"
141.98.11.181 - - [19/Mar/2026:17:59:54 -0300] "POST /xmlrpc.php HTTP/1.1" 200 414 "-" "Mozilla/5.0 (Windows NT 10.0; Win64; x64) AppleWebKit/537.36 (KHTML, like Gecko) Chrome/95.0.4638.69 Safari/537.36"
141.98.11.181 - - [19/Mar/2026:17:59:57 -0300] "POST /xmlrpc.php HTTP/1.1" 200 414 "-" "Mozilla/5.0 (Windows NT 10.0; Win64; x64) AppleWebKit/537.36 (KHTML, like Gecko) Chrome/95.0.4638.69 Safari/537.36"
141.98.11.181 - - [19/Mar/2026:17:59:59 -0300] "POST /xmlrpc.php HTTP/1.1" 200 414 "-" "Mozilla/5.0 (Windows NT 10.0; Win64; x64) AppleWebKit/537.36 (KHTML, like Gecko) Chrome/95.0.4638.69 Safari/537.36"
141.98.11.181 - - [19/Mar/2026:18:00:03 -0300] "POST /xmlrpc.php HTTP/1.1" 200 414 "-" "Mozilla/5.0 (Windows NT 10.0; Win64; x64) AppleWebKit/537.36 (KHTML, like Gecko) Chrome/95.0.4638.69 Safari/537.36"
141.98.11.181 - - [19/Mar/2026:18:00:06 -0300] "POST /xmlrpc.php HTTP/1.1" 200 414 "-" "Mozilla/5.0 (Windows NT 10.0; Win64; x64) AppleWebKit/537.36 (KHTML, like Gecko) Chrome/95.0.4638.69 Safari/537.36"
141.98.11.181 - - [19/Mar/2026:18:00:07 -0300] "POST /xmlrpc.php HTTP/1.1" 200 414 "-" "Mozilla/5.0 (Windows NT 10.0; Win64; x64) AppleWebKit/537.36 (KHTML, like Gecko) Chrome/95.0.4638.69 Safari/537.36"
141.98.11.181 - - [19/Mar/2026:18:00:08 -0300] "POST /xmlrpc.php HTTP/1.1" 200 414 "-" "Mozilla/5.0 (Windows NT 10.0; Win64; x64) AppleWebKit/537.36 (KHTML, like Gecko) Chrome/95.0.4638.69 Safari/537.36"
141.98.11.181 - - [19/Mar/2026:18:00:10 -0300] "POST /xmlrpc.php HTTP/1.1" 200 414 "-" "Mozilla/5.0 (Windows NT 10.0; Win64; x64) AppleWebKit/537.36 (KHTML, like Gecko) Chrome/95.0.4638.69 Safari/537.36"
141.98.11.181 - - [19/Mar/2026:18:00:14 -0300] "POST /xmlrpc.php HTTP/1.1" 200 414 "-" "Mozilla/5.0 (Windows NT 10.0; Win64; x64) AppleWebKit/537.36 (KHTML, like Gecko) Chrome/95.0.4638.69 Safari/537.36"
141.98.11.181 - - [19/Mar/2026:18:00:17 -0300] "POST /xmlrpc.php HTTP/1.1" 200 414 "-" "Mozilla/5.0 (Windows NT 10.0; Win64; x64) AppleWebKit/537.36 (KHTML, like Gecko) Chrome/95.0.4638.69 Safari/537.36"
162.240.153.75 - - [19/Mar/2026:18:00:22 -0300] "POST /wp-cron.php?doing_wp_cron=1773954022.2710340023040771484375 HTTP/1.1" 200 - "-" "WordPress/6.9.4; https://tarapaca.vsptdigital.cl"
141.98.11.181 - - [19/Mar/2026:18:00:19 -0300] "POST /xmlrpc.php HTTP/1.1" 200 414 "-" "Mozilla/5.0 (Windows NT 10.0; Win64; x64) AppleWebKit/537.36 (KHTML, like Gecko) Chrome/95.0.4638.69 Safari/537.36"
141.98.11.181 - - [19/Mar/2026:18:00:22 -0300] "POST /xmlrpc.php HTTP/1.1" 200 414 "-" "Mozilla/5.0 (Windows NT 10.0; Win64; x64) AppleWebKit/537.36 (KHTML, like Gecko) Chrome/95.0.4638.69 Safari/537.36"
141.98.11.181 - - [19/Mar/2026:18:00:24 -0300] "POST /xmlrpc.php HTTP/1.1" 200 414 "-" "Mozilla/5.0 (Windows NT 10.0; Win64; x64) AppleWebKit/537.36 (KHTML, like Gecko) Chrome/95.0.4638.69 Safari/537.36"
141.98.11.181 - - [19/Mar/2026:18:00:27 -0300] "POST /xmlrpc.php HTTP/1.1" 200 414 "-" "Mozilla/5.0 (Windows NT 10.0; Win64; x64) AppleWebKit/537.36 (KHTML, like Gecko) Chrome/95.0.4638.69 Safari/537.36"
141.98.11.181 - - [19/Mar/2026:18:00:29 -0300] "POST /xmlrpc.php HTTP/1.1" 200 414 "-" "Mozilla/5.0 (Windows NT 10.0; Win64; x64) AppleWebKit/537.36 (KHTML, like Gecko) Chrome/95.0.4638.69 Safari/537.36"
141.98.11.181 - - [19/Mar/2026:18:00:32 -0300] "POST /xmlrpc.php HTTP/1.1" 200 414 "-" "Mozilla/5.0 (Windows NT 10.0; Win64; x64) AppleWebKit/537.36 (KHTML, like Gecko) Chrome/95.0.4638.69 Safari/537.36"
141.98.11.181 - - [19/Mar/2026:18:00:35 -0300] "POST /xmlrpc.php HTTP/1.1" 200 414 "-" "Mozilla/5.0 (Windows NT 10.0; Win64; x64) AppleWebKit/537.36 (KHTML, like Gecko) Chrome/95.0.4638.69 Safari/537.36"
141.98.11.181 - - [19/Mar/2026:18:00:37 -0300] "POST /xmlrpc.php HTTP/1.1" 200 414 "-" "Mozilla/5.0 (Windows NT 10.0; Win64; x64) AppleWebKit/537.36 (KHTML, like Gecko) Chrome/95.0.4638.69 Safari/537.36"
212.8.248.108 - - [19/Mar/2026:18:12:38 -0300] "GET /2026/01/13/exploring-non-ukgc-casino-websites-a-guide-for-2/ HTTP/1.1" 200 31830 "-" "Mozilla/5.0 (Windows NT 10.0; Win64; x64) AppleWebKit/537.36 (KHTML, like Gecko) Chrome/58.0.3029.110 Safari/537.3"
162.240.153.75 - - [19/Mar/2026:18:15:16 -0300] "POST /wp-cron.php?doing_wp_cron=1773954916.7051410675048828125000 HTTP/1.1" 200 - "-" "WordPress/6.9.4; https://tarapaca.vsptdigital.cl"
212.8.248.108 - - [19/Mar/2026:18:15:13 -0300] "GET /2025/09/02/page-87/ HTTP/1.1" 200 34160 "-" "Mozilla/5.0 (Windows NT 10.0; Win64; x64) AppleWebKit/537.36 (KHTML, like Gecko) Chrome/58.0.3029.110 Safari/537.3"
162.240.153.75 - - [19/Mar/2026:18:15:56 -0300] "POST /wp-cron.php?doing_wp_cron=1773954956.0401101112365722656250 HTTP/1.1" 200 - "-" "WordPress/6.9.4; https://tarapaca.vsptdigital.cl"
102.47.254.39 - - [19/Mar/2026:18:15:52 -0300] "POST /xmlrpc.php HTTP/1.1" 200 664 "-" "Mozilla/5.0 (Windows NT 10.0; WOW64) AppleWebKit/537.36 (KHTML, like Gecko) Chrome/114.0.0.0 Safari/537.36"
162.240.153.75 - - [19/Mar/2026:19:04:32 -0300] "POST /wp-cron.php?doing_wp_cron=1773957872.3590450286865234375000 HTTP/1.1" 200 - "-" "WordPress/6.9.4; https://tarapaca.vsptdigital.cl"
38.62.231.202 - - [19/Mar/2026:19:04:28 -0300] "GET /2026/01/11/exploring-horse-betting-sites-not-on-gamstop-11/ HTTP/1.1" 200 32097 "http://tarapaca.vsptdigital.cl/" "Mozilla/5.0 (Windows NT 10.0; WOW64; x64) AppleWebKit/537.36 (KHTML, like Gecko) Chrome/114.0.0.0 Safari/537.36 OPR/89.0.4447.51"
162.240.153.75 - - [19/Mar/2026:19:10:38 -0300] "POST /wp-cron.php?doing_wp_cron=1773958238.2414429187774658203125 HTTP/1.1" 200 - "-" "WordPress/6.9.4; https://tarapaca.vsptdigital.cl"
46.172.254.166 - - [19/Mar/2026:19:10:33 -0300] "POST /xmlrpc.php HTTP/1.1" 200 670534 "-" "Mozilla/5.0 (Macintosh; Intel Mac OS X 12_5) AppleWebKit/537.36 (KHTML, like Gecko) Chrome/114.0.0.0 Safari/537.36 Edg/114.0.1264.71"
41.239.162.196 - - [19/Mar/2026:19:10:41 -0300] "POST /xmlrpc.php HTTP/1.1" 200 181 "-" "Mozilla/5.0 (Macintosh; Intel Mac OS X 12_5) AppleWebKit/537.36 (KHTML, like Gecko) Chrome/114.0.0.0 Safari/537.36 Edg/114.0.1264.71"
162.240.153.75 - - [19/Mar/2026:19:10:49 -0300] "POST /wp-cron.php?doing_wp_cron=1773958249.9448549747467041015625 HTTP/1.1" 200 - "-" "WordPress/6.9.4; https://tarapaca.vsptdigital.cl"
176.36.241.8 - - [19/Mar/2026:19:10:47 -0300] "POST /xmlrpc.php HTTP/1.1" 200 7110 "-" "Mozilla/5.0 (Macintosh; Intel Mac OS X 12_5) AppleWebKit/537.36 (KHTML, like Gecko) Chrome/114.0.0.0 Safari/537.36 Edg/114.0.1264.71"
162.240.153.75 - - [19/Mar/2026:19:19:26 -0300] "POST /wp-cron.php?doing_wp_cron=1773958766.0102930068969726562500 HTTP/1.1" 200 - "-" "WordPress/6.9.4; https://tarapaca.vsptdigital.cl"
91.84.118.32 - - [19/Mar/2026:19:19:21 -0300] "GET /2025/11/05/tretinoin-krema-kako-deluje-in-njene-prednosti/ HTTP/1.1" 200 32103 "http://tarapaca.vsptdigital.cl/" "Mozilla/5.0 (X11; Linux x86_64) AppleWebKit/537.36 (KHTML, like Gecko) Chrome/114.0.0.0 Safari/537.36 Vivaldi/5.3.2679.68"
91.84.118.32 - - [19/Mar/2026:19:19:26 -0300] "GET /wp-includes/css/dist/block-library/style.min.css?ver=6.9.4 HTTP/1.1" 200 119358 "http://tarapaca.vsptdigital.cl/2025/11/05/tretinoin-krema-kako-deluje-in-njene-prednosti/" "Mozilla/5.0 (Windows NT 10.0; Win64; x64) AppleWebKit/537.36 (KHTML, like Gecko) Chrome/143.0.0.0 Safari/537.36"
91.84.118.32 - - [19/Mar/2026:19:19:27 -0300] "GET /wp-content/plugins/contact-form-7/includes/css/styles.css?ver=5.9.3 HTTP/1.1" 200 2894 "http://tarapaca.vsptdigital.cl/2025/11/05/tretinoin-krema-kako-deluje-in-njene-prednosti/" "Mozilla/5.0 (Windows NT 10.0; Win64; x64) AppleWebKit/537.36 (KHTML, like Gecko) Chrome/143.0.0.0 Safari/537.36"
91.84.118.32 - - [19/Mar/2026:19:19:27 -0300] "GET /wp-content/plugins/woocommerce/assets/css/woocommerce-layout.css?ver=8.7.2 HTTP/1.1" 200 17688 "http://tarapaca.vsptdigital.cl/2025/11/05/tretinoin-krema-kako-deluje-in-njene-prednosti/" "Mozilla/5.0 (Windows NT 10.0; Win64; x64) AppleWebKit/537.36 (KHTML, like Gecko) Chrome/143.0.0.0 Safari/537.36"
91.84.118.32 - - [19/Mar/2026:19:19:28 -0300] "GET /wp-content/plugins/woocommerce/assets/css/woocommerce-smallscreen.css?ver=8.7.2 HTTP/1.1" 200 7043 "http://tarapaca.vsptdigital.cl/2025/11/05/tretinoin-krema-kako-deluje-in-njene-prednosti/" "Mozilla/5.0 (Windows NT 10.0; Win64; x64) AppleWebKit/537.36 (KHTML, like Gecko) Chrome/143.0.0.0 Safari/537.36"
91.84.118.32 - - [19/Mar/2026:19:19:28 -0300] "GET /wp-content/plugins/woocommerce/assets/css/woocommerce.css?ver=8.7.2 HTTP/1.1" 200 77339 "http://tarapaca.vsptdigital.cl/2025/11/05/tretinoin-krema-kako-deluje-in-njene-prednosti/" "Mozilla/5.0 (Windows NT 10.0; Win64; x64) AppleWebKit/537.36 (KHTML, like Gecko) Chrome/143.0.0.0 Safari/537.36"
91.84.118.32 - - [19/Mar/2026:19:19:29 -0300] "GET /wp-content/themes/hello-elementor/style.min.css?ver=2.9.0 HTTP/1.1" 200 5756 "http://tarapaca.vsptdigital.cl/2025/11/05/tretinoin-krema-kako-deluje-in-njene-prednosti/" "Mozilla/5.0 (Windows NT 10.0; Win64; x64) AppleWebKit/537.36 (KHTML, like Gecko) Chrome/143.0.0.0 Safari/537.36"
91.84.118.32 - - [19/Mar/2026:19:19:29 -0300] "GET /wp-content/themes/hello-elementor/theme.min.css?ver=2.9.0 HTTP/1.1" 200 12439 "http://tarapaca.vsptdigital.cl/2025/11/05/tretinoin-krema-kako-deluje-in-njene-prednosti/" "Mozilla/5.0 (Windows NT 10.0; Win64; x64) AppleWebKit/537.36 (KHTML, like Gecko) Chrome/143.0.0.0 Safari/537.36"
91.84.118.32 - - [19/Mar/2026:19:19:29 -0300] "GET /wp-content/plugins/elementor/assets/css/frontend-lite.min.css?ver=3.20.3 HTTP/1.1" 200 118630 "http://tarapaca.vsptdigital.cl/2025/11/05/tretinoin-krema-kako-deluje-in-njene-prednosti/" "Mozilla/5.0 (Windows NT 10.0; Win64; x64) AppleWebKit/537.36 (KHTML, like Gecko) Chrome/143.0.0.0 Safari/537.36"
91.84.118.32 - - [19/Mar/2026:19:19:30 -0300] "GET /wp-content/uploads/elementor/css/post-5.css?ver=1705946908 HTTP/1.1" 200 1169 "http://tarapaca.vsptdigital.cl/2025/11/05/tretinoin-krema-kako-deluje-in-njene-prednosti/" "Mozilla/5.0 (Windows NT 10.0; Win64; x64) AppleWebKit/537.36 (KHTML, like Gecko) Chrome/143.0.0.0 Safari/537.36"
91.84.118.32 - - [19/Mar/2026:19:19:30 -0300] "GET /wp-content/plugins/winwheel4wp/assets/winwheel4wp.css?ver=1669909447 HTTP/1.1" 200 4354 "http://tarapaca.vsptdigital.cl/2025/11/05/tretinoin-krema-kako-deluje-in-njene-prednosti/" "Mozilla/5.0 (Windows NT 10.0; Win64; x64) AppleWebKit/537.36 (KHTML, like Gecko) Chrome/143.0.0.0 Safari/537.36"
91.84.118.32 - - [19/Mar/2026:19:19:45 -0300] "POST /wp-comments-post.php HTTP/1.1" 302 - "http://tarapaca.vsptdigital.cl/2025/11/05/tretinoin-krema-kako-deluje-in-njene-prednosti/" "Mozilla/5.0 (X11; Linux x86_64) AppleWebKit/537.36 (KHTML, like Gecko) Chrome/114.0.0.0 Safari/537.36 Vivaldi/5.3.2679.68"
162.240.153.75 - - [19/Mar/2026:19:21:02 -0300] "POST /wp-cron.php?doing_wp_cron=1773958862.6466400623321533203125 HTTP/1.1" 200 - "-" "WordPress/6.9.4; https://tarapaca.vsptdigital.cl"
43.130.39.254 - - [19/Mar/2026:19:20:47 -0300] "GET / HTTP/1.1" 200 29188 "-" "Mozilla/5.0 (iPhone; CPU iPhone OS 13_2_3 like Mac OS X) AppleWebKit/605.1.15 (KHTML, like Gecko) Version/13.0.3 Mobile/15E148 Safari/604.1"
162.240.153.75 - - [19/Mar/2026:19:31:53 -0300] "POST /wp-cron.php?doing_wp_cron=1773959513.3096439838409423828125 HTTP/1.1" 200 - "-" "WordPress/6.9.4; https://tarapaca.vsptdigital.cl"
212.8.248.108 - - [19/Mar/2026:19:31:49 -0300] "GET /2025/09/05/exploring-ck222bd-a-practical-guide-to-design/ HTTP/1.1" 200 34069 "-" "Mozilla/5.0 (Windows NT 10.0; Win64; x64) AppleWebKit/537.36 (KHTML, like Gecko) Chrome/58.0.3029.110 Safari/537.3"
162.240.153.75 - - [19/Mar/2026:19:37:48 -0300] "POST /wp-cron.php?doing_wp_cron=1773959868.2402360439300537109375 HTTP/1.1" 200 - "-" "WordPress/6.9.4; https://tarapaca.vsptdigital.cl"
200.10.47.160 - - [19/Mar/2026:19:37:44 -0300] "GET /2025/09/23/descubre-el-mejor-sitio-de-apuestas-en-bolivia-2/ HTTP/1.1" 200 31807 "-" "Mozilla/5.0 (Macintosh; Intel Mac OS X 12_5) AppleWebKit/537.36 (KHTML, like Gecko) Chrome/114.0.0.0 Safari/537.36"
162.240.153.75 - - [19/Mar/2026:19:38:35 -0300] "POST /wp-cron.php?doing_wp_cron=1773959915.5107090473175048828125 HTTP/1.1" 200 - "-" "WordPress/6.9.4; https://tarapaca.vsptdigital.cl"
91.84.118.32 - - [19/Mar/2026:19:38:31 -0300] "GET /2025/11/05/tretinoin-krema-kako-deluje-in-njene-prednosti/ HTTP/1.1" 200 32103 "-" "Mozilla/5.0 (Macintosh; Intel Mac OS X 12_5) AppleWebKit/537.36 (KHTML, like Gecko) Chrome/114.0.0.0 Safari/537.36 Edg/114.0.1264.71"
162.240.153.75 - - [19/Mar/2026:19:44:56 -0300] "POST /wp-cron.php?doing_wp_cron=1773960296.2395880222320556640625 HTTP/1.1" 200 - "-" "WordPress/6.9.4; https://tarapaca.vsptdigital.cl"
73.130.135.126 - - [19/Mar/2026:19:44:51 -0300] "GET /2025/09/11/understanding-exness-trading-server/ HTTP/1.1" 200 32419 "http://tarapaca.vsptdigital.cl/" "Mozilla/5.0 (Windows NT 10.0; WOW64) AppleWebKit/537.36 (KHTML, like Gecko) Chrome/114.0.0.0 Safari/537.36 Vivaldi/5.3.2679.68"
73.130.135.126 - - [19/Mar/2026:19:45:00 -0300] "GET /2025/09/11/understanding-exness-trading-server/ HTTP/1.1" 200 32419 "http://tarapaca.vsptdigital.cl/2025/09/11/understanding-exness-trading-server/" "Mozilla/5.0 (Windows NT 6.3; Win64; x64) AppleWebKit/537.36 (KHTML, like Gecko) Chrome/103.0.0.0 Safari/537.36"
73.130.135.126 - - [19/Mar/2026:19:45:04 -0300] "GET /wp-includes/css/dist/block-library/style.min.css?ver=6.9.4 HTTP/1.1" 200 119358 "http://tarapaca.vsptdigital.cl/2025/09/11/understanding-exness-trading-server/" "Mozilla/5.0 (Windows NT 10.0; Win64; x64) AppleWebKit/537.36 (KHTML, like Gecko) Chrome/143.0.0.0 Safari/537.36"
73.130.135.126 - - [19/Mar/2026:19:45:06 -0300] "GET /wp-content/plugins/contact-form-7/includes/css/styles.css?ver=5.9.3 HTTP/1.1" 200 2894 "http://tarapaca.vsptdigital.cl/2025/09/11/understanding-exness-trading-server/" "Mozilla/5.0 (Windows NT 10.0; Win64; x64) AppleWebKit/537.36 (KHTML, like Gecko) Chrome/143.0.0.0 Safari/537.36"
73.130.135.126 - - [19/Mar/2026:19:45:07 -0300] "GET /wp-content/plugins/woocommerce/assets/css/woocommerce-layout.css?ver=8.7.2 HTTP/1.1" 200 17688 "http://tarapaca.vsptdigital.cl/2025/09/11/understanding-exness-trading-server/" "Mozilla/5.0 (Windows NT 10.0; Win64; x64) AppleWebKit/537.36 (KHTML, like Gecko) Chrome/143.0.0.0 Safari/537.36"
73.130.135.126 - - [19/Mar/2026:19:45:08 -0300] "GET /wp-content/plugins/woocommerce/assets/css/woocommerce-smallscreen.css?ver=8.7.2 HTTP/1.1" 200 7043 "http://tarapaca.vsptdigital.cl/2025/09/11/understanding-exness-trading-server/" "Mozilla/5.0 (Windows NT 10.0; Win64; x64) AppleWebKit/537.36 (KHTML, like Gecko) Chrome/143.0.0.0 Safari/537.36"
73.130.135.126 - - [19/Mar/2026:19:45:09 -0300] "GET /wp-content/uploads/elementor/css/post-5.css?ver=1705946908 HTTP/1.1" 200 1169 "http://tarapaca.vsptdigital.cl/2025/09/11/understanding-exness-trading-server/" "Mozilla/5.0 (Windows NT 10.0; Win64; x64) AppleWebKit/537.36 (KHTML, like Gecko) Chrome/143.0.0.0 Safari/537.36"
73.130.135.126 - - [19/Mar/2026:19:45:10 -0300] "GET /wp-content/plugins/winwheel4wp/assets/winwheel4wp.css?ver=1669909447 HTTP/1.1" 200 4354 "http://tarapaca.vsptdigital.cl/2025/09/11/understanding-exness-trading-server/" "Mozilla/5.0 (Windows NT 10.0; Win64; x64) AppleWebKit/537.36 (KHTML, like Gecko) Chrome/143.0.0.0 Safari/537.36"
73.130.135.126 - - [19/Mar/2026:19:45:11 -0300] "POST /wp-comments-post.php HTTP/1.1" 302 - "http://tarapaca.vsptdigital.cl/2025/09/11/understanding-exness-trading-server/" "Mozilla/5.0 (Windows NT 6.3; Win64; x64) AppleWebKit/537.36 (KHTML, like Gecko) Chrome/103.0.0.0 Safari/537.36"
162.240.153.75 - - [19/Mar/2026:19:52:14 -0300] "POST /wp-cron.php?doing_wp_cron=1773960734.4531149864196777343750 HTTP/1.1" 200 - "-" "WordPress/6.9.4; https://tarapaca.vsptdigital.cl"
91.84.118.32 - - [19/Mar/2026:19:52:10 -0300] "GET /2025/11/05/tretinoin-krema-kako-deluje-in-njene-prednosti/ HTTP/1.1" 200 32103 "-" "Mozilla/5.0 (Macintosh; Intel Mac OS X 12_5) AppleWebKit/537.36 (KHTML, like Gecko) Chrome/114.0.0.0 Safari/537.36 Edg/114.0.1264.71"
91.84.118.32 - - [19/Mar/2026:20:05:42 -0300] "GET /2025/11/05/tretinoin-krema-kako-deluje-in-njene-prednosti/ HTTP/1.1" 200 32103 "-" "Mozilla/5.0 (Macintosh; Intel Mac OS X 12_5) AppleWebKit/537.36 (KHTML, like Gecko) Chrome/114.0.0.0 Safari/537.36 Edg/114.0.1264.71"
162.240.153.75 - - [19/Mar/2026:20:11:22 -0300] "POST /wp-cron.php?doing_wp_cron=1773961882.5988600254058837890625 HTTP/1.1" 200 - "-" "WordPress/6.9.4; https://tarapaca.vsptdigital.cl"
212.8.248.108 - - [19/Mar/2026:20:11:19 -0300] "GET /2026/01/09/the-global-landscape-of-casinos-a-journey-through/ HTTP/1.1" 200 34008 "-" "Mozilla/5.0 (Windows NT 10.0; Win64; x64) AppleWebKit/537.36 (KHTML, like Gecko) Chrome/58.0.3029.110 Safari/537.3"
162.240.153.75 - - [19/Mar/2026:20:12:49 -0300] "POST /wp-cron.php?doing_wp_cron=1773961969.0787849426269531250000 HTTP/1.1" 200 - "-" "WordPress/6.9.4; https://tarapaca.vsptdigital.cl"
212.8.248.108 - - [19/Mar/2026:20:12:47 -0300] "GET /2025/10/12/the-ultimate-guide-to-casino-betting-strategies-2/ HTTP/1.1" 200 33462 "-" "Mozilla/5.0 (Windows NT 10.0; Win64; x64) AppleWebKit/537.36 (KHTML, like Gecko) Chrome/58.0.3029.110 Safari/537.3"
91.84.118.32 - - [19/Mar/2026:20:18:55 -0300] "GET /2025/11/05/tretinoin-krema-kako-deluje-in-njene-prednosti/ HTTP/1.1" 200 32103 "-" "Mozilla/5.0 (Macintosh; Intel Mac OS X 12_5) AppleWebKit/537.36 (KHTML, like Gecko) Chrome/114.0.0.0 Safari/537.36 Edg/114.0.1264.71"
162.240.153.75 - - [19/Mar/2026:20:31:52 -0300] "POST /wp-cron.php?doing_wp_cron=1773963112.8248150348663330078125 HTTP/1.1" 200 - "-" "WordPress/6.9.4; https://tarapaca.vsptdigital.cl"
91.84.118.32 - - [19/Mar/2026:20:31:49 -0300] "GET /2025/11/05/tretinoin-krema-kako-deluje-in-njene-prednosti/ HTTP/1.1" 200 32103 "-" "Mozilla/5.0 (Macintosh; Intel Mac OS X 12_5) AppleWebKit/537.36 (KHTML, like Gecko) Chrome/114.0.0.0 Safari/537.36 Edg/114.0.1264.71"
162.240.153.75 - - [19/Mar/2026:20:44:21 -0300] "POST /wp-cron.php?doing_wp_cron=1773963861.4945209026336669921875 HTTP/1.1" 200 - "-" "WordPress/6.9.4; https://tarapaca.vsptdigital.cl"
91.84.118.32 - - [19/Mar/2026:20:44:15 -0300] "GET /2025/11/05/tretinoin-krema-kako-deluje-in-njene-prednosti/ HTTP/1.1" 200 32103 "-" "Mozilla/5.0 (Macintosh; Intel Mac OS X 12_5) AppleWebKit/537.36 (KHTML, like Gecko) Chrome/114.0.0.0 Safari/537.36 Edg/114.0.1264.71"
162.240.153.75 - - [19/Mar/2026:20:51:22 -0300] "POST /wp-cron.php?doing_wp_cron=1773964282.0810439586639404296875 HTTP/1.1" 200 - "-" "WordPress/6.9.4; https://tarapaca.vsptdigital.cl"
144.172.94.217 - - [19/Mar/2026:20:51:16 -0300] "GET /2025/11/01/mastering-forex-swing-trading-strategies-for-15/ HTTP/1.1" 200 32765 "-" "Mozilla/5.0 (compatible; Googlebot/2.1; +http://www.google.com/bot.html)"
162.240.153.75 - - [19/Mar/2026:20:56:35 -0300] "POST /wp-cron.php?doing_wp_cron=1773964595.1136600971221923828125 HTTP/1.1" 200 - "-" "WordPress/6.9.4; https://tarapaca.vsptdigital.cl"
91.84.118.32 - - [19/Mar/2026:20:56:32 -0300] "GET /2025/11/05/tretinoin-krema-kako-deluje-in-njene-prednosti/ HTTP/1.1" 200 32103 "-" "Mozilla/5.0 (Macintosh; Intel Mac OS X 12_5) AppleWebKit/537.36 (KHTML, like Gecko) Chrome/114.0.0.0 Safari/537.36 Edg/114.0.1264.71"
91.84.118.32 - - [19/Mar/2026:21:08:02 -0300] "GET /2025/11/05/tretinoin-krema-kako-deluje-in-njene-prednosti/ HTTP/1.1" 200 32103 "-" "Mozilla/5.0 (Macintosh; Intel Mac OS X 12_5) AppleWebKit/537.36 (KHTML, like Gecko) Chrome/114.0.0.0 Safari/537.36 Edg/114.0.1264.71"
91.84.118.32 - - [19/Mar/2026:21:22:23 -0300] "GET /2025/11/05/tretinoin-krema-kako-deluje-in-njene-prednosti/ HTTP/1.1" 200 32103 "-" "Mozilla/5.0 (Macintosh; Intel Mac OS X 12_5) AppleWebKit/537.36 (KHTML, like Gecko) Chrome/114.0.0.0 Safari/537.36 Edg/114.0.1264.71"
162.240.153.75 - - [19/Mar/2026:21:24:24 -0300] "POST /wp-cron.php?doing_wp_cron=1773966264.3674259185791015625000 HTTP/1.1" 200 - "-" "WordPress/6.9.4; https://tarapaca.vsptdigital.cl"
212.8.248.108 - - [19/Mar/2026:21:24:21 -0300] "GET /2026/01/12/exploring-non-gamstop-uk-casino-sites-a-2/ HTTP/1.1" 200 32679 "-" "Mozilla/5.0 (Windows NT 10.0; Win64; x64) AppleWebKit/537.36 (KHTML, like Gecko) Chrome/58.0.3029.110 Safari/537.3"
216.121.210.146 - - [19/Mar/2026:21:31:58 -0300] "POST /xmlrpc.php HTTP/1.1" 200 664 "-" "Mozilla/5.0 (Windows NT 10.0; WOW64; x64) AppleWebKit/537.36 (KHTML, like Gecko) Chrome/114.0.0.0 Safari/537.36 OPR/89.0.4447.51"
162.240.153.75 - - [19/Mar/2026:21:34:28 -0300] "POST /wp-cron.php?doing_wp_cron=1773966868.8903820514678955078125 HTTP/1.1" 200 - "-" "WordPress/6.9.4; https://tarapaca.vsptdigital.cl"
91.84.118.32 - - [19/Mar/2026:21:34:25 -0300] "GET /2025/11/05/tretinoin-krema-kako-deluje-in-njene-prednosti/ HTTP/1.1" 200 32103 "-" "Mozilla/5.0 (Macintosh; Intel Mac OS X 12_5) AppleWebKit/537.36 (KHTML, like Gecko) Chrome/114.0.0.0 Safari/537.36 Edg/114.0.1264.71"
200.10.47.97 - - [19/Mar/2026:21:38:22 -0300] "GET /2026/01/15/exploring-non-gamstop-betting-sites/ HTTP/1.1" 200 31553 "http://tarapaca.vsptdigital.cl/" "Mozilla/5.0 (X11; Ubuntu; Linux x86_64; rv:114.0) Gecko/20100101 Firefox/114.0"
162.240.153.75 - - [19/Mar/2026:21:44:57 -0300] "POST /wp-cron.php?doing_wp_cron=1773967497.1487460136413574218750 HTTP/1.1" 200 - "-" "WordPress/6.9.4; https://tarapaca.vsptdigital.cl"
102.165.53.248 - - [19/Mar/2026:21:44:53 -0300] "GET /2025/10/13/the-ultimate-guide-to-sports-betting-strategies-31/ HTTP/1.1" 200 32583 "-" "Mozilla/5.0 (Macintosh; Intel Mac OS X 12_5) AppleWebKit/537.36 (KHTML, like Gecko) Chrome/114.0.0.0 Safari/537.36"
162.240.153.75 - - [19/Mar/2026:21:46:31 -0300] "POST /wp-cron.php?doing_wp_cron=1773967591.2713220119476318359375 HTTP/1.1" 200 - "-" "WordPress/6.9.4; https://tarapaca.vsptdigital.cl"
14.18.90.195 - - [19/Mar/2026:21:46:28 -0300] "GET /wp-login.php HTTP/1.1" 302 - "-" "Apache-HttpClient/4.5.2 (Java/1.8.0_161)"
14.18.90.195 - - [19/Mar/2026:21:46:39 -0300] "GET /?author=1 HTTP/1.1" 200 29472 "-" "Apache-HttpClient/4.5.2 (Java/1.8.0_161)"
14.18.90.195 - - [19/Mar/2026:21:46:57 -0300] "GET /?author=2 HTTP/1.1" 200 29472 "-" "Apache-HttpClient/4.5.2 (Java/1.8.0_161)"
162.240.153.75 - - [19/Mar/2026:21:47:26 -0300] "POST /wp-cron.php?doing_wp_cron=1773967646.1748230457305908203125 HTTP/1.1" 200 - "-" "WordPress/6.9.4; https://tarapaca.vsptdigital.cl"
14.18.90.195 - - [19/Mar/2026:21:47:11 -0300] "GET /?author=3 HTTP/1.1" 200 29472 "-" "Apache-HttpClient/4.5.2 (Java/1.8.0_161)"
14.18.90.195 - - [19/Mar/2026:21:47:26 -0300] "GET /?author=4 HTTP/1.1" 200 29472 "-" "Apache-HttpClient/4.5.2 (Java/1.8.0_161)"
14.18.90.195 - - [19/Mar/2026:21:47:40 -0300] "GET /?author=5 HTTP/1.1" 200 29472 "-" "Apache-HttpClient/4.5.2 (Java/1.8.0_161)"
14.18.90.195 - - [19/Mar/2026:21:47:53 -0300] "GET /?author=6 HTTP/1.1" 200 29472 "-" "Apache-HttpClient/4.5.2 (Java/1.8.0_161)"
14.18.90.195 - - [19/Mar/2026:21:48:06 -0300] "GET /?author=7 HTTP/1.1" 200 29472 "-" "Apache-HttpClient/4.5.2 (Java/1.8.0_161)"
162.240.153.75 - - [19/Mar/2026:21:48:32 -0300] "POST /wp-cron.php?doing_wp_cron=1773967712.3116788864135742187500 HTTP/1.1" 200 - "-" "WordPress/6.9.4; https://tarapaca.vsptdigital.cl"
14.18.90.195 - - [19/Mar/2026:21:48:19 -0300] "GET /?author=8 HTTP/1.1" 200 29472 "-" "Apache-HttpClient/4.5.2 (Java/1.8.0_161)"
14.18.90.195 - - [19/Mar/2026:21:48:33 -0300] "GET /?author=9 HTTP/1.1" 200 29472 "-" "Apache-HttpClient/4.5.2 (Java/1.8.0_161)"
14.18.90.195 - - [19/Mar/2026:21:48:46 -0300] "GET /?author=10 HTTP/1.1" 200 29473 "-" "Apache-HttpClient/4.5.2 (Java/1.8.0_161)"
14.18.90.195 - - [19/Mar/2026:21:49:00 -0300] "GET /?author=11 HTTP/1.1" 200 29473 "-" "Apache-HttpClient/4.5.2 (Java/1.8.0_161)"
162.240.153.75 - - [19/Mar/2026:21:49:24 -0300] "POST /wp-cron.php?doing_wp_cron=1773967764.7229630947113037109375 HTTP/1.1" 200 - "-" "WordPress/6.9.4; https://tarapaca.vsptdigital.cl"
14.18.90.195 - - [19/Mar/2026:21:49:11 -0300] "GET /?author=12 HTTP/1.1" 200 29473 "-" "Apache-HttpClient/4.5.2 (Java/1.8.0_161)"
14.18.90.195 - - [19/Mar/2026:21:49:25 -0300] "GET /?author=13 HTTP/1.1" 200 29473 "-" "Apache-HttpClient/4.5.2 (Java/1.8.0_161)"
14.18.90.195 - - [19/Mar/2026:21:49:37 -0300] "GET /?author=14 HTTP/1.1" 200 29473 "-" "Apache-HttpClient/4.5.2 (Java/1.8.0_161)"
14.18.90.195 - - [19/Mar/2026:21:49:48 -0300] "GET /?author=15 HTTP/1.1" 200 29473 "-" "Apache-HttpClient/4.5.2 (Java/1.8.0_161)"
14.18.90.195 - - [19/Mar/2026:21:50:03 -0300] "GET /?author=16 HTTP/1.1" 200 29473 "-" "Apache-HttpClient/4.5.2 (Java/1.8.0_161)"
162.240.153.75 - - [19/Mar/2026:21:50:29 -0300] "POST /wp-cron.php?doing_wp_cron=1773967829.0694239139556884765625 HTTP/1.1" 200 - "-" "WordPress/6.9.4; https://tarapaca.vsptdigital.cl"
14.18.90.195 - - [19/Mar/2026:21:50:16 -0300] "GET /?author=17 HTTP/1.1" 200 29473 "-" "Apache-HttpClient/4.5.2 (Java/1.8.0_161)"
14.18.90.195 - - [19/Mar/2026:21:50:30 -0300] "GET /?author=18 HTTP/1.1" 200 29473 "-" "Apache-HttpClient/4.5.2 (Java/1.8.0_161)"
14.18.90.195 - - [19/Mar/2026:21:50:43 -0300] "GET /?author=19 HTTP/1.1" 200 29473 "-" "Apache-HttpClient/4.5.2 (Java/1.8.0_161)"
14.18.90.195 - - [19/Mar/2026:21:50:56 -0300] "GET /?author=20 HTTP/1.1" 200 29473 "-" "Apache-HttpClient/4.5.2 (Java/1.8.0_161)"
14.18.90.195 - - [19/Mar/2026:21:51:05 -0300] "GET /xmlrpc.php HTTP/1.1" 405 42 "-" "Apache-HttpClient/4.5.2 (Java/1.8.0_161)"
14.18.90.195 - - [19/Mar/2026:21:51:06 -0300] "POST /xmlrpc.php HTTP/1.1" 200 416 "-" "Apache-HttpClient/4.5.2 (Java/1.8.0_161)"
14.18.90.195 - - [19/Mar/2026:21:51:07 -0300] "POST /xmlrpc.php HTTP/1.1" 200 416 "-" "Apache-HttpClient/4.5.2 (Java/1.8.0_161)"
14.18.90.195 - - [19/Mar/2026:21:51:13 -0300] "POST /xmlrpc.php HTTP/1.1" 200 416 "-" "Apache-HttpClient/4.5.2 (Java/1.8.0_161)"
162.240.153.75 - - [19/Mar/2026:21:51:21 -0300] "POST /wp-cron.php?doing_wp_cron=1773967881.1676259040832519531250 HTTP/1.1" 200 - "-" "WordPress/6.9.4; https://tarapaca.vsptdigital.cl"
14.18.90.195 - - [19/Mar/2026:21:51:18 -0300] "POST /xmlrpc.php HTTP/1.1" 200 416 "-" "Apache-HttpClient/4.5.2 (Java/1.8.0_161)"
14.18.90.195 - - [19/Mar/2026:21:51:21 -0300] "POST /xmlrpc.php HTTP/1.1" 200 416 "-" "Apache-HttpClient/4.5.2 (Java/1.8.0_161)"
