14.18.90.195 - - [20/Mar/2026:01:06:14 -0300] "POST /xmlrpc.php HTTP/1.1" 200 416 "-" "Apache-HttpClient/4.5.2 (Java/1.8.0_161)"
36.111.32.232 - - [20/Mar/2026:01:06:15 -0300] "POST /xmlrpc.php HTTP/1.1" 200 416 "-" "Apache-HttpClient/4.5.2 (Java/1.8.0_151)"
162.240.153.75 - - [20/Mar/2026:01:06:20 -0300] "POST /wp-cron.php?doing_wp_cron=1773979580.6196660995483398437500 HTTP/1.1" 200 - "-" "WordPress/6.9.4; https://tarapaca.vsptdigital.cl"
89.117.104.23 - - [20/Mar/2026:01:06:17 -0300] "GET /wp-includes/ID3/ HTTP/1.1" 404 22377 "-" "-"
14.18.90.195 - - [20/Mar/2026:01:06:18 -0300] "POST /xmlrpc.php HTTP/1.1" 200 416 "-" "Apache-HttpClient/4.5.2 (Java/1.8.0_161)"
36.111.32.232 - - [20/Mar/2026:01:06:19 -0300] "POST /xmlrpc.php HTTP/1.1" 200 416 "-" "Apache-HttpClient/4.5.2 (Java/1.8.0_151)"
89.117.104.23 - - [20/Mar/2026:01:06:20 -0300] "GET /wp-includes/IXR/ HTTP/1.1" 404 22377 "-" "-"
36.111.32.232 - - [20/Mar/2026:01:06:23 -0300] "POST /xmlrpc.php HTTP/1.1" 200 416 "-" "Apache-HttpClient/4.5.2 (Java/1.8.0_151)"
89.117.104.23 - - [20/Mar/2026:01:06:24 -0300] "GET /wp-includes/Requests/ HTTP/1.1" 404 22377 "-" "-"
36.111.32.232 - - [20/Mar/2026:01:06:26 -0300] "POST /xmlrpc.php HTTP/1.1" 200 416 "-" "Apache-HttpClient/4.5.2 (Java/1.8.0_151)"
14.18.90.195 - - [20/Mar/2026:01:06:26 -0300] "POST /xmlrpc.php HTTP/1.1" 200 416 "-" "Apache-HttpClient/4.5.2 (Java/1.8.0_161)"
89.117.104.23 - - [20/Mar/2026:01:06:27 -0300] "GET /wp-includes/SimplePie/ HTTP/1.1" 404 22377 "-" "-"
14.18.90.195 - - [20/Mar/2026:01:06:30 -0300] "POST /xmlrpc.php HTTP/1.1" 200 416 "-" "Apache-HttpClient/4.5.2 (Java/1.8.0_161)"
89.117.104.23 - - [20/Mar/2026:01:06:30 -0300] "GET /wp-includes/Text/ HTTP/1.1" 301 - "-" "-"
36.111.32.232 - - [20/Mar/2026:01:06:32 -0300] "POST /xmlrpc.php HTTP/1.1" 200 416 "-" "Apache-HttpClient/4.5.2 (Java/1.8.0_151)"
14.18.90.195 - - [20/Mar/2026:01:06:33 -0300] "POST /xmlrpc.php HTTP/1.1" 200 416 "-" "Apache-HttpClient/4.5.2 (Java/1.8.0_161)"
89.117.104.23 - - [20/Mar/2026:01:06:37 -0300] "GET /wp-content/mu-plugins-old/ HTTP/1.1" 404 22377 "-" "-"
89.117.104.23 - - [20/Mar/2026:01:06:40 -0300] "GET /wp-content/themes/classic/inc/ HTTP/1.1" 301 - "-" "-"
14.18.90.195 - - [20/Mar/2026:01:06:41 -0300] "POST /xmlrpc.php HTTP/1.1" 200 416 "-" "Apache-HttpClient/4.5.2 (Java/1.8.0_161)"
14.18.90.195 - - [20/Mar/2026:01:06:44 -0300] "POST /xmlrpc.php HTTP/1.1" 200 416 "-" "Apache-HttpClient/4.5.2 (Java/1.8.0_161)"
36.111.32.232 - - [20/Mar/2026:01:06:46 -0300] "POST /xmlrpc.php HTTP/1.1" 200 416 "-" "Apache-HttpClient/4.5.2 (Java/1.8.0_151)"
89.117.104.23 - - [20/Mar/2026:01:06:47 -0300] "GET /wp-content/plugins/ninja-forms/ HTTP/1.1" 404 22377 "-" "-"
36.111.32.232 - - [20/Mar/2026:01:06:47 -0300] "POST /xmlrpc.php HTTP/1.1" 200 416 "-" "Apache-HttpClient/4.5.2 (Java/1.8.0_151)"
14.18.90.195 - - [20/Mar/2026:01:06:48 -0300] "POST /xmlrpc.php HTTP/1.1" 200 416 "-" "Apache-HttpClient/4.5.2 (Java/1.8.0_161)"
36.111.32.232 - - [20/Mar/2026:01:06:48 -0300] "POST /xmlrpc.php HTTP/1.1" 200 416 "-" "Apache-HttpClient/4.5.2 (Java/1.8.0_151)"
36.111.32.232 - - [20/Mar/2026:01:06:49 -0300] "POST /xmlrpc.php HTTP/1.1" 200 416 "-" "Apache-HttpClient/4.5.2 (Java/1.8.0_151)"
89.117.104.23 - - [20/Mar/2026:01:06:51 -0300] "GET /wp-content/mu-plugins/ HTTP/1.1" 404 22377 "-" "-"
14.18.90.195 - - [20/Mar/2026:01:06:52 -0300] "POST /xmlrpc.php HTTP/1.1" 200 416 "-" "Apache-HttpClient/4.5.2 (Java/1.8.0_161)"
36.111.32.232 - - [20/Mar/2026:01:06:53 -0300] "POST /xmlrpc.php HTTP/1.1" 200 416 "-" "Apache-HttpClient/4.5.2 (Java/1.8.0_151)"
89.117.104.23 - - [20/Mar/2026:01:06:54 -0300] "GET /wp-includes/Text/Diff/Renderer/ HTTP/1.1" 404 22377 "-" "-"
89.117.104.23 - - [20/Mar/2026:01:06:57 -0300] "GET /wp-includes/blocks/ HTTP/1.1" 200 2 "-" "-"
14.18.90.195 - - [20/Mar/2026:01:06:55 -0300] "POST /xmlrpc.php HTTP/1.1" 200 416 "-" "Apache-HttpClient/4.5.2 (Java/1.8.0_161)"
89.117.104.23 - - [20/Mar/2026:01:06:57 -0300] "GET /wp-includes/certificates/ HTTP/1.1" 404 22377 "-" "-"
36.111.32.232 - - [20/Mar/2026:01:06:58 -0300] "POST /xmlrpc.php HTTP/1.1" 200 416 "-" "Apache-HttpClient/4.5.2 (Java/1.8.0_151)"
14.18.90.195 - - [20/Mar/2026:01:06:58 -0300] "POST /xmlrpc.php HTTP/1.1" 200 416 "-" "Apache-HttpClient/4.5.2 (Java/1.8.0_161)"
89.117.104.23 - - [20/Mar/2026:01:07:01 -0300] "GET /wp-includes/customize/ HTTP/1.1" 301 - "-" "-"
14.18.90.195 - - [20/Mar/2026:01:07:02 -0300] "POST /xmlrpc.php HTTP/1.1" 200 416 "-" "Apache-HttpClient/4.5.2 (Java/1.8.0_161)"
36.111.32.232 - - [20/Mar/2026:01:07:03 -0300] "POST /xmlrpc.php HTTP/1.1" 200 416 "-" "Apache-HttpClient/4.5.2 (Java/1.8.0_151)"
14.18.90.195 - - [20/Mar/2026:01:07:05 -0300] "POST /xmlrpc.php HTTP/1.1" 200 416 "-" "Apache-HttpClient/4.5.2 (Java/1.8.0_161)"
36.111.32.232 - - [20/Mar/2026:01:07:07 -0300] "POST /xmlrpc.php HTTP/1.1" 200 416 "-" "Apache-HttpClient/4.5.2 (Java/1.8.0_151)"
89.117.104.23 - - [20/Mar/2026:01:07:08 -0300] "GET /wp-includes/fonts/ HTTP/1.1" 404 22377 "-" "-"
14.18.90.195 - - [20/Mar/2026:01:07:09 -0300] "POST /xmlrpc.php HTTP/1.1" 200 416 "-" "Apache-HttpClient/4.5.2 (Java/1.8.0_161)"
89.117.104.23 - - [20/Mar/2026:01:07:13 -0300] "GET /wp-includes/images/ HTTP/1.1" 404 22377 "-" "-"
36.111.32.232 - - [20/Mar/2026:01:07:13 -0300] "POST /xmlrpc.php HTTP/1.1" 200 416 "-" "Apache-HttpClient/4.5.2 (Java/1.8.0_151)"
89.117.104.23 - - [20/Mar/2026:01:07:16 -0300] "GET /.well-known/ HTTP/1.1" 404 22377 "-" "-"
14.18.90.195 - - [20/Mar/2026:01:07:16 -0300] "POST /xmlrpc.php HTTP/1.1" 200 416 "-" "Apache-HttpClient/4.5.2 (Java/1.8.0_161)"
36.111.32.232 - - [20/Mar/2026:01:07:16 -0300] "POST /xmlrpc.php HTTP/1.1" 200 416 "-" "Apache-HttpClient/4.5.2 (Java/1.8.0_151)"
14.18.90.195 - - [20/Mar/2026:01:07:20 -0300] "POST /xmlrpc.php HTTP/1.1" 200 416 "-" "Apache-HttpClient/4.5.2 (Java/1.8.0_161)"
162.240.153.75 - - [20/Mar/2026:01:07:23 -0300] "POST /wp-cron.php?doing_wp_cron=1773979643.3801500797271728515625 HTTP/1.1" 200 - "-" "WordPress/6.9.4; https://tarapaca.vsptdigital.cl"
89.117.104.23 - - [20/Mar/2026:01:07:19 -0300] "GET /ALFA_DATA/ HTTP/1.1" 404 22377 "-" "-"
36.111.32.232 - - [20/Mar/2026:01:07:20 -0300] "POST /xmlrpc.php HTTP/1.1" 200 416 "-" "Apache-HttpClient/4.5.2 (Java/1.8.0_151)"
89.117.104.23 - - [20/Mar/2026:01:07:23 -0300] "GET /.well-knownold/ HTTP/1.1" 404 22377 "-" "-"
14.18.90.195 - - [20/Mar/2026:01:07:24 -0300] "POST /xmlrpc.php HTTP/1.1" 200 416 "-" "Apache-HttpClient/4.5.2 (Java/1.8.0_161)"
36.111.32.232 - - [20/Mar/2026:01:07:26 -0300] "POST /xmlrpc.php HTTP/1.1" 200 416 "-" "Apache-HttpClient/4.5.2 (Java/1.8.0_151)"
89.117.104.23 - - [20/Mar/2026:01:07:27 -0300] "GET /.well-known/acme-challenge/ HTTP/1.1" 404 22377 "-" "-"
14.18.90.195 - - [20/Mar/2026:01:07:27 -0300] "POST /xmlrpc.php HTTP/1.1" 200 416 "-" "Apache-HttpClient/4.5.2 (Java/1.8.0_161)"
89.117.104.23 - - [20/Mar/2026:01:07:31 -0300] "GET /cgi-bin/ HTTP/1.1" 404 22377 "-" "-"
36.111.32.232 - - [20/Mar/2026:01:07:31 -0300] "POST /xmlrpc.php HTTP/1.1" 200 416 "-" "Apache-HttpClient/4.5.2 (Java/1.8.0_151)"
89.117.104.23 - - [20/Mar/2026:01:07:33 -0300] "GET /index/ HTTP/1.1" 301 - "-" "-"
36.111.32.232 - - [20/Mar/2026:01:07:33 -0300] "POST /xmlrpc.php HTTP/1.1" 200 416 "-" "Apache-HttpClient/4.5.2 (Java/1.8.0_151)"
14.18.90.195 - - [20/Mar/2026:01:07:34 -0300] "POST /xmlrpc.php HTTP/1.1" 200 416 "-" "Apache-HttpClient/4.5.2 (Java/1.8.0_161)"
36.111.32.232 - - [20/Mar/2026:01:07:37 -0300] "POST /xmlrpc.php HTTP/1.1" 200 416 "-" "Apache-HttpClient/4.5.2 (Java/1.8.0_151)"
89.117.104.23 - - [20/Mar/2026:01:07:40 -0300] "GET /id/ HTTP/1.1" 301 - "-" "-"
14.18.90.195 - - [20/Mar/2026:01:07:42 -0300] "POST /xmlrpc.php HTTP/1.1" 200 416 "-" "Apache-HttpClient/4.5.2 (Java/1.8.0_161)"
36.111.32.232 - - [20/Mar/2026:01:07:43 -0300] "POST /xmlrpc.php HTTP/1.1" 200 416 "-" "Apache-HttpClient/4.5.2 (Java/1.8.0_151)"
14.18.90.195 - - [20/Mar/2026:01:07:45 -0300] "POST /xmlrpc.php HTTP/1.1" 200 416 "-" "Apache-HttpClient/4.5.2 (Java/1.8.0_161)"
36.111.32.232 - - [20/Mar/2026:01:07:45 -0300] "POST /xmlrpc.php HTTP/1.1" 200 416 "-" "Apache-HttpClient/4.5.2 (Java/1.8.0_151)"
89.117.104.23 - - [20/Mar/2026:01:07:46 -0300] "GET /www/ HTTP/1.1" 301 - "-" "-"
36.111.32.232 - - [20/Mar/2026:01:07:48 -0300] "POST /xmlrpc.php HTTP/1.1" 200 416 "-" "Apache-HttpClient/4.5.2 (Java/1.8.0_151)"
14.18.90.195 - - [20/Mar/2026:01:07:51 -0300] "POST /xmlrpc.php HTTP/1.1" 200 416 "-" "Apache-HttpClient/4.5.2 (Java/1.8.0_161)"
36.111.32.232 - - [20/Mar/2026:01:07:52 -0300] "POST /xmlrpc.php HTTP/1.1" 200 416 "-" "Apache-HttpClient/4.5.2 (Java/1.8.0_151)"
89.117.104.23 - - [20/Mar/2026:01:07:53 -0300] "GET /web/ HTTP/1.1" 301 - "-" "-"
14.18.90.195 - - [20/Mar/2026:01:07:55 -0300] "POST /xmlrpc.php HTTP/1.1" 200 416 "-" "Apache-HttpClient/4.5.2 (Java/1.8.0_161)"
36.111.32.232 - - [20/Mar/2026:01:07:56 -0300] "POST /xmlrpc.php HTTP/1.1" 200 416 "-" "Apache-HttpClient/4.5.2 (Java/1.8.0_151)"
14.18.90.195 - - [20/Mar/2026:01:07:59 -0300] "POST /xmlrpc.php HTTP/1.1" 200 416 "-" "Apache-HttpClient/4.5.2 (Java/1.8.0_161)"
89.117.104.23 - - [20/Mar/2026:01:08:00 -0300] "GET /uploads/ HTTP/1.1" 404 22377 "-" "-"
36.111.32.232 - - [20/Mar/2026:01:08:00 -0300] "POST /xmlrpc.php HTTP/1.1" 200 416 "-" "Apache-HttpClient/4.5.2 (Java/1.8.0_151)"
144.172.94.217 - - [20/Mar/2026:01:08:00 -0300] "GET /2025/08/31/online-casino-choices-exploring-casino-online/ HTTP/1.1" 200 33243 "http://tarapaca.vsptdigital.cl/" "Mozilla/5.0 (Macintosh; Intel Mac OS X 12_5) AppleWebKit/537.36 (KHTML, like Gecko) Chrome/114.0.0.0 Safari/537.36 Vivaldi/5.3.2679.68"
14.18.90.195 - - [20/Mar/2026:01:08:02 -0300] "POST /xmlrpc.php HTTP/1.1" 200 416 "-" "Apache-HttpClient/4.5.2 (Java/1.8.0_161)"
89.117.104.23 - - [20/Mar/2026:01:08:04 -0300] "GET /upload/ HTTP/1.1" 301 - "-" "-"
14.18.90.195 - - [20/Mar/2026:01:08:05 -0300] "POST /xmlrpc.php HTTP/1.1" 200 416 "-" "Apache-HttpClient/4.5.2 (Java/1.8.0_161)"
36.111.32.232 - - [20/Mar/2026:01:08:09 -0300] "POST /xmlrpc.php HTTP/1.1" 200 416 "-" "Apache-HttpClient/4.5.2 (Java/1.8.0_151)"
89.117.104.23 - - [20/Mar/2026:01:08:10 -0300] "GET /admin/uploads/ HTTP/1.1" 404 22377 "-" "-"
36.111.32.232 - - [20/Mar/2026:01:08:12 -0300] "POST /xmlrpc.php HTTP/1.1" 200 416 "-" "Apache-HttpClient/4.5.2 (Java/1.8.0_151)"
14.18.90.195 - - [20/Mar/2026:01:08:13 -0300] "POST /xmlrpc.php HTTP/1.1" 200 416 "-" "Apache-HttpClient/4.5.2 (Java/1.8.0_161)"
89.117.104.23 - - [20/Mar/2026:01:08:14 -0300] "GET /Admin/uploads/ HTTP/1.1" 404 22377 "-" "-"
144.172.94.217 - - [20/Mar/2026:01:08:15 -0300] "GET /2025/08/31/online-casino-choices-exploring-casino-online/ HTTP/1.1" 200 33243 "http://tarapaca.vsptdigital.cl/2025/08/31/online-casino-choices-exploring-casino-online/" "Mozilla/5.0 (Windows NT 6.3; Win64; x64) AppleWebKit/537.36 (KHTML, like Gecko) Chrome/103.0.0.0 Safari/537.36"
144.172.94.217 - - [20/Mar/2026:01:08:18 -0300] "GET /wp-includes/css/dist/block-library/style.min.css?ver=6.9.4 HTTP/1.1" 200 119358 "http://tarapaca.vsptdigital.cl/2025/08/31/online-casino-choices-exploring-casino-online/" "Mozilla/5.0 (Windows NT 10.0; Win64; x64) AppleWebKit/537.36 (KHTML, like Gecko) Chrome/143.0.0.0 Safari/537.36"
36.111.32.232 - - [20/Mar/2026:01:08:16 -0300] "POST /xmlrpc.php HTTP/1.1" 200 416 "-" "Apache-HttpClient/4.5.2 (Java/1.8.0_151)"
144.172.94.217 - - [20/Mar/2026:01:08:18 -0300] "GET /wp-content/plugins/contact-form-7/includes/css/styles.css?ver=5.9.3 HTTP/1.1" 200 2894 "http://tarapaca.vsptdigital.cl/2025/08/31/online-casino-choices-exploring-casino-online/" "Mozilla/5.0 (Windows NT 10.0; Win64; x64) AppleWebKit/537.36 (KHTML, like Gecko) Chrome/143.0.0.0 Safari/537.36"
144.172.94.217 - - [20/Mar/2026:01:08:18 -0300] "GET /wp-content/plugins/woocommerce/assets/css/woocommerce-layout.css?ver=8.7.2 HTTP/1.1" 200 17688 "http://tarapaca.vsptdigital.cl/2025/08/31/online-casino-choices-exploring-casino-online/" "Mozilla/5.0 (Windows NT 10.0; Win64; x64) AppleWebKit/537.36 (KHTML, like Gecko) Chrome/143.0.0.0 Safari/537.36"
89.117.104.23 - - [20/Mar/2026:01:08:17 -0300] "GET /admin/ HTTP/1.1" 301 - "-" "-"
144.172.94.217 - - [20/Mar/2026:01:08:18 -0300] "GET /wp-content/plugins/woocommerce/assets/css/woocommerce-smallscreen.css?ver=8.7.2 HTTP/1.1" 200 7043 "http://tarapaca.vsptdigital.cl/2025/08/31/online-casino-choices-exploring-casino-online/" "Mozilla/5.0 (Windows NT 10.0; Win64; x64) AppleWebKit/537.36 (KHTML, like Gecko) Chrome/143.0.0.0 Safari/537.36"
144.172.94.217 - - [20/Mar/2026:01:08:18 -0300] "GET /wp-content/plugins/woocommerce/assets/css/woocommerce.css?ver=8.7.2 HTTP/1.1" 200 77339 "http://tarapaca.vsptdigital.cl/2025/08/31/online-casino-choices-exploring-casino-online/" "Mozilla/5.0 (Windows NT 10.0; Win64; x64) AppleWebKit/537.36 (KHTML, like Gecko) Chrome/143.0.0.0 Safari/537.36"
144.172.94.217 - - [20/Mar/2026:01:08:18 -0300] "GET /wp-content/themes/hello-elementor/style.min.css?ver=2.9.0 HTTP/1.1" 200 5756 "http://tarapaca.vsptdigital.cl/2025/08/31/online-casino-choices-exploring-casino-online/" "Mozilla/5.0 (Windows NT 10.0; Win64; x64) AppleWebKit/537.36 (KHTML, like Gecko) Chrome/143.0.0.0 Safari/537.36"
144.172.94.217 - - [20/Mar/2026:01:08:18 -0300] "GET /wp-content/themes/hello-elementor/theme.min.css?ver=2.9.0 HTTP/1.1" 200 12439 "http://tarapaca.vsptdigital.cl/2025/08/31/online-casino-choices-exploring-casino-online/" "Mozilla/5.0 (Windows NT 10.0; Win64; x64) AppleWebKit/537.36 (KHTML, like Gecko) Chrome/143.0.0.0 Safari/537.36"
144.172.94.217 - - [20/Mar/2026:01:08:18 -0300] "GET /wp-content/plugins/elementor/assets/css/frontend-lite.min.css?ver=3.20.3 HTTP/1.1" 200 118630 "http://tarapaca.vsptdigital.cl/2025/08/31/online-casino-choices-exploring-casino-online/" "Mozilla/5.0 (Windows NT 10.0; Win64; x64) AppleWebKit/537.36 (KHTML, like Gecko) Chrome/143.0.0.0 Safari/537.36"
144.172.94.217 - - [20/Mar/2026:01:08:18 -0300] "GET /wp-content/uploads/elementor/css/post-5.css?ver=1705946908 HTTP/1.1" 200 1169 "http://tarapaca.vsptdigital.cl/2025/08/31/online-casino-choices-exploring-casino-online/" "Mozilla/5.0 (Windows NT 10.0; Win64; x64) AppleWebKit/537.36 (KHTML, like Gecko) Chrome/143.0.0.0 Safari/537.36"
144.172.94.217 - - [20/Mar/2026:01:08:18 -0300] "GET /wp-content/plugins/winwheel4wp/assets/winwheel4wp.css?ver=1669909447 HTTP/1.1" 200 4354 "http://tarapaca.vsptdigital.cl/2025/08/31/online-casino-choices-exploring-casino-online/" "Mozilla/5.0 (Windows NT 10.0; Win64; x64) AppleWebKit/537.36 (KHTML, like Gecko) Chrome/143.0.0.0 Safari/537.36"
144.172.94.217 - - [20/Mar/2026:01:08:18 -0300] "POST /wp-comments-post.php HTTP/1.1" 302 - "http://tarapaca.vsptdigital.cl/2025/08/31/online-casino-choices-exploring-casino-online/" "Mozilla/5.0 (Windows NT 6.3; Win64; x64) AppleWebKit/537.36 (KHTML, like Gecko) Chrome/103.0.0.0 Safari/537.36"
36.111.32.232 - - [20/Mar/2026:01:08:20 -0300] "POST /xmlrpc.php HTTP/1.1" 200 416 "-" "Apache-HttpClient/4.5.2 (Java/1.8.0_151)"
14.18.90.195 - - [20/Mar/2026:01:08:20 -0300] "POST /xmlrpc.php HTTP/1.1" 200 416 "-" "Apache-HttpClient/4.5.2 (Java/1.8.0_161)"
89.117.104.23 - - [20/Mar/2026:01:08:21 -0300] "GET /images/ HTTP/1.1" 404 22377 "-" "-"
89.117.104.23 - - [20/Mar/2026:01:08:26 -0300] "GET /assets/ HTTP/1.1" 301 - "-" "-"
144.172.94.217 - - [20/Mar/2026:01:08:26 -0300] "GET /2025/08/31/online-casino-choices-exploring-casino-online/ HTTP/1.1" 200 33243 "-" "Mozilla/5.0 (compatible; Googlebot/2.1; +http://www.google.com/bot.html)"
36.111.32.232 - - [20/Mar/2026:01:08:27 -0300] "POST /xmlrpc.php HTTP/1.1" 200 416 "-" "Apache-HttpClient/4.5.2 (Java/1.8.0_151)"
14.18.90.195 - - [20/Mar/2026:01:08:29 -0300] "POST /xmlrpc.php HTTP/1.1" 200 416 "-" "Apache-HttpClient/4.5.2 (Java/1.8.0_161)"
89.117.104.23 - - [20/Mar/2026:01:08:32 -0300] "GET /vendor/phpunit/phpunit/src/Util/PHP/ HTTP/1.1" 404 22377 "-" "-"
14.18.90.195 - - [20/Mar/2026:01:08:32 -0300] "POST /xmlrpc.php HTTP/1.1" 200 416 "-" "Apache-HttpClient/4.5.2 (Java/1.8.0_161)"
36.111.32.232 - - [20/Mar/2026:01:08:33 -0300] "POST /xmlrpc.php HTTP/1.1" 200 416 "-" "Apache-HttpClient/4.5.2 (Java/1.8.0_151)"
89.117.104.23 - - [20/Mar/2026:01:08:35 -0300] "GET /upload/image/ HTTP/1.1" 301 - "-" "-"
14.18.90.195 - - [20/Mar/2026:01:08:35 -0300] "POST /xmlrpc.php HTTP/1.1" 200 416 "-" "Apache-HttpClient/4.5.2 (Java/1.8.0_161)"
89.117.104.23 - - [20/Mar/2026:01:08:41 -0300] "GET /assets/images/ HTTP/1.1" 404 22377 "-" "-"
14.18.90.195 - - [20/Mar/2026:01:08:41 -0300] "POST /xmlrpc.php HTTP/1.1" 200 416 "-" "Apache-HttpClient/4.5.2 (Java/1.8.0_161)"
36.111.32.232 - - [20/Mar/2026:01:08:43 -0300] "POST /xmlrpc.php HTTP/1.1" 200 416 "-" "Apache-HttpClient/4.5.2 (Java/1.8.0_151)"
89.117.104.23 - - [20/Mar/2026:01:08:44 -0300] "GET /Public/ HTTP/1.1" 301 - "-" "-"
14.18.90.195 - - [20/Mar/2026:01:08:45 -0300] "POST /xmlrpc.php HTTP/1.1" 200 416 "-" "Apache-HttpClient/4.5.2 (Java/1.8.0_161)"
36.111.32.232 - - [20/Mar/2026:01:08:47 -0300] "POST /xmlrpc.php HTTP/1.1" 200 416 "-" "Apache-HttpClient/4.5.2 (Java/1.8.0_151)"
36.111.32.232 - - [20/Mar/2026:01:08:50 -0300] "POST /xmlrpc.php HTTP/1.1" 200 416 "-" "Apache-HttpClient/4.5.2 (Java/1.8.0_151)"
89.117.104.23 - - [20/Mar/2026:01:08:50 -0300] "GET /vendor/ HTTP/1.1" 404 22377 "-" "-"
14.18.90.195 - - [20/Mar/2026:01:08:52 -0300] "POST /xmlrpc.php HTTP/1.1" 200 416 "-" "Apache-HttpClient/4.5.2 (Java/1.8.0_161)"
36.111.32.232 - - [20/Mar/2026:01:08:53 -0300] "POST /xmlrpc.php HTTP/1.1" 200 416 "-" "Apache-HttpClient/4.5.2 (Java/1.8.0_151)"
89.117.104.23 - - [20/Mar/2026:01:08:54 -0300] "GET /local/ HTTP/1.1" 301 - "-" "-"
14.18.90.195 - - [20/Mar/2026:01:08:55 -0300] "POST /xmlrpc.php HTTP/1.1" 200 416 "-" "Apache-HttpClient/4.5.2 (Java/1.8.0_161)"
36.111.32.232 - - [20/Mar/2026:01:08:57 -0300] "POST /xmlrpc.php HTTP/1.1" 200 416 "-" "Apache-HttpClient/4.5.2 (Java/1.8.0_151)"
14.18.90.195 - - [20/Mar/2026:01:08:58 -0300] "POST /xmlrpc.php HTTP/1.1" 200 416 "-" "Apache-HttpClient/4.5.2 (Java/1.8.0_161)"
89.117.104.23 - - [20/Mar/2026:01:09:00 -0300] "GET /modules/ HTTP/1.1" 404 22377 "-" "-"
14.18.90.195 - - [20/Mar/2026:01:09:01 -0300] "POST /xmlrpc.php HTTP/1.1" 200 416 "-" "Apache-HttpClient/4.5.2 (Java/1.8.0_161)"
89.117.104.23 - - [20/Mar/2026:01:09:04 -0300] "GET /Site/ HTTP/1.1" 301 - "-" "-"
36.111.32.232 - - [20/Mar/2026:01:09:04 -0300] "POST /xmlrpc.php HTTP/1.1" 200 416 "-" "Apache-HttpClient/4.5.2 (Java/1.8.0_151)"
14.18.90.195 - - [20/Mar/2026:01:09:06 -0300] "POST /xmlrpc.php HTTP/1.1" 200 416 "-" "Apache-HttpClient/4.5.2 (Java/1.8.0_161)"
36.111.32.232 - - [20/Mar/2026:01:09:07 -0300] "POST /xmlrpc.php HTTP/1.1" 200 416 "-" "Apache-HttpClient/4.5.2 (Java/1.8.0_151)"
36.111.32.232 - - [20/Mar/2026:01:09:10 -0300] "POST /xmlrpc.php HTTP/1.1" 200 416 "-" "Apache-HttpClient/4.5.2 (Java/1.8.0_151)"
89.117.104.23 - - [20/Mar/2026:01:09:11 -0300] "GET /system/ HTTP/1.1" 301 - "-" "-"
14.18.90.195 - - [20/Mar/2026:01:09:13 -0300] "POST /xmlrpc.php HTTP/1.1" 200 416 "-" "Apache-HttpClient/4.5.2 (Java/1.8.0_161)"
36.111.32.232 - - [20/Mar/2026:01:09:13 -0300] "POST /xmlrpc.php HTTP/1.1" 200 416 "-" "Apache-HttpClient/4.5.2 (Java/1.8.0_151)"
14.18.90.195 - - [20/Mar/2026:01:09:16 -0300] "POST /xmlrpc.php HTTP/1.1" 200 416 "-" "Apache-HttpClient/4.5.2 (Java/1.8.0_161)"
89.117.104.23 - - [20/Mar/2026:01:09:17 -0300] "GET /template/ HTTP/1.1" 404 22377 "-" "-"
162.240.153.75 - - [20/Mar/2026:01:09:21 -0300] "POST /wp-cron.php?doing_wp_cron=1773979761.7745170593261718750000 HTTP/1.1" 200 - "-" "WordPress/6.9.4; https://tarapaca.vsptdigital.cl"
14.18.90.195 - - [20/Mar/2026:01:09:19 -0300] "POST /xmlrpc.php HTTP/1.1" 200 416 "-" "Apache-HttpClient/4.5.2 (Java/1.8.0_161)"
89.117.104.23 - - [20/Mar/2026:01:09:19 -0300] "GET /shop/ HTTP/1.1" 301 - "-" "-"
14.18.90.195 - - [20/Mar/2026:01:09:22 -0300] "POST /xmlrpc.php HTTP/1.1" 200 416 "-" "Apache-HttpClient/4.5.2 (Java/1.8.0_161)"
36.111.32.232 - - [20/Mar/2026:01:09:25 -0300] "POST /xmlrpc.php HTTP/1.1" 200 416 "-" "Apache-HttpClient/4.5.2 (Java/1.8.0_151)"
89.117.104.23 - - [20/Mar/2026:01:09:25 -0300] "GET /files/ HTTP/1.1" 404 22377 "-" "-"
36.111.32.232 - - [20/Mar/2026:01:09:27 -0300] "POST /xmlrpc.php HTTP/1.1" 200 416 "-" "Apache-HttpClient/4.5.2 (Java/1.8.0_151)"
89.117.104.23 - - [20/Mar/2026:01:09:28 -0300] "GET /admin/editor/ HTTP/1.1" 301 - "-" "-"
14.18.90.195 - - [20/Mar/2026:01:09:30 -0300] "POST /xmlrpc.php HTTP/1.1" 200 416 "-" "Apache-HttpClient/4.5.2 (Java/1.8.0_161)"
36.111.32.232 - - [20/Mar/2026:01:09:30 -0300] "POST /xmlrpc.php HTTP/1.1" 200 416 "-" "Apache-HttpClient/4.5.2 (Java/1.8.0_151)"
14.18.90.195 - - [20/Mar/2026:01:09:32 -0300] "POST /xmlrpc.php HTTP/1.1" 200 416 "-" "Apache-HttpClient/4.5.2 (Java/1.8.0_161)"
36.111.32.232 - - [20/Mar/2026:01:09:34 -0300] "POST /xmlrpc.php HTTP/1.1" 200 416 "-" "Apache-HttpClient/4.5.2 (Java/1.8.0_151)"
89.117.104.23 - - [20/Mar/2026:01:09:35 -0300] "GET /include/ HTTP/1.1" 301 - "-" "-"
14.18.90.195 - - [20/Mar/2026:01:09:35 -0300] "POST /xmlrpc.php HTTP/1.1" 200 416 "-" "Apache-HttpClient/4.5.2 (Java/1.8.0_161)"
36.111.32.232 - - [20/Mar/2026:01:09:37 -0300] "POST /xmlrpc.php HTTP/1.1" 200 416 "-" "Apache-HttpClient/4.5.2 (Java/1.8.0_151)"
89.117.104.23 - - [20/Mar/2026:01:09:41 -0300] "GET /Assets/ HTTP/1.1" 301 - "-" "-"
36.111.32.232 - - [20/Mar/2026:01:09:43 -0300] "POST /xmlrpc.php HTTP/1.1" 200 416 "-" "Apache-HttpClient/4.5.2 (Java/1.8.0_151)"
89.117.104.23 - - [20/Mar/2026:01:09:43 -0300] "GET /images/stories/ HTTP/1.1" 301 - "-" "-"
14.18.90.195 - - [20/Mar/2026:01:09:44 -0300] "POST /xmlrpc.php HTTP/1.1" 200 416 "-" "Apache-HttpClient/4.5.2 (Java/1.8.0_161)"
36.111.32.232 - - [20/Mar/2026:01:09:46 -0300] "POST /xmlrpc.php HTTP/1.1" 200 416 "-" "Apache-HttpClient/4.5.2 (Java/1.8.0_151)"
14.18.90.195 - - [20/Mar/2026:01:09:47 -0300] "POST /xmlrpc.php HTTP/1.1" 200 416 "-" "Apache-HttpClient/4.5.2 (Java/1.8.0_161)"
36.111.32.232 - - [20/Mar/2026:01:09:49 -0300] "POST /xmlrpc.php HTTP/1.1" 200 416 "-" "Apache-HttpClient/4.5.2 (Java/1.8.0_151)"
89.117.104.23 - - [20/Mar/2026:01:09:49 -0300] "GET /plugins/ HTTP/1.1" 404 22377 "-" "-"
14.18.90.195 - - [20/Mar/2026:01:09:50 -0300] "POST /xmlrpc.php HTTP/1.1" 200 416 "-" "Apache-HttpClient/4.5.2 (Java/1.8.0_161)"
36.111.32.232 - - [20/Mar/2026:01:09:52 -0300] "POST /xmlrpc.php HTTP/1.1" 200 416 "-" "Apache-HttpClient/4.5.2 (Java/1.8.0_151)"
14.18.90.195 - - [20/Mar/2026:01:09:53 -0300] "POST /xmlrpc.php HTTP/1.1" 200 416 "-" "Apache-HttpClient/4.5.2 (Java/1.8.0_161)"
89.117.104.23 - - [20/Mar/2026:01:09:53 -0300] "GET /php/ HTTP/1.1" 404 22377 "-" "-"
36.111.32.232 - - [20/Mar/2026:01:09:56 -0300] "POST /xmlrpc.php HTTP/1.1" 200 416 "-" "Apache-HttpClient/4.5.2 (Java/1.8.0_151)"
89.117.104.23 - - [20/Mar/2026:01:09:56 -0300] "GET /wp-admin/css/ HTTP/1.1" 404 22377 "-" "-"
89.117.104.23 - - [20/Mar/2026:01:09:59 -0300] "GET /wp-content/themes/twentytwenty/ HTTP/1.1" 500 - "-" "-"
14.18.90.195 - - [20/Mar/2026:01:09:57 -0300] "POST /xmlrpc.php HTTP/1.1" 200 416 "-" "Apache-HttpClient/4.5.2 (Java/1.8.0_161)"
36.111.32.232 - - [20/Mar/2026:01:09:58 -0300] "POST /xmlrpc.php HTTP/1.1" 200 416 "-" "Apache-HttpClient/4.5.2 (Java/1.8.0_151)"
89.117.104.23 - - [20/Mar/2026:01:09:59 -0300] "GET /wp-content/cache/ HTTP/1.1" 301 - "-" "-"
14.18.90.195 - - [20/Mar/2026:01:10:01 -0300] "POST /xmlrpc.php HTTP/1.1" 200 416 "-" "Apache-HttpClient/4.5.2 (Java/1.8.0_161)"
36.111.32.232 - - [20/Mar/2026:01:10:01 -0300] "POST /xmlrpc.php HTTP/1.1" 200 416 "-" "Apache-HttpClient/4.5.2 (Java/1.8.0_151)"
14.18.90.195 - - [20/Mar/2026:01:10:04 -0300] "POST /xmlrpc.php HTTP/1.1" 200 416 "-" "Apache-HttpClient/4.5.2 (Java/1.8.0_161)"
89.117.104.23 - - [20/Mar/2026:01:10:06 -0300] "GET /wp-admin/maint/ HTTP/1.1" 301 - "-" "-"
36.111.32.232 - - [20/Mar/2026:01:10:06 -0300] "POST /xmlrpc.php HTTP/1.1" 200 416 "-" "Apache-HttpClient/4.5.2 (Java/1.8.0_151)"
14.18.90.195 - - [20/Mar/2026:01:10:07 -0300] "POST /xmlrpc.php HTTP/1.1" 200 416 "-" "Apache-HttpClient/4.5.2 (Java/1.8.0_161)"
36.111.32.232 - - [20/Mar/2026:01:10:10 -0300] "POST /xmlrpc.php HTTP/1.1" 200 416 "-" "Apache-HttpClient/4.5.2 (Java/1.8.0_151)"
14.18.90.195 - - [20/Mar/2026:01:10:10 -0300] "POST /xmlrpc.php HTTP/1.1" 200 416 "-" "Apache-HttpClient/4.5.2 (Java/1.8.0_161)"
89.117.104.23 - - [20/Mar/2026:01:10:12 -0300] "GET /wp-content/plugins/akismet/ HTTP/1.1" 404 22377 "-" "-"
36.111.32.232 - - [20/Mar/2026:01:10:12 -0300] "POST /xmlrpc.php HTTP/1.1" 200 416 "-" "Apache-HttpClient/4.5.2 (Java/1.8.0_151)"
89.117.104.23 - - [20/Mar/2026:01:10:15 -0300] "GET /wp-includes/assets/ HTTP/1.1" 301 - "-" "-"
36.111.32.232 - - [20/Mar/2026:01:10:15 -0300] "POST /xmlrpc.php HTTP/1.1" 200 416 "-" "Apache-HttpClient/4.5.2 (Java/1.8.0_151)"
36.111.32.232 - - [20/Mar/2026:01:10:18 -0300] "POST /xmlrpc.php HTTP/1.1" 200 416 "-" "Apache-HttpClient/4.5.2 (Java/1.8.0_151)"
89.117.104.23 - - [20/Mar/2026:01:10:21 -0300] "GET /wp-includes/block-patterns/ HTTP/1.1" 404 22377 "-" "-"
89.117.104.23 - - [20/Mar/2026:01:10:24 -0300] "GET /wp-includes/block-supports/ HTTP/1.1" 200 6 "-" "-"
14.18.90.195 - - [20/Mar/2026:01:10:21 -0300] "POST /xmlrpc.php HTTP/1.1" 200 416 "-" "Apache-HttpClient/4.5.2 (Java/1.8.0_161)"
89.117.104.23 - - [20/Mar/2026:01:10:24 -0300] "GET /wp-includes/html-api/ HTTP/1.1" 404 22377 "-" "-"
89.117.104.23 - - [20/Mar/2026:01:10:27 -0300] "GET /wp-includes/js/ HTTP/1.1" 301 - "-" "-"
36.111.32.232 - - [20/Mar/2026:01:10:29 -0300] "POST /xmlrpc.php HTTP/1.1" 200 416 "-" "Apache-HttpClient/4.5.2 (Java/1.8.0_151)"
14.18.90.195 - - [20/Mar/2026:01:10:29 -0300] "POST /xmlrpc.php HTTP/1.1" 200 416 "-" "Apache-HttpClient/4.5.2 (Java/1.8.0_161)"
36.111.32.232 - - [20/Mar/2026:01:10:31 -0300] "POST /xmlrpc.php HTTP/1.1" 200 416 "-" "Apache-HttpClient/4.5.2 (Java/1.8.0_151)"
89.117.104.23 - - [20/Mar/2026:01:10:33 -0300] "GET /wp-includes/php-compat/ HTTP/1.1" 404 22377 "-" "-"
36.111.32.232 - - [20/Mar/2026:01:10:35 -0300] "POST /xmlrpc.php HTTP/1.1" 200 416 "-" "Apache-HttpClient/4.5.2 (Java/1.8.0_151)"
89.117.104.23 - - [20/Mar/2026:01:10:36 -0300] "GET /wp-includes/PHPMailer/ HTTP/1.1" 404 22377 "-" "-"
14.18.90.195 - - [20/Mar/2026:01:10:37 -0300] "POST /xmlrpc.php HTTP/1.1" 200 416 "-" "Apache-HttpClient/4.5.2 (Java/1.8.0_161)"
89.117.104.23 - - [20/Mar/2026:01:10:38 -0300] "GET /wp-includes/pomo/ HTTP/1.1" 301 - "-" "-"
36.111.32.232 - - [20/Mar/2026:01:10:38 -0300] "POST /xmlrpc.php HTTP/1.1" 200 416 "-" "Apache-HttpClient/4.5.2 (Java/1.8.0_151)"
14.18.90.195 - - [20/Mar/2026:01:10:41 -0300] "POST /xmlrpc.php HTTP/1.1" 200 416 "-" "Apache-HttpClient/4.5.2 (Java/1.8.0_161)"
36.111.32.232 - - [20/Mar/2026:01:10:42 -0300] "POST /xmlrpc.php HTTP/1.1" 200 416 "-" "Apache-HttpClient/4.5.2 (Java/1.8.0_151)"
14.18.90.195 - - [20/Mar/2026:01:10:44 -0300] "POST /xmlrpc.php HTTP/1.1" 200 416 "-" "Apache-HttpClient/4.5.2 (Java/1.8.0_161)"
89.117.104.23 - - [20/Mar/2026:01:10:46 -0300] "GET /wp-includes/random_compat/ HTTP/1.1" 404 22377 "-" "-"
36.111.32.232 - - [20/Mar/2026:01:10:46 -0300] "POST /xmlrpc.php HTTP/1.1" 200 416 "-" "Apache-HttpClient/4.5.2 (Java/1.8.0_151)"
14.18.90.195 - - [20/Mar/2026:01:10:48 -0300] "POST /xmlrpc.php HTTP/1.1" 200 416 "-" "Apache-HttpClient/4.5.2 (Java/1.8.0_161)"
89.117.104.23 - - [20/Mar/2026:01:10:50 -0300] "GET /wp-includes/rest-api/ HTTP/1.1" 404 22377 "-" "-"
36.111.32.232 - - [20/Mar/2026:01:10:51 -0300] "POST /xmlrpc.php HTTP/1.1" 200 416 "-" "Apache-HttpClient/4.5.2 (Java/1.8.0_151)"
89.117.104.23 - - [20/Mar/2026:01:10:53 -0300] "GET /wp-includes/sitemaps/ HTTP/1.1" 404 22377 "-" "-"
14.18.90.195 - - [20/Mar/2026:01:10:53 -0300] "POST /xmlrpc.php HTTP/1.1" 200 416 "-" "Apache-HttpClient/4.5.2 (Java/1.8.0_161)"
36.111.32.232 - - [20/Mar/2026:01:10:54 -0300] "POST /xmlrpc.php HTTP/1.1" 200 416 "-" "Apache-HttpClient/4.5.2 (Java/1.8.0_151)"
89.117.104.23 - - [20/Mar/2026:01:10:57 -0300] "GET /wp-includes/sodium_compat/ HTTP/1.1" 404 22377 "-" "-"
14.18.90.195 - - [20/Mar/2026:01:10:57 -0300] "POST /xmlrpc.php HTTP/1.1" 200 416 "-" "Apache-HttpClient/4.5.2 (Java/1.8.0_161)"
36.111.32.232 - - [20/Mar/2026:01:10:58 -0300] "POST /xmlrpc.php HTTP/1.1" 200 416 "-" "Apache-HttpClient/4.5.2 (Java/1.8.0_151)"
89.117.104.23 - - [20/Mar/2026:01:10:59 -0300] "GET /wp-includes/style-engine/ HTTP/1.1" 404 22377 "-" "-"
14.18.90.195 - - [20/Mar/2026:01:11:00 -0300] "POST /xmlrpc.php HTTP/1.1" 200 416 "-" "Apache-HttpClient/4.5.2 (Java/1.8.0_161)"
36.111.32.232 - - [20/Mar/2026:01:11:02 -0300] "POST /xmlrpc.php HTTP/1.1" 200 416 "-" "Apache-HttpClient/4.5.2 (Java/1.8.0_151)"
89.117.104.23 - - [20/Mar/2026:01:11:03 -0300] "GET /wp-includes/theme-compat/ HTTP/1.1" 404 22377 "-" "-"
14.18.90.195 - - [20/Mar/2026:01:11:05 -0300] "POST /xmlrpc.php HTTP/1.1" 200 416 "-" "Apache-HttpClient/4.5.2 (Java/1.8.0_161)"
89.117.104.23 - - [20/Mar/2026:01:11:06 -0300] "GET /wp-includes/widgets/ HTTP/1.1" 404 22377 "-" "-"
36.111.32.232 - - [20/Mar/2026:01:11:06 -0300] "POST /xmlrpc.php HTTP/1.1" 200 416 "-" "Apache-HttpClient/4.5.2 (Java/1.8.0_151)"
89.117.104.23 - - [20/Mar/2026:01:11:09 -0300] "GET /wp-admin/css/colors/ectoplasm/ HTTP/1.1" 404 22377 "-" "-"
36.111.32.232 - - [20/Mar/2026:01:11:09 -0300] "POST /xmlrpc.php HTTP/1.1" 200 416 "-" "Apache-HttpClient/4.5.2 (Java/1.8.0_151)"
14.18.90.195 - - [20/Mar/2026:01:11:12 -0300] "POST /xmlrpc.php HTTP/1.1" 200 416 "-" "Apache-HttpClient/4.5.2 (Java/1.8.0_161)"
89.117.104.23 - - [20/Mar/2026:01:11:12 -0300] "GET /wp-admin/css/colors/ HTTP/1.1" 404 22377 "-" "-"
36.111.32.232 - - [20/Mar/2026:01:11:14 -0300] "POST /xmlrpc.php HTTP/1.1" 200 416 "-" "Apache-HttpClient/4.5.2 (Java/1.8.0_151)"
89.117.104.23 - - [20/Mar/2026:01:11:15 -0300] "GET /admin/images/slider/ HTTP/1.1" 404 22377 "-" "-"
162.240.153.75 - - [20/Mar/2026:01:11:20 -0300] "POST /wp-cron.php?doing_wp_cron=1773979880.6509249210357666015625 HTTP/1.1" 200 - "-" "WordPress/6.9.4; https://tarapaca.vsptdigital.cl"
14.18.90.195 - - [20/Mar/2026:01:11:18 -0300] "POST /xmlrpc.php HTTP/1.1" 200 416 "-" "Apache-HttpClient/4.5.2 (Java/1.8.0_161)"
89.117.104.23 - - [20/Mar/2026:01:11:18 -0300] "GET /admin/fckeditor/editor/filemanager/ HTTP/1.1" 404 22377 "-" "-"
14.18.90.195 - - [20/Mar/2026:01:11:21 -0300] "POST /xmlrpc.php HTTP/1.1" 200 416 "-" "Apache-HttpClient/4.5.2 (Java/1.8.0_161)"
89.117.104.23 - - [20/Mar/2026:01:11:21 -0300] "GET /sites/default/files/ HTTP/1.1" 404 22377 "-" "-"
36.111.32.232 - - [20/Mar/2026:01:11:21 -0300] "POST /xmlrpc.php HTTP/1.1" 200 416 "-" "Apache-HttpClient/4.5.2 (Java/1.8.0_151)"
89.117.104.23 - - [20/Mar/2026:01:11:23 -0300] "GET /admin/controller/extension/extension/ HTTP/1.1" 404 22377 "-" "-"
14.18.90.195 - - [20/Mar/2026:01:11:23 -0300] "POST /xmlrpc.php HTTP/1.1" 200 416 "-" "Apache-HttpClient/4.5.2 (Java/1.8.0_161)"
36.111.32.232 - - [20/Mar/2026:01:11:24 -0300] "POST /xmlrpc.php HTTP/1.1" 200 416 "-" "Apache-HttpClient/4.5.2 (Java/1.8.0_151)"
89.117.104.23 - - [20/Mar/2026:01:11:24 -0300] "GET /modules/mod_simplefileuploadv1.3/elements/ HTTP/1.1" 301 - "-" "-"
36.111.32.232 - - [20/Mar/2026:01:11:25 -0300] "POST /xmlrpc.php HTTP/1.1" 200 416 "-" "Apache-HttpClient/4.5.2 (Java/1.8.0_151)"
89.117.104.23 - - [20/Mar/2026:01:11:28 -0300] "GET /components/ HTTP/1.1" 404 22377 "-" "-"
14.18.90.195 - - [20/Mar/2026:01:11:29 -0300] "POST /xmlrpc.php HTTP/1.1" 200 416 "-" "Apache-HttpClient/4.5.2 (Java/1.8.0_161)"
89.117.104.23 - - [20/Mar/2026:01:11:31 -0300] "GET /admin/uploads/images/ HTTP/1.1" 404 22377 "-" "-"
36.111.32.232 - - [20/Mar/2026:01:11:32 -0300] "POST /xmlrpc.php HTTP/1.1" 200 416 "-" "Apache-HttpClient/4.5.2 (Java/1.8.0_151)"
89.117.104.23 - - [20/Mar/2026:01:11:34 -0300] "GET /wp-content/plugins/classic-editor/ HTTP/1.1" 404 22377 "-" "-"
14.18.90.195 - - [20/Mar/2026:01:11:35 -0300] "POST /xmlrpc.php HTTP/1.1" 200 416 "-" "Apache-HttpClient/4.5.2 (Java/1.8.0_161)"
89.117.104.23 - - [20/Mar/2026:01:11:36 -0300] "GET /wp-content/fonts/ HTTP/1.1" 404 22377 "-" "-"
36.111.32.232 - - [20/Mar/2026:01:11:36 -0300] "POST /xmlrpc.php HTTP/1.1" 200 416 "-" "Apache-HttpClient/4.5.2 (Java/1.8.0_151)"
14.18.90.195 - - [20/Mar/2026:01:11:38 -0300] "POST /xmlrpc.php HTTP/1.1" 200 416 "-" "Apache-HttpClient/4.5.2 (Java/1.8.0_161)"
89.117.104.23 - - [20/Mar/2026:01:11:40 -0300] "GET /wp-content/plugins/contact-form-7/admin/js/ HTTP/1.1" 301 - "-" "-"
36.111.32.232 - - [20/Mar/2026:01:11:40 -0300] "POST /xmlrpc.php HTTP/1.1" 200 416 "-" "Apache-HttpClient/4.5.2 (Java/1.8.0_151)"
14.18.90.195 - - [20/Mar/2026:01:11:42 -0300] "POST /xmlrpc.php HTTP/1.1" 200 416 "-" "Apache-HttpClient/4.5.2 (Java/1.8.0_161)"
36.111.32.232 - - [20/Mar/2026:01:11:44 -0300] "POST /xmlrpc.php HTTP/1.1" 200 416 "-" "Apache-HttpClient/4.5.2 (Java/1.8.0_151)"
14.18.90.195 - - [20/Mar/2026:01:11:45 -0300] "POST /xmlrpc.php HTTP/1.1" 200 416 "-" "Apache-HttpClient/4.5.2 (Java/1.8.0_161)"
89.117.104.23 - - [20/Mar/2026:01:11:46 -0300] "GET /wp-content/plugins/contact-form-7/ HTTP/1.1" 404 22377 "-" "-"
36.111.32.232 - - [20/Mar/2026:01:11:47 -0300] "POST /xmlrpc.php HTTP/1.1" 200 416 "-" "Apache-HttpClient/4.5.2 (Java/1.8.0_151)"
14.18.90.195 - - [20/Mar/2026:01:11:48 -0300] "POST /xmlrpc.php HTTP/1.1" 200 416 "-" "Apache-HttpClient/4.5.2 (Java/1.8.0_161)"
89.117.104.23 - - [20/Mar/2026:01:11:50 -0300] "GET /wordpress/ HTTP/1.1" 301 - "-" "-"
36.111.32.232 - - [20/Mar/2026:01:11:51 -0300] "POST /xmlrpc.php HTTP/1.1" 200 416 "-" "Apache-HttpClient/4.5.2 (Java/1.8.0_151)"
14.18.90.195 - - [20/Mar/2026:01:11:55 -0300] "POST /xmlrpc.php HTTP/1.1" 200 416 "-" "Apache-HttpClient/4.5.2 (Java/1.8.0_161)"
36.111.32.232 - - [20/Mar/2026:01:11:56 -0300] "POST /xmlrpc.php HTTP/1.1" 200 416 "-" "Apache-HttpClient/4.5.2 (Java/1.8.0_151)"
89.117.104.23 - - [20/Mar/2026:01:11:56 -0300] "GET /wp-admin/images/ HTTP/1.1" 404 22377 "-" "-"
14.18.90.195 - - [20/Mar/2026:01:11:58 -0300] "POST /xmlrpc.php HTTP/1.1" 200 416 "-" "Apache-HttpClient/4.5.2 (Java/1.8.0_161)"
89.117.104.23 - - [20/Mar/2026:01:12:00 -0300] "GET /wp-content/plugins/wordpress-seo/js/dist/ HTTP/1.1" 301 - "-" "-"
14.18.90.195 - - [20/Mar/2026:01:12:01 -0300] "POST /xmlrpc.php HTTP/1.1" 200 416 "-" "Apache-HttpClient/4.5.2 (Java/1.8.0_161)"
36.111.32.232 - - [20/Mar/2026:01:12:02 -0300] "POST /xmlrpc.php HTTP/1.1" 200 416 "-" "Apache-HttpClient/4.5.2 (Java/1.8.0_151)"
14.18.90.195 - - [20/Mar/2026:01:12:05 -0300] "POST /xmlrpc.php HTTP/1.1" 200 416 "-" "Apache-HttpClient/4.5.2 (Java/1.8.0_161)"
36.111.32.232 - - [20/Mar/2026:01:12:05 -0300] "POST /xmlrpc.php HTTP/1.1" 200 416 "-" "Apache-HttpClient/4.5.2 (Java/1.8.0_151)"
89.117.104.23 - - [20/Mar/2026:01:12:07 -0300] "GET /wp-content/plugins/wordpress-seo/ HTTP/1.1" 404 22377 "-" "-"
14.18.90.195 - - [20/Mar/2026:01:12:08 -0300] "POST /xmlrpc.php HTTP/1.1" 200 416 "-" "Apache-HttpClient/4.5.2 (Java/1.8.0_161)"
36.111.32.232 - - [20/Mar/2026:01:12:09 -0300] "POST /xmlrpc.php HTTP/1.1" 200 416 "-" "Apache-HttpClient/4.5.2 (Java/1.8.0_151)"
89.117.104.23 - - [20/Mar/2026:01:12:11 -0300] "GET /js/ HTTP/1.1" 301 - "-" "-"
14.18.90.195 - - [20/Mar/2026:01:12:13 -0300] "POST /xmlrpc.php HTTP/1.1" 200 416 "-" "Apache-HttpClient/4.5.2 (Java/1.8.0_161)"
36.111.32.232 - - [20/Mar/2026:01:12:13 -0300] "POST /xmlrpc.php HTTP/1.1" 200 416 "-" "Apache-HttpClient/4.5.2 (Java/1.8.0_151)"
14.18.90.195 - - [20/Mar/2026:01:12:16 -0300] "POST /xmlrpc.php HTTP/1.1" 200 416 "-" "Apache-HttpClient/4.5.2 (Java/1.8.0_161)"
162.240.153.75 - - [20/Mar/2026:01:12:21 -0300] "POST /wp-cron.php?doing_wp_cron=1773979941.2784750461578369140625 HTTP/1.1" 200 - "-" "WordPress/6.9.4; https://tarapaca.vsptdigital.cl"
89.117.104.23 - - [20/Mar/2026:01:12:18 -0300] "GET /wp-content/plugins/woocommerce/assets/js/ HTTP/1.1" 301 - "-" "-"
36.111.32.232 - - [20/Mar/2026:01:12:18 -0300] "POST /xmlrpc.php HTTP/1.1" 200 416 "-" "Apache-HttpClient/4.5.2 (Java/1.8.0_151)"
14.18.90.195 - - [20/Mar/2026:01:12:19 -0300] "POST /xmlrpc.php HTTP/1.1" 200 416 "-" "Apache-HttpClient/4.5.2 (Java/1.8.0_161)"
36.111.32.232 - - [20/Mar/2026:01:12:22 -0300] "POST /xmlrpc.php HTTP/1.1" 200 416 "-" "Apache-HttpClient/4.5.2 (Java/1.8.0_151)"
14.18.90.195 - - [20/Mar/2026:01:12:22 -0300] "POST /xmlrpc.php HTTP/1.1" 200 416 "-" "Apache-HttpClient/4.5.2 (Java/1.8.0_161)"
89.117.104.23 - - [20/Mar/2026:01:12:24 -0300] "GET /wp-content/plugins/woocommerce/ HTTP/1.1" 404 22377 "-" "-"
14.18.90.195 - - [20/Mar/2026:01:12:25 -0300] "POST /xmlrpc.php HTTP/1.1" 200 416 "-" "Apache-HttpClient/4.5.2 (Java/1.8.0_161)"
36.111.32.232 - - [20/Mar/2026:01:12:25 -0300] "POST /xmlrpc.php HTTP/1.1" 200 416 "-" "Apache-HttpClient/4.5.2 (Java/1.8.0_151)"
89.117.104.23 - - [20/Mar/2026:01:12:26 -0300] "GET /wp-admin/meta/ HTTP/1.1" 301 - "-" "-"
36.111.32.232 - - [20/Mar/2026:01:12:27 -0300] "POST /xmlrpc.php HTTP/1.1" 200 416 "-" "Apache-HttpClient/4.5.2 (Java/1.8.0_151)"
14.18.90.195 - - [20/Mar/2026:01:12:30 -0300] "POST /xmlrpc.php HTTP/1.1" 200 416 "-" "Apache-HttpClient/4.5.2 (Java/1.8.0_161)"
36.111.32.232 - - [20/Mar/2026:01:12:31 -0300] "POST /xmlrpc.php HTTP/1.1" 200 416 "-" "Apache-HttpClient/4.5.2 (Java/1.8.0_151)"
89.117.104.23 - - [20/Mar/2026:01:12:33 -0300] "GET /wp-admin/network/ HTTP/1.1" 302 - "-" "-"
14.18.90.195 - - [20/Mar/2026:01:12:33 -0300] "POST /xmlrpc.php HTTP/1.1" 200 416 "-" "Apache-HttpClient/4.5.2 (Java/1.8.0_161)"
36.111.32.232 - - [20/Mar/2026:01:12:34 -0300] "POST /xmlrpc.php HTTP/1.1" 200 416 "-" "Apache-HttpClient/4.5.2 (Java/1.8.0_151)"
14.18.90.195 - - [20/Mar/2026:01:12:39 -0300] "POST /xmlrpc.php HTTP/1.1" 200 416 "-" "Apache-HttpClient/4.5.2 (Java/1.8.0_161)"
89.117.104.23 - - [20/Mar/2026:01:12:41 -0300] "GET /wp-admin/user/ HTTP/1.1" 302 - "-" "-"
14.18.90.195 - - [20/Mar/2026:01:12:42 -0300] "POST /xmlrpc.php HTTP/1.1" 200 416 "-" "Apache-HttpClient/4.5.2 (Java/1.8.0_161)"
36.111.32.232 - - [20/Mar/2026:01:12:42 -0300] "POST /xmlrpc.php HTTP/1.1" 200 416 "-" "Apache-HttpClient/4.5.2 (Java/1.8.0_151)"
14.18.90.195 - - [20/Mar/2026:01:12:45 -0300] "POST /xmlrpc.php HTTP/1.1" 200 416 "-" "Apache-HttpClient/4.5.2 (Java/1.8.0_161)"
36.111.32.232 - - [20/Mar/2026:01:12:46 -0300] "POST /xmlrpc.php HTTP/1.1" 200 416 "-" "Apache-HttpClient/4.5.2 (Java/1.8.0_151)"
36.111.32.232 - - [20/Mar/2026:01:12:46 -0300] "POST /xmlrpc.php HTTP/1.1" 200 416 "-" "Apache-HttpClient/4.5.2 (Java/1.8.0_151)"
89.117.104.23 - - [20/Mar/2026:01:12:50 -0300] "GET /wp-content/ HTTP/1.1" 200 - "-" "-"
89.117.104.23 - - [20/Mar/2026:01:12:51 -0300] "GET /wp-content/plugins/ HTTP/1.1" 200 - "-" "-"
89.117.104.23 - - [20/Mar/2026:01:12:51 -0300] "GET /wp-content/themes/ HTTP/1.1" 200 - "-" "-"
14.18.90.195 - - [20/Mar/2026:01:12:49 -0300] "POST /xmlrpc.php HTTP/1.1" 200 416 "-" "Apache-HttpClient/4.5.2 (Java/1.8.0_161)"
36.111.32.232 - - [20/Mar/2026:01:12:49 -0300] "POST /xmlrpc.php HTTP/1.1" 200 416 "-" "Apache-HttpClient/4.5.2 (Java/1.8.0_151)"
89.117.104.23 - - [20/Mar/2026:01:12:51 -0300] "GET /wp-admin/includes/ HTTP/1.1" 404 22377 "-" "-"
14.18.90.195 - - [20/Mar/2026:01:12:53 -0300] "POST /xmlrpc.php HTTP/1.1" 200 416 "-" "Apache-HttpClient/4.5.2 (Java/1.8.0_161)"
36.111.32.232 - - [20/Mar/2026:01:12:53 -0300] "POST /xmlrpc.php HTTP/1.1" 200 416 "-" "Apache-HttpClient/4.5.2 (Java/1.8.0_151)"
89.117.104.23 - - [20/Mar/2026:01:12:54 -0300] "GET /wp-admin/ HTTP/1.1" 302 - "-" "-"
14.18.90.195 - - [20/Mar/2026:01:12:56 -0300] "POST /xmlrpc.php HTTP/1.1" 200 416 "-" "Apache-HttpClient/4.5.2 (Java/1.8.0_161)"
36.111.32.232 - - [20/Mar/2026:01:12:56 -0300] "POST /xmlrpc.php HTTP/1.1" 200 403 "-" "Apache-HttpClient/4.5.2 (Java/1.8.0_151)"
14.18.90.195 - - [20/Mar/2026:01:13:00 -0300] "POST /xmlrpc.php HTTP/1.1" 200 416 "-" "Apache-HttpClient/4.5.2 (Java/1.8.0_161)"
14.18.90.195 - - [20/Mar/2026:01:13:03 -0300] "POST /xmlrpc.php HTTP/1.1" 200 416 "-" "Apache-HttpClient/4.5.2 (Java/1.8.0_161)"
36.111.32.232 - - [20/Mar/2026:01:13:03 -0300] "POST /xmlrpc.php HTTP/1.1" 200 416 "-" "Apache-HttpClient/4.5.2 (Java/1.8.0_151)"
89.117.104.23 - - [20/Mar/2026:01:13:04 -0300] "GET /wp-content/upgrade/ HTTP/1.1" 301 - "-" "-"
14.18.90.195 - - [20/Mar/2026:01:13:07 -0300] "POST /xmlrpc.php HTTP/1.1" 200 416 "-" "Apache-HttpClient/4.5.2 (Java/1.8.0_161)"
36.111.32.232 - - [20/Mar/2026:01:13:07 -0300] "POST /xmlrpc.php HTTP/1.1" 200 416 "-" "Apache-HttpClient/4.5.2 (Java/1.8.0_151)"
36.111.32.232 - - [20/Mar/2026:01:13:11 -0300] "POST /xmlrpc.php HTTP/1.1" 200 416 "-" "Apache-HttpClient/4.5.2 (Java/1.8.0_151)"
14.18.90.195 - - [20/Mar/2026:01:13:14 -0300] "POST /xmlrpc.php HTTP/1.1" 200 416 "-" "Apache-HttpClient/4.5.2 (Java/1.8.0_161)"
162.240.153.75 - - [20/Mar/2026:01:13:21 -0300] "POST /wp-cron.php?doing_wp_cron=1773980001.8340899944305419921875 HTTP/1.1" 200 - "-" "WordPress/6.9.4; https://tarapaca.vsptdigital.cl"
36.111.32.232 - - [20/Mar/2026:01:13:18 -0300] "POST /xmlrpc.php HTTP/1.1" 200 416 "-" "Apache-HttpClient/4.5.2 (Java/1.8.0_151)"
36.111.32.232 - - [20/Mar/2026:01:13:22 -0300] "POST /xmlrpc.php HTTP/1.1" 200 416 "-" "Apache-HttpClient/4.5.2 (Java/1.8.0_151)"
14.18.90.195 - - [20/Mar/2026:01:13:22 -0300] "POST /xmlrpc.php HTTP/1.1" 200 416 "-" "Apache-HttpClient/4.5.2 (Java/1.8.0_161)"
162.240.153.75 - - [20/Mar/2026:01:13:29 -0300] "POST /wp-cron.php?doing_wp_cron=1773980009.0175049304962158203125 HTTP/1.1" 200 - "-" "WordPress/6.9.4; https://tarapaca.vsptdigital.cl"
14.18.90.195 - - [20/Mar/2026:01:13:26 -0300] "POST /xmlrpc.php HTTP/1.1" 200 416 "-" "Apache-HttpClient/4.5.2 (Java/1.8.0_161)"
36.111.32.232 - - [20/Mar/2026:01:13:26 -0300] "POST /xmlrpc.php HTTP/1.1" 200 416 "-" "Apache-HttpClient/4.5.2 (Java/1.8.0_151)"
14.18.90.195 - - [20/Mar/2026:01:13:29 -0300] "POST /xmlrpc.php HTTP/1.1" 200 416 "-" "Apache-HttpClient/4.5.2 (Java/1.8.0_161)"
36.111.32.232 - - [20/Mar/2026:01:13:30 -0300] "POST /xmlrpc.php HTTP/1.1" 200 416 "-" "Apache-HttpClient/4.5.2 (Java/1.8.0_151)"
14.18.90.195 - - [20/Mar/2026:01:13:33 -0300] "POST /xmlrpc.php HTTP/1.1" 200 416 "-" "Apache-HttpClient/4.5.2 (Java/1.8.0_161)"
36.111.32.232 - - [20/Mar/2026:01:13:34 -0300] "POST /xmlrpc.php HTTP/1.1" 200 416 "-" "Apache-HttpClient/4.5.2 (Java/1.8.0_151)"
14.18.90.195 - - [20/Mar/2026:01:13:36 -0300] "POST /xmlrpc.php HTTP/1.1" 200 416 "-" "Apache-HttpClient/4.5.2 (Java/1.8.0_161)"
14.18.90.195 - - [20/Mar/2026:01:13:39 -0300] "POST /xmlrpc.php HTTP/1.1" 200 416 "-" "Apache-HttpClient/4.5.2 (Java/1.8.0_161)"
36.111.32.232 - - [20/Mar/2026:01:13:40 -0300] "POST /xmlrpc.php HTTP/1.1" 200 416 "-" "Apache-HttpClient/4.5.2 (Java/1.8.0_151)"
14.18.90.195 - - [20/Mar/2026:01:13:41 -0300] "POST /xmlrpc.php HTTP/1.1" 200 416 "-" "Apache-HttpClient/4.5.2 (Java/1.8.0_161)"
36.111.32.232 - - [20/Mar/2026:01:13:43 -0300] "POST /xmlrpc.php HTTP/1.1" 200 416 "-" "Apache-HttpClient/4.5.2 (Java/1.8.0_151)"
14.18.90.195 - - [20/Mar/2026:01:13:44 -0300] "POST /xmlrpc.php HTTP/1.1" 200 416 "-" "Apache-HttpClient/4.5.2 (Java/1.8.0_161)"
14.18.90.195 - - [20/Mar/2026:01:13:46 -0300] "POST /xmlrpc.php HTTP/1.1" 200 416 "-" "Apache-HttpClient/4.5.2 (Java/1.8.0_161)"
14.18.90.195 - - [20/Mar/2026:01:13:49 -0300] "POST /xmlrpc.php HTTP/1.1" 200 416 "-" "Apache-HttpClient/4.5.2 (Java/1.8.0_161)"
36.111.32.232 - - [20/Mar/2026:01:13:49 -0300] "POST /xmlrpc.php HTTP/1.1" 200 416 "-" "Apache-HttpClient/4.5.2 (Java/1.8.0_151)"
36.111.32.232 - - [20/Mar/2026:01:13:53 -0300] "POST /xmlrpc.php HTTP/1.1" 200 416 "-" "Apache-HttpClient/4.5.2 (Java/1.8.0_151)"
14.18.90.195 - - [20/Mar/2026:01:13:56 -0300] "POST /xmlrpc.php HTTP/1.1" 200 416 "-" "Apache-HttpClient/4.5.2 (Java/1.8.0_161)"
36.111.32.232 - - [20/Mar/2026:01:13:56 -0300] "POST /xmlrpc.php HTTP/1.1" 200 416 "-" "Apache-HttpClient/4.5.2 (Java/1.8.0_151)"
14.18.90.195 - - [20/Mar/2026:01:14:00 -0300] "POST /xmlrpc.php HTTP/1.1" 200 416 "-" "Apache-HttpClient/4.5.2 (Java/1.8.0_161)"
36.111.32.232 - - [20/Mar/2026:01:14:01 -0300] "POST /xmlrpc.php HTTP/1.1" 200 416 "-" "Apache-HttpClient/4.5.2 (Java/1.8.0_151)"
14.18.90.195 - - [20/Mar/2026:01:14:03 -0300] "POST /xmlrpc.php HTTP/1.1" 200 416 "-" "Apache-HttpClient/4.5.2 (Java/1.8.0_161)"
36.111.32.232 - - [20/Mar/2026:01:14:04 -0300] "POST /xmlrpc.php HTTP/1.1" 200 416 "-" "Apache-HttpClient/4.5.2 (Java/1.8.0_151)"
14.18.90.195 - - [20/Mar/2026:01:14:06 -0300] "POST /xmlrpc.php HTTP/1.1" 200 416 "-" "Apache-HttpClient/4.5.2 (Java/1.8.0_161)"
36.111.32.232 - - [20/Mar/2026:01:14:08 -0300] "POST /xmlrpc.php HTTP/1.1" 200 416 "-" "Apache-HttpClient/4.5.2 (Java/1.8.0_151)"
36.111.32.232 - - [20/Mar/2026:01:14:11 -0300] "POST /xmlrpc.php HTTP/1.1" 200 416 "-" "Apache-HttpClient/4.5.2 (Java/1.8.0_151)"
14.18.90.195 - - [20/Mar/2026:01:14:14 -0300] "POST /xmlrpc.php HTTP/1.1" 200 416 "-" "Apache-HttpClient/4.5.2 (Java/1.8.0_161)"
162.240.153.75 - - [20/Mar/2026:01:14:20 -0300] "POST /wp-cron.php?doing_wp_cron=1773980060.5873799324035644531250 HTTP/1.1" 200 - "-" "WordPress/6.9.4; https://tarapaca.vsptdigital.cl"
14.18.90.195 - - [20/Mar/2026:01:14:18 -0300] "POST /xmlrpc.php HTTP/1.1" 200 416 "-" "Apache-HttpClient/4.5.2 (Java/1.8.0_161)"
14.18.90.195 - - [20/Mar/2026:01:14:21 -0300] "POST /xmlrpc.php HTTP/1.1" 200 416 "-" "Apache-HttpClient/4.5.2 (Java/1.8.0_161)"
36.111.32.232 - - [20/Mar/2026:01:14:21 -0300] "POST /xmlrpc.php HTTP/1.1" 200 416 "-" "Apache-HttpClient/4.5.2 (Java/1.8.0_151)"
36.111.32.232 - - [20/Mar/2026:01:14:23 -0300] "POST /xmlrpc.php HTTP/1.1" 200 416 "-" "Apache-HttpClient/4.5.2 (Java/1.8.0_151)"
36.111.32.232 - - [20/Mar/2026:01:14:30 -0300] "POST /xmlrpc.php HTTP/1.1" 200 416 "-" "Apache-HttpClient/4.5.2 (Java/1.8.0_151)"
36.111.32.232 - - [20/Mar/2026:01:14:31 -0300] "POST /xmlrpc.php HTTP/1.1" 200 416 "-" "Apache-HttpClient/4.5.2 (Java/1.8.0_151)"
14.18.90.195 - - [20/Mar/2026:01:14:32 -0300] "POST /xmlrpc.php HTTP/1.1" 200 416 "-" "Apache-HttpClient/4.5.2 (Java/1.8.0_161)"
36.111.32.232 - - [20/Mar/2026:01:14:35 -0300] "POST /xmlrpc.php HTTP/1.1" 200 416 "-" "Apache-HttpClient/4.5.2 (Java/1.8.0_151)"
36.111.32.232 - - [20/Mar/2026:01:14:38 -0300] "POST /xmlrpc.php HTTP/1.1" 200 416 "-" "Apache-HttpClient/4.5.2 (Java/1.8.0_151)"
14.18.90.195 - - [20/Mar/2026:01:14:39 -0300] "POST /xmlrpc.php HTTP/1.1" 200 416 "-" "Apache-HttpClient/4.5.2 (Java/1.8.0_161)"
14.18.90.195 - - [20/Mar/2026:01:14:42 -0300] "POST /xmlrpc.php HTTP/1.1" 200 416 "-" "Apache-HttpClient/4.5.2 (Java/1.8.0_161)"
36.111.32.232 - - [20/Mar/2026:01:14:42 -0300] "POST /xmlrpc.php HTTP/1.1" 200 416 "-" "Apache-HttpClient/4.5.2 (Java/1.8.0_151)"
36.111.32.232 - - [20/Mar/2026:01:14:47 -0300] "POST /xmlrpc.php HTTP/1.1" 200 416 "-" "Apache-HttpClient/4.5.2 (Java/1.8.0_151)"
14.18.90.195 - - [20/Mar/2026:01:14:47 -0300] "POST /xmlrpc.php HTTP/1.1" 200 416 "-" "Apache-HttpClient/4.5.2 (Java/1.8.0_161)"
36.111.32.232 - - [20/Mar/2026:01:14:50 -0300] "POST /xmlrpc.php HTTP/1.1" 200 416 "-" "Apache-HttpClient/4.5.2 (Java/1.8.0_151)"
14.18.90.195 - - [20/Mar/2026:01:14:50 -0300] "POST /xmlrpc.php HTTP/1.1" 200 416 "-" "Apache-HttpClient/4.5.2 (Java/1.8.0_161)"
14.18.90.195 - - [20/Mar/2026:01:14:54 -0300] "POST /xmlrpc.php HTTP/1.1" 200 416 "-" "Apache-HttpClient/4.5.2 (Java/1.8.0_161)"
36.111.32.232 - - [20/Mar/2026:01:14:54 -0300] "POST /xmlrpc.php HTTP/1.1" 200 416 "-" "Apache-HttpClient/4.5.2 (Java/1.8.0_151)"
36.111.32.232 - - [20/Mar/2026:01:14:57 -0300] "POST /xmlrpc.php HTTP/1.1" 200 416 "-" "Apache-HttpClient/4.5.2 (Java/1.8.0_151)"
14.18.90.195 - - [20/Mar/2026:01:14:57 -0300] "POST /xmlrpc.php HTTP/1.1" 200 416 "-" "Apache-HttpClient/4.5.2 (Java/1.8.0_161)"
36.111.32.232 - - [20/Mar/2026:01:15:00 -0300] "POST /xmlrpc.php HTTP/1.1" 200 416 "-" "Apache-HttpClient/4.5.2 (Java/1.8.0_151)"
14.18.90.195 - - [20/Mar/2026:01:15:00 -0300] "POST /xmlrpc.php HTTP/1.1" 200 416 "-" "Apache-HttpClient/4.5.2 (Java/1.8.0_161)"
14.18.90.195 - - [20/Mar/2026:01:15:03 -0300] "POST /xmlrpc.php HTTP/1.1" 200 416 "-" "Apache-HttpClient/4.5.2 (Java/1.8.0_161)"
14.18.90.195 - - [20/Mar/2026:01:15:05 -0300] "POST /xmlrpc.php HTTP/1.1" 200 416 "-" "Apache-HttpClient/4.5.2 (Java/1.8.0_161)"
14.18.90.195 - - [20/Mar/2026:01:15:06 -0300] "POST /xmlrpc.php HTTP/1.1" 200 416 "-" "Apache-HttpClient/4.5.2 (Java/1.8.0_161)"
36.111.32.232 - - [20/Mar/2026:01:15:07 -0300] "POST /xmlrpc.php HTTP/1.1" 200 416 "-" "Apache-HttpClient/4.5.2 (Java/1.8.0_151)"
14.18.90.195 - - [20/Mar/2026:01:15:07 -0300] "POST /xmlrpc.php HTTP/1.1" 200 416 "-" "Apache-HttpClient/4.5.2 (Java/1.8.0_161)"
14.18.90.195 - - [20/Mar/2026:01:15:08 -0300] "POST /xmlrpc.php HTTP/1.1" 200 416 "-" "Apache-HttpClient/4.5.2 (Java/1.8.0_161)"
36.111.32.232 - - [20/Mar/2026:01:15:09 -0300] "POST /xmlrpc.php HTTP/1.1" 200 416 "-" "Apache-HttpClient/4.5.2 (Java/1.8.0_151)"
14.18.90.195 - - [20/Mar/2026:01:15:09 -0300] "POST /xmlrpc.php HTTP/1.1" 200 416 "-" "Apache-HttpClient/4.5.2 (Java/1.8.0_161)"
36.111.32.232 - - [20/Mar/2026:01:15:10 -0300] "POST /xmlrpc.php HTTP/1.1" 200 416 "-" "Apache-HttpClient/4.5.2 (Java/1.8.0_151)"
14.18.90.195 - - [20/Mar/2026:01:15:10 -0300] "POST /xmlrpc.php HTTP/1.1" 200 416 "-" "Apache-HttpClient/4.5.2 (Java/1.8.0_161)"
36.111.32.232 - - [20/Mar/2026:01:15:11 -0300] "POST /xmlrpc.php HTTP/1.1" 200 416 "-" "Apache-HttpClient/4.5.2 (Java/1.8.0_151)"
36.111.32.232 - - [20/Mar/2026:01:15:12 -0300] "POST /xmlrpc.php HTTP/1.1" 200 416 "-" "Apache-HttpClient/4.5.2 (Java/1.8.0_151)"
36.111.32.232 - - [20/Mar/2026:01:15:14 -0300] "POST /xmlrpc.php HTTP/1.1" 200 416 "-" "Apache-HttpClient/4.5.2 (Java/1.8.0_151)"
14.18.90.195 - - [20/Mar/2026:01:15:14 -0300] "POST /xmlrpc.php HTTP/1.1" 200 416 "-" "Apache-HttpClient/4.5.2 (Java/1.8.0_161)"
162.240.153.75 - - [20/Mar/2026:01:15:19 -0300] "POST /wp-cron.php?doing_wp_cron=1773980119.1844921112060546875000 HTTP/1.1" 200 - "-" "WordPress/6.9.4; https://tarapaca.vsptdigital.cl"
14.18.90.195 - - [20/Mar/2026:01:15:17 -0300] "POST /xmlrpc.php HTTP/1.1" 200 416 "-" "Apache-HttpClient/4.5.2 (Java/1.8.0_161)"
14.18.90.195 - - [20/Mar/2026:01:15:19 -0300] "POST /xmlrpc.php HTTP/1.1" 200 416 "-" "Apache-HttpClient/4.5.2 (Java/1.8.0_161)"
