74.7.227.10 - - [19/Mar/2026:15:46:24 -0300] "GET /wp-json/oembed/1.0/embed?format=xml&url=https%3A%2F%2Ftarapaca.vsptdigital.cl%2F2025%2F12%2F26%2F334934%2F HTTP/1.1" 200 2313 "https://tarapaca.vsptdigital.cl/2025/12/26/334934/" "Mozilla/5.0 AppleWebKit/537.36 (KHTML, like Gecko; compatible; GPTBot/1.3; +https://openai.com/gptbot)"
130.51.20.151 - - [19/Mar/2026:15:46:34 -0300] "GET /2025/11/26/online-casino-free-bonuses-uncovering-the-21/ HTTP/1.1" 200 33558 "https://tarapaca.vsptdigital.cl/" "Mozilla/5.0 (Macintosh; Intel Mac OS X 12_5) AppleWebKit/537.36 (KHTML, like Gecko) Chrome/114.0.0.0 Safari/537.36"
130.51.20.151 - - [19/Mar/2026:15:46:35 -0300] "POST /wp-comments-post.php HTTP/1.1" 302 - "https://tarapaca.vsptdigital.cl/2025/11/26/online-casino-free-bonuses-uncovering-the-21/" "Mozilla/5.0 (Macintosh; Intel Mac OS X 12_5) AppleWebKit/537.36 (KHTML, like Gecko) Chrome/114.0.0.0 Safari/537.36"
130.51.20.151 - - [19/Mar/2026:15:46:36 -0300] "GET /2025/11/26/online-casino-free-bonuses-uncovering-the-21/?unapproved=21622&moderation-hash=a1f032f03c697a05ac04d815fbf552f3 HTTP/1.1" 200 35223 "https://tarapaca.vsptdigital.cl/wp-comments-post.php" "Mozilla/5.0 (Macintosh; Intel Mac OS X 12_5) AppleWebKit/537.36 (KHTML, like Gecko) Chrome/114.0.0.0 Safari/537.36"
130.51.20.151 - - [19/Mar/2026:15:46:37 -0300] "GET /2025/11/26/online-casino-free-bonuses-uncovering-the-21/ HTTP/1.1" 200 33558 "-" "Mozilla/5.0 (Macintosh; Intel Mac OS X 12_5) AppleWebKit/537.36 (KHTML, like Gecko) Chrome/114.0.0.0 Safari/537.36"
130.51.23.22 - - [19/Mar/2026:15:47:11 -0300] "GET /2025/11/26/online-casino-free-bonuses-uncovering-the-21/ HTTP/1.1" 200 33558 "-" "Mozilla/5.0 (Macintosh; Intel Mac OS X 12_5) AppleWebKit/537.36 (KHTML, like Gecko) Chrome/114.0.0.0 Safari/537.36"
162.240.153.75 - - [19/Mar/2026:15:47:48 -0300] "POST /wp-cron.php?doing_wp_cron=1773946068.0553429126739501953125 HTTP/1.1" 200 - "-" "WordPress/6.9.4; https://tarapaca.vsptdigital.cl"
23.229.17.35 - - [19/Mar/2026:15:47:46 -0300] "GET /2026/01/06/perspectiva-cientifica-sobre-el-uso-de-farmacos-en/ HTTP/1.1" 200 30663 "https://tarapaca.vsptdigital.cl/" "Mozilla/5.0 (X11; Ubuntu; Linux x86_64; rv:114.0) Gecko/20100101 Firefox/114.0"
23.229.17.35 - - [19/Mar/2026:15:47:53 -0300] "GET /wp-admin/admin-ajax.php HTTP/1.1" 400 1 "https://tarapaca.vsptdigital.cl/2026/01/06/perspectiva-cientifica-sobre-el-uso-de-farmacos-en/" "Mozilla/5.0 (Windows NT 6.3; Win64; x64) AppleWebKit/537.36 (KHTML, like Gecko) Chrome/103.0.0.0 Safari/537.36"
23.229.17.35 - - [19/Mar/2026:15:47:55 -0300] "GET /wp-admin/admin-ajax.php?action=register HTTP/1.1" 400 1 "https://tarapaca.vsptdigital.cl/wp-admin/admin-ajax.php" "Mozilla/5.0 (Windows NT 6.3; Win64; x64) AppleWebKit/537.36 (KHTML, like Gecko) Chrome/103.0.0.0 Safari/537.36"
23.229.17.35 - - [19/Mar/2026:15:47:57 -0300] "GET /2026/01/06/perspectiva-cientifica-sobre-el-uso-de-farmacos-en/ HTTP/1.1" 200 30663 "https://tarapaca.vsptdigital.cl/2026/01/06/perspectiva-cientifica-sobre-el-uso-de-farmacos-en/" "Mozilla/5.0 (Windows NT 6.3; Win64; x64) AppleWebKit/537.36 (KHTML, like Gecko) Chrome/103.0.0.0 Safari/537.36"
23.229.17.35 - - [19/Mar/2026:15:47:59 -0300] "GET /wp-includes/css/dist/block-library/style.min.css?ver=6.9.4 HTTP/1.1" 200 119358 "https://tarapaca.vsptdigital.cl/2026/01/06/perspectiva-cientifica-sobre-el-uso-de-farmacos-en/" "Mozilla/5.0 (Windows NT 10.0; Win64; x64) AppleWebKit/537.36 (KHTML, like Gecko) Chrome/143.0.0.0 Safari/537.36"
23.229.17.35 - - [19/Mar/2026:15:48:01 -0300] "GET /wp-content/plugins/contact-form-7/includes/css/styles.css?ver=5.9.3 HTTP/1.1" 200 2894 "https://tarapaca.vsptdigital.cl/2026/01/06/perspectiva-cientifica-sobre-el-uso-de-farmacos-en/" "Mozilla/5.0 (Windows NT 10.0; Win64; x64) AppleWebKit/537.36 (KHTML, like Gecko) Chrome/143.0.0.0 Safari/537.36"
23.229.17.35 - - [19/Mar/2026:15:48:03 -0300] "GET /wp-content/plugins/woocommerce/assets/css/woocommerce-layout.css?ver=8.7.2 HTTP/1.1" 200 17688 "https://tarapaca.vsptdigital.cl/2026/01/06/perspectiva-cientifica-sobre-el-uso-de-farmacos-en/" "Mozilla/5.0 (Windows NT 10.0; Win64; x64) AppleWebKit/537.36 (KHTML, like Gecko) Chrome/143.0.0.0 Safari/537.36"
23.229.17.35 - - [19/Mar/2026:15:48:04 -0300] "GET /wp-content/plugins/woocommerce/assets/css/woocommerce-smallscreen.css?ver=8.7.2 HTTP/1.1" 200 7043 "https://tarapaca.vsptdigital.cl/2026/01/06/perspectiva-cientifica-sobre-el-uso-de-farmacos-en/" "Mozilla/5.0 (Windows NT 10.0; Win64; x64) AppleWebKit/537.36 (KHTML, like Gecko) Chrome/143.0.0.0 Safari/537.36"
23.229.17.35 - - [19/Mar/2026:15:48:05 -0300] "GET /wp-content/plugins/woocommerce/assets/css/woocommerce.css?ver=8.7.2 HTTP/1.1" 200 77339 "https://tarapaca.vsptdigital.cl/2026/01/06/perspectiva-cientifica-sobre-el-uso-de-farmacos-en/" "Mozilla/5.0 (Windows NT 10.0; Win64; x64) AppleWebKit/537.36 (KHTML, like Gecko) Chrome/143.0.0.0 Safari/537.36"
23.229.17.35 - - [19/Mar/2026:15:48:07 -0300] "GET /wp-content/themes/hello-elementor/style.min.css?ver=2.9.0 HTTP/1.1" 200 5756 "https://tarapaca.vsptdigital.cl/2026/01/06/perspectiva-cientifica-sobre-el-uso-de-farmacos-en/" "Mozilla/5.0 (Windows NT 10.0; Win64; x64) AppleWebKit/537.36 (KHTML, like Gecko) Chrome/143.0.0.0 Safari/537.36"
23.229.17.35 - - [19/Mar/2026:15:48:08 -0300] "GET /wp-content/themes/hello-elementor/theme.min.css?ver=2.9.0 HTTP/1.1" 200 12439 "https://tarapaca.vsptdigital.cl/2026/01/06/perspectiva-cientifica-sobre-el-uso-de-farmacos-en/" "Mozilla/5.0 (Windows NT 10.0; Win64; x64) AppleWebKit/537.36 (KHTML, like Gecko) Chrome/143.0.0.0 Safari/537.36"
23.229.17.35 - - [19/Mar/2026:15:48:10 -0300] "GET /wp-content/plugins/elementor/assets/css/frontend-lite.min.css?ver=3.20.3 HTTP/1.1" 200 118630 "https://tarapaca.vsptdigital.cl/2026/01/06/perspectiva-cientifica-sobre-el-uso-de-farmacos-en/" "Mozilla/5.0 (Windows NT 10.0; Win64; x64) AppleWebKit/537.36 (KHTML, like Gecko) Chrome/143.0.0.0 Safari/537.36"
23.229.17.35 - - [19/Mar/2026:15:48:12 -0300] "GET /wp-content/uploads/elementor/css/post-5.css?ver=1705946908 HTTP/1.1" 200 1169 "https://tarapaca.vsptdigital.cl/2026/01/06/perspectiva-cientifica-sobre-el-uso-de-farmacos-en/" "Mozilla/5.0 (Windows NT 10.0; Win64; x64) AppleWebKit/537.36 (KHTML, like Gecko) Chrome/143.0.0.0 Safari/537.36"
23.229.17.35 - - [19/Mar/2026:15:48:13 -0300] "GET /wp-content/plugins/winwheel4wp/assets/winwheel4wp.css?ver=1669909447 HTTP/1.1" 200 4354 "https://tarapaca.vsptdigital.cl/2026/01/06/perspectiva-cientifica-sobre-el-uso-de-farmacos-en/" "Mozilla/5.0 (Windows NT 10.0; Win64; x64) AppleWebKit/537.36 (KHTML, like Gecko) Chrome/143.0.0.0 Safari/537.36"
23.229.17.35 - - [19/Mar/2026:15:48:15 -0300] "POST /wp-comments-post.php HTTP/1.1" 302 - "https://tarapaca.vsptdigital.cl/2026/01/06/perspectiva-cientifica-sobre-el-uso-de-farmacos-en/" "Mozilla/5.0 (Windows NT 6.3; Win64; x64) AppleWebKit/537.36 (KHTML, like Gecko) Chrome/103.0.0.0 Safari/537.36"
23.229.17.35 - - [19/Mar/2026:15:48:17 -0300] "GET /2026/01/06/perspectiva-cientifica-sobre-el-uso-de-farmacos-en/?unapproved=21623&moderation-hash=aeb01f201f0cbf48e7e12f4a75c0c38c HTTP/1.1" 200 32411 "https://tarapaca.vsptdigital.cl/wp-comments-post.php" "Mozilla/5.0 (Windows NT 6.3; Win64; x64) AppleWebKit/537.36 (KHTML, like Gecko) Chrome/103.0.0.0 Safari/537.36"
162.240.153.75 - - [19/Mar/2026:15:48:20 -0300] "POST /wp-cron.php?doing_wp_cron=1773946100.3363270759582519531250 HTTP/1.1" 200 - "-" "WordPress/6.9.4; https://tarapaca.vsptdigital.cl"
23.229.17.35 - - [19/Mar/2026:15:48:19 -0300] "GET /2026/01/06/perspectiva-cientifica-sobre-el-uso-de-farmacos-en/ HTTP/1.1" 200 30663 "-" "Mozilla/5.0 (compatible; Googlebot/2.1; +http://www.google.com/bot.html)"
162.240.153.75 - - [19/Mar/2026:15:49:23 -0300] "POST /wp-cron.php?doing_wp_cron=1773946163.3540260791778564453125 HTTP/1.1" 200 - "-" "WordPress/6.9.4; https://tarapaca.vsptdigital.cl"
130.51.20.151 - - [19/Mar/2026:15:49:22 -0300] "GET /2025/11/26/online-casino-free-bonuses-uncovering-the-21/ HTTP/1.1" 200 33558 "-" "Mozilla/5.0 (Macintosh; Intel Mac OS X 12_5) AppleWebKit/537.36 (KHTML, like Gecko) Chrome/114.0.0.0 Safari/537.36"
162.240.153.75 - - [19/Mar/2026:15:51:33 -0300] "POST /wp-cron.php?doing_wp_cron=1773946293.8106350898742675781250 HTTP/1.1" 200 - "-" "WordPress/6.9.4; https://tarapaca.vsptdigital.cl"
49.51.73.183 - - [19/Mar/2026:15:51:32 -0300] "GET /2026/03/19/la-tecnologia-que-transforma-la-experiencia-del/ HTTP/1.1" 200 30650 "-" "Mozilla/5.0 (iPhone; CPU iPhone OS 13_2_3 like Mac OS X) AppleWebKit/605.1.15 (KHTML, like Gecko) Version/13.0.3 Mobile/15E148 Safari/604.1"
162.240.153.75 - - [19/Mar/2026:15:59:40 -0300] "POST /wp-cron.php?doing_wp_cron=1773946780.2595028877258300781250 HTTP/1.1" 200 - "-" "WordPress/6.9.4; https://tarapaca.vsptdigital.cl"
212.34.139.201 - - [19/Mar/2026:15:59:38 -0300] "GET /2025/12/28/casino-utan-svensk-licens-en-omfattande-guide-till/ HTTP/1.1" 200 32077 "-" "Mozilla/5.0 (Macintosh; Intel Mac OS X 12_5) AppleWebKit/537.36 (KHTML, like Gecko) Chrome/114.0.0.0 Safari/537.36"
178.159.37.16 - - [19/Mar/2026:15:59:56 -0300] "GET /2025/12/19/speelhal-met-beperkte-storting-de-complete-9/ HTTP/1.1" 200 32096 "https://tarapaca.vsptdigital.cl/" "Mozilla/5.0 (Windows NT 10.0; WOW64) AppleWebKit/537.36 (KHTML, like Gecko) Chrome/114.0.0.0 Safari/537.36"
5.38.0.92 - - [19/Mar/2026:16:00:03 -0300] "GET /wp-includes/css/dist/block-library/style.min.css?ver=6.9.4 HTTP/1.1" 200 119358 "https://tarapaca.vsptdigital.cl/2025/12/19/speelhal-met-beperkte-storting-de-complete-9/" "Mozilla/5.0 (Windows NT 10.0; Win64; x64) AppleWebKit/537.36 (KHTML, like Gecko) Chrome/143.0.0.0 Safari/537.36"
38.51.236.67 - - [19/Mar/2026:16:00:09 -0300] "GET /wp-content/plugins/contact-form-7/includes/css/styles.css?ver=5.9.3 HTTP/1.1" 200 2894 "https://tarapaca.vsptdigital.cl/2025/12/19/speelhal-met-beperkte-storting-de-complete-9/" "Mozilla/5.0 (Windows NT 10.0; Win64; x64) AppleWebKit/537.36 (KHTML, like Gecko) Chrome/143.0.0.0 Safari/537.36"
167.62.91.153 - - [19/Mar/2026:16:00:12 -0300] "GET /wp-content/plugins/woocommerce/assets/css/woocommerce-layout.css?ver=8.7.2 HTTP/1.1" 200 17688 "https://tarapaca.vsptdigital.cl/2025/12/19/speelhal-met-beperkte-storting-de-complete-9/" "Mozilla/5.0 (Windows NT 10.0; Win64; x64) AppleWebKit/537.36 (KHTML, like Gecko) Chrome/143.0.0.0 Safari/537.36"
178.159.110.14 - - [19/Mar/2026:16:00:13 -0300] "GET /wp-content/plugins/woocommerce/assets/css/woocommerce-smallscreen.css?ver=8.7.2 HTTP/1.1" 200 7043 "https://tarapaca.vsptdigital.cl/2025/12/19/speelhal-met-beperkte-storting-de-complete-9/" "Mozilla/5.0 (Windows NT 10.0; Win64; x64) AppleWebKit/537.36 (KHTML, like Gecko) Chrome/143.0.0.0 Safari/537.36"
176.222.62.170 - - [19/Mar/2026:16:00:15 -0300] "GET /wp-content/plugins/woocommerce/assets/css/woocommerce.css?ver=8.7.2 HTTP/1.1" 200 77339 "https://tarapaca.vsptdigital.cl/2025/12/19/speelhal-met-beperkte-storting-de-complete-9/" "Mozilla/5.0 (Windows NT 10.0; Win64; x64) AppleWebKit/537.36 (KHTML, like Gecko) Chrome/143.0.0.0 Safari/537.36"
150.228.135.25 - - [19/Mar/2026:16:00:17 -0300] "GET /wp-content/themes/hello-elementor/style.min.css?ver=2.9.0 HTTP/1.1" 200 5756 "https://tarapaca.vsptdigital.cl/2025/12/19/speelhal-met-beperkte-storting-de-complete-9/" "Mozilla/5.0 (Windows NT 10.0; Win64; x64) AppleWebKit/537.36 (KHTML, like Gecko) Chrome/143.0.0.0 Safari/537.36"
45.236.124.200 - - [19/Mar/2026:16:00:19 -0300] "GET /wp-content/themes/hello-elementor/theme.min.css?ver=2.9.0 HTTP/1.1" 200 12439 "https://tarapaca.vsptdigital.cl/2025/12/19/speelhal-met-beperkte-storting-de-complete-9/" "Mozilla/5.0 (Windows NT 10.0; Win64; x64) AppleWebKit/537.36 (KHTML, like Gecko) Chrome/143.0.0.0 Safari/537.36"
94.59.69.61 - - [19/Mar/2026:16:00:20 -0300] "GET /wp-content/plugins/elementor/assets/css/frontend-lite.min.css?ver=3.20.3 HTTP/1.1" 200 118630 "https://tarapaca.vsptdigital.cl/2025/12/19/speelhal-met-beperkte-storting-de-complete-9/" "Mozilla/5.0 (Windows NT 10.0; Win64; x64) AppleWebKit/537.36 (KHTML, like Gecko) Chrome/143.0.0.0 Safari/537.36"
160.20.185.117 - - [19/Mar/2026:16:00:23 -0300] "GET /wp-content/uploads/elementor/css/post-5.css?ver=1705946908 HTTP/1.1" 200 1169 "https://tarapaca.vsptdigital.cl/2025/12/19/speelhal-met-beperkte-storting-de-complete-9/" "Mozilla/5.0 (Windows NT 10.0; Win64; x64) AppleWebKit/537.36 (KHTML, like Gecko) Chrome/143.0.0.0 Safari/537.36"
175.143.114.72 - - [19/Mar/2026:16:00:25 -0300] "GET /wp-content/plugins/winwheel4wp/assets/winwheel4wp.css?ver=1669909447 HTTP/1.1" 200 4354 "https://tarapaca.vsptdigital.cl/2025/12/19/speelhal-met-beperkte-storting-de-complete-9/" "Mozilla/5.0 (Windows NT 10.0; Win64; x64) AppleWebKit/537.36 (KHTML, like Gecko) Chrome/143.0.0.0 Safari/537.36"
162.240.153.75 - - [19/Mar/2026:16:00:30 -0300] "POST /wp-cron.php?doing_wp_cron=1773946830.7077770233154296875000 HTTP/1.1" 200 - "-" "WordPress/6.9.4; https://tarapaca.vsptdigital.cl"
177.10.61.215 - - [19/Mar/2026:16:00:29 -0300] "POST /wp-comments-post.php HTTP/1.1" 302 - "https://tarapaca.vsptdigital.cl/2025/12/19/speelhal-met-beperkte-storting-de-complete-9/" "Mozilla/5.0 (Windows NT 10.0; WOW64) AppleWebKit/537.36 (KHTML, like Gecko) Chrome/114.0.0.0 Safari/537.36"
180.247.59.11 - - [19/Mar/2026:16:00:32 -0300] "GET /2025/12/19/speelhal-met-beperkte-storting-de-complete-9/?unapproved=21624&moderation-hash=daa3f1ef997ffe274f12bd29619c2492 HTTP/1.1" 200 33639 "https://tarapaca.vsptdigital.cl/wp-comments-post.php" "Mozilla/5.0 (Windows NT 10.0; WOW64) AppleWebKit/537.36 (KHTML, like Gecko) Chrome/114.0.0.0 Safari/537.36"
178.159.37.16 - - [19/Mar/2026:16:00:34 -0300] "GET /2025/12/19/speelhal-met-beperkte-storting-de-complete-9/ HTTP/1.1" 200 32096 "-" "Mozilla/5.0 (Windows NT 10.0; WOW64) AppleWebKit/537.36 (KHTML, like Gecko) Chrome/114.0.0.0 Safari/537.36"
162.240.153.75 - - [19/Mar/2026:16:02:12 -0300] "POST /wp-cron.php?doing_wp_cron=1773946932.7501471042633056640625 HTTP/1.1" 200 - "-" "WordPress/6.9.4; https://tarapaca.vsptdigital.cl"
194.34.248.83 - - [19/Mar/2026:16:02:11 -0300] "GET /2026/01/24/building-trust-the-transparent-casino-platform-3/ HTTP/1.1" 200 33843 "-" "Mozilla/5.0 (Macintosh; Intel Mac OS X 12_5) AppleWebKit/537.36 (KHTML, like Gecko) Chrome/114.0.0.0 Safari/537.36"
162.240.153.75 - - [19/Mar/2026:16:02:18 -0300] "POST /wp-cron.php?doing_wp_cron=1773946938.6705889701843261718750 HTTP/1.1" 200 - "-" "WordPress/6.9.4; https://tarapaca.vsptdigital.cl"
43.165.65.180 - - [19/Mar/2026:16:02:00 -0300] "GET /2026/03/19/yuksk-mblli-oyunlarda-bc-game-il-uur-qazanman/feed/ HTTP/1.1" 200 907 "-" "Mozilla/5.0 (iPhone; CPU iPhone OS 13_2_3 like Mac OS X) AppleWebKit/605.1.15 (KHTML, like Gecko) Version/13.0.3 Mobile/15E148 Safari/604.1"
171.22.36.58 - - [19/Mar/2026:16:03:10 -0300] "GET /2026/01/31/peptid-melanotan-2-jak-na-to-a-co-o-nem-vedet/ HTTP/1.1" 200 26192 "-" "GuzzleHttp/7"
162.240.153.75 - - [19/Mar/2026:16:04:30 -0300] "POST /wp-cron.php?doing_wp_cron=1773947070.9079010486602783203125 HTTP/1.1" 200 - "-" "WordPress/6.9.4; https://tarapaca.vsptdigital.cl"
178.159.37.16 - - [19/Mar/2026:16:04:29 -0300] "GET /2025/12/19/speelhal-met-beperkte-storting-de-complete-9/ HTTP/1.1" 200 32096 "-" "Mozilla/5.0 (Macintosh; Intel Mac OS X 12_5) AppleWebKit/537.36 (KHTML, like Gecko) Chrome/114.0.0.0 Safari/537.36"
216.73.216.40 - - [19/Mar/2026:16:07:58 -0300] "GET /robots.txt HTTP/1.1" 200 1916 "-" "Mozilla/5.0 AppleWebKit/537.36 (KHTML, like Gecko; compatible; ClaudeBot/1.0; +claudebot@anthropic.com)"
162.240.153.75 - - [19/Mar/2026:16:08:03 -0300] "POST /wp-cron.php?doing_wp_cron=1773947283.8920838832855224609375 HTTP/1.1" 200 - "-" "WordPress/6.9.4; https://tarapaca.vsptdigital.cl"
216.73.216.40 - - [19/Mar/2026:16:07:58 -0300] "GET / HTTP/1.1" 200 29601 "-" "Mozilla/5.0 AppleWebKit/537.36 (KHTML, like Gecko; compatible; ClaudeBot/1.0; +claudebot@anthropic.com)"
162.240.153.75 - - [19/Mar/2026:16:09:05 -0300] "POST /wp-cron.php?doing_wp_cron=1773947345.2301061153411865234375 HTTP/1.1" 200 - "-" "WordPress/6.9.4; https://tarapaca.vsptdigital.cl"
103.211.19.32 - - [19/Mar/2026:16:09:04 -0300] "GET /2026/01/25/basta-utlandska-casino-en-guide-till-de-basta-55-2/ HTTP/1.1" 200 32709 "https://tarapaca.vsptdigital.cl/" "Mozilla/5.0 (Macintosh; Intel Mac OS X 12_5) AppleWebKit/605.1.15 (KHTML, like Gecko) Version/15.4 Safari/605.1.15"
103.211.19.32 - - [19/Mar/2026:16:09:06 -0300] "GET /wp-includes/css/dist/block-library/style.min.css?ver=6.9.4 HTTP/1.1" 200 119358 "https://tarapaca.vsptdigital.cl/2026/01/25/basta-utlandska-casino-en-guide-till-de-basta-55-2/" "Mozilla/5.0 (Windows NT 10.0; Win64; x64) AppleWebKit/537.36 (KHTML, like Gecko) Chrome/143.0.0.0 Safari/537.36"
103.211.19.32 - - [19/Mar/2026:16:09:08 -0300] "GET /wp-content/plugins/contact-form-7/includes/css/styles.css?ver=5.9.3 HTTP/1.1" 200 2894 "https://tarapaca.vsptdigital.cl/2026/01/25/basta-utlandska-casino-en-guide-till-de-basta-55-2/" "Mozilla/5.0 (Windows NT 10.0; Win64; x64) AppleWebKit/537.36 (KHTML, like Gecko) Chrome/143.0.0.0 Safari/537.36"
103.211.19.32 - - [19/Mar/2026:16:09:09 -0300] "GET /wp-content/plugins/woocommerce/assets/css/woocommerce-layout.css?ver=8.7.2 HTTP/1.1" 200 17688 "https://tarapaca.vsptdigital.cl/2026/01/25/basta-utlandska-casino-en-guide-till-de-basta-55-2/" "Mozilla/5.0 (Windows NT 10.0; Win64; x64) AppleWebKit/537.36 (KHTML, like Gecko) Chrome/143.0.0.0 Safari/537.36"
103.211.19.32 - - [19/Mar/2026:16:09:10 -0300] "GET /wp-content/plugins/woocommerce/assets/css/woocommerce-smallscreen.css?ver=8.7.2 HTTP/1.1" 200 7043 "https://tarapaca.vsptdigital.cl/2026/01/25/basta-utlandska-casino-en-guide-till-de-basta-55-2/" "Mozilla/5.0 (Windows NT 10.0; Win64; x64) AppleWebKit/537.36 (KHTML, like Gecko) Chrome/143.0.0.0 Safari/537.36"
103.211.19.32 - - [19/Mar/2026:16:09:11 -0300] "GET /wp-content/plugins/woocommerce/assets/css/woocommerce.css?ver=8.7.2 HTTP/1.1" 200 77339 "https://tarapaca.vsptdigital.cl/2026/01/25/basta-utlandska-casino-en-guide-till-de-basta-55-2/" "Mozilla/5.0 (Windows NT 10.0; Win64; x64) AppleWebKit/537.36 (KHTML, like Gecko) Chrome/143.0.0.0 Safari/537.36"
103.211.19.32 - - [19/Mar/2026:16:09:12 -0300] "GET /wp-content/themes/hello-elementor/style.min.css?ver=2.9.0 HTTP/1.1" 200 5756 "https://tarapaca.vsptdigital.cl/2026/01/25/basta-utlandska-casino-en-guide-till-de-basta-55-2/" "Mozilla/5.0 (Windows NT 10.0; Win64; x64) AppleWebKit/537.36 (KHTML, like Gecko) Chrome/143.0.0.0 Safari/537.36"
103.211.19.32 - - [19/Mar/2026:16:09:13 -0300] "GET /wp-content/themes/hello-elementor/theme.min.css?ver=2.9.0 HTTP/1.1" 200 12439 "https://tarapaca.vsptdigital.cl/2026/01/25/basta-utlandska-casino-en-guide-till-de-basta-55-2/" "Mozilla/5.0 (Windows NT 10.0; Win64; x64) AppleWebKit/537.36 (KHTML, like Gecko) Chrome/143.0.0.0 Safari/537.36"
103.211.19.32 - - [19/Mar/2026:16:09:14 -0300] "GET /wp-content/plugins/elementor/assets/css/frontend-lite.min.css?ver=3.20.3 HTTP/1.1" 200 118630 "https://tarapaca.vsptdigital.cl/2026/01/25/basta-utlandska-casino-en-guide-till-de-basta-55-2/" "Mozilla/5.0 (Windows NT 10.0; Win64; x64) AppleWebKit/537.36 (KHTML, like Gecko) Chrome/143.0.0.0 Safari/537.36"
103.211.19.32 - - [19/Mar/2026:16:09:16 -0300] "GET /wp-content/uploads/elementor/css/post-5.css?ver=1705946908 HTTP/1.1" 200 1169 "https://tarapaca.vsptdigital.cl/2026/01/25/basta-utlandska-casino-en-guide-till-de-basta-55-2/" "Mozilla/5.0 (Windows NT 10.0; Win64; x64) AppleWebKit/537.36 (KHTML, like Gecko) Chrome/143.0.0.0 Safari/537.36"
103.211.19.32 - - [19/Mar/2026:16:09:17 -0300] "GET /wp-content/plugins/winwheel4wp/assets/winwheel4wp.css?ver=1669909447 HTTP/1.1" 200 4354 "https://tarapaca.vsptdigital.cl/2026/01/25/basta-utlandska-casino-en-guide-till-de-basta-55-2/" "Mozilla/5.0 (Windows NT 10.0; Win64; x64) AppleWebKit/537.36 (KHTML, like Gecko) Chrome/143.0.0.0 Safari/537.36"
103.211.19.32 - - [19/Mar/2026:16:09:18 -0300] "POST /wp-comments-post.php HTTP/1.1" 302 - "https://tarapaca.vsptdigital.cl/2026/01/25/basta-utlandska-casino-en-guide-till-de-basta-55-2/" "Mozilla/5.0 (Macintosh; Intel Mac OS X 12_5) AppleWebKit/605.1.15 (KHTML, like Gecko) Version/15.4 Safari/605.1.15"
162.240.153.75 - - [19/Mar/2026:16:09:21 -0300] "POST /wp-cron.php?doing_wp_cron=1773947361.4585878849029541015625 HTTP/1.1" 200 - "-" "WordPress/6.9.4; https://tarapaca.vsptdigital.cl"
103.211.19.32 - - [19/Mar/2026:16:09:20 -0300] "GET /2026/01/25/basta-utlandska-casino-en-guide-till-de-basta-55-2/?unapproved=21625&moderation-hash=26ddd8f6edcb543efe40cc2a7a8ff707 HTTP/1.1" 200 34298 "https://tarapaca.vsptdigital.cl/wp-comments-post.php" "Mozilla/5.0 (Macintosh; Intel Mac OS X 12_5) AppleWebKit/605.1.15 (KHTML, like Gecko) Version/15.4 Safari/605.1.15"
103.211.19.32 - - [19/Mar/2026:16:09:22 -0300] "GET /2026/01/25/basta-utlandska-casino-en-guide-till-de-basta-55-2/ HTTP/1.1" 200 32709 "-" "Mozilla/5.0 (Macintosh; Intel Mac OS X 12_5) AppleWebKit/605.1.15 (KHTML, like Gecko) Version/15.4 Safari/605.1.15"
162.240.153.75 - - [19/Mar/2026:16:10:47 -0300] "POST /wp-cron.php?doing_wp_cron=1773947447.8922390937805175781250 HTTP/1.1" 200 - "-" "WordPress/6.9.4; https://tarapaca.vsptdigital.cl"
103.211.19.32 - - [19/Mar/2026:16:10:46 -0300] "GET /2026/01/25/basta-utlandska-casino-en-guide-till-de-basta-55-2/ HTTP/1.1" 200 32709 "-" "Mozilla/5.0 (Macintosh; Intel Mac OS X 12_5) AppleWebKit/537.36 (KHTML, like Gecko) Chrome/114.0.0.0 Safari/537.36 Edg/114.0.1264.71"
107.152.46.79 - - [19/Mar/2026:16:11:17 -0300] "GET /2025/11/26/online-casino-free-bonuses-uncovering-the-21/ HTTP/1.1" 200 33558 "https://tarapaca.vsptdigital.cl/" "Mozilla/5.0 (X11; Ubuntu; Linux x86_64; rv:114.0) Gecko/20100101 Firefox/114.0"
107.152.46.79 - - [19/Mar/2026:16:11:25 -0300] "GET /wp-includes/css/dist/block-library/style.min.css?ver=6.9.4 HTTP/1.1" 200 119358 "https://tarapaca.vsptdigital.cl/2025/11/26/online-casino-free-bonuses-uncovering-the-21/" "Mozilla/5.0 (Windows NT 10.0; Win64; x64) AppleWebKit/537.36 (KHTML, like Gecko) Chrome/143.0.0.0 Safari/537.36"
107.152.46.79 - - [19/Mar/2026:16:11:40 -0300] "GET /wp-content/plugins/contact-form-7/includes/css/styles.css?ver=5.9.3 HTTP/1.1" 200 2894 "https://tarapaca.vsptdigital.cl/2025/11/26/online-casino-free-bonuses-uncovering-the-21/" "Mozilla/5.0 (Windows NT 10.0; Win64; x64) AppleWebKit/537.36 (KHTML, like Gecko) Chrome/143.0.0.0 Safari/537.36"
107.152.46.79 - - [19/Mar/2026:16:11:51 -0300] "GET /wp-content/plugins/woocommerce/assets/css/woocommerce-layout.css?ver=8.7.2 HTTP/1.1" 200 17688 "https://tarapaca.vsptdigital.cl/2025/11/26/online-casino-free-bonuses-uncovering-the-21/" "Mozilla/5.0 (Windows NT 10.0; Win64; x64) AppleWebKit/537.36 (KHTML, like Gecko) Chrome/143.0.0.0 Safari/537.36"
107.152.46.79 - - [19/Mar/2026:16:12:01 -0300] "GET /wp-content/plugins/woocommerce/assets/css/woocommerce-smallscreen.css?ver=8.7.2 HTTP/1.1" 200 7043 "https://tarapaca.vsptdigital.cl/2025/11/26/online-casino-free-bonuses-uncovering-the-21/" "Mozilla/5.0 (Windows NT 10.0; Win64; x64) AppleWebKit/537.36 (KHTML, like Gecko) Chrome/143.0.0.0 Safari/537.36"
107.152.46.79 - - [19/Mar/2026:16:12:09 -0300] "GET /wp-content/plugins/woocommerce/assets/css/woocommerce.css?ver=8.7.2 HTTP/1.1" 200 77339 "https://tarapaca.vsptdigital.cl/2025/11/26/online-casino-free-bonuses-uncovering-the-21/" "Mozilla/5.0 (Windows NT 10.0; Win64; x64) AppleWebKit/537.36 (KHTML, like Gecko) Chrome/143.0.0.0 Safari/537.36"
107.152.46.79 - - [19/Mar/2026:16:12:22 -0300] "GET /wp-content/themes/hello-elementor/style.min.css?ver=2.9.0 HTTP/1.1" 200 5756 "https://tarapaca.vsptdigital.cl/2025/11/26/online-casino-free-bonuses-uncovering-the-21/" "Mozilla/5.0 (Windows NT 10.0; Win64; x64) AppleWebKit/537.36 (KHTML, like Gecko) Chrome/143.0.0.0 Safari/537.36"
107.152.46.79 - - [19/Mar/2026:16:12:29 -0300] "GET /wp-content/themes/hello-elementor/theme.min.css?ver=2.9.0 HTTP/1.1" 200 12439 "https://tarapaca.vsptdigital.cl/2025/11/26/online-casino-free-bonuses-uncovering-the-21/" "Mozilla/5.0 (Windows NT 10.0; Win64; x64) AppleWebKit/537.36 (KHTML, like Gecko) Chrome/143.0.0.0 Safari/537.36"
107.152.46.79 - - [19/Mar/2026:16:12:38 -0300] "GET /wp-content/plugins/elementor/assets/css/frontend-lite.min.css?ver=3.20.3 HTTP/1.1" 200 118630 "https://tarapaca.vsptdigital.cl/2025/11/26/online-casino-free-bonuses-uncovering-the-21/" "Mozilla/5.0 (Windows NT 10.0; Win64; x64) AppleWebKit/537.36 (KHTML, like Gecko) Chrome/143.0.0.0 Safari/537.36"
107.152.46.79 - - [19/Mar/2026:16:12:51 -0300] "GET /wp-content/uploads/elementor/css/post-5.css?ver=1705946908 HTTP/1.1" 200 1169 "https://tarapaca.vsptdigital.cl/2025/11/26/online-casino-free-bonuses-uncovering-the-21/" "Mozilla/5.0 (Windows NT 10.0; Win64; x64) AppleWebKit/537.36 (KHTML, like Gecko) Chrome/143.0.0.0 Safari/537.36"
107.152.46.79 - - [19/Mar/2026:16:13:01 -0300] "GET /wp-content/plugins/winwheel4wp/assets/winwheel4wp.css?ver=1669909447 HTTP/1.1" 200 4354 "https://tarapaca.vsptdigital.cl/2025/11/26/online-casino-free-bonuses-uncovering-the-21/" "Mozilla/5.0 (Windows NT 10.0; Win64; x64) AppleWebKit/537.36 (KHTML, like Gecko) Chrome/143.0.0.0 Safari/537.36"
162.240.153.75 - - [19/Mar/2026:16:13:10 -0300] "POST /wp-cron.php?doing_wp_cron=1773947590.5098628997802734375000 HTTP/1.1" 200 - "-" "WordPress/6.9.4; https://tarapaca.vsptdigital.cl"
107.152.46.79 - - [19/Mar/2026:16:13:09 -0300] "POST /wp-comments-post.php HTTP/1.1" 302 - "https://tarapaca.vsptdigital.cl/2025/11/26/online-casino-free-bonuses-uncovering-the-21/" "Mozilla/5.0 (X11; Ubuntu; Linux x86_64; rv:114.0) Gecko/20100101 Firefox/114.0"
107.152.46.79 - - [19/Mar/2026:16:13:10 -0300] "GET /2025/11/26/online-casino-free-bonuses-uncovering-the-21/?unapproved=21626&moderation-hash=56c3d1876d4856c691072509b5a97560 HTTP/1.1" 200 35325 "https://tarapaca.vsptdigital.cl/wp-comments-post.php" "Mozilla/5.0 (X11; Ubuntu; Linux x86_64; rv:114.0) Gecko/20100101 Firefox/114.0"
107.152.46.79 - - [19/Mar/2026:16:13:13 -0300] "GET /2025/11/26/online-casino-free-bonuses-uncovering-the-21/ HTTP/1.1" 200 33558 "-" "Mozilla/5.0 (compatible; Googlebot/2.1; +http://www.google.com/bot.html)"
162.240.153.75 - - [19/Mar/2026:16:14:10 -0300] "POST /wp-cron.php?doing_wp_cron=1773947650.0817270278930664062500 HTTP/1.1" 200 - "-" "WordPress/6.9.4; https://tarapaca.vsptdigital.cl"
89.38.224.229 - - [19/Mar/2026:16:14:08 -0300] "POST /xmlrpc.php HTTP/1.1" 200 416 "-" "Mozilla/5.0 (Windows NT 10.0; Win64; x64) AppleWebKit/537.36 (KHTML, like Gecko) Chrome/114.0.0.0 Safari/537.36"
89.38.224.229 - - [19/Mar/2026:16:14:12 -0300] "POST /xmlrpc.php HTTP/1.1" 200 416 "-" "Mozilla/5.0 (Windows NT 10.0; Win64; x64) AppleWebKit/537.36 (KHTML, like Gecko) Chrome/114.0.0.0 Safari/537.36"
162.240.153.75 - - [19/Mar/2026:16:15:29 -0300] "POST /wp-cron.php?doing_wp_cron=1773947729.0634660720825195312500 HTTP/1.1" 200 - "-" "WordPress/6.9.4; https://tarapaca.vsptdigital.cl"
171.234.8.189 - - [19/Mar/2026:16:15:27 -0300] "GET /2026/01/06/mastering-bonuses-a-comprehensive-guide-on-how-to/ HTTP/1.1" 200 32880 "https://tarapaca.vsptdigital.cl/" "Mozilla/5.0 (X11; Linux i686) AppleWebKit/537.36 (KHTML, like Gecko) Chrome/114.0.0.0 Safari/537.36 Vivaldi/5.3.2679.68"
103.211.19.32 - - [19/Mar/2026:16:15:44 -0300] "GET /2025/11/26/online-casino-free-bonuses-uncovering-the-21/ HTTP/1.1" 200 33558 "-" "Mozilla/5.0 (Macintosh; Intel Mac OS X 12_5) AppleWebKit/537.36 (KHTML, like Gecko) Chrome/114.0.0.0 Safari/537.36 Edg/114.0.1264.71"
171.234.8.189 - - [19/Mar/2026:16:16:00 -0300] "GET /wp-content/plugins/woocommerce/assets/css/woocommerce-layout.css?ver=8.7.2 HTTP/1.1" 200 17688 "https://tarapaca.vsptdigital.cl/2026/01/06/mastering-bonuses-a-comprehensive-guide-on-how-to/" "Mozilla/5.0 (Windows NT 10.0; Win64; x64) AppleWebKit/537.36 (KHTML, like Gecko) Chrome/143.0.0.0 Safari/537.36"
171.234.8.189 - - [19/Mar/2026:16:16:16 -0300] "GET /wp-content/plugins/woocommerce/assets/css/woocommerce.css?ver=8.7.2 HTTP/1.1" 200 77339 "https://tarapaca.vsptdigital.cl/2026/01/06/mastering-bonuses-a-comprehensive-guide-on-how-to/" "Mozilla/5.0 (Windows NT 10.0; Win64; x64) AppleWebKit/537.36 (KHTML, like Gecko) Chrome/143.0.0.0 Safari/537.36"
171.234.8.189 - - [19/Mar/2026:16:16:17 -0300] "GET /wp-content/themes/hello-elementor/style.min.css?ver=2.9.0 HTTP/1.1" 200 5756 "https://tarapaca.vsptdigital.cl/2026/01/06/mastering-bonuses-a-comprehensive-guide-on-how-to/" "Mozilla/5.0 (Windows NT 10.0; Win64; x64) AppleWebKit/537.36 (KHTML, like Gecko) Chrome/143.0.0.0 Safari/537.36"
171.234.8.189 - - [19/Mar/2026:16:16:18 -0300] "GET /wp-content/themes/hello-elementor/theme.min.css?ver=2.9.0 HTTP/1.1" 200 12439 "https://tarapaca.vsptdigital.cl/2026/01/06/mastering-bonuses-a-comprehensive-guide-on-how-to/" "Mozilla/5.0 (Windows NT 10.0; Win64; x64) AppleWebKit/537.36 (KHTML, like Gecko) Chrome/143.0.0.0 Safari/537.36"
171.234.8.189 - - [19/Mar/2026:16:16:19 -0300] "GET /wp-content/plugins/elementor/assets/css/frontend-lite.min.css?ver=3.20.3 HTTP/1.1" 200 118630 "https://tarapaca.vsptdigital.cl/2026/01/06/mastering-bonuses-a-comprehensive-guide-on-how-to/" "Mozilla/5.0 (Windows NT 10.0; Win64; x64) AppleWebKit/537.36 (KHTML, like Gecko) Chrome/143.0.0.0 Safari/537.36"
171.234.8.189 - - [19/Mar/2026:16:16:28 -0300] "GET /wp-content/uploads/elementor/css/post-5.css?ver=1705946908 HTTP/1.1" 200 1169 "https://tarapaca.vsptdigital.cl/2026/01/06/mastering-bonuses-a-comprehensive-guide-on-how-to/" "Mozilla/5.0 (Windows NT 10.0; Win64; x64) AppleWebKit/537.36 (KHTML, like Gecko) Chrome/143.0.0.0 Safari/537.36"
171.234.8.189 - - [19/Mar/2026:16:16:29 -0300] "GET /wp-content/plugins/winwheel4wp/assets/winwheel4wp.css?ver=1669909447 HTTP/1.1" 200 4354 "https://tarapaca.vsptdigital.cl/2026/01/06/mastering-bonuses-a-comprehensive-guide-on-how-to/" "Mozilla/5.0 (Windows NT 10.0; Win64; x64) AppleWebKit/537.36 (KHTML, like Gecko) Chrome/143.0.0.0 Safari/537.36"
162.240.153.75 - - [19/Mar/2026:16:16:33 -0300] "POST /wp-cron.php?doing_wp_cron=1773947793.1399281024932861328125 HTTP/1.1" 200 - "-" "WordPress/6.9.4; https://tarapaca.vsptdigital.cl"
171.234.8.189 - - [19/Mar/2026:16:16:31 -0300] "POST /wp-comments-post.php HTTP/1.1" 302 - "https://tarapaca.vsptdigital.cl/2026/01/06/mastering-bonuses-a-comprehensive-guide-on-how-to/" "Mozilla/5.0 (X11; Linux i686) AppleWebKit/537.36 (KHTML, like Gecko) Chrome/114.0.0.0 Safari/537.36 Vivaldi/5.3.2679.68"
171.234.8.189 - - [19/Mar/2026:16:16:34 -0300] "GET /2026/01/06/mastering-bonuses-a-comprehensive-guide-on-how-to/?unapproved=21627&moderation-hash=bedf5b1bb5230bebdf36fecf087af0d2 HTTP/1.1" 200 60468 "https://tarapaca.vsptdigital.cl/wp-comments-post.php" "Mozilla/5.0 (X11; Linux i686) AppleWebKit/537.36 (KHTML, like Gecko) Chrome/114.0.0.0 Safari/537.36 Vivaldi/5.3.2679.68"
171.234.8.189 - - [19/Mar/2026:16:16:35 -0300] "GET /2026/01/06/mastering-bonuses-a-comprehensive-guide-on-how-to/ HTTP/1.1" 200 32880 "-" "Mozilla/5.0 (X11; Linux i686) AppleWebKit/537.36 (KHTML, like Gecko) Chrome/114.0.0.0 Safari/537.36 Vivaldi/5.3.2679.68"
162.240.153.75 - - [19/Mar/2026:16:18:18 -0300] "POST /wp-cron.php?doing_wp_cron=1773947898.2634758949279785156250 HTTP/1.1" 200 - "-" "WordPress/6.9.4; https://tarapaca.vsptdigital.cl"
107.152.46.79 - - [19/Mar/2026:16:18:16 -0300] "GET /2025/11/26/online-casino-free-bonuses-uncovering-the-21/ HTTP/1.1" 200 33558 "-" "Mozilla/5.0 (compatible; Googlebot/2.1; +http://www.google.com/bot.html)"
162.240.153.75 - - [19/Mar/2026:16:18:24 -0300] "POST /wp-cron.php?doing_wp_cron=1773947904.4273629188537597656250 HTTP/1.1" 200 - "-" "WordPress/6.9.4; https://tarapaca.vsptdigital.cl"
138.59.207.46 - - [19/Mar/2026:16:18:22 -0300] "GET /2026/01/06/perspectiva-cientifica-sobre-el-uso-de-farmacos-en/ HTTP/1.1" 200 30663 "-" "Mozilla/5.0 (compatible; Googlebot/2.1; +http://www.google.com/bot.html)"
171.234.8.189 - - [19/Mar/2026:16:19:10 -0300] "GET /2026/01/06/mastering-bonuses-a-comprehensive-guide-on-how-to/ HTTP/1.1" 200 32880 "-" "Mozilla/5.0 (Macintosh; Intel Mac OS X 12_5) AppleWebKit/537.36 (KHTML, like Gecko) Chrome/114.0.0.0 Safari/537.36 Edg/114.0.1264.71"
162.240.153.75 - - [19/Mar/2026:16:19:21 -0300] "POST /wp-cron.php?doing_wp_cron=1773947961.6320009231567382812500 HTTP/1.1" 200 - "-" "WordPress/6.9.4; https://tarapaca.vsptdigital.cl"
66.249.68.6 - - [19/Mar/2026:16:19:19 -0300] "GET /2026/03/13/el-impacto-de-la-tecnologia-en-el-futuro-del-juego/ HTTP/1.1" 200 31120 "-" "Mozilla/5.0 (Linux; Android 6.0.1; Nexus 5X Build/MMB29P) AppleWebKit/537.36 (KHTML, like Gecko) Chrome/145.0.7632.159 Mobile Safari/537.36 (compatible; Googlebot/2.1; +http://www.google.com/bot.html)"
162.240.153.75 - - [19/Mar/2026:16:21:36 -0300] "POST /wp-cron.php?doing_wp_cron=1773948096.1053740978240966796875 HTTP/1.1" 200 - "-" "WordPress/6.9.4; https://tarapaca.vsptdigital.cl"
43.156.204.134 - - [19/Mar/2026:16:21:33 -0300] "GET /2026/03/19/la-tecnologia-que-transforma-la-experiencia-del/embed/ HTTP/1.1" 200 21319 "-" "Mozilla/5.0 (iPhone; CPU iPhone OS 13_2_3 like Mac OS X) AppleWebKit/605.1.15 (KHTML, like Gecko) Version/13.0.3 Mobile/15E148 Safari/604.1"
66.249.68.8 - - [19/Mar/2026:16:21:54 -0300] "GET /2026/01/19/gercek-parayla-oynamak-cin-guvenli-ve-guvenilir-20/ HTTP/1.1" 200 29930 "-" "Mozilla/5.0 (Linux; Android 6.0.1; Nexus 5X Build/MMB29P) AppleWebKit/537.36 (KHTML, like Gecko) Chrome/145.0.7632.159 Mobile Safari/537.36 (compatible; Googlebot/2.1; +http://www.google.com/bot.html)"
46.101.146.47 - - [19/Mar/2026:16:22:45 -0300] "GET /wp-login.php HTTP/1.1" 200 9093 "-" "Mozilla/5.0"
46.101.146.47 - - [19/Mar/2026:16:22:48 -0300] "GET /?author=1 HTTP/1.1" 200 29885 "-" "Mozilla/5.0"
46.101.146.47 - - [19/Mar/2026:16:23:00 -0300] "GET /?author=2 HTTP/1.1" 200 29885 "-" "Mozilla/5.0"
162.240.153.75 - - [19/Mar/2026:16:23:35 -0300] "POST /wp-cron.php?doing_wp_cron=1773948215.9028151035308837890625 HTTP/1.1" 200 - "-" "WordPress/6.9.4; https://tarapaca.vsptdigital.cl"
65.109.104.153 - - [19/Mar/2026:16:23:35 -0300] "GET /2026/01/23/discover-the-best-vip-bonus-programs-for-casino/ HTTP/1.1" 200 32861 "https://tarapaca.vsptdigital.cl/" "Mozilla/5.0 (Windows NT 10.0; Win64; x64; rv:114.0) Gecko/20100101 Firefox/114.0"
65.109.104.153 - - [19/Mar/2026:16:23:37 -0300] "GET /wp-admin/admin-ajax.php HTTP/1.1" 400 1 "https://tarapaca.vsptdigital.cl/2026/01/23/discover-the-best-vip-bonus-programs-for-casino/" "Mozilla/5.0 (Windows NT 6.3; Win64; x64) AppleWebKit/537.36 (KHTML, like Gecko) Chrome/103.0.0.0 Safari/537.36"
65.109.104.153 - - [19/Mar/2026:16:23:38 -0300] "GET /wp-admin/admin-ajax.php?action=register HTTP/1.1" 400 1 "https://tarapaca.vsptdigital.cl/wp-admin/admin-ajax.php" "Mozilla/5.0 (Windows NT 6.3; Win64; x64) AppleWebKit/537.36 (KHTML, like Gecko) Chrome/103.0.0.0 Safari/537.36"
65.109.104.153 - - [19/Mar/2026:16:23:39 -0300] "GET /2026/01/23/discover-the-best-vip-bonus-programs-for-casino/ HTTP/1.1" 200 32861 "https://tarapaca.vsptdigital.cl/2026/01/23/discover-the-best-vip-bonus-programs-for-casino/" "Mozilla/5.0 (Windows NT 6.3; Win64; x64) AppleWebKit/537.36 (KHTML, like Gecko) Chrome/103.0.0.0 Safari/537.36"
65.109.104.153 - - [19/Mar/2026:16:23:41 -0300] "POST /wp-comments-post.php HTTP/1.1" 302 - "https://tarapaca.vsptdigital.cl/2026/01/23/discover-the-best-vip-bonus-programs-for-casino/" "Mozilla/5.0 (Windows NT 6.3; Win64; x64) AppleWebKit/537.36 (KHTML, like Gecko) Chrome/103.0.0.0 Safari/537.36"
65.109.104.153 - - [19/Mar/2026:16:23:42 -0300] "GET /2026/01/23/discover-the-best-vip-bonus-programs-for-casino/?unapproved=21628&moderation-hash=13ae2602702e7e5b37ab31ef7743d35e HTTP/1.1" 200 34397 "https://tarapaca.vsptdigital.cl/wp-comments-post.php" "Mozilla/5.0 (Windows NT 6.3; Win64; x64) AppleWebKit/537.36 (KHTML, like Gecko) Chrome/103.0.0.0 Safari/537.36"
65.109.104.153 - - [19/Mar/2026:16:23:43 -0300] "GET /2026/01/23/discover-the-best-vip-bonus-programs-for-casino/ HTTP/1.1" 200 32861 "-" "Mozilla/5.0 (Windows NT 6.3; Win64; x64) AppleWebKit/537.36 (KHTML, like Gecko) Chrome/103.0.0.0 Safari/537.36"
191.101.114.45 - - [19/Mar/2026:16:24:17 -0300] "GET /2026/01/25/basta-utlandska-casino-en-guide-till-de-basta-55-2/ HTTP/1.1" 200 32709 "https://tarapaca.vsptdigital.cl/" "Mozilla/5.0 (Windows NT 10.0; WOW64) AppleWebKit/537.36 (KHTML, like Gecko) Chrome/114.0.0.0 YaBrowser/22.7.0 Yowser/2.5 Safari/537.36"
162.240.153.75 - - [19/Mar/2026:16:24:30 -0300] "POST /wp-cron.php?doing_wp_cron=1773948270.8203399181365966796875 HTTP/1.1" 200 - "-" "WordPress/6.9.4; https://tarapaca.vsptdigital.cl"
191.101.114.45 - - [19/Mar/2026:16:24:29 -0300] "GET /wp-admin/admin-ajax.php HTTP/1.1" 400 1 "https://tarapaca.vsptdigital.cl/2026/01/25/basta-utlandska-casino-en-guide-till-de-basta-55-2/" "Mozilla/5.0 (Windows NT 6.3; Win64; x64) AppleWebKit/537.36 (KHTML, like Gecko) Chrome/103.0.0.0 Safari/537.36"
65.109.104.153 - - [19/Mar/2026:16:24:33 -0300] "GET /2026/01/23/discover-the-best-vip-bonus-programs-for-casino/ HTTP/1.1" 200 32861 "-" "Mozilla/5.0 (Macintosh; Intel Mac OS X 12_5) AppleWebKit/537.36 (KHTML, like Gecko) Chrome/114.0.0.0 Safari/537.36"
191.101.114.45 - - [19/Mar/2026:16:24:33 -0300] "GET /wp-admin/admin-ajax.php?action=register HTTP/1.1" 400 1 "https://tarapaca.vsptdigital.cl/wp-admin/admin-ajax.php" "Mozilla/5.0 (Windows NT 6.3; Win64; x64) AppleWebKit/537.36 (KHTML, like Gecko) Chrome/103.0.0.0 Safari/537.36"
191.101.114.45 - - [19/Mar/2026:16:24:38 -0300] "GET /2026/01/25/basta-utlandska-casino-en-guide-till-de-basta-55-2/ HTTP/1.1" 200 32709 "https://tarapaca.vsptdigital.cl/2026/01/25/basta-utlandska-casino-en-guide-till-de-basta-55-2/" "Mozilla/5.0 (Windows NT 6.3; Win64; x64) AppleWebKit/537.36 (KHTML, like Gecko) Chrome/103.0.0.0 Safari/537.36"
191.101.114.45 - - [19/Mar/2026:16:24:44 -0300] "GET /wp-includes/css/dist/block-library/style.min.css?ver=6.9.4 HTTP/1.1" 200 119358 "https://tarapaca.vsptdigital.cl/2026/01/25/basta-utlandska-casino-en-guide-till-de-basta-55-2/" "Mozilla/5.0 (Windows NT 10.0; Win64; x64) AppleWebKit/537.36 (KHTML, like Gecko) Chrome/143.0.0.0 Safari/537.36"
191.101.114.45 - - [19/Mar/2026:16:24:58 -0300] "GET /wp-content/plugins/contact-form-7/includes/css/styles.css?ver=5.9.3 HTTP/1.1" 200 2894 "https://tarapaca.vsptdigital.cl/2026/01/25/basta-utlandska-casino-en-guide-till-de-basta-55-2/" "Mozilla/5.0 (Windows NT 10.0; Win64; x64) AppleWebKit/537.36 (KHTML, like Gecko) Chrome/143.0.0.0 Safari/537.36"
191.101.114.45 - - [19/Mar/2026:16:25:01 -0300] "GET /wp-content/plugins/woocommerce/assets/css/woocommerce-layout.css?ver=8.7.2 HTTP/1.1" 200 17688 "https://tarapaca.vsptdigital.cl/2026/01/25/basta-utlandska-casino-en-guide-till-de-basta-55-2/" "Mozilla/5.0 (Windows NT 10.0; Win64; x64) AppleWebKit/537.36 (KHTML, like Gecko) Chrome/143.0.0.0 Safari/537.36"
191.101.114.45 - - [19/Mar/2026:16:25:05 -0300] "GET /wp-content/plugins/woocommerce/assets/css/woocommerce-smallscreen.css?ver=8.7.2 HTTP/1.1" 200 7043 "https://tarapaca.vsptdigital.cl/2026/01/25/basta-utlandska-casino-en-guide-till-de-basta-55-2/" "Mozilla/5.0 (Windows NT 10.0; Win64; x64) AppleWebKit/537.36 (KHTML, like Gecko) Chrome/143.0.0.0 Safari/537.36"
191.101.114.45 - - [19/Mar/2026:16:25:08 -0300] "GET /wp-content/plugins/woocommerce/assets/css/woocommerce.css?ver=8.7.2 HTTP/1.1" 200 77339 "https://tarapaca.vsptdigital.cl/2026/01/25/basta-utlandska-casino-en-guide-till-de-basta-55-2/" "Mozilla/5.0 (Windows NT 10.0; Win64; x64) AppleWebKit/537.36 (KHTML, like Gecko) Chrome/143.0.0.0 Safari/537.36"
191.101.114.45 - - [19/Mar/2026:16:25:17 -0300] "GET /wp-content/themes/hello-elementor/style.min.css?ver=2.9.0 HTTP/1.1" 200 5756 "https://tarapaca.vsptdigital.cl/2026/01/25/basta-utlandska-casino-en-guide-till-de-basta-55-2/" "Mozilla/5.0 (Windows NT 10.0; Win64; x64) AppleWebKit/537.36 (KHTML, like Gecko) Chrome/143.0.0.0 Safari/537.36"
191.101.114.45 - - [19/Mar/2026:16:25:20 -0300] "GET /wp-content/themes/hello-elementor/theme.min.css?ver=2.9.0 HTTP/1.1" 200 12439 "https://tarapaca.vsptdigital.cl/2026/01/25/basta-utlandska-casino-en-guide-till-de-basta-55-2/" "Mozilla/5.0 (Windows NT 10.0; Win64; x64) AppleWebKit/537.36 (KHTML, like Gecko) Chrome/143.0.0.0 Safari/537.36"
191.101.114.45 - - [19/Mar/2026:16:25:23 -0300] "GET /wp-content/plugins/elementor/assets/css/frontend-lite.min.css?ver=3.20.3 HTTP/1.1" 200 118630 "https://tarapaca.vsptdigital.cl/2026/01/25/basta-utlandska-casino-en-guide-till-de-basta-55-2/" "Mozilla/5.0 (Windows NT 10.0; Win64; x64) AppleWebKit/537.36 (KHTML, like Gecko) Chrome/143.0.0.0 Safari/537.36"
191.101.114.45 - - [19/Mar/2026:16:25:34 -0300] "GET /wp-content/uploads/elementor/css/post-5.css?ver=1705946908 HTTP/1.1" 200 1169 "https://tarapaca.vsptdigital.cl/2026/01/25/basta-utlandska-casino-en-guide-till-de-basta-55-2/" "Mozilla/5.0 (Windows NT 10.0; Win64; x64) AppleWebKit/537.36 (KHTML, like Gecko) Chrome/143.0.0.0 Safari/537.36"
191.101.114.45 - - [19/Mar/2026:16:25:37 -0300] "GET /wp-content/plugins/winwheel4wp/assets/winwheel4wp.css?ver=1669909447 HTTP/1.1" 200 4354 "https://tarapaca.vsptdigital.cl/2026/01/25/basta-utlandska-casino-en-guide-till-de-basta-55-2/" "Mozilla/5.0 (Windows NT 10.0; Win64; x64) AppleWebKit/537.36 (KHTML, like Gecko) Chrome/143.0.0.0 Safari/537.36"
162.240.153.75 - - [19/Mar/2026:16:25:41 -0300] "POST /wp-cron.php?doing_wp_cron=1773948341.7226688861846923828125 HTTP/1.1" 200 - "-" "WordPress/6.9.4; https://tarapaca.vsptdigital.cl"
191.101.114.45 - - [19/Mar/2026:16:25:39 -0300] "POST /wp-comments-post.php HTTP/1.1" 302 - "https://tarapaca.vsptdigital.cl/2026/01/25/basta-utlandska-casino-en-guide-till-de-basta-55-2/" "Mozilla/5.0 (Windows NT 6.3; Win64; x64) AppleWebKit/537.36 (KHTML, like Gecko) Chrome/103.0.0.0 Safari/537.36"
191.101.114.45 - - [19/Mar/2026:16:25:43 -0300] "GET /2026/01/25/basta-utlandska-casino-en-guide-till-de-basta-55-2/?unapproved=21629&moderation-hash=d0a39c7d6b982a512486df58275cfc3e HTTP/1.1" 200 34339 "https://tarapaca.vsptdigital.cl/wp-comments-post.php" "Mozilla/5.0 (Windows NT 6.3; Win64; x64) AppleWebKit/537.36 (KHTML, like Gecko) Chrome/103.0.0.0 Safari/537.36"
191.101.114.45 - - [19/Mar/2026:16:25:49 -0300] "GET /2026/01/25/basta-utlandska-casino-en-guide-till-de-basta-55-2/ HTTP/1.1" 200 32709 "-" "Mozilla/5.0 (Windows NT 6.3; Win64; x64) AppleWebKit/537.36 (KHTML, like Gecko) Chrome/103.0.0.0 Safari/537.36"
162.240.153.75 - - [19/Mar/2026:16:26:26 -0300] "POST /wp-cron.php?doing_wp_cron=1773948386.1441879272460937500000 HTTP/1.1" 200 - "-" "WordPress/6.9.4; https://tarapaca.vsptdigital.cl"
45.86.1.237 - - [19/Mar/2026:16:26:24 -0300] "GET /2026/01/15/discover-unique-living-spaces-with-ulu-homes/ HTTP/1.1" 200 31105 "-" "Mozilla/5.0 (Macintosh; Intel Mac OS X 12_5) AppleWebKit/537.36 (KHTML, like Gecko) Chrome/114.0.0.0 Safari/537.36"
162.240.153.75 - - [19/Mar/2026:16:28:06 -0300] "POST /wp-cron.php?doing_wp_cron=1773948486.4177680015563964843750 HTTP/1.1" 200 - "-" "WordPress/6.9.4; https://tarapaca.vsptdigital.cl"
79.116.237.46 - - [19/Mar/2026:16:28:05 -0300] "GET /2026/01/19/strategien-zur-vermeidung-von-uberlastungsschaden-im-sport/ HTTP/1.1" 200 25753 "-" "GuzzleHttp/7"
162.240.153.75 - - [19/Mar/2026:16:28:22 -0300] "POST /wp-cron.php?doing_wp_cron=1773948502.4532198905944824218750 HTTP/1.1" 200 - "-" "WordPress/6.9.4; https://tarapaca.vsptdigital.cl"
212.47.73.90 - - [19/Mar/2026:16:28:21 -0300] "GET /2025/11/26/online-casino-free-bonuses-uncovering-the-21/ HTTP/1.1" 200 33558 "-" "Mozilla/5.0 (compatible; Googlebot/2.1; +http://www.google.com/bot.html)"
88.198.25.144 - - [19/Mar/2026:16:28:27 -0300] "GET /2026/02/02/download-the-1xbet-app-in-thailand-your-ultimate-25/ HTTP/1.1" 200 32813 "-" "Mozilla/5.0 (Macintosh; Intel Mac OS X 12_5) AppleWebKit/537.36 (KHTML, like Gecko) Chrome/114.0.0.0 Safari/537.36"
162.240.153.75 - - [19/Mar/2026:16:30:51 -0300] "POST /wp-cron.php?doing_wp_cron=1773948651.9135169982910156250000 HTTP/1.1" 200 - "-" "WordPress/6.9.4; https://tarapaca.vsptdigital.cl"
102.165.54.187 - - [19/Mar/2026:16:30:50 -0300] "GET /2026/01/25/basta-utlandska-casino-en-guide-till-de-basta-55-2/ HTTP/1.1" 200 32709 "-" "Mozilla/5.0 (Macintosh; Intel Mac OS X 12_5) AppleWebKit/537.36 (KHTML, like Gecko) Chrome/114.0.0.0 Safari/537.36 Edg/114.0.1264.71"
5.35.69.194 - - [19/Mar/2026:16:30:52 -0300] "GET /2025/09/14/wettanbieter-weniger-lugas-sportwetten-uber-freiheit-oder-mulighed/ HTTP/1.0" 200 51125 "https://tarapaca.vsptdigital.cl/2025/09/14/wettanbieter-weniger-lugas-sportwetten-uber-freiheit-oder-mulighed/" "Mozilla/5.0 (Windows NT 10.0; Win64; x64) AppleWebKit/537.36 (KHTML, like Gecko) Chrome/130.0.0.0 Safari/537.36 CCleaner/130.0.0.0"
162.240.153.75 - - [19/Mar/2026:16:31:22 -0300] "POST /wp-cron.php?doing_wp_cron=1773948682.4080119132995605468750 HTTP/1.1" 200 - "-" "WordPress/6.9.4; https://tarapaca.vsptdigital.cl"
172.81.134.30 - - [19/Mar/2026:16:31:21 -0300] "GET /2026/01/06/perspectiva-cientifica-sobre-el-uso-de-farmacos-en/ HTTP/1.1" 200 30663 "https://tarapaca.vsptdigital.cl/" "Mozilla/5.0 (Windows NT 10.0; Win64; x64) AppleWebKit/537.36 (KHTML, like Gecko) Chrome/114.0.0.0 YaBrowser/22.7.0 Yowser/2.5 Safari/537.36"
172.81.134.30 - - [19/Mar/2026:16:31:22 -0300] "GET /2026/01/06/perspectiva-cientifica-sobre-el-uso-de-farmacos-en/ HTTP/1.1" 200 30663 "https://tarapaca.vsptdigital.cl/2026/01/06/perspectiva-cientifica-sobre-el-uso-de-farmacos-en/" "Mozilla/5.0 (Windows NT 10.0; Win64; x64) AppleWebKit/537.36 (KHTML, like Gecko) Chrome/114.0.0.0 YaBrowser/22.7.0 Yowser/2.5 Safari/537.36"
43.173.179.238 - - [19/Mar/2026:16:32:07 -0300] "GET /page/2/ HTTP/1.1" 200 29736 "-" "Mozilla/5.0 (Windows NT 10.0; Win64; x64) AppleWebKit/537.36 (KHTML, like Gecko) Chrome/131.0.0.0 Safari/537.36"
154.21.239.136 - - [19/Mar/2026:16:32:12 -0300] "GET /2026/01/15/discover-unique-living-spaces-with-ulu-homes/ HTTP/1.1" 200 31105 "https://tarapaca.vsptdigital.cl/" "Mozilla/5.0 (Windows NT 10.0) AppleWebKit/537.36 (KHTML, like Gecko) Chrome/114.0.0.0 Safari/537.36"
154.21.239.136 - - [19/Mar/2026:16:32:14 -0300] "GET /wp-includes/css/dist/block-library/style.min.css?ver=6.9.4 HTTP/1.1" 200 119358 "https://tarapaca.vsptdigital.cl/2026/01/15/discover-unique-living-spaces-with-ulu-homes/" "Mozilla/5.0 (Windows NT 10.0; Win64; x64) AppleWebKit/537.36 (KHTML, like Gecko) Chrome/143.0.0.0 Safari/537.36"
154.21.239.136 - - [19/Mar/2026:16:32:14 -0300] "GET /wp-content/plugins/contact-form-7/includes/css/styles.css?ver=5.9.3 HTTP/1.1" 200 2894 "https://tarapaca.vsptdigital.cl/2026/01/15/discover-unique-living-spaces-with-ulu-homes/" "Mozilla/5.0 (Windows NT 10.0; Win64; x64) AppleWebKit/537.36 (KHTML, like Gecko) Chrome/143.0.0.0 Safari/537.36"
154.21.239.136 - - [19/Mar/2026:16:32:14 -0300] "GET /wp-content/plugins/woocommerce/assets/css/woocommerce-layout.css?ver=8.7.2 HTTP/1.1" 200 17688 "https://tarapaca.vsptdigital.cl/2026/01/15/discover-unique-living-spaces-with-ulu-homes/" "Mozilla/5.0 (Windows NT 10.0; Win64; x64) AppleWebKit/537.36 (KHTML, like Gecko) Chrome/143.0.0.0 Safari/537.36"
154.21.239.136 - - [19/Mar/2026:16:32:15 -0300] "GET /wp-content/plugins/woocommerce/assets/css/woocommerce-smallscreen.css?ver=8.7.2 HTTP/1.1" 200 7043 "https://tarapaca.vsptdigital.cl/2026/01/15/discover-unique-living-spaces-with-ulu-homes/" "Mozilla/5.0 (Windows NT 10.0; Win64; x64) AppleWebKit/537.36 (KHTML, like Gecko) Chrome/143.0.0.0 Safari/537.36"
154.21.239.136 - - [19/Mar/2026:16:32:15 -0300] "GET /wp-content/plugins/woocommerce/assets/css/woocommerce.css?ver=8.7.2 HTTP/1.1" 200 77339 "https://tarapaca.vsptdigital.cl/2026/01/15/discover-unique-living-spaces-with-ulu-homes/" "Mozilla/5.0 (Windows NT 10.0; Win64; x64) AppleWebKit/537.36 (KHTML, like Gecko) Chrome/143.0.0.0 Safari/537.36"
154.21.239.136 - - [19/Mar/2026:16:32:15 -0300] "GET /wp-content/themes/hello-elementor/style.min.css?ver=2.9.0 HTTP/1.1" 200 5756 "https://tarapaca.vsptdigital.cl/2026/01/15/discover-unique-living-spaces-with-ulu-homes/" "Mozilla/5.0 (Windows NT 10.0; Win64; x64) AppleWebKit/537.36 (KHTML, like Gecko) Chrome/143.0.0.0 Safari/537.36"
154.21.239.136 - - [19/Mar/2026:16:32:15 -0300] "GET /wp-content/themes/hello-elementor/theme.min.css?ver=2.9.0 HTTP/1.1" 200 12439 "https://tarapaca.vsptdigital.cl/2026/01/15/discover-unique-living-spaces-with-ulu-homes/" "Mozilla/5.0 (Windows NT 10.0; Win64; x64) AppleWebKit/537.36 (KHTML, like Gecko) Chrome/143.0.0.0 Safari/537.36"
154.21.239.136 - - [19/Mar/2026:16:32:15 -0300] "GET /wp-content/plugins/elementor/assets/css/frontend-lite.min.css?ver=3.20.3 HTTP/1.1" 200 118630 "https://tarapaca.vsptdigital.cl/2026/01/15/discover-unique-living-spaces-with-ulu-homes/" "Mozilla/5.0 (Windows NT 10.0; Win64; x64) AppleWebKit/537.36 (KHTML, like Gecko) Chrome/143.0.0.0 Safari/537.36"
154.21.239.136 - - [19/Mar/2026:16:32:15 -0300] "GET /wp-content/uploads/elementor/css/post-5.css?ver=1705946908 HTTP/1.1" 200 1169 "https://tarapaca.vsptdigital.cl/2026/01/15/discover-unique-living-spaces-with-ulu-homes/" "Mozilla/5.0 (Windows NT 10.0; Win64; x64) AppleWebKit/537.36 (KHTML, like Gecko) Chrome/143.0.0.0 Safari/537.36"
154.21.239.136 - - [19/Mar/2026:16:32:16 -0300] "GET /wp-content/plugins/winwheel4wp/assets/winwheel4wp.css?ver=1669909447 HTTP/1.1" 200 4354 "https://tarapaca.vsptdigital.cl/2026/01/15/discover-unique-living-spaces-with-ulu-homes/" "Mozilla/5.0 (Windows NT 10.0; Win64; x64) AppleWebKit/537.36 (KHTML, like Gecko) Chrome/143.0.0.0 Safari/537.36"
154.21.239.136 - - [19/Mar/2026:16:32:16 -0300] "POST /wp-comments-post.php HTTP/1.1" 302 - "https://tarapaca.vsptdigital.cl/2026/01/15/discover-unique-living-spaces-with-ulu-homes/" "Mozilla/5.0 (Windows NT 10.0) AppleWebKit/537.36 (KHTML, like Gecko) Chrome/114.0.0.0 Safari/537.36"
