49.232.159.114 - - [19/Mar/2026:12:45:45 -0300] "GET /wp-content/themes/hello-elementor/assets/js/hello-frontend.min.js?ver=1.0.0 HTTP/1.1" 200 7572 "https://tarapaca.vsptdigital.cl/2026/02/01/1-ought-i-score-free-spins-without-put-needed-in-the-fresh-new-united-kingdom/" "Mozilla/5.0 (Windows NT 10.0; Win64; x64) AppleWebKit/537.36 (KHTML, like Gecko) Chrome/144.0.0.0 Safari/537.36"
49.232.159.114 - - [19/Mar/2026:12:45:44 -0300] "GET /wp-content/plugins/woocommerce/assets/css/woocommerce.css?ver=8.7.2 HTTP/1.1" 200 77339 "https://tarapaca.vsptdigital.cl/2026/02/01/1-ought-i-score-free-spins-without-put-needed-in-the-fresh-new-united-kingdom/" "Mozilla/5.0 (Windows NT 10.0; Win64; x64) AppleWebKit/537.36 (KHTML, like Gecko) Chrome/144.0.0.0 Safari/537.36"
49.232.159.114 - - [19/Mar/2026:12:45:46 -0300] "GET /wp-content/plugins/woocommerce/assets/js/jquery-blockui/jquery.blockUI.min.js?ver=2.7.0-wc.8.7.2 HTTP/1.1" 200 15334 "https://tarapaca.vsptdigital.cl/2026/02/01/1-ought-i-score-free-spins-without-put-needed-in-the-fresh-new-united-kingdom/" "Mozilla/5.0 (Windows NT 10.0; Win64; x64) AppleWebKit/537.36 (KHTML, like Gecko) Chrome/144.0.0.0 Safari/537.36"
49.232.159.114 - - [19/Mar/2026:12:45:47 -0300] "GET /wp-content/plugins/woocommerce/assets/js/frontend/add-to-cart.min.js?ver=8.7.2 HTTP/1.1" 200 8756 "https://tarapaca.vsptdigital.cl/2026/02/01/1-ought-i-score-free-spins-without-put-needed-in-the-fresh-new-united-kingdom/" "Mozilla/5.0 (Windows NT 10.0; Win64; x64) AppleWebKit/537.36 (KHTML, like Gecko) Chrome/144.0.0.0 Safari/537.36"
162.240.153.75 - - [19/Mar/2026:12:47:39 -0300] "POST /wp-cron.php?doing_wp_cron=1773935259.2352299690246582031250 HTTP/1.1" 200 - "-" "WordPress/6.9.4; https://tarapaca.vsptdigital.cl"
45.148.10.238 - - [19/Mar/2026:12:47:38 -0300] "GET /.git/config HTTP/1.1" 301 - "-" "Mozilla/5.0 (Linux; Android 8.0.0; SM-G930V) AppleWebKit/537.36 (KHTML, like Gecko) Chrome/76.0.3809.111 Mobile Safari/537.36"
162.240.153.75 - - [19/Mar/2026:12:50:31 -0300] "POST /wp-cron.php?doing_wp_cron=1773935431.4101901054382324218750 HTTP/1.1" 200 - "-" "WordPress/6.9.4; https://tarapaca.vsptdigital.cl"
118.189.242.201 - - [19/Mar/2026:12:50:30 -0300] "GET /2025/10/12/non-gamstop-uk-casino-sites-an-in-depth-look/ HTTP/1.1" 200 32046 "-" "Mozilla/5.0 (Macintosh; Intel Mac OS X 12_5) AppleWebKit/537.36 (KHTML, like Gecko) Chrome/114.0.0.0 Safari/537.36"
162.240.153.75 - - [19/Mar/2026:12:51:49 -0300] "POST /wp-cron.php?doing_wp_cron=1773935509.8964960575103759765625 HTTP/1.1" 200 - "-" "WordPress/6.9.4; https://tarapaca.vsptdigital.cl"
74.7.227.10 - - [19/Mar/2026:12:51:39 -0300] "GET /?feed=xmlsitemap2511 HTTP/1.1" 200 1446042 "-" "Mozilla/5.0 AppleWebKit/537.36 (KHTML, like Gecko; compatible; GPTBot/1.3; +https://openai.com/gptbot)"
67.205.163.220 - - [19/Mar/2026:12:53:04 -0300] "GET / HTTP/1.1" 301 - "-" "Mozilla/5.0 (X11; Linux x86_64) AppleWebKit/537.36 (KHTML, like Gecko) Chrome/142.0.0.0 Safari/537.36"
159.26.104.38 - - [19/Mar/2026:12:53:06 -0300] "GET /2026/01/07/kupit-diplom-v-krasnojarske-bez-hassles/ HTTP/1.1" 200 33183 "-" "Mozilla/5.0 (Macintosh; Intel Mac OS X 12_5) AppleWebKit/537.36 (KHTML, like Gecko) Chrome/114.0.0.0 Safari/537.36"
67.205.163.220 - - [19/Mar/2026:12:53:08 -0300] "GET /favicon.ico HTTP/1.1" 302 - "https://www.tarapaca.vsptdigital.cl/" "Mozilla/5.0 (X11; Linux x86_64) AppleWebKit/537.36 (KHTML, like Gecko) Chrome/142.0.0.0 Safari/537.36"
179.189.76.172 - - [19/Mar/2026:12:53:08 -0300] "GET /2026/01/31/leffet-du-melange-de-steroides-sur-le-systeme-circulatoire/ HTTP/1.1" 200 26123 "-" "GuzzleHttp/7"
162.240.153.75 - - [19/Mar/2026:12:56:09 -0300] "POST /wp-cron.php?doing_wp_cron=1773935769.8873848915100097656250 HTTP/1.1" 200 - "-" "WordPress/6.9.4; https://tarapaca.vsptdigital.cl"
82.157.173.189 - - [19/Mar/2026:12:56:08 -0300] "GET /2026/02/13/qumar-mdniyytimizin-formalamasnda-hans-rol-oynayr/ HTTP/1.1" 200 30236 "-" "Mozilla/5.0 (Windows NT 10.0; Win64; x64) AppleWebKit/537.36 (KHTML, like Gecko) Chrome/145.0.0.0 Safari/537.36"
82.157.173.189 - - [19/Mar/2026:12:56:10 -0300] "GET /wp-content/plugins/woocommerce/assets/js/jquery-blockui/jquery.blockUI.min.js?ver=2.7.0-wc.8.7.2 HTTP/1.1" 200 15334 "https://tarapaca.vsptdigital.cl/2026/02/13/qumar-mdniyytimizin-formalamasnda-hans-rol-oynayr/" "Mozilla/5.0 (Windows NT 10.0; Win64; x64) AppleWebKit/537.36 (KHTML, like Gecko) Chrome/145.0.0.0 Safari/537.36"
82.157.173.189 - - [19/Mar/2026:12:56:11 -0300] "GET /wp-content/plugins/woocommerce/assets/js/frontend/order-attribution.min.js?ver=8.7.2 HTTP/1.1" 200 7207 "https://tarapaca.vsptdigital.cl/2026/02/13/qumar-mdniyytimizin-formalamasnda-hans-rol-oynayr/" "Mozilla/5.0 (Windows NT 10.0; Win64; x64) AppleWebKit/537.36 (KHTML, like Gecko) Chrome/145.0.0.0 Safari/537.36"
82.157.173.189 - - [19/Mar/2026:12:56:11 -0300] "GET /wp-includes/js/comment-reply.min.js?ver=6.9.4 HTTP/1.1" 200 3026 "https://tarapaca.vsptdigital.cl/2026/02/13/qumar-mdniyytimizin-formalamasnda-hans-rol-oynayr/" "Mozilla/5.0 (Windows NT 10.0; Win64; x64) AppleWebKit/537.36 (KHTML, like Gecko) Chrome/145.0.0.0 Safari/537.36"
162.240.153.75 - - [19/Mar/2026:12:57:41 -0300] "POST /wp-cron.php?doing_wp_cron=1773935861.4250569343566894531250 HTTP/1.1" 200 - "-" "WordPress/6.9.4; https://tarapaca.vsptdigital.cl"
172.86.66.156 - - [19/Mar/2026:12:57:40 -0300] "GET /2025/10/11/1xbet-casino-panduan-lengkap-untuk-pemain-malaysia/ HTTP/1.1" 200 31933 "-" "Mozilla/5.0 (Macintosh; Intel Mac OS X 12_5) AppleWebKit/537.36 (KHTML, like Gecko) Chrome/114.0.0.0 Safari/537.36"
162.240.153.75 - - [19/Mar/2026:12:59:57 -0300] "POST /wp-cron.php?doing_wp_cron=1773935997.1342649459838867187500 HTTP/1.1" 200 - "-" "WordPress/6.9.4; https://tarapaca.vsptdigital.cl"
137.116.55.110 - - [19/Mar/2026:12:59:55 -0300] "GET /2026/01/06/perspectiva-cientifica-sobre-el-uso-de-farmacos-en/ HTTP/1.1" 200 30663 "-" "WordPress/6.9.4; https://bitsum.com"
137.116.55.110 - - [19/Mar/2026:12:59:57 -0300] "GET /wp-json/oembed/1.0/embed?url=https%3A%2F%2Ftarapaca.vsptdigital.cl%2F2026%2F01%2F06%2Fperspectiva-cientifica-sobre-el-uso-de-farmacos-en%2F&maxwidth=878&maxheight=1000&dnt=1&format=json HTTP/1.1" 200 2471 "-" "WordPress/6.9.4; https://bitsum.com"
162.240.153.75 - - [19/Mar/2026:13:00:51 -0300] "POST /wp-cron.php?doing_wp_cron=1773936051.4402630329132080078125 HTTP/1.1" 200 - "-" "WordPress/6.9.4; https://tarapaca.vsptdigital.cl"
66.249.68.6 - - [19/Mar/2026:13:00:50 -0300] "GET /2026/03/09/nuevas-tendencias-en-juegos-de-azar-hacia-donde-se/ HTTP/1.1" 200 30825 "-" "Mozilla/5.0 (Linux; Android 6.0.1; Nexus 5X Build/MMB29P) AppleWebKit/537.36 (KHTML, like Gecko) Chrome/145.0.7632.159 Mobile Safari/537.36 (compatible; Googlebot/2.1; +http://www.google.com/bot.html)"
162.240.153.75 - - [19/Mar/2026:13:02:35 -0300] "POST /wp-cron.php?doing_wp_cron=1773936155.7774789333343505859375 HTTP/1.1" 200 - "-" "WordPress/6.9.4; https://tarapaca.vsptdigital.cl"
43.143.248.156 - - [19/Mar/2026:13:02:34 -0300] "GET /2026/02/17/quieres-aprender-a-jugar-en-un-casino-aqui-tienes/ HTTP/1.1" 200 29908 "-" "Mozilla/5.0 (Windows NT 10.0; Win64; x64) AppleWebKit/537.36 (KHTML, like Gecko) Chrome/145.0.0.0 Safari/537.36"
43.143.248.156 - - [19/Mar/2026:13:02:38 -0300] "GET /wp-content/plugins/winwheel4wp/assets/winwheel4wp.js?ver=1669909447 HTTP/1.1" 200 11867 "https://tarapaca.vsptdigital.cl/2026/02/17/quieres-aprender-a-jugar-en-un-casino-aqui-tienes/" "Mozilla/5.0 (Windows NT 10.0; Win64; x64) AppleWebKit/537.36 (KHTML, like Gecko) Chrome/145.0.0.0 Safari/537.36"
172.93.212.221 - - [19/Mar/2026:13:03:01 -0300] "GET /2025/11/26/online-casino-free-bonuses-uncovering-the-21/ HTTP/1.1" 200 33558 "https://tarapaca.vsptdigital.cl/" "Mozilla/5.0 (Macintosh; Intel Mac OS X 12_5) AppleWebKit/605.1.15 (KHTML, like Gecko) Version/15.4 Safari/605.1.15"
172.93.212.221 - - [19/Mar/2026:13:03:04 -0300] "GET /wp-includes/css/dist/block-library/style.min.css?ver=6.9.4 HTTP/1.1" 200 119358 "https://tarapaca.vsptdigital.cl/2025/11/26/online-casino-free-bonuses-uncovering-the-21/" "Mozilla/5.0 (Windows NT 10.0; Win64; x64) AppleWebKit/537.36 (KHTML, like Gecko) Chrome/143.0.0.0 Safari/537.36"
172.93.212.221 - - [19/Mar/2026:13:03:04 -0300] "GET /wp-content/plugins/contact-form-7/includes/css/styles.css?ver=5.9.3 HTTP/1.1" 200 2894 "https://tarapaca.vsptdigital.cl/2025/11/26/online-casino-free-bonuses-uncovering-the-21/" "Mozilla/5.0 (Windows NT 10.0; Win64; x64) AppleWebKit/537.36 (KHTML, like Gecko) Chrome/143.0.0.0 Safari/537.36"
172.93.212.221 - - [19/Mar/2026:13:03:04 -0300] "GET /wp-content/plugins/woocommerce/assets/css/woocommerce-layout.css?ver=8.7.2 HTTP/1.1" 200 17688 "https://tarapaca.vsptdigital.cl/2025/11/26/online-casino-free-bonuses-uncovering-the-21/" "Mozilla/5.0 (Windows NT 10.0; Win64; x64) AppleWebKit/537.36 (KHTML, like Gecko) Chrome/143.0.0.0 Safari/537.36"
172.93.212.221 - - [19/Mar/2026:13:03:05 -0300] "GET /wp-content/plugins/woocommerce/assets/css/woocommerce-smallscreen.css?ver=8.7.2 HTTP/1.1" 200 7043 "https://tarapaca.vsptdigital.cl/2025/11/26/online-casino-free-bonuses-uncovering-the-21/" "Mozilla/5.0 (Windows NT 10.0; Win64; x64) AppleWebKit/537.36 (KHTML, like Gecko) Chrome/143.0.0.0 Safari/537.36"
172.93.212.221 - - [19/Mar/2026:13:03:05 -0300] "GET /wp-content/plugins/woocommerce/assets/css/woocommerce.css?ver=8.7.2 HTTP/1.1" 200 77339 "https://tarapaca.vsptdigital.cl/2025/11/26/online-casino-free-bonuses-uncovering-the-21/" "Mozilla/5.0 (Windows NT 10.0; Win64; x64) AppleWebKit/537.36 (KHTML, like Gecko) Chrome/143.0.0.0 Safari/537.36"
172.93.212.221 - - [19/Mar/2026:13:03:05 -0300] "GET /wp-content/themes/hello-elementor/style.min.css?ver=2.9.0 HTTP/1.1" 200 5756 "https://tarapaca.vsptdigital.cl/2025/11/26/online-casino-free-bonuses-uncovering-the-21/" "Mozilla/5.0 (Windows NT 10.0; Win64; x64) AppleWebKit/537.36 (KHTML, like Gecko) Chrome/143.0.0.0 Safari/537.36"
172.93.212.221 - - [19/Mar/2026:13:03:05 -0300] "GET /wp-content/themes/hello-elementor/theme.min.css?ver=2.9.0 HTTP/1.1" 200 12439 "https://tarapaca.vsptdigital.cl/2025/11/26/online-casino-free-bonuses-uncovering-the-21/" "Mozilla/5.0 (Windows NT 10.0; Win64; x64) AppleWebKit/537.36 (KHTML, like Gecko) Chrome/143.0.0.0 Safari/537.36"
172.93.212.221 - - [19/Mar/2026:13:03:05 -0300] "GET /wp-content/plugins/elementor/assets/css/frontend-lite.min.css?ver=3.20.3 HTTP/1.1" 200 118630 "https://tarapaca.vsptdigital.cl/2025/11/26/online-casino-free-bonuses-uncovering-the-21/" "Mozilla/5.0 (Windows NT 10.0; Win64; x64) AppleWebKit/537.36 (KHTML, like Gecko) Chrome/143.0.0.0 Safari/537.36"
172.93.212.221 - - [19/Mar/2026:13:03:06 -0300] "GET /wp-content/uploads/elementor/css/post-5.css?ver=1705946908 HTTP/1.1" 200 1169 "https://tarapaca.vsptdigital.cl/2025/11/26/online-casino-free-bonuses-uncovering-the-21/" "Mozilla/5.0 (Windows NT 10.0; Win64; x64) AppleWebKit/537.36 (KHTML, like Gecko) Chrome/143.0.0.0 Safari/537.36"
172.93.212.221 - - [19/Mar/2026:13:03:06 -0300] "GET /wp-content/plugins/winwheel4wp/assets/winwheel4wp.css?ver=1669909447 HTTP/1.1" 200 4354 "https://tarapaca.vsptdigital.cl/2025/11/26/online-casino-free-bonuses-uncovering-the-21/" "Mozilla/5.0 (Windows NT 10.0; Win64; x64) AppleWebKit/537.36 (KHTML, like Gecko) Chrome/143.0.0.0 Safari/537.36"
172.93.212.221 - - [19/Mar/2026:13:03:06 -0300] "POST /wp-comments-post.php HTTP/1.1" 302 - "https://tarapaca.vsptdigital.cl/2025/11/26/online-casino-free-bonuses-uncovering-the-21/" "Mozilla/5.0 (Macintosh; Intel Mac OS X 12_5) AppleWebKit/605.1.15 (KHTML, like Gecko) Version/15.4 Safari/605.1.15"
172.93.212.221 - - [19/Mar/2026:13:03:07 -0300] "GET /2025/11/26/online-casino-free-bonuses-uncovering-the-21/?unapproved=21608&moderation-hash=20b54cf9bd64a9c12c223635866ebdba HTTP/1.1" 200 35188 "https://tarapaca.vsptdigital.cl/wp-comments-post.php" "Mozilla/5.0 (Macintosh; Intel Mac OS X 12_5) AppleWebKit/605.1.15 (KHTML, like Gecko) Version/15.4 Safari/605.1.15"
172.93.212.221 - - [19/Mar/2026:13:03:08 -0300] "GET /2025/11/26/online-casino-free-bonuses-uncovering-the-21/ HTTP/1.1" 200 33558 "-" "Mozilla/5.0 (Macintosh; Intel Mac OS X 12_5) AppleWebKit/605.1.15 (KHTML, like Gecko) Version/15.4 Safari/605.1.15"
162.240.153.75 - - [19/Mar/2026:13:03:49 -0300] "POST /wp-cron.php?doing_wp_cron=1773936229.9266550540924072265625 HTTP/1.1" 200 - "-" "WordPress/6.9.4; https://tarapaca.vsptdigital.cl"
216.163.199.15 - - [19/Mar/2026:13:03:49 -0300] "GET /2026/01/18/promokod-kazino-lev-gde-iskat-5249795/ HTTP/1.1" 200 33553 "https://tarapaca.vsptdigital.cl/" "Mozilla/5.0 (Macintosh; Intel Mac OS X 12_5) AppleWebKit/605.1.15 (KHTML, like Gecko) Version/15.4 Safari/605.1.15"
95.216.45.95 - - [19/Mar/2026:13:03:48 -0300] "POST /xmlrpc.php HTTP/1.1" 200 416 "-" "Mozilla/5.0 (Windows NT 10.0; Win64; x64) AppleWebKit/537.36 (KHTML, like Gecko) Chrome/64.0.3282.140 Safari/537.36 Edge/18.17763"
95.216.45.95 - - [19/Mar/2026:13:03:50 -0300] "POST /xmlrpc.php HTTP/1.1" 200 416 "-" "Mozilla/5.0 (Windows NT 10.0; Win64; x64) AppleWebKit/537.36 (KHTML, like Gecko) Chrome/64.0.3282.140 Safari/537.36 Edge/18.17763"
216.163.199.15 - - [19/Mar/2026:13:03:51 -0300] "GET /wp-admin/admin-ajax.php HTTP/1.1" 400 1 "https://tarapaca.vsptdigital.cl/2026/01/18/promokod-kazino-lev-gde-iskat-5249795/" "Mozilla/5.0 (Windows NT 6.3; Win64; x64) AppleWebKit/537.36 (KHTML, like Gecko) Chrome/103.0.0.0 Safari/537.36"
95.216.45.95 - - [19/Mar/2026:13:03:52 -0300] "POST /xmlrpc.php HTTP/1.1" 200 416 "-" "Mozilla/5.0 (Windows NT 10.0; Win64; x64) AppleWebKit/537.36 (KHTML, like Gecko) Chrome/64.0.3282.140 Safari/537.36 Edge/18.17763"
82.156.45.127 - - [19/Mar/2026:13:03:52 -0300] "GET /2026/02/16/strategie-na-wysokie-stawki-w-kasynach-jak/ HTTP/1.1" 200 30316 "-" "Mozilla/5.0 (Macintosh; Intel Mac OS X 10_15_7) AppleWebKit/537.36 (KHTML, like Gecko) Chrome/145.0.0.0 Safari/537.36"
216.163.199.15 - - [19/Mar/2026:13:03:53 -0300] "GET /wp-admin/admin-ajax.php?action=register HTTP/1.1" 400 1 "https://tarapaca.vsptdigital.cl/wp-admin/admin-ajax.php" "Mozilla/5.0 (Windows NT 6.3; Win64; x64) AppleWebKit/537.36 (KHTML, like Gecko) Chrome/103.0.0.0 Safari/537.36"
95.216.45.95 - - [19/Mar/2026:13:03:54 -0300] "POST /xmlrpc.php HTTP/1.1" 200 416 "-" "Mozilla/5.0 (Windows NT 10.0; Win64; x64) AppleWebKit/537.36 (KHTML, like Gecko) Chrome/64.0.3282.140 Safari/537.36 Edge/18.17763"
82.156.45.127 - - [19/Mar/2026:13:03:54 -0300] "GET /wp-content/themes/hello-elementor/assets/js/hello-frontend.min.js?ver=1.0.0 HTTP/1.1" 200 7572 "https://tarapaca.vsptdigital.cl/2026/02/16/strategie-na-wysokie-stawki-w-kasynach-jak/" "Mozilla/5.0 (Macintosh; Intel Mac OS X 10_15_7) AppleWebKit/537.36 (KHTML, like Gecko) Chrome/145.0.0.0 Safari/537.36"
82.156.45.127 - - [19/Mar/2026:13:03:55 -0300] "GET /wp-includes/js/comment-reply.min.js?ver=6.9.4 HTTP/1.1" 200 3026 "https://tarapaca.vsptdigital.cl/2026/02/16/strategie-na-wysokie-stawki-w-kasynach-jak/" "Mozilla/5.0 (Macintosh; Intel Mac OS X 10_15_7) AppleWebKit/537.36 (KHTML, like Gecko) Chrome/145.0.0.0 Safari/537.36"
216.163.199.15 - - [19/Mar/2026:13:03:55 -0300] "GET /2026/01/18/promokod-kazino-lev-gde-iskat-5249795/ HTTP/1.1" 200 33553 "https://tarapaca.vsptdigital.cl/2026/01/18/promokod-kazino-lev-gde-iskat-5249795/" "Mozilla/5.0 (Windows NT 6.3; Win64; x64) AppleWebKit/537.36 (KHTML, like Gecko) Chrome/103.0.0.0 Safari/537.36"
216.163.199.15 - - [19/Mar/2026:13:03:56 -0300] "GET /wp-includes/css/dist/block-library/style.min.css?ver=6.9.4 HTTP/1.1" 200 119358 "https://tarapaca.vsptdigital.cl/2026/01/18/promokod-kazino-lev-gde-iskat-5249795/" "Mozilla/5.0 (Windows NT 10.0; Win64; x64) AppleWebKit/537.36 (KHTML, like Gecko) Chrome/143.0.0.0 Safari/537.36"
216.163.199.15 - - [19/Mar/2026:13:03:58 -0300] "GET /wp-content/plugins/contact-form-7/includes/css/styles.css?ver=5.9.3 HTTP/1.1" 200 2894 "https://tarapaca.vsptdigital.cl/2026/01/18/promokod-kazino-lev-gde-iskat-5249795/" "Mozilla/5.0 (Windows NT 10.0; Win64; x64) AppleWebKit/537.36 (KHTML, like Gecko) Chrome/143.0.0.0 Safari/537.36"
216.163.199.15 - - [19/Mar/2026:13:03:59 -0300] "GET /wp-content/plugins/woocommerce/assets/css/woocommerce-layout.css?ver=8.7.2 HTTP/1.1" 200 17688 "https://tarapaca.vsptdigital.cl/2026/01/18/promokod-kazino-lev-gde-iskat-5249795/" "Mozilla/5.0 (Windows NT 10.0; Win64; x64) AppleWebKit/537.36 (KHTML, like Gecko) Chrome/143.0.0.0 Safari/537.36"
216.163.199.15 - - [19/Mar/2026:13:04:00 -0300] "GET /wp-content/plugins/woocommerce/assets/css/woocommerce-smallscreen.css?ver=8.7.2 HTTP/1.1" 200 7043 "https://tarapaca.vsptdigital.cl/2026/01/18/promokod-kazino-lev-gde-iskat-5249795/" "Mozilla/5.0 (Windows NT 10.0; Win64; x64) AppleWebKit/537.36 (KHTML, like Gecko) Chrome/143.0.0.0 Safari/537.36"
216.163.199.15 - - [19/Mar/2026:13:04:01 -0300] "GET /wp-content/plugins/woocommerce/assets/css/woocommerce.css?ver=8.7.2 HTTP/1.1" 200 77339 "https://tarapaca.vsptdigital.cl/2026/01/18/promokod-kazino-lev-gde-iskat-5249795/" "Mozilla/5.0 (Windows NT 10.0; Win64; x64) AppleWebKit/537.36 (KHTML, like Gecko) Chrome/143.0.0.0 Safari/537.36"
216.163.199.15 - - [19/Mar/2026:13:04:03 -0300] "GET /wp-content/themes/hello-elementor/style.min.css?ver=2.9.0 HTTP/1.1" 200 5756 "https://tarapaca.vsptdigital.cl/2026/01/18/promokod-kazino-lev-gde-iskat-5249795/" "Mozilla/5.0 (Windows NT 10.0; Win64; x64) AppleWebKit/537.36 (KHTML, like Gecko) Chrome/143.0.0.0 Safari/537.36"
216.163.199.15 - - [19/Mar/2026:13:04:04 -0300] "GET /wp-content/themes/hello-elementor/theme.min.css?ver=2.9.0 HTTP/1.1" 200 12439 "https://tarapaca.vsptdigital.cl/2026/01/18/promokod-kazino-lev-gde-iskat-5249795/" "Mozilla/5.0 (Windows NT 10.0; Win64; x64) AppleWebKit/537.36 (KHTML, like Gecko) Chrome/143.0.0.0 Safari/537.36"
216.163.199.15 - - [19/Mar/2026:13:04:05 -0300] "GET /wp-content/plugins/elementor/assets/css/frontend-lite.min.css?ver=3.20.3 HTTP/1.1" 200 118630 "https://tarapaca.vsptdigital.cl/2026/01/18/promokod-kazino-lev-gde-iskat-5249795/" "Mozilla/5.0 (Windows NT 10.0; Win64; x64) AppleWebKit/537.36 (KHTML, like Gecko) Chrome/143.0.0.0 Safari/537.36"
216.163.199.15 - - [19/Mar/2026:13:04:06 -0300] "GET /wp-content/uploads/elementor/css/post-5.css?ver=1705946908 HTTP/1.1" 200 1169 "https://tarapaca.vsptdigital.cl/2026/01/18/promokod-kazino-lev-gde-iskat-5249795/" "Mozilla/5.0 (Windows NT 10.0; Win64; x64) AppleWebKit/537.36 (KHTML, like Gecko) Chrome/143.0.0.0 Safari/537.36"
216.163.199.15 - - [19/Mar/2026:13:04:07 -0300] "GET /wp-content/plugins/winwheel4wp/assets/winwheel4wp.css?ver=1669909447 HTTP/1.1" 200 4354 "https://tarapaca.vsptdigital.cl/2026/01/18/promokod-kazino-lev-gde-iskat-5249795/" "Mozilla/5.0 (Windows NT 10.0; Win64; x64) AppleWebKit/537.36 (KHTML, like Gecko) Chrome/143.0.0.0 Safari/537.36"
216.163.199.15 - - [19/Mar/2026:13:04:08 -0300] "POST /wp-comments-post.php HTTP/1.1" 302 - "https://tarapaca.vsptdigital.cl/2026/01/18/promokod-kazino-lev-gde-iskat-5249795/" "Mozilla/5.0 (Windows NT 6.3; Win64; x64) AppleWebKit/537.36 (KHTML, like Gecko) Chrome/103.0.0.0 Safari/537.36"
216.163.199.15 - - [19/Mar/2026:13:04:09 -0300] "GET /2026/01/18/promokod-kazino-lev-gde-iskat-5249795/?unapproved=21609&moderation-hash=4b13c319eb6b3a56674e8228f9cc998b HTTP/1.1" 200 35141 "https://tarapaca.vsptdigital.cl/wp-comments-post.php" "Mozilla/5.0 (Windows NT 6.3; Win64; x64) AppleWebKit/537.36 (KHTML, like Gecko) Chrome/103.0.0.0 Safari/537.36"
216.163.199.15 - - [19/Mar/2026:13:04:11 -0300] "GET /2026/01/18/promokod-kazino-lev-gde-iskat-5249795/ HTTP/1.1" 200 33553 "-" "Mozilla/5.0 (Windows NT 6.3; Win64; x64) AppleWebKit/537.36 (KHTML, like Gecko) Chrome/103.0.0.0 Safari/537.36"
162.240.153.75 - - [19/Mar/2026:13:05:20 -0300] "POST /wp-cron.php?doing_wp_cron=1773936320.9295949935913085937500 HTTP/1.1" 200 - "-" "WordPress/6.9.4; https://tarapaca.vsptdigital.cl"
172.93.212.221 - - [19/Mar/2026:13:05:19 -0300] "GET /2025/11/26/online-casino-free-bonuses-uncovering-the-21/ HTTP/1.1" 200 33558 "-" "Mozilla/5.0 (Macintosh; Intel Mac OS X 12_5) AppleWebKit/537.36 (KHTML, like Gecko) Chrome/114.0.0.0 Safari/537.36"
162.240.153.75 - - [19/Mar/2026:13:07:21 -0300] "POST /wp-cron.php?doing_wp_cron=1773936441.5037629604339599609375 HTTP/1.1" 200 - "-" "WordPress/6.9.4; https://tarapaca.vsptdigital.cl"
103.176.23.119 - - [19/Mar/2026:13:07:20 -0300] "GET /2026/01/06/mastering-bonuses-a-comprehensive-guide-on-how-to/ HTTP/1.1" 200 32880 "-" "Mozilla/5.0 (Macintosh; Intel Mac OS X 12_5) AppleWebKit/537.36 (KHTML, like Gecko) Chrome/114.0.0.0 Safari/537.36"
216.163.199.15 - - [19/Mar/2026:13:07:39 -0300] "GET /2026/01/18/promokod-kazino-lev-gde-iskat-5249795/ HTTP/1.1" 200 33553 "-" "Mozilla/5.0 (Macintosh; Intel Mac OS X 12_5) AppleWebKit/537.36 (KHTML, like Gecko) Chrome/114.0.0.0 Safari/537.36"
162.240.153.75 - - [19/Mar/2026:13:10:33 -0300] "POST /wp-cron.php?doing_wp_cron=1773936633.8027729988098144531250 HTTP/1.1" 200 - "-" "WordPress/6.9.4; https://tarapaca.vsptdigital.cl"
62.234.1.134 - - [19/Mar/2026:13:10:32 -0300] "GET /2026/02/06/cultural-perspectives-on-gambling-and-its-impact/ HTTP/1.1" 200 32073 "-" "Mozilla/5.0 (Macintosh; Intel Mac OS X 10_15_7) AppleWebKit/537.36 (KHTML, like Gecko) Chrome/145.0.0.0 Safari/537.36"
62.234.1.134 - - [19/Mar/2026:13:10:35 -0300] "GET /wp-content/uploads/elementor/css/post-5.css?ver=1705946908 HTTP/1.1" 200 1169 "https://tarapaca.vsptdigital.cl/2026/02/06/cultural-perspectives-on-gambling-and-its-impact/" "Mozilla/5.0 (Macintosh; Intel Mac OS X 10_15_7) AppleWebKit/537.36 (KHTML, like Gecko) Chrome/145.0.0.0 Safari/537.36"
62.234.1.134 - - [19/Mar/2026:13:10:35 -0300] "GET /wp-content/plugins/woocommerce/assets/js/jquery-blockui/jquery.blockUI.min.js?ver=2.7.0-wc.8.7.2 HTTP/1.1" 200 15334 "https://tarapaca.vsptdigital.cl/2026/02/06/cultural-perspectives-on-gambling-and-its-impact/" "Mozilla/5.0 (Macintosh; Intel Mac OS X 10_15_7) AppleWebKit/537.36 (KHTML, like Gecko) Chrome/145.0.0.0 Safari/537.36"
162.240.153.75 - - [19/Mar/2026:13:12:07 -0300] "POST /wp-cron.php?doing_wp_cron=1773936727.8753540515899658203125 HTTP/1.1" 200 - "-" "WordPress/6.9.4; https://tarapaca.vsptdigital.cl"
85.217.158.74 - - [19/Mar/2026:13:12:06 -0300] "GET /2026/01/24/why-women-should-be-careful-with-clenbuterol/ HTTP/1.1" 200 25592 "-" "GuzzleHttp/7"
162.240.153.75 - - [19/Mar/2026:13:15:53 -0300] "POST /wp-cron.php?doing_wp_cron=1773936953.0492920875549316406250 HTTP/1.1" 200 - "-" "WordPress/6.9.4; https://tarapaca.vsptdigital.cl"
185.8.107.67 - - [19/Mar/2026:13:15:51 -0300] "GET / HTTP/1.1" 301 - "-" "Mozilla/5.0 (Macintosh; Intel Mac OS X 10_14_4) AppleWebKit/605.1.15 (KHTML, like Gecko) Version/12.1 Safari/605.1.15"
162.240.153.75 - - [19/Mar/2026:13:17:25 -0300] "POST /wp-cron.php?doing_wp_cron=1773937045.6373510360717773437500 HTTP/1.1" 200 - "-" "WordPress/6.9.4; https://tarapaca.vsptdigital.cl"
109.206.181.70 - - [19/Mar/2026:13:17:24 -0300] "GET /2026/01/15/discover-unique-living-spaces-with-ulu-homes/ HTTP/1.1" 200 31105 "-" "Mozilla/5.0 (Macintosh; Intel Mac OS X 12_5) AppleWebKit/537.36 (KHTML, like Gecko) Chrome/114.0.0.0 Safari/537.36"
191.96.249.232 - - [19/Mar/2026:13:17:58 -0300] "GET /2026/01/25/basta-utlandska-casino-en-guide-till-de-basta-55-2/ HTTP/1.1" 200 32709 "https://tarapaca.vsptdigital.cl/" "Mozilla/5.0 (Macintosh; Intel Mac OS X 12.5; rv:114.0) Gecko/20100101 Firefox/114.0"
191.96.249.232 - - [19/Mar/2026:13:18:00 -0300] "GET /wp-includes/css/dist/block-library/style.min.css?ver=6.9.4 HTTP/1.1" 200 119358 "https://tarapaca.vsptdigital.cl/2026/01/25/basta-utlandska-casino-en-guide-till-de-basta-55-2/" "Mozilla/5.0 (Windows NT 10.0; Win64; x64) AppleWebKit/537.36 (KHTML, like Gecko) Chrome/143.0.0.0 Safari/537.36"
191.96.249.232 - - [19/Mar/2026:13:18:02 -0300] "GET /wp-content/plugins/contact-form-7/includes/css/styles.css?ver=5.9.3 HTTP/1.1" 200 2894 "https://tarapaca.vsptdigital.cl/2026/01/25/basta-utlandska-casino-en-guide-till-de-basta-55-2/" "Mozilla/5.0 (Windows NT 10.0; Win64; x64) AppleWebKit/537.36 (KHTML, like Gecko) Chrome/143.0.0.0 Safari/537.36"
191.96.249.232 - - [19/Mar/2026:13:18:02 -0300] "GET /wp-content/plugins/woocommerce/assets/css/woocommerce-layout.css?ver=8.7.2 HTTP/1.1" 200 17688 "https://tarapaca.vsptdigital.cl/2026/01/25/basta-utlandska-casino-en-guide-till-de-basta-55-2/" "Mozilla/5.0 (Windows NT 10.0; Win64; x64) AppleWebKit/537.36 (KHTML, like Gecko) Chrome/143.0.0.0 Safari/537.36"
191.96.249.232 - - [19/Mar/2026:13:18:04 -0300] "GET /wp-content/plugins/woocommerce/assets/css/woocommerce-smallscreen.css?ver=8.7.2 HTTP/1.1" 200 7043 "https://tarapaca.vsptdigital.cl/2026/01/25/basta-utlandska-casino-en-guide-till-de-basta-55-2/" "Mozilla/5.0 (Windows NT 10.0; Win64; x64) AppleWebKit/537.36 (KHTML, like Gecko) Chrome/143.0.0.0 Safari/537.36"
191.96.249.232 - - [19/Mar/2026:13:18:05 -0300] "GET /wp-content/plugins/woocommerce/assets/css/woocommerce.css?ver=8.7.2 HTTP/1.1" 200 77339 "https://tarapaca.vsptdigital.cl/2026/01/25/basta-utlandska-casino-en-guide-till-de-basta-55-2/" "Mozilla/5.0 (Windows NT 10.0; Win64; x64) AppleWebKit/537.36 (KHTML, like Gecko) Chrome/143.0.0.0 Safari/537.36"
191.96.249.232 - - [19/Mar/2026:13:18:06 -0300] "GET /wp-content/themes/hello-elementor/style.min.css?ver=2.9.0 HTTP/1.1" 200 5756 "https://tarapaca.vsptdigital.cl/2026/01/25/basta-utlandska-casino-en-guide-till-de-basta-55-2/" "Mozilla/5.0 (Windows NT 10.0; Win64; x64) AppleWebKit/537.36 (KHTML, like Gecko) Chrome/143.0.0.0 Safari/537.36"
191.96.249.232 - - [19/Mar/2026:13:18:07 -0300] "GET /wp-content/themes/hello-elementor/theme.min.css?ver=2.9.0 HTTP/1.1" 200 12439 "https://tarapaca.vsptdigital.cl/2026/01/25/basta-utlandska-casino-en-guide-till-de-basta-55-2/" "Mozilla/5.0 (Windows NT 10.0; Win64; x64) AppleWebKit/537.36 (KHTML, like Gecko) Chrome/143.0.0.0 Safari/537.36"
191.96.249.232 - - [19/Mar/2026:13:18:09 -0300] "GET /wp-content/plugins/elementor/assets/css/frontend-lite.min.css?ver=3.20.3 HTTP/1.1" 200 118630 "https://tarapaca.vsptdigital.cl/2026/01/25/basta-utlandska-casino-en-guide-till-de-basta-55-2/" "Mozilla/5.0 (Windows NT 10.0; Win64; x64) AppleWebKit/537.36 (KHTML, like Gecko) Chrome/143.0.0.0 Safari/537.36"
191.96.249.232 - - [19/Mar/2026:13:18:10 -0300] "GET /wp-content/uploads/elementor/css/post-5.css?ver=1705946908 HTTP/1.1" 200 1169 "https://tarapaca.vsptdigital.cl/2026/01/25/basta-utlandska-casino-en-guide-till-de-basta-55-2/" "Mozilla/5.0 (Windows NT 10.0; Win64; x64) AppleWebKit/537.36 (KHTML, like Gecko) Chrome/143.0.0.0 Safari/537.36"
191.96.249.232 - - [19/Mar/2026:13:18:11 -0300] "GET /wp-content/plugins/winwheel4wp/assets/winwheel4wp.css?ver=1669909447 HTTP/1.1" 200 4354 "https://tarapaca.vsptdigital.cl/2026/01/25/basta-utlandska-casino-en-guide-till-de-basta-55-2/" "Mozilla/5.0 (Windows NT 10.0; Win64; x64) AppleWebKit/537.36 (KHTML, like Gecko) Chrome/143.0.0.0 Safari/537.36"
191.96.249.232 - - [19/Mar/2026:13:18:12 -0300] "POST /wp-comments-post.php HTTP/1.1" 302 - "https://tarapaca.vsptdigital.cl/2026/01/25/basta-utlandska-casino-en-guide-till-de-basta-55-2/" "Mozilla/5.0 (Macintosh; Intel Mac OS X 12.5; rv:114.0) Gecko/20100101 Firefox/114.0"
191.96.249.232 - - [19/Mar/2026:13:18:14 -0300] "GET /2026/01/25/basta-utlandska-casino-en-guide-till-de-basta-55-2/?unapproved=21610&moderation-hash=928259eb4b87217493906a0ad37df38b HTTP/1.1" 200 34288 "https://tarapaca.vsptdigital.cl/wp-comments-post.php" "Mozilla/5.0 (Macintosh; Intel Mac OS X 12.5; rv:114.0) Gecko/20100101 Firefox/114.0"
191.96.249.232 - - [19/Mar/2026:13:18:16 -0300] "GET /2026/01/25/basta-utlandska-casino-en-guide-till-de-basta-55-2/ HTTP/1.1" 200 32709 "-" "Mozilla/5.0 (compatible; Googlebot/2.1; +http://www.google.com/bot.html)"
162.240.153.75 - - [19/Mar/2026:13:18:39 -0300] "POST /wp-cron.php?doing_wp_cron=1773937119.8655281066894531250000 HTTP/1.1" 200 - "-" "WordPress/6.9.4; https://tarapaca.vsptdigital.cl"
191.96.249.232 - - [19/Mar/2026:13:18:39 -0300] "GET /2026/01/25/basta-utlandska-casino-en-guide-till-de-basta-55-2/ HTTP/1.1" 200 32709 "-" "Mozilla/5.0 (compatible; Googlebot/2.1; +http://www.google.com/bot.html)"
162.240.153.75 - - [19/Mar/2026:13:20:01 -0300] "POST /wp-cron.php?doing_wp_cron=1773937201.3295340538024902343750 HTTP/1.1" 200 - "-" "WordPress/6.9.4; https://tarapaca.vsptdigital.cl"
89.38.224.229 - - [19/Mar/2026:13:20:00 -0300] "POST /xmlrpc.php HTTP/1.1" 200 416 "-" "Mozilla/5.0 (Windows NT 10.0; Win64; x64) AppleWebKit/537.36 (KHTML, like Gecko) Chrome/114.0.0.0 Safari/537.36"
89.38.224.229 - - [19/Mar/2026:13:20:02 -0300] "POST /xmlrpc.php HTTP/1.1" 200 416 "-" "Mozilla/5.0 (Windows NT 10.0; Win64; x64) AppleWebKit/537.36 (KHTML, like Gecko) Chrome/114.0.0.0 Safari/537.36"
162.240.153.75 - - [19/Mar/2026:13:25:06 -0300] "POST /wp-cron.php?doing_wp_cron=1773937506.0140368938446044921875 HTTP/1.1" 200 - "-" "WordPress/6.9.4; https://tarapaca.vsptdigital.cl"
38.180.111.150 - - [19/Mar/2026:13:25:04 -0300] "POST /xmlrpc.php HTTP/1.1" 200 416 "-" "Mozilla/5.0 (Macintosh; Intel Mac OS X 12_5) AppleWebKit/537.36 (KHTML, like Gecko) Chrome/114.0.0.0 Safari/537.36"
38.180.111.150 - - [19/Mar/2026:13:25:07 -0300] "POST /xmlrpc.php HTTP/1.1" 200 416 "-" "Mozilla/5.0 (Macintosh; Intel Mac OS X 12_5) AppleWebKit/537.36 (KHTML, like Gecko) Chrome/114.0.0.0 Safari/537.36"
38.180.111.150 - - [19/Mar/2026:13:25:08 -0300] "POST /xmlrpc.php HTTP/1.1" 200 416 "-" "Mozilla/5.0 (Macintosh; Intel Mac OS X 12_5) AppleWebKit/537.36 (KHTML, like Gecko) Chrome/114.0.0.0 Safari/537.36"
38.180.111.150 - - [19/Mar/2026:13:25:10 -0300] "POST /xmlrpc.php HTTP/1.1" 200 416 "-" "Mozilla/5.0 (Macintosh; Intel Mac OS X 12_5) AppleWebKit/537.36 (KHTML, like Gecko) Chrome/114.0.0.0 Safari/537.36"
162.240.153.75 - - [19/Mar/2026:13:26:40 -0300] "POST /wp-cron.php?doing_wp_cron=1773937600.5650770664215087890625 HTTP/1.1" 200 - "-" "WordPress/6.9.4; https://tarapaca.vsptdigital.cl"
185.99.255.75 - - [19/Mar/2026:13:26:39 -0300] "GET /2025/11/26/online-casino-free-bonuses-uncovering-the-21/ HTTP/1.1" 200 33558 "https://tarapaca.vsptdigital.cl/" "Mozilla/5.0 (X11; Linux i686; rv:114.0) Gecko/20100101 Firefox/114.0"
185.99.255.75 - - [19/Mar/2026:13:26:41 -0300] "GET /wp-includes/css/dist/block-library/style.min.css?ver=6.9.4 HTTP/1.1" 200 119358 "https://tarapaca.vsptdigital.cl/2025/11/26/online-casino-free-bonuses-uncovering-the-21/" "Mozilla/5.0 (Windows NT 10.0; Win64; x64) AppleWebKit/537.36 (KHTML, like Gecko) Chrome/143.0.0.0 Safari/537.36"
185.99.255.75 - - [19/Mar/2026:13:26:42 -0300] "GET /wp-content/plugins/contact-form-7/includes/css/styles.css?ver=5.9.3 HTTP/1.1" 200 2894 "https://tarapaca.vsptdigital.cl/2025/11/26/online-casino-free-bonuses-uncovering-the-21/" "Mozilla/5.0 (Windows NT 10.0; Win64; x64) AppleWebKit/537.36 (KHTML, like Gecko) Chrome/143.0.0.0 Safari/537.36"
185.99.255.75 - - [19/Mar/2026:13:26:42 -0300] "GET /wp-content/plugins/woocommerce/assets/css/woocommerce-layout.css?ver=8.7.2 HTTP/1.1" 200 17688 "https://tarapaca.vsptdigital.cl/2025/11/26/online-casino-free-bonuses-uncovering-the-21/" "Mozilla/5.0 (Windows NT 10.0; Win64; x64) AppleWebKit/537.36 (KHTML, like Gecko) Chrome/143.0.0.0 Safari/537.36"
185.99.255.75 - - [19/Mar/2026:13:26:42 -0300] "GET /wp-content/plugins/woocommerce/assets/css/woocommerce-smallscreen.css?ver=8.7.2 HTTP/1.1" 200 7043 "https://tarapaca.vsptdigital.cl/2025/11/26/online-casino-free-bonuses-uncovering-the-21/" "Mozilla/5.0 (Windows NT 10.0; Win64; x64) AppleWebKit/537.36 (KHTML, like Gecko) Chrome/143.0.0.0 Safari/537.36"
185.99.255.75 - - [19/Mar/2026:13:26:43 -0300] "GET /wp-content/plugins/woocommerce/assets/css/woocommerce.css?ver=8.7.2 HTTP/1.1" 200 77339 "https://tarapaca.vsptdigital.cl/2025/11/26/online-casino-free-bonuses-uncovering-the-21/" "Mozilla/5.0 (Windows NT 10.0; Win64; x64) AppleWebKit/537.36 (KHTML, like Gecko) Chrome/143.0.0.0 Safari/537.36"
185.99.255.75 - - [19/Mar/2026:13:26:44 -0300] "GET /wp-content/themes/hello-elementor/style.min.css?ver=2.9.0 HTTP/1.1" 200 5756 "https://tarapaca.vsptdigital.cl/2025/11/26/online-casino-free-bonuses-uncovering-the-21/" "Mozilla/5.0 (Windows NT 10.0; Win64; x64) AppleWebKit/537.36 (KHTML, like Gecko) Chrome/143.0.0.0 Safari/537.36"
185.99.255.75 - - [19/Mar/2026:13:26:44 -0300] "GET /wp-content/themes/hello-elementor/theme.min.css?ver=2.9.0 HTTP/1.1" 200 12439 "https://tarapaca.vsptdigital.cl/2025/11/26/online-casino-free-bonuses-uncovering-the-21/" "Mozilla/5.0 (Windows NT 10.0; Win64; x64) AppleWebKit/537.36 (KHTML, like Gecko) Chrome/143.0.0.0 Safari/537.36"
185.99.255.75 - - [19/Mar/2026:13:26:44 -0300] "GET /wp-content/plugins/elementor/assets/css/frontend-lite.min.css?ver=3.20.3 HTTP/1.1" 200 118630 "https://tarapaca.vsptdigital.cl/2025/11/26/online-casino-free-bonuses-uncovering-the-21/" "Mozilla/5.0 (Windows NT 10.0; Win64; x64) AppleWebKit/537.36 (KHTML, like Gecko) Chrome/143.0.0.0 Safari/537.36"
185.99.255.75 - - [19/Mar/2026:13:26:45 -0300] "GET /wp-content/uploads/elementor/css/post-5.css?ver=1705946908 HTTP/1.1" 200 1169 "https://tarapaca.vsptdigital.cl/2025/11/26/online-casino-free-bonuses-uncovering-the-21/" "Mozilla/5.0 (Windows NT 10.0; Win64; x64) AppleWebKit/537.36 (KHTML, like Gecko) Chrome/143.0.0.0 Safari/537.36"
185.99.255.75 - - [19/Mar/2026:13:26:46 -0300] "GET /wp-content/plugins/winwheel4wp/assets/winwheel4wp.css?ver=1669909447 HTTP/1.1" 200 4354 "https://tarapaca.vsptdigital.cl/2025/11/26/online-casino-free-bonuses-uncovering-the-21/" "Mozilla/5.0 (Windows NT 10.0; Win64; x64) AppleWebKit/537.36 (KHTML, like Gecko) Chrome/143.0.0.0 Safari/537.36"
185.99.255.75 - - [19/Mar/2026:13:26:46 -0300] "POST /wp-comments-post.php HTTP/1.1" 302 - "https://tarapaca.vsptdigital.cl/2025/11/26/online-casino-free-bonuses-uncovering-the-21/" "Mozilla/5.0 (X11; Linux i686; rv:114.0) Gecko/20100101 Firefox/114.0"
185.99.255.75 - - [19/Mar/2026:13:26:48 -0300] "GET /2025/11/26/online-casino-free-bonuses-uncovering-the-21/?unapproved=21611&moderation-hash=ef8bf3a7a3cb696b27f2e210df0fbc0b HTTP/1.1" 200 35277 "https://tarapaca.vsptdigital.cl/wp-comments-post.php" "Mozilla/5.0 (X11; Linux i686; rv:114.0) Gecko/20100101 Firefox/114.0"
185.99.255.75 - - [19/Mar/2026:13:26:49 -0300] "GET /2025/11/26/online-casino-free-bonuses-uncovering-the-21/ HTTP/1.1" 200 33558 "-" "Mozilla/5.0 (X11; Linux i686; rv:114.0) Gecko/20100101 Firefox/114.0"
162.240.153.75 - - [19/Mar/2026:13:29:57 -0300] "POST /wp-cron.php?doing_wp_cron=1773937797.0983140468597412109375 HTTP/1.1" 200 - "-" "WordPress/6.9.4; https://tarapaca.vsptdigital.cl"
149.28.135.192 - - [19/Mar/2026:13:29:55 -0300] "GET /2025/11/26/online-casino-free-bonuses-uncovering-the-21/ HTTP/1.1" 200 33558 "-" "Mozilla/5.0 (Macintosh; Intel Mac OS X 12_5) AppleWebKit/537.36 (KHTML, like Gecko) Chrome/114.0.0.0 Safari/537.36"
95.5.106.126 - - [19/Mar/2026:13:30:12 -0300] "GET /2025/11/26/online-casino-free-bonuses-uncovering-the-21/ HTTP/1.1" 200 33558 "-" "Mozilla/5.0 (Macintosh; Intel Mac OS X 12_5) AppleWebKit/537.36 (KHTML, like Gecko) Chrome/114.0.0.0 Safari/537.36"
162.240.153.75 - - [19/Mar/2026:13:31:02 -0300] "POST /wp-cron.php?doing_wp_cron=1773937862.8019049167633056640625 HTTP/1.1" 200 - "-" "WordPress/6.9.4; https://tarapaca.vsptdigital.cl"
185.99.255.75 - - [19/Mar/2026:13:31:01 -0300] "GET /2025/11/26/online-casino-free-bonuses-uncovering-the-21/ HTTP/1.1" 200 33558 "-" "Mozilla/5.0 (Macintosh; Intel Mac OS X 12_5) AppleWebKit/537.36 (KHTML, like Gecko) Chrome/114.0.0.0 Safari/537.36"
162.240.153.75 - - [19/Mar/2026:13:34:20 -0300] "POST /wp-cron.php?doing_wp_cron=1773938060.4044549465179443359375 HTTP/1.1" 200 - "-" "WordPress/6.9.4; https://tarapaca.vsptdigital.cl"
23.158.233.122 - - [19/Mar/2026:13:34:19 -0300] "GET /2026/01/20/gde-kupit-diplom-defektologa/ HTTP/1.1" 200 34876 "https://tarapaca.vsptdigital.cl/" "Mozilla/5.0 (Windows NT 10.0; Win64; x64) AppleWebKit/537.36 (KHTML, like Gecko) Chrome/114.0.0.0 Safari/537.36"
23.158.233.122 - - [19/Mar/2026:13:34:28 -0300] "GET /wp-includes/css/dist/block-library/style.min.css?ver=6.9.4 HTTP/1.1" 200 119358 "https://tarapaca.vsptdigital.cl/2026/01/20/gde-kupit-diplom-defektologa/" "Mozilla/5.0 (Windows NT 10.0; Win64; x64) AppleWebKit/537.36 (KHTML, like Gecko) Chrome/143.0.0.0 Safari/537.36"
23.158.233.122 - - [19/Mar/2026:13:34:30 -0300] "GET /wp-content/plugins/contact-form-7/includes/css/styles.css?ver=5.9.3 HTTP/1.1" 200 2894 "https://tarapaca.vsptdigital.cl/2026/01/20/gde-kupit-diplom-defektologa/" "Mozilla/5.0 (Windows NT 10.0; Win64; x64) AppleWebKit/537.36 (KHTML, like Gecko) Chrome/143.0.0.0 Safari/537.36"
23.158.233.122 - - [19/Mar/2026:13:34:32 -0300] "GET /wp-content/plugins/woocommerce/assets/css/woocommerce-layout.css?ver=8.7.2 HTTP/1.1" 200 17688 "https://tarapaca.vsptdigital.cl/2026/01/20/gde-kupit-diplom-defektologa/" "Mozilla/5.0 (Windows NT 10.0; Win64; x64) AppleWebKit/537.36 (KHTML, like Gecko) Chrome/143.0.0.0 Safari/537.36"
23.158.233.122 - - [19/Mar/2026:13:34:33 -0300] "GET /wp-content/plugins/woocommerce/assets/css/woocommerce-smallscreen.css?ver=8.7.2 HTTP/1.1" 200 7043 "https://tarapaca.vsptdigital.cl/2026/01/20/gde-kupit-diplom-defektologa/" "Mozilla/5.0 (Windows NT 10.0; Win64; x64) AppleWebKit/537.36 (KHTML, like Gecko) Chrome/143.0.0.0 Safari/537.36"
23.158.233.122 - - [19/Mar/2026:13:34:33 -0300] "GET /wp-content/plugins/woocommerce/assets/css/woocommerce.css?ver=8.7.2 HTTP/1.1" 200 77339 "https://tarapaca.vsptdigital.cl/2026/01/20/gde-kupit-diplom-defektologa/" "Mozilla/5.0 (Windows NT 10.0; Win64; x64) AppleWebKit/537.36 (KHTML, like Gecko) Chrome/143.0.0.0 Safari/537.36"
23.158.233.122 - - [19/Mar/2026:13:34:34 -0300] "GET /wp-content/themes/hello-elementor/style.min.css?ver=2.9.0 HTTP/1.1" 200 5756 "https://tarapaca.vsptdigital.cl/2026/01/20/gde-kupit-diplom-defektologa/" "Mozilla/5.0 (Windows NT 10.0; Win64; x64) AppleWebKit/537.36 (KHTML, like Gecko) Chrome/143.0.0.0 Safari/537.36"
23.158.233.122 - - [19/Mar/2026:13:34:34 -0300] "GET /wp-content/themes/hello-elementor/theme.min.css?ver=2.9.0 HTTP/1.1" 200 12439 "https://tarapaca.vsptdigital.cl/2026/01/20/gde-kupit-diplom-defektologa/" "Mozilla/5.0 (Windows NT 10.0; Win64; x64) AppleWebKit/537.36 (KHTML, like Gecko) Chrome/143.0.0.0 Safari/537.36"
23.158.233.122 - - [19/Mar/2026:13:34:35 -0300] "GET /wp-content/plugins/elementor/assets/css/frontend-lite.min.css?ver=3.20.3 HTTP/1.1" 200 118630 "https://tarapaca.vsptdigital.cl/2026/01/20/gde-kupit-diplom-defektologa/" "Mozilla/5.0 (Windows NT 10.0; Win64; x64) AppleWebKit/537.36 (KHTML, like Gecko) Chrome/143.0.0.0 Safari/537.36"
23.158.233.122 - - [19/Mar/2026:13:34:37 -0300] "GET /wp-content/uploads/elementor/css/post-5.css?ver=1705946908 HTTP/1.1" 200 1169 "https://tarapaca.vsptdigital.cl/2026/01/20/gde-kupit-diplom-defektologa/" "Mozilla/5.0 (Windows NT 10.0; Win64; x64) AppleWebKit/537.36 (KHTML, like Gecko) Chrome/143.0.0.0 Safari/537.36"
23.158.233.122 - - [19/Mar/2026:13:34:37 -0300] "GET /wp-content/plugins/winwheel4wp/assets/winwheel4wp.css?ver=1669909447 HTTP/1.1" 200 4354 "https://tarapaca.vsptdigital.cl/2026/01/20/gde-kupit-diplom-defektologa/" "Mozilla/5.0 (Windows NT 10.0; Win64; x64) AppleWebKit/537.36 (KHTML, like Gecko) Chrome/143.0.0.0 Safari/537.36"
23.158.233.122 - - [19/Mar/2026:13:34:38 -0300] "POST /wp-comments-post.php HTTP/1.1" 302 - "https://tarapaca.vsptdigital.cl/2026/01/20/gde-kupit-diplom-defektologa/" "Mozilla/5.0 (Windows NT 10.0; Win64; x64) AppleWebKit/537.36 (KHTML, like Gecko) Chrome/114.0.0.0 Safari/537.36"
23.158.233.122 - - [19/Mar/2026:13:34:40 -0300] "GET /2026/01/20/gde-kupit-diplom-defektologa/?unapproved=21612&moderation-hash=dd1faaf39934c9f370f14b86580175ec HTTP/1.1" 200 36646 "https://tarapaca.vsptdigital.cl/wp-comments-post.php" "Mozilla/5.0 (Windows NT 10.0; Win64; x64) AppleWebKit/537.36 (KHTML, like Gecko) Chrome/114.0.0.0 Safari/537.36"
23.158.233.122 - - [19/Mar/2026:13:34:41 -0300] "GET /2026/01/20/gde-kupit-diplom-defektologa/ HTTP/1.1" 200 34876 "-" "Mozilla/5.0 (compatible; Googlebot/2.1; +http://www.google.com/bot.html)"
162.240.153.75 - - [19/Mar/2026:13:36:00 -0300] "POST /wp-cron.php?doing_wp_cron=1773938160.8531839847564697265625 HTTP/1.1" 200 - "-" "WordPress/6.9.4; https://tarapaca.vsptdigital.cl"
103.211.19.32 - - [19/Mar/2026:13:35:59 -0300] "GET /2025/11/26/online-casino-free-bonuses-uncovering-the-21/ HTTP/1.1" 200 33558 "-" "Mozilla/5.0 (Macintosh; Intel Mac OS X 12_5) AppleWebKit/537.36 (KHTML, like Gecko) Chrome/114.0.0.0 Safari/537.36"
216.73.216.40 - - [19/Mar/2026:13:36:41 -0300] "GET /robots.txt HTTP/1.1" 200 1916 "-" "Mozilla/5.0 AppleWebKit/537.36 (KHTML, like Gecko; compatible; ClaudeBot/1.0; +claudebot@anthropic.com)"
162.240.153.75 - - [19/Mar/2026:13:36:52 -0300] "POST /wp-cron.php?doing_wp_cron=1773938212.4600949287414550781250 HTTP/1.1" 200 - "-" "WordPress/6.9.4; https://tarapaca.vsptdigital.cl"
216.73.216.40 - - [19/Mar/2026:13:36:41 -0300] "GET /?feed=xmlsitemap2511 HTTP/1.1" 200 1446042 "-" "Mozilla/5.0 AppleWebKit/537.36 (KHTML, like Gecko; compatible; ClaudeBot/1.0; +claudebot@anthropic.com)"
162.240.153.75 - - [19/Mar/2026:13:38:15 -0300] "POST /wp-cron.php?doing_wp_cron=1773938295.5761609077453613281250 HTTP/1.1" 200 - "-" "WordPress/6.9.4; https://tarapaca.vsptdigital.cl"
79.117.176.150 - - [19/Mar/2026:13:38:14 -0300] "GET /2026/01/15/testosterone-enanthate-vs-cypionate-which-works-better/ HTTP/1.1" 200 26675 "-" "GuzzleHttp/7"
162.240.153.75 - - [19/Mar/2026:13:40:18 -0300] "POST /wp-cron.php?doing_wp_cron=1773938418.5006389617919921875000 HTTP/1.1" 200 - "-" "WordPress/6.9.4; https://tarapaca.vsptdigital.cl"
23.158.233.122 - - [19/Mar/2026:13:40:17 -0300] "GET /2026/01/20/gde-kupit-diplom-defektologa/ HTTP/1.1" 200 34876 "-" "Mozilla/5.0 (compatible; Googlebot/2.1; +http://www.google.com/bot.html)"
162.240.153.75 - - [19/Mar/2026:13:41:43 -0300] "POST /wp-cron.php?doing_wp_cron=1773938503.2389619350433349609375 HTTP/1.1" 200 - "-" "WordPress/6.9.4; https://tarapaca.vsptdigital.cl"
185.8.107.67 - - [19/Mar/2026:13:41:38 -0300] "GET / HTTP/1.1" 200 29601 "-" "Mozilla/5.0 (iPhone; CPU iPhone OS 12_4 like Mac OS X) AppleWebKit/605.1.15 (KHTML, like Gecko) Mobile/15E148"
23.158.233.124 - - [19/Mar/2026:13:41:47 -0300] "GET /2026/01/22/1xbet-promo-code-today-egypt-allinmax-e130-bonus/ HTTP/1.1" 200 55849 "https://tarapaca.vsptdigital.cl/" "Mozilla/5.0 (Windows NT 10.0; Win64; x64; Xbox; Xbox One) AppleWebKit/537.36 (KHTML, like Gecko) Chrome/114.0.0.0 Safari/537.36 Edge/44.18363.8131"
185.8.107.67 - - [19/Mar/2026:13:41:50 -0300] "GET //tarapaca.vsptdigital.cl/wp-content/plugins/woocommerce/assets/js/frontend/add-to-cart.min.js HTTP/1.1" 301 - "-" "Mozilla/5.0 (Windows NT 6.1; WOW64) AppleWebKit/537.36 (KHTML, like Gecko) Chrome/63.0.3239.26 Safari/537.36 Core/1.63.5977.400 LBBROWSER/10.1.3752.400"
185.8.107.67 - - [19/Mar/2026:13:41:50 -0300] "GET //tarapaca.vsptdigital.cl/wp-content/plugins/contact-form-7/includes/js/index.js HTTP/1.1" 301 - "-" "Mozilla/5.0 (Windows NT 10.0; WOW64; Trident/7.0; Touch; MALNJS; rv:11.0) like Gecko"
185.8.107.67 - - [19/Mar/2026:13:41:50 -0300] "GET //tarapaca.vsptdigital.cl/wp-content/plugins/woocommerce/assets/js/sourcebuster/sourcebuster.min.js HTTP/1.1" 301 - "-" "Mozilla/5.0 (Windows NT 10.0; Win64; x64) AppleWebKit/537.36 (KHTML, like Gecko) Chrome/77.0.3865.42 Safari/537.36"
185.8.107.67 - - [19/Mar/2026:13:41:51 -0300] "GET //tarapaca.vsptdigital.cl/wp-content/plugins/woocommerce/assets/js/jquery-blockui/jquery.blockUI.min.js HTTP/1.1" 301 - "-" "Mozilla/5.0 (Linux; Android 8.0.0; SM-A530F) AppleWebKit/537.36 (KHTML, like Gecko) Chrome/76.0.3809.111 Mobile Safari/537.36"
185.8.107.67 - - [19/Mar/2026:13:41:50 -0300] "GET //tarapaca.vsptdigital.cl/wp-includes/js/wp-emoji-loader.min.js HTTP/1.1" 301 - "-" "Mozilla/5.0 (OS/2; Warp 4.5; rv:10.0.12) Gecko/20100101 Firefox/10.0.12"
185.8.107.67 - - [19/Mar/2026:13:41:50 -0300] "GET //tarapaca.vsptdigital.cl/wp-includes/js/wp-emoji-release.min.js HTTP/1.1" 301 - "-" "Mozilla/5.0 (Windows NT 6.1; WOW64) AppleWebKit/537.36 (KHTML, like Gecko) coc_coc_browser/80.0.180 Chrome/74.0.3729.180 Safari/537.36"
185.8.107.67 - - [19/Mar/2026:13:41:50 -0300] "GET //tarapaca.vsptdigital.cl/wp-includes/js/jquery/jquery-migrate.min.js HTTP/1.1" 301 - "-" "Mozilla/5.0 (iPhone; CPU iPhone OS 11_0 like Mac OS X) AppleWebKit/604.1.38 (KHTML, like Gecko) Version/11.0 Mobile/15A5362a Safari/604.1"
185.8.107.67 - - [19/Mar/2026:13:41:51 -0300] "GET //tarapaca.vsptdigital.cl/wp-content/plugins/woocommerce/assets/js/js-cookie/js.cookie.min.js HTTP/1.1" 301 - "-" "Opera/10.61 (J2ME/MIDP; Opera Mini/5.1.21219/19.999; en-US; rv:1.9.3a5) WebKit/534.5 Presto/2.6.30"
185.8.107.67 - - [19/Mar/2026:13:41:51 -0300] "GET //tarapaca.vsptdigital.cl/wp-content/plugins/contact-form-7/includes/swv/js/index.js HTTP/1.1" 301 - "-" "MOT-V177/0.1.75 UP.Browser/6.2.3.9.c.12 (GUI) MMP/2.0 UP.Link/6.3.1.13.0"
185.8.107.67 - - [19/Mar/2026:13:41:50 -0300] "GET //tarapaca.vsptdigital.cl/wp-includes/js/jquery/jquery.min.js HTTP/1.1" 301 - "-" "Mozilla/5.0 (PLAYSTATION 3; 2.00)"
185.8.107.67 - - [19/Mar/2026:13:41:51 -0300] "GET //tarapaca.vsptdigital.cl/wp-content/plugins/woocommerce/assets/js/frontend/order-attribution.min.js HTTP/1.1" 301 - "-" "Mozilla/5.0 (Macintosh; Intel Mac OS X 10_14_5) AppleWebKit/537.36 (KHTML, like Gecko) Chrome/77.0.3865.35 Safari/537.36"
185.8.107.67 - - [19/Mar/2026:13:41:50 -0300] "GET //tarapaca.vsptdigital.cl/wp-content/themes/hello-elementor/assets/js/hello-frontend.min.js HTTP/1.1" 301 - "-" "Mozilla/5.0 (Windows NT 10.0; Win64; x64) AppleWebKit/537.36 (KHTML, like Gecko) Chrome/74.0.3729.172 Safari/537.36 Vivaldi/2.5.1525.48"
185.8.107.67 - - [19/Mar/2026:13:41:50 -0300] "GET //tarapaca.vsptdigital.cl/wp-content/plugins/winwheel4wp/assets/winwheel4wp.js HTTP/1.1" 301 - "-" "Facebot"
185.8.107.67 - - [19/Mar/2026:13:41:51 -0300] "GET //tarapaca.vsptdigital.cl/wp-content/plugins/woocommerce/assets/js/frontend/woocommerce.min.js HTTP/1.1" 301 - "-" "Mozilla/5.0 (Macintosh; Intel Mac OS X 10_14_1) AppleWebKit/537.36 (KHTML, like Gecko) Chrome/75.0.3770.80 Safari/537.36"
140.143.155.247 - - [19/Mar/2026:13:42:37 -0300] "GET /2026/02/11/budgeting-for-fun-at-the-casino-tips-from/ HTTP/1.1" 200 30325 "-" "Mozilla/5.0 (Windows NT 10.0; Win64; x64) AppleWebKit/537.36 (KHTML, like Gecko) Chrome/142.0.0.0 Safari/537.36"
140.143.155.247 - - [19/Mar/2026:13:42:39 -0300] "GET /wp-content/plugins/woocommerce/assets/css/woocommerce-layout.css?ver=8.7.2 HTTP/1.1" 200 17688 "https://tarapaca.vsptdigital.cl/2026/02/11/budgeting-for-fun-at-the-casino-tips-from/" "Mozilla/5.0 (Windows NT 10.0; Win64; x64) AppleWebKit/537.36 (KHTML, like Gecko) Chrome/142.0.0.0 Safari/537.36"
140.143.155.247 - - [19/Mar/2026:13:42:39 -0300] "GET /wp-content/themes/hello-elementor/style.min.css?ver=2.9.0 HTTP/1.1" 200 5756 "https://tarapaca.vsptdigital.cl/2026/02/11/budgeting-for-fun-at-the-casino-tips-from/" "Mozilla/5.0 (Windows NT 10.0; Win64; x64) AppleWebKit/537.36 (KHTML, like Gecko) Chrome/142.0.0.0 Safari/537.36"
140.143.155.247 - - [19/Mar/2026:13:42:39 -0300] "GET /wp-content/plugins/winwheel4wp/assets/winwheel4wp.css?ver=1669909447 HTTP/1.1" 200 4354 "https://tarapaca.vsptdigital.cl/2026/02/11/budgeting-for-fun-at-the-casino-tips-from/" "Mozilla/5.0 (Windows NT 10.0; Win64; x64) AppleWebKit/537.36 (KHTML, like Gecko) Chrome/142.0.0.0 Safari/537.36"
140.143.155.247 - - [19/Mar/2026:13:42:39 -0300] "GET /wp-content/plugins/woocommerce/assets/js/sourcebuster/sourcebuster.min.js?ver=8.7.2 HTTP/1.1" 200 20198 "https://tarapaca.vsptdigital.cl/2026/02/11/budgeting-for-fun-at-the-casino-tips-from/" "Mozilla/5.0 (Windows NT 10.0; Win64; x64) AppleWebKit/537.36 (KHTML, like Gecko) Chrome/142.0.0.0 Safari/537.36"
140.143.155.247 - - [19/Mar/2026:13:42:39 -0300] "GET /wp-content/plugins/woocommerce/assets/js/frontend/order-attribution.min.js?ver=8.7.2 HTTP/1.1" 200 7207 "https://tarapaca.vsptdigital.cl/2026/02/11/budgeting-for-fun-at-the-casino-tips-from/" "Mozilla/5.0 (Windows NT 10.0; Win64; x64) AppleWebKit/537.36 (KHTML, like Gecko) Chrome/142.0.0.0 Safari/537.36"
140.143.155.247 - - [19/Mar/2026:13:42:39 -0300] "GET /wp-content/plugins/woocommerce/assets/js/frontend/woocommerce.min.js?ver=8.7.2 HTTP/1.1" 200 7837 "https://tarapaca.vsptdigital.cl/2026/02/11/budgeting-for-fun-at-the-casino-tips-from/" "Mozilla/5.0 (Windows NT 10.0; Win64; x64) AppleWebKit/537.36 (KHTML, like Gecko) Chrome/142.0.0.0 Safari/537.36"
140.143.155.247 - - [19/Mar/2026:13:42:39 -0300] "GET /wp-includes/js/comment-reply.min.js?ver=6.9.4 HTTP/1.1" 200 3026 "https://tarapaca.vsptdigital.cl/2026/02/11/budgeting-for-fun-at-the-casino-tips-from/" "Mozilla/5.0 (Windows NT 10.0; Win64; x64) AppleWebKit/537.36 (KHTML, like Gecko) Chrome/142.0.0.0 Safari/537.36"
140.143.155.247 - - [19/Mar/2026:13:42:39 -0300] "GET /wp-content/plugins/woocommerce/assets/css/woocommerce-smallscreen.css?ver=8.7.2 HTTP/1.1" 200 7043 "https://tarapaca.vsptdigital.cl/2026/02/11/budgeting-for-fun-at-the-casino-tips-from/" "Mozilla/5.0 (Windows NT 10.0; Win64; x64) AppleWebKit/537.36 (KHTML, like Gecko) Chrome/142.0.0.0 Safari/537.36"
162.240.153.75 - - [19/Mar/2026:13:43:57 -0300] "POST /wp-cron.php?doing_wp_cron=1773938637.8140730857849121093750 HTTP/1.1" 200 - "-" "WordPress/6.9.4; https://tarapaca.vsptdigital.cl"
62.234.2.100 - - [19/Mar/2026:13:43:56 -0300] "GET /2026/02/12/gambling-dla-pocztkujcych-jak-zacz-przygod-z/ HTTP/1.1" 200 30070 "-" "Mozilla/5.0 (Windows NT 10.0; Win64; x64) AppleWebKit/537.36 (KHTML, like Gecko) Chrome/144.0.0.0 Safari/537.36"
62.234.2.100 - - [19/Mar/2026:13:44:00 -0300] "GET /wp-content/plugins/woocommerce/assets/js/frontend/add-to-cart.min.js?ver=8.7.2 HTTP/1.1" 200 8756 "https://tarapaca.vsptdigital.cl/2026/02/12/gambling-dla-pocztkujcych-jak-zacz-przygod-z/" "Mozilla/5.0 (Windows NT 10.0; Win64; x64) AppleWebKit/537.36 (KHTML, like Gecko) Chrome/144.0.0.0 Safari/537.36"
