162.240.153.75 - - [19/Mar/2026:10:35:42 -0300] "POST /wp-cron.php?doing_wp_cron=1773927342.9097840785980224609375 HTTP/1.1" 200 - "-" "WordPress/6.9.4; https://tarapaca.vsptdigital.cl"
57.141.6.17 - - [19/Mar/2026:10:35:42 -0300] "GET /?p=533914 HTTP/1.1" 301 - "-" "meta-externalagent/1.1 (+https://developers.facebook.com/docs/sharing/webmasters/crawler)"
162.240.153.75 - - [19/Mar/2026:10:35:50 -0300] "POST /wp-cron.php?doing_wp_cron=1773927350.6502480506896972656250 HTTP/1.1" 200 - "-" "WordPress/6.9.4; https://tarapaca.vsptdigital.cl"
216.73.216.40 - - [19/Mar/2026:10:35:40 -0300] "GET /?feed=xmlsitemap2511 HTTP/1.1" 200 1446042 "-" "Mozilla/5.0 AppleWebKit/537.36 (KHTML, like Gecko; compatible; ClaudeBot/1.0; +claudebot@anthropic.com)"
162.240.153.75 - - [19/Mar/2026:10:37:24 -0300] "POST /wp-cron.php?doing_wp_cron=1773927444.5922911167144775390625 HTTP/1.1" 200 - "-" "WordPress/6.9.4; https://tarapaca.vsptdigital.cl"
43.143.162.8 - - [19/Mar/2026:10:37:23 -0300] "GET /2026/02/18/rlilyiin-puf-noqtlri-qumar-oyunu-ucun-inkiaf-etmi/ HTTP/1.1" 200 30577 "-" "Mozilla/5.0 (Windows NT 10.0; Win64; x64) AppleWebKit/537.36 (KHTML, like Gecko) Chrome/144.0.0.0 Safari/537.36"
43.143.162.8 - - [19/Mar/2026:10:37:25 -0300] "GET /wp-includes/js/jquery/jquery-migrate.min.js?ver=3.4.1 HTTP/1.1" 200 13577 "https://tarapaca.vsptdigital.cl/2026/02/18/rlilyiin-puf-noqtlri-qumar-oyunu-ucun-inkiaf-etmi/" "Mozilla/5.0 (Windows NT 10.0; Win64; x64) AppleWebKit/537.36 (KHTML, like Gecko) Chrome/144.0.0.0 Safari/537.36"
43.143.162.8 - - [19/Mar/2026:10:37:25 -0300] "GET /wp-content/plugins/woocommerce/assets/js/frontend/order-attribution.min.js?ver=8.7.2 HTTP/1.1" 200 7207 "https://tarapaca.vsptdigital.cl/2026/02/18/rlilyiin-puf-noqtlri-qumar-oyunu-ucun-inkiaf-etmi/" "Mozilla/5.0 (Windows NT 10.0; Win64; x64) AppleWebKit/537.36 (KHTML, like Gecko) Chrome/144.0.0.0 Safari/537.36"
43.143.162.8 - - [19/Mar/2026:10:37:25 -0300] "GET /wp-includes/js/jquery/jquery.min.js?ver=3.7.1 HTTP/1.1" 200 87553 "https://tarapaca.vsptdigital.cl/2026/02/18/rlilyiin-puf-noqtlri-qumar-oyunu-ucun-inkiaf-etmi/" "Mozilla/5.0 (Windows NT 10.0; Win64; x64) AppleWebKit/537.36 (KHTML, like Gecko) Chrome/144.0.0.0 Safari/537.36"
43.143.162.8 - - [19/Mar/2026:10:37:26 -0300] "GET /wp-content/plugins/woocommerce/assets/js/jquery-blockui/jquery.blockUI.min.js?ver=2.7.0-wc.8.7.2 HTTP/1.1" 200 15334 "https://tarapaca.vsptdigital.cl/2026/02/18/rlilyiin-puf-noqtlri-qumar-oyunu-ucun-inkiaf-etmi/" "Mozilla/5.0 (Windows NT 10.0; Win64; x64) AppleWebKit/537.36 (KHTML, like Gecko) Chrome/144.0.0.0 Safari/537.36"
116.240.149.7 - - [19/Mar/2026:10:38:45 -0300] "GET /robots.txt HTTP/1.1" 200 1916 "-" "Mozilla/5.0 (compatible; MJ12bot/v1.4.8; http://mj12bot.com/)"
162.240.153.75 - - [19/Mar/2026:10:39:18 -0300] "POST /wp-cron.php?doing_wp_cron=1773927558.0439119338989257812500 HTTP/1.1" 200 - "-" "WordPress/6.9.4; https://tarapaca.vsptdigital.cl"
45.148.10.238 - - [19/Mar/2026:10:39:16 -0300] "GET /.git/config HTTP/1.1" 301 - "-" "Opera/9.80 (S60; SymbOS; Opera Mobi/499; U; ru) Presto/2.4.18 Version/10.00"
162.240.153.75 - - [19/Mar/2026:10:40:06 -0300] "POST /wp-cron.php?doing_wp_cron=1773927606.8276059627532958984375 HTTP/1.1" 200 - "-" "WordPress/6.9.4; https://tarapaca.vsptdigital.cl"
23.20.178.124 - - [19/Mar/2026:10:40:04 -0300] "GET /wp-json/oembed/1.0/embed?url=https://tarapaca.vsptdigital.cl/2026/03/12/populara-spel-p-chicken-road-en-djupdykning-i/ HTTP/1.1" 200 2479 "-" "Mozilla/5.0 AppleWebKit/537.36 (KHTML, like Gecko; compatible; Amazonbot/0.1; +https://developer.amazon.com/support/amazonbot) Chrome/119.0.6045.214 Safari/537.36"
23.158.233.51 - - [19/Mar/2026:10:40:17 -0300] "GET /2026/01/24/ca-cc-th-thao-1xbet-hng-dn-y-va-chi-tit/ HTTP/1.1" 200 33122 "-" "Mozilla/5.0 (compatible; Googlebot/2.1; +http://www.google.com/bot.html)"
162.240.153.75 - - [19/Mar/2026:10:40:50 -0300] "POST /wp-cron.php?doing_wp_cron=1773927650.2875950336456298828125 HTTP/1.1" 200 - "-" "WordPress/6.9.4; https://tarapaca.vsptdigital.cl"
82.156.10.6 - - [19/Mar/2026:10:40:49 -0300] "GET /2026/02/16/descubre-los-mejores-juegos-de-casino-para/ HTTP/1.1" 200 30433 "https://tarapaca.vsptdigital.cl/2026/02/16/descubre-los-mejores-juegos-de-casino-para/#respond" "Mozilla/5.0 (Windows NT 10.0; Win64; x64) AppleWebKit/537.36 (KHTML, like Gecko) Chrome/101.0.4951.64 Safari/537.36 Edg/101.0.1210.47"
162.240.153.75 - - [19/Mar/2026:10:41:14 -0300] "POST /wp-cron.php?doing_wp_cron=1773927674.5439059734344482421875 HTTP/1.1" 200 - "-" "WordPress/6.9.4; https://tarapaca.vsptdigital.cl"
43.157.153.236 - - [19/Mar/2026:10:40:47 -0300] "GET /2026/03/19/mitos-y-realidades-sobre-los-casinos-descubre-la/feed/ HTTP/1.1" 200 908 "-" "Mozilla/5.0 (iPhone; CPU iPhone OS 13_2_3 like Mac OS X) AppleWebKit/605.1.15 (KHTML, like Gecko) Version/13.0.3 Mobile/15E148 Safari/604.1"
101.42.36.72 - - [19/Mar/2026:10:41:38 -0300] "GET /2026/02/11/future-trends-reshaping-the-gambling-landscape-2/ HTTP/1.1" 200 30587 "https://tarapaca.vsptdigital.cl/2026/02/11/future-trends-reshaping-the-gambling-landscape-2/" "Mozilla/5.0 (Windows NT 10.0; Win64; x64) AppleWebKit/537.36 (KHTML, like Gecko) Chrome/116.0.0.0 Safari/537.36"
162.240.153.75 - - [19/Mar/2026:10:44:39 -0300] "POST /wp-cron.php?doing_wp_cron=1773927879.2578020095825195312500 HTTP/1.1" 200 - "-" "WordPress/6.9.4; https://tarapaca.vsptdigital.cl"
185.156.47.14 - - [19/Mar/2026:10:44:38 -0300] "GET /wp-login.php HTTP/1.1" 200 9093 "-" "Mozilla/5.0 (Windows NT 10.0; Win64; x64) AppleWebKit/537.36 (KHTML, like Gecko) Chrome/114.0.0.0 Safari/537.36"
185.156.47.14 - - [19/Mar/2026:10:44:39 -0300] "POST /wp-login.php HTTP/1.1" 200 9552 "-" "Mozilla/5.0 (Windows NT 10.0; Win64; x64) AppleWebKit/537.36 (KHTML, like Gecko) Chrome/114.0.0.0 Safari/537.36"
162.240.153.75 - - [19/Mar/2026:10:49:57 -0300] "POST /wp-cron.php?doing_wp_cron=1773928197.1666209697723388671875 HTTP/1.1" 200 - "-" "WordPress/6.9.4; https://tarapaca.vsptdigital.cl"
207.180.201.99 - - [19/Mar/2026:10:49:55 -0300] "GET /2026/03/19/harnessing-technology-x27-s-influence-on-gambling/ HTTP/1.1" 200 30790 "-" "Mozilla/5.0 (Windows NT 10.0; Win64; x64; rv:121.0) Gecko/20100101 Firefox/121.0"
207.180.201.99 - - [19/Mar/2026:10:49:57 -0300] "GET /wp-content/plugins/contact-form-7/includes/css/styles.css?ver=5.9.3 HTTP/1.1" 200 2894 "https://tarapaca.vsptdigital.cl/2026/03/19/harnessing-technology-x27-s-influence-on-gambling/" "Mozilla/5.0 (Windows NT 10.0; Win64; x64; rv:121.0) Gecko/20100101 Firefox/121.0"
207.180.201.99 - - [19/Mar/2026:10:49:57 -0300] "GET /wp-includes/css/dist/block-library/style.min.css?ver=6.9.4 HTTP/1.1" 200 119358 "https://tarapaca.vsptdigital.cl/2026/03/19/harnessing-technology-x27-s-influence-on-gambling/" "Mozilla/5.0 (Windows NT 10.0; Win64; x64; rv:121.0) Gecko/20100101 Firefox/121.0"
207.180.201.99 - - [19/Mar/2026:10:49:57 -0300] "GET /wp-content/plugins/woocommerce/assets/css/woocommerce.css?ver=8.7.2 HTTP/1.1" 200 77339 "https://tarapaca.vsptdigital.cl/2026/03/19/harnessing-technology-x27-s-influence-on-gambling/" "Mozilla/5.0 (Windows NT 10.0; Win64; x64; rv:121.0) Gecko/20100101 Firefox/121.0"
207.180.201.99 - - [19/Mar/2026:10:49:57 -0300] "GET /wp-content/plugins/woocommerce/assets/css/woocommerce-layout.css?ver=8.7.2 HTTP/1.1" 200 17688 "https://tarapaca.vsptdigital.cl/2026/03/19/harnessing-technology-x27-s-influence-on-gambling/" "Mozilla/5.0 (Windows NT 10.0; Win64; x64; rv:121.0) Gecko/20100101 Firefox/121.0"
207.180.201.99 - - [19/Mar/2026:10:49:57 -0300] "GET /wp-content/themes/hello-elementor/theme.min.css?ver=2.9.0 HTTP/1.1" 200 12439 "https://tarapaca.vsptdigital.cl/2026/03/19/harnessing-technology-x27-s-influence-on-gambling/" "Mozilla/5.0 (Windows NT 10.0; Win64; x64; rv:121.0) Gecko/20100101 Firefox/121.0"
207.180.201.99 - - [19/Mar/2026:10:49:57 -0300] "GET /wp-content/themes/hello-elementor/style.min.css?ver=2.9.0 HTTP/1.1" 200 5756 "https://tarapaca.vsptdigital.cl/2026/03/19/harnessing-technology-x27-s-influence-on-gambling/" "Mozilla/5.0 (Windows NT 10.0; Win64; x64; rv:121.0) Gecko/20100101 Firefox/121.0"
207.180.201.99 - - [19/Mar/2026:10:49:57 -0300] "GET /wp-content/uploads/elementor/css/post-5.css?ver=1705946908 HTTP/1.1" 200 1169 "https://tarapaca.vsptdigital.cl/2026/03/19/harnessing-technology-x27-s-influence-on-gambling/" "Mozilla/5.0 (Windows NT 10.0; Win64; x64; rv:121.0) Gecko/20100101 Firefox/121.0"
207.180.201.99 - - [19/Mar/2026:10:49:57 -0300] "GET /wp-content/plugins/winwheel4wp/assets/winwheel4wp.css?ver=1669909447 HTTP/1.1" 200 4354 "https://tarapaca.vsptdigital.cl/2026/03/19/harnessing-technology-x27-s-influence-on-gambling/" "Mozilla/5.0 (Windows NT 10.0; Win64; x64; rv:121.0) Gecko/20100101 Firefox/121.0"
207.180.201.99 - - [19/Mar/2026:10:49:58 -0300] "GET /wp-includes/js/jquery/jquery-migrate.min.js?ver=3.4.1 HTTP/1.1" 200 13577 "https://tarapaca.vsptdigital.cl/2026/03/19/harnessing-technology-x27-s-influence-on-gambling/" "Mozilla/5.0 (Windows NT 10.0; Win64; x64; rv:121.0) Gecko/20100101 Firefox/121.0"
207.180.201.99 - - [19/Mar/2026:10:49:58 -0300] "GET /wp-includes/js/jquery/jquery.min.js?ver=3.7.1 HTTP/1.1" 200 87553 "https://tarapaca.vsptdigital.cl/2026/03/19/harnessing-technology-x27-s-influence-on-gambling/" "Mozilla/5.0 (Windows NT 10.0; Win64; x64; rv:121.0) Gecko/20100101 Firefox/121.0"
207.180.201.99 - - [19/Mar/2026:10:49:57 -0300] "GET /wp-content/plugins/elementor/assets/css/frontend-lite.min.css?ver=3.20.3 HTTP/1.1" 200 118630 "https://tarapaca.vsptdigital.cl/2026/03/19/harnessing-technology-x27-s-influence-on-gambling/" "Mozilla/5.0 (Windows NT 10.0; Win64; x64; rv:121.0) Gecko/20100101 Firefox/121.0"
207.180.201.99 - - [19/Mar/2026:10:49:58 -0300] "GET /wp-content/plugins/winwheel4wp/assets/winwheel4wp.js?ver=1669909447 HTTP/1.1" 200 11867 "https://tarapaca.vsptdigital.cl/2026/03/19/harnessing-technology-x27-s-influence-on-gambling/" "Mozilla/5.0 (Windows NT 10.0; Win64; x64; rv:121.0) Gecko/20100101 Firefox/121.0"
207.180.201.99 - - [19/Mar/2026:10:49:58 -0300] "GET /wp-content/plugins/contact-form-7/includes/swv/js/index.js?ver=5.9.3 HTTP/1.1" 200 17211 "https://tarapaca.vsptdigital.cl/2026/03/19/harnessing-technology-x27-s-influence-on-gambling/" "Mozilla/5.0 (Windows NT 10.0; Win64; x64; rv:121.0) Gecko/20100101 Firefox/121.0"
207.180.201.99 - - [19/Mar/2026:10:49:58 -0300] "GET /wp-content/plugins/contact-form-7/includes/js/index.js?ver=5.9.3 HTTP/1.1" 200 18752 "https://tarapaca.vsptdigital.cl/2026/03/19/harnessing-technology-x27-s-influence-on-gambling/" "Mozilla/5.0 (Windows NT 10.0; Win64; x64; rv:121.0) Gecko/20100101 Firefox/121.0"
207.180.201.99 - - [19/Mar/2026:10:49:58 -0300] "GET /wp-content/plugins/woocommerce/assets/js/sourcebuster/sourcebuster.min.js?ver=8.7.2 HTTP/1.1" 200 20198 "https://tarapaca.vsptdigital.cl/2026/03/19/harnessing-technology-x27-s-influence-on-gambling/" "Mozilla/5.0 (Windows NT 10.0; Win64; x64; rv:121.0) Gecko/20100101 Firefox/121.0"
207.180.201.99 - - [19/Mar/2026:10:49:58 -0300] "GET /wp-content/plugins/woocommerce/assets/js/jquery-blockui/jquery.blockUI.min.js?ver=2.7.0-wc.8.7.2 HTTP/1.1" 200 15334 "https://tarapaca.vsptdigital.cl/2026/03/19/harnessing-technology-x27-s-influence-on-gambling/" "Mozilla/5.0 (Windows NT 10.0; Win64; x64; rv:121.0) Gecko/20100101 Firefox/121.0"
207.180.201.99 - - [19/Mar/2026:10:49:58 -0300] "GET /wp-content/themes/hello-elementor/assets/js/hello-frontend.min.js?ver=1.0.0 HTTP/1.1" 200 7572 "https://tarapaca.vsptdigital.cl/2026/03/19/harnessing-technology-x27-s-influence-on-gambling/" "Mozilla/5.0 (Windows NT 10.0; Win64; x64; rv:121.0) Gecko/20100101 Firefox/121.0"
207.180.201.99 - - [19/Mar/2026:10:49:58 -0300] "GET /wp-content/plugins/woocommerce/assets/js/frontend/order-attribution.min.js?ver=8.7.2 HTTP/1.1" 200 7207 "https://tarapaca.vsptdigital.cl/2026/03/19/harnessing-technology-x27-s-influence-on-gambling/" "Mozilla/5.0 (Windows NT 10.0; Win64; x64; rv:121.0) Gecko/20100101 Firefox/121.0"
207.180.201.99 - - [19/Mar/2026:10:49:58 -0300] "GET /wp-content/plugins/woocommerce/assets/js/frontend/add-to-cart.min.js?ver=8.7.2 HTTP/1.1" 200 8756 "https://tarapaca.vsptdigital.cl/2026/03/19/harnessing-technology-x27-s-influence-on-gambling/" "Mozilla/5.0 (Windows NT 10.0; Win64; x64; rv:121.0) Gecko/20100101 Firefox/121.0"
207.180.201.99 - - [19/Mar/2026:10:49:58 -0300] "GET /2026/03/19/harnessing-technology-x27-s-influence-on-gambling/%3Cdiv%20class=%22video-container%22%3E%3Ciframe%20src=%22https://cdn.pixabay.com/video/2020/11/07/55851-504238896_medium.mp4%22%20frameborder=%220%22%20allowfullscreen%3E%3C/iframe%3E%3C/div%3E HTTP/1.1" 301 - "https://tarapaca.vsptdigital.cl/2026/03/19/harnessing-technology-x27-s-influence-on-gambling/" "Mozilla/5.0 (Windows NT 10.0; Win64; x64; rv:121.0) Gecko/20100101 Firefox/121.0"
207.180.201.99 - - [19/Mar/2026:10:49:59 -0300] "GET /wp-content/plugins/woocommerce/assets/js/js-cookie/js.cookie.min.js?ver=2.1.4-wc.8.7.2 HTTP/1.1" 200 7418 "https://tarapaca.vsptdigital.cl/2026/03/19/harnessing-technology-x27-s-influence-on-gambling/" "Mozilla/5.0 (Windows NT 10.0; Win64; x64; rv:121.0) Gecko/20100101 Firefox/121.0"
207.180.201.99 - - [19/Mar/2026:10:49:59 -0300] "GET /wp-includes/js/comment-reply.min.js?ver=6.9.4 HTTP/1.1" 200 3026 "https://tarapaca.vsptdigital.cl/2026/03/19/harnessing-technology-x27-s-influence-on-gambling/" "Mozilla/5.0 (Windows NT 10.0; Win64; x64; rv:121.0) Gecko/20100101 Firefox/121.0"
207.180.201.99 - - [19/Mar/2026:10:49:59 -0300] "GET /wp-content/plugins/woocommerce/assets/js/frontend/woocommerce.min.js?ver=8.7.2 HTTP/1.1" 200 7837 "https://tarapaca.vsptdigital.cl/2026/03/19/harnessing-technology-x27-s-influence-on-gambling/" "Mozilla/5.0 (Windows NT 10.0; Win64; x64; rv:121.0) Gecko/20100101 Firefox/121.0"
207.180.201.99 - - [19/Mar/2026:10:49:59 -0300] "GET /wp-content/plugins/woocommerce/assets/css/woocommerce-smallscreen.css?ver=8.7.2 HTTP/1.1" 200 7043 "https://tarapaca.vsptdigital.cl/2026/03/19/harnessing-technology-x27-s-influence-on-gambling/" "Mozilla/5.0 (Windows NT 10.0; Win64; x64; rv:121.0) Gecko/20100101 Firefox/121.0"
207.180.201.99 - - [19/Mar/2026:10:49:59 -0300] "GET /wp-includes/js/wp-emoji-release.min.js?ver=6.9.4 HTTP/1.1" 200 22762 "https://tarapaca.vsptdigital.cl/2026/03/19/harnessing-technology-x27-s-influence-on-gambling/" "Mozilla/5.0 (Windows NT 10.0; Win64; x64; rv:121.0) Gecko/20100101 Firefox/121.0"
207.180.201.99 - - [19/Mar/2026:10:49:59 -0300] "GET /2026/03/19/harnessing-technology-x27-s-influence-on-gambling/%3Cdiv%20class=%22video-container%22%3E%3Ciframe%20src=%22https:/cdn.pixabay.com/video/2020/11/07/55851-504238896_medium.mp4%22%20frameborder=%220%22%20allowfullscreen%3E%3C/iframe%3E%3C/div%3E HTTP/1.1" 404 22401 "https://tarapaca.vsptdigital.cl/2026/03/19/harnessing-technology-x27-s-influence-on-gambling/" "Mozilla/5.0 (Windows NT 10.0; Win64; x64; rv:121.0) Gecko/20100101 Firefox/121.0"
162.240.153.75 - - [19/Mar/2026:10:50:34 -0300] "POST /wp-cron.php?doing_wp_cron=1773928234.2721960544586181640625 HTTP/1.1" 200 - "-" "WordPress/6.9.4; https://tarapaca.vsptdigital.cl"
122.8.94.62 - - [19/Mar/2026:10:50:33 -0300] "GET /2026/01/27/exploring-bdtk1-bet-the-future-of-online-betting-7/ HTTP/1.1" 200 32775 "https://tarapaca.vsptdigital.cl/" "Mozilla/5.0 (X11; Linux x86_64) AppleWebKit/537.36 (KHTML, like Gecko) Chrome/114.0.0.0 Safari/537.36 Vivaldi/5.3.2679.68"
122.8.94.62 - - [19/Mar/2026:10:50:35 -0300] "GET /wp-admin/admin-ajax.php HTTP/1.1" 400 1 "https://tarapaca.vsptdigital.cl/2026/01/27/exploring-bdtk1-bet-the-future-of-online-betting-7/" "Mozilla/5.0 (Windows NT 6.3; Win64; x64) AppleWebKit/537.36 (KHTML, like Gecko) Chrome/103.0.0.0 Safari/537.36"
122.8.94.62 - - [19/Mar/2026:10:50:36 -0300] "GET /wp-admin/admin-ajax.php?action=register HTTP/1.1" 400 1 "https://tarapaca.vsptdigital.cl/wp-admin/admin-ajax.php" "Mozilla/5.0 (Windows NT 6.3; Win64; x64) AppleWebKit/537.36 (KHTML, like Gecko) Chrome/103.0.0.0 Safari/537.36"
122.8.94.62 - - [19/Mar/2026:10:50:38 -0300] "GET /2026/01/27/exploring-bdtk1-bet-the-future-of-online-betting-7/ HTTP/1.1" 200 32775 "https://tarapaca.vsptdigital.cl/2026/01/27/exploring-bdtk1-bet-the-future-of-online-betting-7/" "Mozilla/5.0 (Windows NT 6.3; Win64; x64) AppleWebKit/537.36 (KHTML, like Gecko) Chrome/103.0.0.0 Safari/537.36"
122.8.94.62 - - [19/Mar/2026:10:50:40 -0300] "GET /wp-includes/css/dist/block-library/style.min.css?ver=6.9.4 HTTP/1.1" 200 119358 "https://tarapaca.vsptdigital.cl/2026/01/27/exploring-bdtk1-bet-the-future-of-online-betting-7/" "Mozilla/5.0 (Windows NT 10.0; Win64; x64) AppleWebKit/537.36 (KHTML, like Gecko) Chrome/143.0.0.0 Safari/537.36"
122.8.94.62 - - [19/Mar/2026:10:50:41 -0300] "GET /wp-content/plugins/contact-form-7/includes/css/styles.css?ver=5.9.3 HTTP/1.1" 200 2894 "https://tarapaca.vsptdigital.cl/2026/01/27/exploring-bdtk1-bet-the-future-of-online-betting-7/" "Mozilla/5.0 (Windows NT 10.0; Win64; x64) AppleWebKit/537.36 (KHTML, like Gecko) Chrome/143.0.0.0 Safari/537.36"
122.8.94.62 - - [19/Mar/2026:10:50:42 -0300] "GET /wp-content/plugins/woocommerce/assets/css/woocommerce-layout.css?ver=8.7.2 HTTP/1.1" 200 17688 "https://tarapaca.vsptdigital.cl/2026/01/27/exploring-bdtk1-bet-the-future-of-online-betting-7/" "Mozilla/5.0 (Windows NT 10.0; Win64; x64) AppleWebKit/537.36 (KHTML, like Gecko) Chrome/143.0.0.0 Safari/537.36"
122.8.94.62 - - [19/Mar/2026:10:50:43 -0300] "GET /wp-content/plugins/woocommerce/assets/css/woocommerce-smallscreen.css?ver=8.7.2 HTTP/1.1" 200 7043 "https://tarapaca.vsptdigital.cl/2026/01/27/exploring-bdtk1-bet-the-future-of-online-betting-7/" "Mozilla/5.0 (Windows NT 10.0; Win64; x64) AppleWebKit/537.36 (KHTML, like Gecko) Chrome/143.0.0.0 Safari/537.36"
122.8.94.62 - - [19/Mar/2026:10:50:44 -0300] "GET /wp-content/plugins/woocommerce/assets/css/woocommerce.css?ver=8.7.2 HTTP/1.1" 200 77339 "https://tarapaca.vsptdigital.cl/2026/01/27/exploring-bdtk1-bet-the-future-of-online-betting-7/" "Mozilla/5.0 (Windows NT 10.0; Win64; x64) AppleWebKit/537.36 (KHTML, like Gecko) Chrome/143.0.0.0 Safari/537.36"
122.8.94.62 - - [19/Mar/2026:10:50:45 -0300] "GET /wp-content/themes/hello-elementor/style.min.css?ver=2.9.0 HTTP/1.1" 200 5756 "https://tarapaca.vsptdigital.cl/2026/01/27/exploring-bdtk1-bet-the-future-of-online-betting-7/" "Mozilla/5.0 (Windows NT 10.0; Win64; x64) AppleWebKit/537.36 (KHTML, like Gecko) Chrome/143.0.0.0 Safari/537.36"
122.8.94.62 - - [19/Mar/2026:10:50:45 -0300] "GET /wp-content/themes/hello-elementor/theme.min.css?ver=2.9.0 HTTP/1.1" 200 12439 "https://tarapaca.vsptdigital.cl/2026/01/27/exploring-bdtk1-bet-the-future-of-online-betting-7/" "Mozilla/5.0 (Windows NT 10.0; Win64; x64) AppleWebKit/537.36 (KHTML, like Gecko) Chrome/143.0.0.0 Safari/537.36"
122.8.94.62 - - [19/Mar/2026:10:50:47 -0300] "GET /wp-content/plugins/elementor/assets/css/frontend-lite.min.css?ver=3.20.3 HTTP/1.1" 200 118630 "https://tarapaca.vsptdigital.cl/2026/01/27/exploring-bdtk1-bet-the-future-of-online-betting-7/" "Mozilla/5.0 (Windows NT 10.0; Win64; x64) AppleWebKit/537.36 (KHTML, like Gecko) Chrome/143.0.0.0 Safari/537.36"
122.8.94.62 - - [19/Mar/2026:10:50:48 -0300] "GET /wp-content/uploads/elementor/css/post-5.css?ver=1705946908 HTTP/1.1" 200 1169 "https://tarapaca.vsptdigital.cl/2026/01/27/exploring-bdtk1-bet-the-future-of-online-betting-7/" "Mozilla/5.0 (Windows NT 10.0; Win64; x64) AppleWebKit/537.36 (KHTML, like Gecko) Chrome/143.0.0.0 Safari/537.36"
122.8.94.62 - - [19/Mar/2026:10:50:48 -0300] "GET /wp-content/plugins/winwheel4wp/assets/winwheel4wp.css?ver=1669909447 HTTP/1.1" 200 4354 "https://tarapaca.vsptdigital.cl/2026/01/27/exploring-bdtk1-bet-the-future-of-online-betting-7/" "Mozilla/5.0 (Windows NT 10.0; Win64; x64) AppleWebKit/537.36 (KHTML, like Gecko) Chrome/143.0.0.0 Safari/537.36"
122.8.94.62 - - [19/Mar/2026:10:50:49 -0300] "POST /wp-comments-post.php HTTP/1.1" 302 - "https://tarapaca.vsptdigital.cl/2026/01/27/exploring-bdtk1-bet-the-future-of-online-betting-7/" "Mozilla/5.0 (Windows NT 6.3; Win64; x64) AppleWebKit/537.36 (KHTML, like Gecko) Chrome/103.0.0.0 Safari/537.36"
122.8.94.62 - - [19/Mar/2026:10:50:51 -0300] "GET /2026/01/27/exploring-bdtk1-bet-the-future-of-online-betting-7/?unapproved=21596&moderation-hash=e43ef4897aaff9ba4bab74cc6634eaac HTTP/1.1" 200 34306 "https://tarapaca.vsptdigital.cl/wp-comments-post.php" "Mozilla/5.0 (Windows NT 6.3; Win64; x64) AppleWebKit/537.36 (KHTML, like Gecko) Chrome/103.0.0.0 Safari/537.36"
122.8.94.62 - - [19/Mar/2026:10:50:52 -0300] "GET /2026/01/27/exploring-bdtk1-bet-the-future-of-online-betting-7/ HTTP/1.1" 200 32775 "-" "Mozilla/5.0 (Windows NT 6.3; Win64; x64) AppleWebKit/537.36 (KHTML, like Gecko) Chrome/103.0.0.0 Safari/537.36"
162.240.153.75 - - [19/Mar/2026:10:51:22 -0300] "POST /wp-cron.php?doing_wp_cron=1773928282.2536630630493164062500 HTTP/1.1" 200 - "-" "WordPress/6.9.4; https://tarapaca.vsptdigital.cl"
49.51.195.195 - - [19/Mar/2026:10:51:21 -0300] "GET /2026/03/18/secrets-du-jeu-guide-etape-par-etape-pour/ HTTP/1.1" 200 30180 "-" "Mozilla/5.0 (iPhone; CPU iPhone OS 13_2_3 like Mac OS X) AppleWebKit/605.1.15 (KHTML, like Gecko) Version/13.0.3 Mobile/15E148 Safari/604.1"
162.240.153.75 - - [19/Mar/2026:10:54:38 -0300] "POST /wp-cron.php?doing_wp_cron=1773928478.0722470283508300781250 HTTP/1.1" 200 - "-" "WordPress/6.9.4; https://tarapaca.vsptdigital.cl"
122.8.94.62 - - [19/Mar/2026:10:54:36 -0300] "GET /2026/01/27/exploring-bdtk1-bet-the-future-of-online-betting-7/ HTTP/1.1" 200 32775 "-" "Mozilla/5.0 (Macintosh; Intel Mac OS X 12_5) AppleWebKit/537.36 (KHTML, like Gecko) Chrome/114.0.0.0 Safari/537.36"
162.240.153.75 - - [19/Mar/2026:10:57:59 -0300] "POST /wp-cron.php?doing_wp_cron=1773928679.1222400665283203125000 HTTP/1.1" 200 - "-" "WordPress/6.9.4; https://tarapaca.vsptdigital.cl"
212.34.139.201 - - [19/Mar/2026:10:57:57 -0300] "GET /2025/12/28/casino-utan-svensk-licens-en-omfattande-guide-till/ HTTP/1.1" 200 32077 "-" "Mozilla/5.0 (Macintosh; Intel Mac OS X 12_5) AppleWebKit/537.36 (KHTML, like Gecko) Chrome/114.0.0.0 Safari/537.36"
162.240.153.75 - - [19/Mar/2026:10:58:45 -0300] "POST /wp-cron.php?doing_wp_cron=1773928725.6660981178283691406250 HTTP/1.1" 200 - "-" "WordPress/6.9.4; https://tarapaca.vsptdigital.cl"
49.13.174.1 - - [19/Mar/2026:10:58:44 -0300] "GET /2026/01/11/exploring-non-uk-registered-casinos-what-you-need/ HTTP/1.1" 200 33440 "-" "Mozilla/5.0 (Macintosh; Intel Mac OS X 12_5) AppleWebKit/537.36 (KHTML, like Gecko) Chrome/114.0.0.0 Safari/537.36"
162.240.153.75 - - [19/Mar/2026:11:00:47 -0300] "POST /wp-cron.php?doing_wp_cron=1773928847.3515329360961914062500 HTTP/1.1" 200 - "-" "WordPress/6.9.4; https://tarapaca.vsptdigital.cl"
154.8.209.43 - - [19/Mar/2026:11:00:46 -0300] "GET /2026/02/16/mar-ojyndaryny-jekonomikaa-seri-pin-up-zertteuleri/ HTTP/1.1" 200 32653 "-" "Mozilla/5.0 (Macintosh; Intel Mac OS X 10_15_7) AppleWebKit/537.36 (KHTML, like Gecko) Chrome/143.0.0.0 Safari/537.36"
154.8.209.43 - - [19/Mar/2026:11:00:49 -0300] "GET /wp-content/plugins/woocommerce/assets/css/woocommerce-layout.css?ver=8.7.2 HTTP/1.1" 200 17688 "https://tarapaca.vsptdigital.cl/2026/02/16/mar-ojyndaryny-jekonomikaa-seri-pin-up-zertteuleri/" "Mozilla/5.0 (Macintosh; Intel Mac OS X 10_15_7) AppleWebKit/537.36 (KHTML, like Gecko) Chrome/143.0.0.0 Safari/537.36"
154.8.209.43 - - [19/Mar/2026:11:00:49 -0300] "GET /wp-content/themes/hello-elementor/style.min.css?ver=2.9.0 HTTP/1.1" 200 5756 "https://tarapaca.vsptdigital.cl/2026/02/16/mar-ojyndaryny-jekonomikaa-seri-pin-up-zertteuleri/" "Mozilla/5.0 (Macintosh; Intel Mac OS X 10_15_7) AppleWebKit/537.36 (KHTML, like Gecko) Chrome/143.0.0.0 Safari/537.36"
154.8.209.43 - - [19/Mar/2026:11:00:49 -0300] "GET /wp-content/plugins/contact-form-7/includes/css/styles.css?ver=5.9.3 HTTP/1.1" 200 2894 "https://tarapaca.vsptdigital.cl/2026/02/16/mar-ojyndaryny-jekonomikaa-seri-pin-up-zertteuleri/" "Mozilla/5.0 (Macintosh; Intel Mac OS X 10_15_7) AppleWebKit/537.36 (KHTML, like Gecko) Chrome/143.0.0.0 Safari/537.36"
154.8.209.43 - - [19/Mar/2026:11:00:50 -0300] "GET /wp-content/plugins/woocommerce/assets/js/sourcebuster/sourcebuster.min.js?ver=8.7.2 HTTP/1.1" 200 20198 "https://tarapaca.vsptdigital.cl/2026/02/16/mar-ojyndaryny-jekonomikaa-seri-pin-up-zertteuleri/" "Mozilla/5.0 (Macintosh; Intel Mac OS X 10_15_7) AppleWebKit/537.36 (KHTML, like Gecko) Chrome/143.0.0.0 Safari/537.36"
162.240.153.75 - - [19/Mar/2026:11:00:51 -0300] "POST /wp-cron.php?doing_wp_cron=1773928851.3064169883728027343750 HTTP/1.1" 200 - "-" "WordPress/6.9.4; https://tarapaca.vsptdigital.cl"
43.133.187.11 - - [19/Mar/2026:11:00:43 -0300] "GET /2026/03/18/secrets-du-jeu-guide-etape-par-etape-pour/feed/ HTTP/1.1" 200 891 "-" "Mozilla/5.0 (iPhone; CPU iPhone OS 13_2_3 like Mac OS X) AppleWebKit/605.1.15 (KHTML, like Gecko) Version/13.0.3 Mobile/15E148 Safari/604.1"
154.8.209.43 - - [19/Mar/2026:11:00:51 -0300] "GET /wp-content/plugins/woocommerce/assets/js/jquery-blockui/jquery.blockUI.min.js?ver=2.7.0-wc.8.7.2 HTTP/1.1" 200 15334 "https://tarapaca.vsptdigital.cl/2026/02/16/mar-ojyndaryny-jekonomikaa-seri-pin-up-zertteuleri/" "Mozilla/5.0 (Macintosh; Intel Mac OS X 10_15_7) AppleWebKit/537.36 (KHTML, like Gecko) Chrome/143.0.0.0 Safari/537.36"
154.8.209.43 - - [19/Mar/2026:11:00:49 -0300] "GET /wp-content/plugins/elementor/assets/css/frontend-lite.min.css?ver=3.20.3 HTTP/1.1" 200 118630 "https://tarapaca.vsptdigital.cl/2026/02/16/mar-ojyndaryny-jekonomikaa-seri-pin-up-zertteuleri/" "Mozilla/5.0 (Macintosh; Intel Mac OS X 10_15_7) AppleWebKit/537.36 (KHTML, like Gecko) Chrome/143.0.0.0 Safari/537.36"
162.240.153.75 - - [19/Mar/2026:11:03:55 -0300] "POST /wp-cron.php?doing_wp_cron=1773929035.1773118972778320312500 HTTP/1.1" 200 - "-" "WordPress/6.9.4; https://tarapaca.vsptdigital.cl"
130.51.23.23 - - [19/Mar/2026:11:03:53 -0300] "GET /2026/01/23/online-casino-designed-for-clarity-a-guide-to/ HTTP/1.1" 200 33187 "https://tarapaca.vsptdigital.cl/" "Mozilla/5.0 (Windows NT 10.0; Win64; x64) AppleWebKit/537.36 (KHTML, like Gecko) Chrome/114.0.0.0 Safari/537.36 Vivaldi/5.3.2679.68"
130.51.23.23 - - [19/Mar/2026:11:03:57 -0300] "GET /wp-includes/css/dist/block-library/style.min.css?ver=6.9.4 HTTP/1.1" 200 119358 "https://tarapaca.vsptdigital.cl/2026/01/23/online-casino-designed-for-clarity-a-guide-to/" "Mozilla/5.0 (Windows NT 10.0; Win64; x64) AppleWebKit/537.36 (KHTML, like Gecko) Chrome/143.0.0.0 Safari/537.36"
130.51.23.23 - - [19/Mar/2026:11:03:58 -0300] "GET /wp-content/plugins/contact-form-7/includes/css/styles.css?ver=5.9.3 HTTP/1.1" 200 2894 "https://tarapaca.vsptdigital.cl/2026/01/23/online-casino-designed-for-clarity-a-guide-to/" "Mozilla/5.0 (Windows NT 10.0; Win64; x64) AppleWebKit/537.36 (KHTML, like Gecko) Chrome/143.0.0.0 Safari/537.36"
130.51.23.23 - - [19/Mar/2026:11:03:58 -0300] "GET /wp-content/plugins/woocommerce/assets/css/woocommerce-layout.css?ver=8.7.2 HTTP/1.1" 200 17688 "https://tarapaca.vsptdigital.cl/2026/01/23/online-casino-designed-for-clarity-a-guide-to/" "Mozilla/5.0 (Windows NT 10.0; Win64; x64) AppleWebKit/537.36 (KHTML, like Gecko) Chrome/143.0.0.0 Safari/537.36"
130.51.23.23 - - [19/Mar/2026:11:03:59 -0300] "GET /wp-content/plugins/woocommerce/assets/css/woocommerce-smallscreen.css?ver=8.7.2 HTTP/1.1" 200 7043 "https://tarapaca.vsptdigital.cl/2026/01/23/online-casino-designed-for-clarity-a-guide-to/" "Mozilla/5.0 (Windows NT 10.0; Win64; x64) AppleWebKit/537.36 (KHTML, like Gecko) Chrome/143.0.0.0 Safari/537.36"
130.51.23.23 - - [19/Mar/2026:11:03:59 -0300] "GET /wp-content/plugins/woocommerce/assets/css/woocommerce.css?ver=8.7.2 HTTP/1.1" 200 77339 "https://tarapaca.vsptdigital.cl/2026/01/23/online-casino-designed-for-clarity-a-guide-to/" "Mozilla/5.0 (Windows NT 10.0; Win64; x64) AppleWebKit/537.36 (KHTML, like Gecko) Chrome/143.0.0.0 Safari/537.36"
130.51.23.23 - - [19/Mar/2026:11:04:00 -0300] "GET /wp-content/themes/hello-elementor/style.min.css?ver=2.9.0 HTTP/1.1" 200 5756 "https://tarapaca.vsptdigital.cl/2026/01/23/online-casino-designed-for-clarity-a-guide-to/" "Mozilla/5.0 (Windows NT 10.0; Win64; x64) AppleWebKit/537.36 (KHTML, like Gecko) Chrome/143.0.0.0 Safari/537.36"
130.51.23.23 - - [19/Mar/2026:11:04:00 -0300] "GET /wp-content/themes/hello-elementor/theme.min.css?ver=2.9.0 HTTP/1.1" 200 12439 "https://tarapaca.vsptdigital.cl/2026/01/23/online-casino-designed-for-clarity-a-guide-to/" "Mozilla/5.0 (Windows NT 10.0; Win64; x64) AppleWebKit/537.36 (KHTML, like Gecko) Chrome/143.0.0.0 Safari/537.36"
130.51.23.23 - - [19/Mar/2026:11:04:01 -0300] "GET /wp-content/plugins/elementor/assets/css/frontend-lite.min.css?ver=3.20.3 HTTP/1.1" 200 118630 "https://tarapaca.vsptdigital.cl/2026/01/23/online-casino-designed-for-clarity-a-guide-to/" "Mozilla/5.0 (Windows NT 10.0; Win64; x64) AppleWebKit/537.36 (KHTML, like Gecko) Chrome/143.0.0.0 Safari/537.36"
130.51.23.23 - - [19/Mar/2026:11:04:01 -0300] "GET /wp-content/uploads/elementor/css/post-5.css?ver=1705946908 HTTP/1.1" 200 1169 "https://tarapaca.vsptdigital.cl/2026/01/23/online-casino-designed-for-clarity-a-guide-to/" "Mozilla/5.0 (Windows NT 10.0; Win64; x64) AppleWebKit/537.36 (KHTML, like Gecko) Chrome/143.0.0.0 Safari/537.36"
130.51.23.23 - - [19/Mar/2026:11:04:01 -0300] "GET /wp-content/plugins/winwheel4wp/assets/winwheel4wp.css?ver=1669909447 HTTP/1.1" 200 4354 "https://tarapaca.vsptdigital.cl/2026/01/23/online-casino-designed-for-clarity-a-guide-to/" "Mozilla/5.0 (Windows NT 10.0; Win64; x64) AppleWebKit/537.36 (KHTML, like Gecko) Chrome/143.0.0.0 Safari/537.36"
130.51.23.23 - - [19/Mar/2026:11:04:01 -0300] "POST /wp-comments-post.php HTTP/1.1" 302 - "https://tarapaca.vsptdigital.cl/2026/01/23/online-casino-designed-for-clarity-a-guide-to/" "Mozilla/5.0 (Windows NT 10.0; Win64; x64) AppleWebKit/537.36 (KHTML, like Gecko) Chrome/114.0.0.0 Safari/537.36 Vivaldi/5.3.2679.68"
130.51.23.23 - - [19/Mar/2026:11:04:02 -0300] "GET /2026/01/23/online-casino-designed-for-clarity-a-guide-to/?unapproved=21597&moderation-hash=fccd886e60e55278063050a5275bef55 HTTP/1.1" 200 34943 "https://tarapaca.vsptdigital.cl/wp-comments-post.php" "Mozilla/5.0 (Windows NT 10.0; Win64; x64) AppleWebKit/537.36 (KHTML, like Gecko) Chrome/114.0.0.0 Safari/537.36 Vivaldi/5.3.2679.68"
130.51.23.23 - - [19/Mar/2026:11:04:04 -0300] "GET /2026/01/23/online-casino-designed-for-clarity-a-guide-to/ HTTP/1.1" 200 33187 "-" "Mozilla/5.0 (Windows NT 10.0; Win64; x64) AppleWebKit/537.36 (KHTML, like Gecko) Chrome/114.0.0.0 Safari/537.36 Vivaldi/5.3.2679.68"
94.190.195.232 - - [19/Mar/2026:11:04:11 -0300] "GET /2025/10/10/1xbet-download-app-your-guide-to-seamless-betting-5/ HTTP/1.1" 200 32142 "-" "Mozilla/5.0 (Macintosh; Intel Mac OS X 12_5) AppleWebKit/537.36 (KHTML, like Gecko) Chrome/114.0.0.0 Safari/537.36"
162.240.153.75 - - [19/Mar/2026:11:05:29 -0300] "POST /wp-cron.php?doing_wp_cron=1773929129.8330049514770507812500 HTTP/1.1" 200 - "-" "WordPress/6.9.4; https://tarapaca.vsptdigital.cl"
130.51.23.23 - - [19/Mar/2026:11:05:28 -0300] "GET /2026/01/23/online-casino-designed-for-clarity-a-guide-to/ HTTP/1.1" 200 33187 "-" "Mozilla/5.0 (Macintosh; Intel Mac OS X 12_5) AppleWebKit/537.36 (KHTML, like Gecko) Chrome/114.0.0.0 Safari/537.36"
162.240.153.75 - - [19/Mar/2026:11:07:55 -0300] "POST /wp-cron.php?doing_wp_cron=1773929275.8627240657806396484375 HTTP/1.1" 200 - "-" "WordPress/6.9.4; https://tarapaca.vsptdigital.cl"
172.253.7.113 - - [19/Mar/2026:11:07:54 -0300] "GET /2026/03/19/harnessing-technology-x27-s-influence-on-gambling/ HTTP/1.1" 200 30790 "-" "Mozilla/5.0 (Windows NT 10.0; Win64; x64) AppleWebKit/537.36 (KHTML, like Gecko) Chrome/145.0.0.0 Safari/537.36"
172.253.15.228 - - [19/Mar/2026:11:07:56 -0300] "GET /wp-content/plugins/contact-form-7/includes/css/styles.css?ver=5.9.3 HTTP/1.1" 200 2894 "https://tarapaca.vsptdigital.cl/2026/03/19/harnessing-technology-x27-s-influence-on-gambling/" "Mozilla/5.0 (Windows NT 10.0; Win64; x64) AppleWebKit/537.36 (KHTML, like Gecko) Chrome/145.0.0.0 Safari/537.36"
172.253.7.113 - - [19/Mar/2026:11:07:56 -0300] "GET /wp-includes/css/dist/block-library/style.min.css?ver=6.9.4 HTTP/1.1" 200 119358 "https://tarapaca.vsptdigital.cl/2026/03/19/harnessing-technology-x27-s-influence-on-gambling/" "Mozilla/5.0 (Windows NT 10.0; Win64; x64) AppleWebKit/537.36 (KHTML, like Gecko) Chrome/145.0.0.0 Safari/537.36"
172.253.15.228 - - [19/Mar/2026:11:07:56 -0300] "GET /wp-content/plugins/woocommerce/assets/css/woocommerce-layout.css?ver=8.7.2 HTTP/1.1" 200 17688 "https://tarapaca.vsptdigital.cl/2026/03/19/harnessing-technology-x27-s-influence-on-gambling/" "Mozilla/5.0 (Windows NT 10.0; Win64; x64) AppleWebKit/537.36 (KHTML, like Gecko) Chrome/145.0.0.0 Safari/537.36"
172.253.7.113 - - [19/Mar/2026:11:07:56 -0300] "GET /wp-content/plugins/woocommerce/assets/css/woocommerce.css?ver=8.7.2 HTTP/1.1" 200 77339 "https://tarapaca.vsptdigital.cl/2026/03/19/harnessing-technology-x27-s-influence-on-gambling/" "Mozilla/5.0 (Windows NT 10.0; Win64; x64) AppleWebKit/537.36 (KHTML, like Gecko) Chrome/145.0.0.0 Safari/537.36"
172.253.15.229 - - [19/Mar/2026:11:07:56 -0300] "GET /wp-content/themes/hello-elementor/style.min.css?ver=2.9.0 HTTP/1.1" 200 5756 "https://tarapaca.vsptdigital.cl/2026/03/19/harnessing-technology-x27-s-influence-on-gambling/" "Mozilla/5.0 (Windows NT 10.0; Win64; x64) AppleWebKit/537.36 (KHTML, like Gecko) Chrome/145.0.0.0 Safari/537.36"
172.253.15.224 - - [19/Mar/2026:11:07:56 -0300] "GET /wp-content/themes/hello-elementor/theme.min.css?ver=2.9.0 HTTP/1.1" 200 12439 "https://tarapaca.vsptdigital.cl/2026/03/19/harnessing-technology-x27-s-influence-on-gambling/" "Mozilla/5.0 (Windows NT 10.0; Win64; x64) AppleWebKit/537.36 (KHTML, like Gecko) Chrome/145.0.0.0 Safari/537.36"
172.253.15.230 - - [19/Mar/2026:11:07:56 -0300] "GET /wp-content/uploads/elementor/css/post-5.css?ver=1705946908 HTTP/1.1" 200 1169 "https://tarapaca.vsptdigital.cl/2026/03/19/harnessing-technology-x27-s-influence-on-gambling/" "Mozilla/5.0 (Windows NT 10.0; Win64; x64) AppleWebKit/537.36 (KHTML, like Gecko) Chrome/145.0.0.0 Safari/537.36"
172.253.7.113 - - [19/Mar/2026:11:07:56 -0300] "GET /wp-content/plugins/winwheel4wp/assets/winwheel4wp.css?ver=1669909447 HTTP/1.1" 200 4354 "https://tarapaca.vsptdigital.cl/2026/03/19/harnessing-technology-x27-s-influence-on-gambling/" "Mozilla/5.0 (Windows NT 10.0; Win64; x64) AppleWebKit/537.36 (KHTML, like Gecko) Chrome/145.0.0.0 Safari/537.36"
172.253.15.228 - - [19/Mar/2026:11:07:56 -0300] "GET /wp-includes/js/jquery/jquery-migrate.min.js?ver=3.4.1 HTTP/1.1" 200 13577 "https://tarapaca.vsptdigital.cl/2026/03/19/harnessing-technology-x27-s-influence-on-gambling/" "Mozilla/5.0 (Windows NT 10.0; Win64; x64) AppleWebKit/537.36 (KHTML, like Gecko) Chrome/145.0.0.0 Safari/537.36"
172.253.15.230 - - [19/Mar/2026:11:07:56 -0300] "GET /wp-content/plugins/winwheel4wp/assets/winwheel4wp.js?ver=1669909447 HTTP/1.1" 200 11867 "https://tarapaca.vsptdigital.cl/2026/03/19/harnessing-technology-x27-s-influence-on-gambling/" "Mozilla/5.0 (Windows NT 10.0; Win64; x64) AppleWebKit/537.36 (KHTML, like Gecko) Chrome/145.0.0.0 Safari/537.36"
172.253.7.113 - - [19/Mar/2026:11:07:56 -0300] "GET /wp-content/plugins/contact-form-7/includes/swv/js/index.js?ver=5.9.3 HTTP/1.1" 200 17211 "https://tarapaca.vsptdigital.cl/2026/03/19/harnessing-technology-x27-s-influence-on-gambling/" "Mozilla/5.0 (Windows NT 10.0; Win64; x64) AppleWebKit/537.36 (KHTML, like Gecko) Chrome/145.0.0.0 Safari/537.36"
172.253.15.234 - - [19/Mar/2026:11:07:56 -0300] "GET /wp-content/plugins/elementor/assets/css/frontend-lite.min.css?ver=3.20.3 HTTP/1.1" 200 118630 "https://tarapaca.vsptdigital.cl/2026/03/19/harnessing-technology-x27-s-influence-on-gambling/" "Mozilla/5.0 (Windows NT 10.0; Win64; x64) AppleWebKit/537.36 (KHTML, like Gecko) Chrome/145.0.0.0 Safari/537.36"
172.253.15.229 - - [19/Mar/2026:11:07:56 -0300] "GET /wp-includes/js/jquery/jquery.min.js?ver=3.7.1 HTTP/1.1" 200 87553 "https://tarapaca.vsptdigital.cl/2026/03/19/harnessing-technology-x27-s-influence-on-gambling/" "Mozilla/5.0 (Windows NT 10.0; Win64; x64) AppleWebKit/537.36 (KHTML, like Gecko) Chrome/145.0.0.0 Safari/537.36"
172.253.7.113 - - [19/Mar/2026:11:07:56 -0300] "GET /wp-content/plugins/contact-form-7/includes/js/index.js?ver=5.9.3 HTTP/1.1" 200 18752 "https://tarapaca.vsptdigital.cl/2026/03/19/harnessing-technology-x27-s-influence-on-gambling/" "Mozilla/5.0 (Windows NT 10.0; Win64; x64) AppleWebKit/537.36 (KHTML, like Gecko) Chrome/145.0.0.0 Safari/537.36"
172.253.7.113 - - [19/Mar/2026:11:07:56 -0300] "GET /wp-content/plugins/woocommerce/assets/js/sourcebuster/sourcebuster.min.js?ver=8.7.2 HTTP/1.1" 200 20198 "https://tarapaca.vsptdigital.cl/2026/03/19/harnessing-technology-x27-s-influence-on-gambling/" "Mozilla/5.0 (Windows NT 10.0; Win64; x64) AppleWebKit/537.36 (KHTML, like Gecko) Chrome/145.0.0.0 Safari/537.36"
172.253.15.229 - - [19/Mar/2026:11:07:56 -0300] "GET /wp-content/themes/hello-elementor/assets/js/hello-frontend.min.js?ver=1.0.0 HTTP/1.1" 200 7572 "https://tarapaca.vsptdigital.cl/2026/03/19/harnessing-technology-x27-s-influence-on-gambling/" "Mozilla/5.0 (Windows NT 10.0; Win64; x64) AppleWebKit/537.36 (KHTML, like Gecko) Chrome/145.0.0.0 Safari/537.36"
172.253.15.234 - - [19/Mar/2026:11:07:56 -0300] "GET /wp-content/plugins/woocommerce/assets/js/frontend/order-attribution.min.js?ver=8.7.2 HTTP/1.1" 200 7207 "https://tarapaca.vsptdigital.cl/2026/03/19/harnessing-technology-x27-s-influence-on-gambling/" "Mozilla/5.0 (Windows NT 10.0; Win64; x64) AppleWebKit/537.36 (KHTML, like Gecko) Chrome/145.0.0.0 Safari/537.36"
172.253.15.230 - - [19/Mar/2026:11:07:56 -0300] "GET /wp-content/plugins/woocommerce/assets/js/jquery-blockui/jquery.blockUI.min.js?ver=2.7.0-wc.8.7.2 HTTP/1.1" 200 15334 "https://tarapaca.vsptdigital.cl/2026/03/19/harnessing-technology-x27-s-influence-on-gambling/" "Mozilla/5.0 (Windows NT 10.0; Win64; x64) AppleWebKit/537.36 (KHTML, like Gecko) Chrome/145.0.0.0 Safari/537.36"
172.253.15.228 - - [19/Mar/2026:11:07:56 -0300] "GET /wp-content/plugins/woocommerce/assets/js/frontend/add-to-cart.min.js?ver=8.7.2 HTTP/1.1" 200 8756 "https://tarapaca.vsptdigital.cl/2026/03/19/harnessing-technology-x27-s-influence-on-gambling/" "Mozilla/5.0 (Windows NT 10.0; Win64; x64) AppleWebKit/537.36 (KHTML, like Gecko) Chrome/145.0.0.0 Safari/537.36"
172.253.15.230 - - [19/Mar/2026:11:07:56 -0300] "GET /wp-content/plugins/woocommerce/assets/js/js-cookie/js.cookie.min.js?ver=2.1.4-wc.8.7.2 HTTP/1.1" 200 7418 "https://tarapaca.vsptdigital.cl/2026/03/19/harnessing-technology-x27-s-influence-on-gambling/" "Mozilla/5.0 (Windows NT 10.0; Win64; x64) AppleWebKit/537.36 (KHTML, like Gecko) Chrome/145.0.0.0 Safari/537.36"
172.253.7.113 - - [19/Mar/2026:11:07:56 -0300] "GET /wp-content/plugins/woocommerce/assets/css/woocommerce-smallscreen.css?ver=8.7.2 HTTP/1.1" 200 7043 "https://tarapaca.vsptdigital.cl/2026/03/19/harnessing-technology-x27-s-influence-on-gambling/" "Mozilla/5.0 (Windows NT 10.0; Win64; x64) AppleWebKit/537.36 (KHTML, like Gecko) Chrome/145.0.0.0 Safari/537.36"
172.253.15.228 - - [19/Mar/2026:11:07:56 -0300] "GET /wp-content/plugins/woocommerce/assets/js/frontend/woocommerce.min.js?ver=8.7.2 HTTP/1.1" 200 7837 "https://tarapaca.vsptdigital.cl/2026/03/19/harnessing-technology-x27-s-influence-on-gambling/" "Mozilla/5.0 (Windows NT 10.0; Win64; x64) AppleWebKit/537.36 (KHTML, like Gecko) Chrome/145.0.0.0 Safari/537.36"
172.253.15.229 - - [19/Mar/2026:11:07:56 -0300] "GET /wp-includes/js/comment-reply.min.js?ver=6.9.4 HTTP/1.1" 200 3026 "https://tarapaca.vsptdigital.cl/2026/03/19/harnessing-technology-x27-s-influence-on-gambling/" "Mozilla/5.0 (Windows NT 10.0; Win64; x64) AppleWebKit/537.36 (KHTML, like Gecko) Chrome/145.0.0.0 Safari/537.36"
172.253.15.228 - - [19/Mar/2026:11:07:56 -0300] "GET /wp-includes/js/wp-emoji-release.min.js?ver=6.9.4 HTTP/1.1" 200 22762 "https://tarapaca.vsptdigital.cl/2026/03/19/harnessing-technology-x27-s-influence-on-gambling/" "Mozilla/5.0 (Windows NT 10.0; Win64; x64) AppleWebKit/537.36 (KHTML, like Gecko) Chrome/145.0.0.0 Safari/537.36"
172.253.15.224 - - [19/Mar/2026:11:07:56 -0300] "GET /2026/03/19/harnessing-technology-x27-s-influence-on-gambling/%3Cdiv%20class=%22video-container%22%3E%3Ciframe%20src=%22https://cdn.pixabay.com/video/2020/11/07/55851-504238896_medium.mp4%22%20frameborder=%220%22%20allowfullscreen%3E%3C/iframe%3E%3C/div%3E HTTP/1.1" 301 - "https://tarapaca.vsptdigital.cl/2026/03/19/harnessing-technology-x27-s-influence-on-gambling/" "Mozilla/5.0 (Windows NT 10.0; Win64; x64) AppleWebKit/537.36 (KHTML, like Gecko) Chrome/145.0.0.0 Safari/537.36"
172.253.15.224 - - [19/Mar/2026:11:07:56 -0300] "GET /2026/03/19/harnessing-technology-x27-s-influence-on-gambling/%3Cdiv%20class=%22video-container%22%3E%3Ciframe%20src=%22https:/cdn.pixabay.com/video/2020/11/07/55851-504238896_medium.mp4%22%20frameborder=%220%22%20allowfullscreen%3E%3C/iframe%3E%3C/div%3E HTTP/1.1" 404 22401 "https://tarapaca.vsptdigital.cl/2026/03/19/harnessing-technology-x27-s-influence-on-gambling/" "Mozilla/5.0 (Windows NT 10.0; Win64; x64) AppleWebKit/537.36 (KHTML, like Gecko) Chrome/145.0.0.0 Safari/537.36"
172.253.15.224 - - [19/Mar/2026:11:07:57 -0300] "GET /favicon.ico HTTP/1.1" 302 - "https://tarapaca.vsptdigital.cl/2026/03/19/harnessing-technology-x27-s-influence-on-gambling/" "Mozilla/5.0 (Windows NT 10.0; Win64; x64) AppleWebKit/537.36 (KHTML, like Gecko) Chrome/145.0.0.0 Safari/537.36"
172.253.15.224 - - [19/Mar/2026:11:08:05 -0300] "GET /wp-includes/images/w-logo-blue-white-bg.png HTTP/1.1" 200 4119 "https://tarapaca.vsptdigital.cl/2026/03/19/harnessing-technology-x27-s-influence-on-gambling/" "Mozilla/5.0 (Windows NT 10.0; Win64; x64) AppleWebKit/537.36 (KHTML, like Gecko) Chrome/145.0.0.0 Safari/537.36"
162.240.153.75 - - [19/Mar/2026:11:11:06 -0300] "POST /wp-cron.php?doing_wp_cron=1773929466.8659439086914062500000 HTTP/1.1" 200 - "-" "WordPress/6.9.4; https://tarapaca.vsptdigital.cl"
207.180.193.102 - - [19/Mar/2026:11:11:06 -0300] "GET /2026/03/19/tarixin-drinliklrind-pin-up-casino-kazinolarnn/ HTTP/1.1" 200 30018 "-" "Mozilla/5.0 (X11; Linux x86_64) AppleWebKit/537.36 (KHTML, like Gecko) Chrome/120.0.0.0 Safari/537.36"
207.180.193.102 - - [19/Mar/2026:11:11:07 -0300] "GET /wp-content/plugins/contact-form-7/includes/css/styles.css?ver=5.9.3 HTTP/1.1" 200 2894 "https://tarapaca.vsptdigital.cl/2026/03/19/tarixin-drinliklrind-pin-up-casino-kazinolarnn/" "Mozilla/5.0 (X11; Linux x86_64) AppleWebKit/537.36 (KHTML, like Gecko) Chrome/120.0.0.0 Safari/537.36"
207.180.193.102 - - [19/Mar/2026:11:11:07 -0300] "GET /wp-includes/css/dist/block-library/style.min.css?ver=6.9.4 HTTP/1.1" 200 119358 "https://tarapaca.vsptdigital.cl/2026/03/19/tarixin-drinliklrind-pin-up-casino-kazinolarnn/" "Mozilla/5.0 (X11; Linux x86_64) AppleWebKit/537.36 (KHTML, like Gecko) Chrome/120.0.0.0 Safari/537.36"
207.180.193.102 - - [19/Mar/2026:11:11:07 -0300] "GET /wp-content/plugins/woocommerce/assets/css/woocommerce-layout.css?ver=8.7.2 HTTP/1.1" 200 17688 "https://tarapaca.vsptdigital.cl/2026/03/19/tarixin-drinliklrind-pin-up-casino-kazinolarnn/" "Mozilla/5.0 (X11; Linux x86_64) AppleWebKit/537.36 (KHTML, like Gecko) Chrome/120.0.0.0 Safari/537.36"
207.180.193.102 - - [19/Mar/2026:11:11:07 -0300] "GET /wp-content/plugins/woocommerce/assets/css/woocommerce.css?ver=8.7.2 HTTP/1.1" 200 77339 "https://tarapaca.vsptdigital.cl/2026/03/19/tarixin-drinliklrind-pin-up-casino-kazinolarnn/" "Mozilla/5.0 (X11; Linux x86_64) AppleWebKit/537.36 (KHTML, like Gecko) Chrome/120.0.0.0 Safari/537.36"
207.180.193.102 - - [19/Mar/2026:11:11:07 -0300] "GET /wp-content/themes/hello-elementor/style.min.css?ver=2.9.0 HTTP/1.1" 200 5756 "https://tarapaca.vsptdigital.cl/2026/03/19/tarixin-drinliklrind-pin-up-casino-kazinolarnn/" "Mozilla/5.0 (X11; Linux x86_64) AppleWebKit/537.36 (KHTML, like Gecko) Chrome/120.0.0.0 Safari/537.36"
207.180.193.102 - - [19/Mar/2026:11:11:07 -0300] "GET /wp-content/themes/hello-elementor/theme.min.css?ver=2.9.0 HTTP/1.1" 200 12439 "https://tarapaca.vsptdigital.cl/2026/03/19/tarixin-drinliklrind-pin-up-casino-kazinolarnn/" "Mozilla/5.0 (X11; Linux x86_64) AppleWebKit/537.36 (KHTML, like Gecko) Chrome/120.0.0.0 Safari/537.36"
207.180.193.102 - - [19/Mar/2026:11:11:07 -0300] "GET /wp-content/uploads/elementor/css/post-5.css?ver=1705946908 HTTP/1.1" 200 1169 "https://tarapaca.vsptdigital.cl/2026/03/19/tarixin-drinliklrind-pin-up-casino-kazinolarnn/" "Mozilla/5.0 (X11; Linux x86_64) AppleWebKit/537.36 (KHTML, like Gecko) Chrome/120.0.0.0 Safari/537.36"
207.180.193.102 - - [19/Mar/2026:11:11:07 -0300] "GET /wp-content/plugins/winwheel4wp/assets/winwheel4wp.css?ver=1669909447 HTTP/1.1" 200 4354 "https://tarapaca.vsptdigital.cl/2026/03/19/tarixin-drinliklrind-pin-up-casino-kazinolarnn/" "Mozilla/5.0 (X11; Linux x86_64) AppleWebKit/537.36 (KHTML, like Gecko) Chrome/120.0.0.0 Safari/537.36"
207.180.193.102 - - [19/Mar/2026:11:11:07 -0300] "GET /wp-includes/js/jquery/jquery-migrate.min.js?ver=3.4.1 HTTP/1.1" 200 13577 "https://tarapaca.vsptdigital.cl/2026/03/19/tarixin-drinliklrind-pin-up-casino-kazinolarnn/" "Mozilla/5.0 (X11; Linux x86_64) AppleWebKit/537.36 (KHTML, like Gecko) Chrome/120.0.0.0 Safari/537.36"
207.180.193.102 - - [19/Mar/2026:11:11:07 -0300] "GET /wp-includes/js/jquery/jquery.min.js?ver=3.7.1 HTTP/1.1" 200 87553 "https://tarapaca.vsptdigital.cl/2026/03/19/tarixin-drinliklrind-pin-up-casino-kazinolarnn/" "Mozilla/5.0 (X11; Linux x86_64) AppleWebKit/537.36 (KHTML, like Gecko) Chrome/120.0.0.0 Safari/537.36"
207.180.193.102 - - [19/Mar/2026:11:11:07 -0300] "GET /wp-content/plugins/winwheel4wp/assets/winwheel4wp.js?ver=1669909447 HTTP/1.1" 200 11867 "https://tarapaca.vsptdigital.cl/2026/03/19/tarixin-drinliklrind-pin-up-casino-kazinolarnn/" "Mozilla/5.0 (X11; Linux x86_64) AppleWebKit/537.36 (KHTML, like Gecko) Chrome/120.0.0.0 Safari/537.36"
207.180.193.102 - - [19/Mar/2026:11:11:07 -0300] "GET /wp-content/plugins/elementor/assets/css/frontend-lite.min.css?ver=3.20.3 HTTP/1.1" 200 118630 "https://tarapaca.vsptdigital.cl/2026/03/19/tarixin-drinliklrind-pin-up-casino-kazinolarnn/" "Mozilla/5.0 (X11; Linux x86_64) AppleWebKit/537.36 (KHTML, like Gecko) Chrome/120.0.0.0 Safari/537.36"
207.180.193.102 - - [19/Mar/2026:11:11:07 -0300] "GET /wp-content/plugins/contact-form-7/includes/swv/js/index.js?ver=5.9.3 HTTP/1.1" 200 17211 "https://tarapaca.vsptdigital.cl/2026/03/19/tarixin-drinliklrind-pin-up-casino-kazinolarnn/" "Mozilla/5.0 (X11; Linux x86_64) AppleWebKit/537.36 (KHTML, like Gecko) Chrome/120.0.0.0 Safari/537.36"
207.180.193.102 - - [19/Mar/2026:11:11:08 -0300] "GET /wp-content/plugins/contact-form-7/includes/js/index.js?ver=5.9.3 HTTP/1.1" 200 18752 "https://tarapaca.vsptdigital.cl/2026/03/19/tarixin-drinliklrind-pin-up-casino-kazinolarnn/" "Mozilla/5.0 (X11; Linux x86_64) AppleWebKit/537.36 (KHTML, like Gecko) Chrome/120.0.0.0 Safari/537.36"
207.180.193.102 - - [19/Mar/2026:11:11:08 -0300] "GET /wp-content/plugins/woocommerce/assets/js/sourcebuster/sourcebuster.min.js?ver=8.7.2 HTTP/1.1" 200 20198 "https://tarapaca.vsptdigital.cl/2026/03/19/tarixin-drinliklrind-pin-up-casino-kazinolarnn/" "Mozilla/5.0 (X11; Linux x86_64) AppleWebKit/537.36 (KHTML, like Gecko) Chrome/120.0.0.0 Safari/537.36"
207.180.193.102 - - [19/Mar/2026:11:11:08 -0300] "GET /wp-content/plugins/woocommerce/assets/js/frontend/order-attribution.min.js?ver=8.7.2 HTTP/1.1" 200 7207 "https://tarapaca.vsptdigital.cl/2026/03/19/tarixin-drinliklrind-pin-up-casino-kazinolarnn/" "Mozilla/5.0 (X11; Linux x86_64) AppleWebKit/537.36 (KHTML, like Gecko) Chrome/120.0.0.0 Safari/537.36"
207.180.193.102 - - [19/Mar/2026:11:11:08 -0300] "GET /wp-content/plugins/woocommerce/assets/js/frontend/add-to-cart.min.js?ver=8.7.2 HTTP/1.1" 200 8756 "https://tarapaca.vsptdigital.cl/2026/03/19/tarixin-drinliklrind-pin-up-casino-kazinolarnn/" "Mozilla/5.0 (X11; Linux x86_64) AppleWebKit/537.36 (KHTML, like Gecko) Chrome/120.0.0.0 Safari/537.36"
207.180.193.102 - - [19/Mar/2026:11:11:08 -0300] "GET /wp-content/plugins/woocommerce/assets/js/jquery-blockui/jquery.blockUI.min.js?ver=2.7.0-wc.8.7.2 HTTP/1.1" 200 15334 "https://tarapaca.vsptdigital.cl/2026/03/19/tarixin-drinliklrind-pin-up-casino-kazinolarnn/" "Mozilla/5.0 (X11; Linux x86_64) AppleWebKit/537.36 (KHTML, like Gecko) Chrome/120.0.0.0 Safari/537.36"
207.180.193.102 - - [19/Mar/2026:11:11:08 -0300] "GET /wp-content/plugins/woocommerce/assets/js/js-cookie/js.cookie.min.js?ver=2.1.4-wc.8.7.2 HTTP/1.1" 200 7418 "https://tarapaca.vsptdigital.cl/2026/03/19/tarixin-drinliklrind-pin-up-casino-kazinolarnn/" "Mozilla/5.0 (X11; Linux x86_64) AppleWebKit/537.36 (KHTML, like Gecko) Chrome/120.0.0.0 Safari/537.36"
207.180.193.102 - - [19/Mar/2026:11:11:08 -0300] "GET /wp-content/themes/hello-elementor/assets/js/hello-frontend.min.js?ver=1.0.0 HTTP/1.1" 200 7572 "https://tarapaca.vsptdigital.cl/2026/03/19/tarixin-drinliklrind-pin-up-casino-kazinolarnn/" "Mozilla/5.0 (X11; Linux x86_64) AppleWebKit/537.36 (KHTML, like Gecko) Chrome/120.0.0.0 Safari/537.36"
207.180.193.102 - - [19/Mar/2026:11:11:08 -0300] "GET /wp-content/plugins/woocommerce/assets/js/frontend/woocommerce.min.js?ver=8.7.2 HTTP/1.1" 200 7837 "https://tarapaca.vsptdigital.cl/2026/03/19/tarixin-drinliklrind-pin-up-casino-kazinolarnn/" "Mozilla/5.0 (X11; Linux x86_64) AppleWebKit/537.36 (KHTML, like Gecko) Chrome/120.0.0.0 Safari/537.36"
207.180.193.102 - - [19/Mar/2026:11:11:08 -0300] "GET /wp-includes/js/comment-reply.min.js?ver=6.9.4 HTTP/1.1" 200 3026 "https://tarapaca.vsptdigital.cl/2026/03/19/tarixin-drinliklrind-pin-up-casino-kazinolarnn/" "Mozilla/5.0 (X11; Linux x86_64) AppleWebKit/537.36 (KHTML, like Gecko) Chrome/120.0.0.0 Safari/537.36"
