154.21.239.136 - - [19/Mar/2026:16:32:17 -0300] "GET /2026/01/15/discover-unique-living-spaces-with-ulu-homes/?unapproved=21630&moderation-hash=e6429bd97a9ba0f450d1e085a4fd128f HTTP/1.1" 200 32783 "https://tarapaca.vsptdigital.cl/wp-comments-post.php" "Mozilla/5.0 (Windows NT 10.0) AppleWebKit/537.36 (KHTML, like Gecko) Chrome/114.0.0.0 Safari/537.36"
154.21.239.136 - - [19/Mar/2026:16:32:17 -0300] "GET /2026/01/15/discover-unique-living-spaces-with-ulu-homes/ HTTP/1.1" 200 31105 "-" "Mozilla/5.0 (Windows NT 10.0) AppleWebKit/537.36 (KHTML, like Gecko) Chrome/114.0.0.0 Safari/537.36"
162.240.153.75 - - [19/Mar/2026:16:32:41 -0300] "POST /wp-cron.php?doing_wp_cron=1773948761.8339400291442871093750 HTTP/1.1" 200 - "-" "WordPress/6.9.4; https://tarapaca.vsptdigital.cl"
216.73.216.40 - - [19/Mar/2026:16:32:33 -0300] "GET /?feed=xmlsitemap2511 HTTP/1.1" 200 1446042 "-" "Mozilla/5.0 AppleWebKit/537.36 (KHTML, like Gecko; compatible; ClaudeBot/1.0; +claudebot@anthropic.com)"
43.130.32.245 - - [19/Mar/2026:16:32:52 -0300] "GET /2026/03/19/la-tecnologia-que-transforma-la-experiencia-del/feed/ HTTP/1.1" 200 920 "-" "Mozilla/5.0 (iPhone; CPU iPhone OS 13_2_3 like Mac OS X) AppleWebKit/605.1.15 (KHTML, like Gecko) Version/13.0.3 Mobile/15E148 Safari/604.1"
162.240.153.75 - - [19/Mar/2026:16:34:32 -0300] "POST /wp-cron.php?doing_wp_cron=1773948872.8885140419006347656250 HTTP/1.1" 200 - "-" "WordPress/6.9.4; https://tarapaca.vsptdigital.cl"
118.189.242.201 - - [19/Mar/2026:16:34:31 -0300] "GET /2025/10/12/non-gamstop-uk-casino-sites-an-in-depth-look/ HTTP/1.1" 200 32046 "-" "Mozilla/5.0 (Macintosh; Intel Mac OS X 12_5) AppleWebKit/537.36 (KHTML, like Gecko) Chrome/114.0.0.0 Safari/537.36 Edg/114.0.1264.71"
162.240.153.75 - - [19/Mar/2026:16:35:39 -0300] "POST /wp-cron.php?doing_wp_cron=1773948939.8959009647369384765625 HTTP/1.1" 200 - "-" "WordPress/6.9.4; https://tarapaca.vsptdigital.cl"
107.152.46.202 - - [19/Mar/2026:16:35:38 -0300] "GET /2025/08/21/jaya9-233/ HTTP/1.1" 200 34247 "-" "Mozilla/5.0 (Macintosh; Intel Mac OS X 12_5) AppleWebKit/537.36 (KHTML, like Gecko) Chrome/114.0.0.0 Safari/537.36"
162.240.153.75 - - [19/Mar/2026:16:37:25 -0300] "POST /wp-cron.php?doing_wp_cron=1773949045.4967288970947265625000 HTTP/1.1" 200 - "-" "WordPress/6.9.4; https://tarapaca.vsptdigital.cl"
154.21.239.136 - - [19/Mar/2026:16:37:24 -0300] "GET /2026/01/15/discover-unique-living-spaces-with-ulu-homes/ HTTP/1.1" 200 31105 "-" "Mozilla/5.0 (Macintosh; Intel Mac OS X 12_5) AppleWebKit/537.36 (KHTML, like Gecko) Chrome/114.0.0.0 Safari/537.36"
218.152.33.179 - - [19/Mar/2026:16:37:36 -0300] "GET /2026/01/25/basta-utlandska-casino-en-guide-till-de-basta-55-2/ HTTP/1.1" 200 32709 "https://tarapaca.vsptdigital.cl/" "Mozilla/5.0 (Macintosh; Intel Mac OS X 12_5) AppleWebKit/537.36 (KHTML, like Gecko) Chrome/114.0.0.0 Safari/537.36 OPR/89.0.4447.51"
218.152.33.179 - - [19/Mar/2026:16:37:41 -0300] "GET /wp-admin/admin-ajax.php HTTP/1.1" 400 1 "https://tarapaca.vsptdigital.cl/2026/01/25/basta-utlandska-casino-en-guide-till-de-basta-55-2/" "Mozilla/5.0 (Windows NT 6.3; Win64; x64) AppleWebKit/537.36 (KHTML, like Gecko) Chrome/103.0.0.0 Safari/537.36"
218.152.33.179 - - [19/Mar/2026:16:37:42 -0300] "GET /wp-admin/admin-ajax.php?action=register HTTP/1.1" 400 1 "https://tarapaca.vsptdigital.cl/wp-admin/admin-ajax.php" "Mozilla/5.0 (Windows NT 6.3; Win64; x64) AppleWebKit/537.36 (KHTML, like Gecko) Chrome/103.0.0.0 Safari/537.36"
88.210.35.166 - - [19/Mar/2026:16:37:48 -0300] "GET /2025/08/12/mostbet-com-giris-depozit-v-cixaris-metodlari/ HTTP/1.0" 200 30489 "https://tarapaca.vsptdigital.cl/2025/08/12/mostbet-com-giris-depozit-v-cixaris-metodlari/" "Mozilla/5.0 (Windows NT 10.0; Win64; x64) AppleWebKit/537.36 (KHTML, like Gecko) Chrome/131.0.0.0 Safari/537.36 Avast/131.0.0.0"
162.240.153.75 - - [19/Mar/2026:16:38:47 -0300] "POST /wp-cron.php?doing_wp_cron=1773949127.6343860626220703125000 HTTP/1.1" 200 - "-" "WordPress/6.9.4; https://tarapaca.vsptdigital.cl"
196.58.225.130 - - [19/Mar/2026:16:38:46 -0300] "GET /2025/09/15/descubra-o-universo-da-apostas-com-5853-bet/ HTTP/1.1" 200 31786 "https://tarapaca.vsptdigital.cl/" "Mozilla/5.0 (Windows NT 10.0; Win64; x64) AppleWebKit/537.36 (KHTML, like Gecko) Chrome/114.0.0.0 YaBrowser/22.7.0 Yowser/2.5 Safari/537.36"
196.58.225.130 - - [19/Mar/2026:16:38:50 -0300] "GET /wp-includes/css/dist/block-library/style.min.css?ver=6.9.4 HTTP/1.1" 200 119358 "https://tarapaca.vsptdigital.cl/2025/09/15/descubra-o-universo-da-apostas-com-5853-bet/" "Mozilla/5.0 (Windows NT 10.0; Win64; x64) AppleWebKit/537.36 (KHTML, like Gecko) Chrome/143.0.0.0 Safari/537.36"
196.58.225.130 - - [19/Mar/2026:16:38:52 -0300] "GET /wp-content/plugins/contact-form-7/includes/css/styles.css?ver=5.9.3 HTTP/1.1" 200 2894 "https://tarapaca.vsptdigital.cl/2025/09/15/descubra-o-universo-da-apostas-com-5853-bet/" "Mozilla/5.0 (Windows NT 10.0; Win64; x64) AppleWebKit/537.36 (KHTML, like Gecko) Chrome/143.0.0.0 Safari/537.36"
196.58.225.130 - - [19/Mar/2026:16:38:54 -0300] "GET /wp-content/plugins/woocommerce/assets/css/woocommerce-layout.css?ver=8.7.2 HTTP/1.1" 200 17688 "https://tarapaca.vsptdigital.cl/2025/09/15/descubra-o-universo-da-apostas-com-5853-bet/" "Mozilla/5.0 (Windows NT 10.0; Win64; x64) AppleWebKit/537.36 (KHTML, like Gecko) Chrome/143.0.0.0 Safari/537.36"
196.58.225.130 - - [19/Mar/2026:16:38:55 -0300] "GET /wp-content/plugins/woocommerce/assets/css/woocommerce-smallscreen.css?ver=8.7.2 HTTP/1.1" 200 7043 "https://tarapaca.vsptdigital.cl/2025/09/15/descubra-o-universo-da-apostas-com-5853-bet/" "Mozilla/5.0 (Windows NT 10.0; Win64; x64) AppleWebKit/537.36 (KHTML, like Gecko) Chrome/143.0.0.0 Safari/537.36"
196.58.225.130 - - [19/Mar/2026:16:38:56 -0300] "GET /wp-content/plugins/woocommerce/assets/css/woocommerce.css?ver=8.7.2 HTTP/1.1" 200 77339 "https://tarapaca.vsptdigital.cl/2025/09/15/descubra-o-universo-da-apostas-com-5853-bet/" "Mozilla/5.0 (Windows NT 10.0; Win64; x64) AppleWebKit/537.36 (KHTML, like Gecko) Chrome/143.0.0.0 Safari/537.36"
196.58.225.130 - - [19/Mar/2026:16:38:58 -0300] "GET /wp-content/themes/hello-elementor/style.min.css?ver=2.9.0 HTTP/1.1" 200 5756 "https://tarapaca.vsptdigital.cl/2025/09/15/descubra-o-universo-da-apostas-com-5853-bet/" "Mozilla/5.0 (Windows NT 10.0; Win64; x64) AppleWebKit/537.36 (KHTML, like Gecko) Chrome/143.0.0.0 Safari/537.36"
196.58.225.130 - - [19/Mar/2026:16:39:00 -0300] "GET /wp-content/themes/hello-elementor/theme.min.css?ver=2.9.0 HTTP/1.1" 200 12439 "https://tarapaca.vsptdigital.cl/2025/09/15/descubra-o-universo-da-apostas-com-5853-bet/" "Mozilla/5.0 (Windows NT 10.0; Win64; x64) AppleWebKit/537.36 (KHTML, like Gecko) Chrome/143.0.0.0 Safari/537.36"
196.58.225.130 - - [19/Mar/2026:16:39:01 -0300] "GET /wp-content/plugins/elementor/assets/css/frontend-lite.min.css?ver=3.20.3 HTTP/1.1" 200 118630 "https://tarapaca.vsptdigital.cl/2025/09/15/descubra-o-universo-da-apostas-com-5853-bet/" "Mozilla/5.0 (Windows NT 10.0; Win64; x64) AppleWebKit/537.36 (KHTML, like Gecko) Chrome/143.0.0.0 Safari/537.36"
196.58.225.130 - - [19/Mar/2026:16:39:03 -0300] "GET /wp-content/uploads/elementor/css/post-5.css?ver=1705946908 HTTP/1.1" 200 1169 "https://tarapaca.vsptdigital.cl/2025/09/15/descubra-o-universo-da-apostas-com-5853-bet/" "Mozilla/5.0 (Windows NT 10.0; Win64; x64) AppleWebKit/537.36 (KHTML, like Gecko) Chrome/143.0.0.0 Safari/537.36"
196.58.225.130 - - [19/Mar/2026:16:39:05 -0300] "GET /wp-content/plugins/winwheel4wp/assets/winwheel4wp.css?ver=1669909447 HTTP/1.1" 200 4354 "https://tarapaca.vsptdigital.cl/2025/09/15/descubra-o-universo-da-apostas-com-5853-bet/" "Mozilla/5.0 (Windows NT 10.0; Win64; x64) AppleWebKit/537.36 (KHTML, like Gecko) Chrome/143.0.0.0 Safari/537.36"
196.58.225.130 - - [19/Mar/2026:16:39:06 -0300] "POST /wp-comments-post.php HTTP/1.1" 302 - "https://tarapaca.vsptdigital.cl/2025/09/15/descubra-o-universo-da-apostas-com-5853-bet/" "Mozilla/5.0 (Windows NT 10.0; Win64; x64) AppleWebKit/537.36 (KHTML, like Gecko) Chrome/114.0.0.0 YaBrowser/22.7.0 Yowser/2.5 Safari/537.36"
196.58.225.130 - - [19/Mar/2026:16:39:08 -0300] "GET /2025/09/15/descubra-o-universo-da-apostas-com-5853-bet/?unapproved=21631&moderation-hash=e827d6b63f790ed6beaa1aa9bde137de HTTP/1.1" 200 35672 "https://tarapaca.vsptdigital.cl/wp-comments-post.php" "Mozilla/5.0 (Windows NT 10.0; Win64; x64) AppleWebKit/537.36 (KHTML, like Gecko) Chrome/114.0.0.0 YaBrowser/22.7.0 Yowser/2.5 Safari/537.36"
196.58.225.130 - - [19/Mar/2026:16:39:11 -0300] "GET /2025/09/15/descubra-o-universo-da-apostas-com-5853-bet/ HTTP/1.1" 200 31786 "-" "Mozilla/5.0 (Windows NT 10.0; Win64; x64) AppleWebKit/537.36 (KHTML, like Gecko) Chrome/114.0.0.0 YaBrowser/22.7.0 Yowser/2.5 Safari/537.36"
162.240.153.75 - - [19/Mar/2026:16:41:29 -0300] "POST /wp-cron.php?doing_wp_cron=1773949289.2992129325866699218750 HTTP/1.1" 200 - "-" "WordPress/6.9.4; https://tarapaca.vsptdigital.cl"
90.75.189.166 - - [19/Mar/2026:16:41:27 -0300] "GET /2026/01/25/basta-utlandska-casino-en-guide-till-de-basta-55-2/ HTTP/1.1" 200 32709 "-" "Mozilla/5.0 (Macintosh; Intel Mac OS X 12_5) AppleWebKit/537.36 (KHTML, like Gecko) Chrome/114.0.0.0 Safari/537.36"
43.156.168.214 - - [19/Mar/2026:16:42:03 -0300] "GET /wp-json/oembed/1.0/embed?url=https%3A%2F%2Ftarapaca.vsptdigital.cl%2F2026%2F03%2F19%2Fla-tecnologia-que-transforma-la-experiencia-del%2F HTTP/1.1" 200 2510 "-" "Mozilla/5.0 (iPhone; CPU iPhone OS 13_2_3 like Mac OS X) AppleWebKit/605.1.15 (KHTML, like Gecko) Version/13.0.3 Mobile/15E148 Safari/604.1"
162.240.153.75 - - [19/Mar/2026:16:44:13 -0300] "POST /wp-cron.php?doing_wp_cron=1773949453.9046769142150878906250 HTTP/1.1" 200 - "-" "WordPress/6.9.4; https://tarapaca.vsptdigital.cl"
171.234.8.189 - - [19/Mar/2026:16:44:12 -0300] "GET /2026/01/06/mastering-bonuses-a-comprehensive-guide-on-how-to/ HTTP/1.1" 200 32880 "https://tarapaca.vsptdigital.cl/" "Mozilla/5.0 (Windows NT 10.0; WOW64; x64) AppleWebKit/537.36 (KHTML, like Gecko) Chrome/114.0.0.0 Safari/537.36 OPR/89.0.4447.51"
171.234.8.189 - - [19/Mar/2026:16:44:15 -0300] "GET /wp-includes/css/dist/block-library/style.min.css?ver=6.9.4 HTTP/1.1" 200 119358 "https://tarapaca.vsptdigital.cl/2026/01/06/mastering-bonuses-a-comprehensive-guide-on-how-to/" "Mozilla/5.0 (Windows NT 10.0; Win64; x64) AppleWebKit/537.36 (KHTML, like Gecko) Chrome/143.0.0.0 Safari/537.36"
107.158.118.132 - - [19/Mar/2026:16:44:16 -0300] "GET /2025/09/15/descubra-o-universo-da-apostas-com-5853-bet/ HTTP/1.1" 200 31786 "-" "Mozilla/5.0 (Macintosh; Intel Mac OS X 12_5) AppleWebKit/537.36 (KHTML, like Gecko) Chrome/114.0.0.0 Safari/537.36 Edg/114.0.1264.71"
161.97.178.240 - - [19/Mar/2026:16:44:19 -0300] "GET /robots.txt HTTP/1.1" 200 1916 "-" "python-httpx/0.28.1"
171.234.8.189 - - [19/Mar/2026:16:44:24 -0300] "GET /wp-content/plugins/contact-form-7/includes/css/styles.css?ver=5.9.3 HTTP/1.1" 200 2894 "https://tarapaca.vsptdigital.cl/2026/01/06/mastering-bonuses-a-comprehensive-guide-on-how-to/" "Mozilla/5.0 (Windows NT 10.0; Win64; x64) AppleWebKit/537.36 (KHTML, like Gecko) Chrome/143.0.0.0 Safari/537.36"
171.234.8.189 - - [19/Mar/2026:16:44:26 -0300] "GET /wp-content/plugins/woocommerce/assets/css/woocommerce-smallscreen.css?ver=8.7.2 HTTP/1.1" 200 7043 "https://tarapaca.vsptdigital.cl/2026/01/06/mastering-bonuses-a-comprehensive-guide-on-how-to/" "Mozilla/5.0 (Windows NT 10.0; Win64; x64) AppleWebKit/537.36 (KHTML, like Gecko) Chrome/143.0.0.0 Safari/537.36"
162.240.153.75 - - [19/Mar/2026:16:45:15 -0300] "POST /wp-cron.php?doing_wp_cron=1773949515.6538879871368408203125 HTTP/1.1" 200 - "-" "WordPress/6.9.4; https://tarapaca.vsptdigital.cl"
171.234.8.189 - - [19/Mar/2026:16:45:13 -0300] "POST /wp-comments-post.php HTTP/1.1" 302 - "https://tarapaca.vsptdigital.cl/2026/01/06/mastering-bonuses-a-comprehensive-guide-on-how-to/" "Mozilla/5.0 (Windows NT 10.0; WOW64; x64) AppleWebKit/537.36 (KHTML, like Gecko) Chrome/114.0.0.0 Safari/537.36 OPR/89.0.4447.51"
171.234.8.189 - - [19/Mar/2026:16:45:17 -0300] "GET /2026/01/06/mastering-bonuses-a-comprehensive-guide-on-how-to/?unapproved=21632&moderation-hash=0cffcf077cfc20616ddf870796d0428d HTTP/1.1" 200 79027 "https://tarapaca.vsptdigital.cl/wp-comments-post.php" "Mozilla/5.0 (Windows NT 10.0; WOW64; x64) AppleWebKit/537.36 (KHTML, like Gecko) Chrome/114.0.0.0 Safari/537.36 OPR/89.0.4447.51"
162.240.153.75 - - [19/Mar/2026:16:46:45 -0300] "POST /wp-cron.php?doing_wp_cron=1773949605.4897100925445556640625 HTTP/1.1" 200 - "-" "WordPress/6.9.4; https://tarapaca.vsptdigital.cl"
171.234.8.189 - - [19/Mar/2026:16:46:42 -0300] "GET /2026/01/06/mastering-bonuses-a-comprehensive-guide-on-how-to/ HTTP/1.1" 200 32880 "-" "Mozilla/5.0 (Macintosh; Intel Mac OS X 12_5) AppleWebKit/537.36 (KHTML, like Gecko) Chrome/114.0.0.0 Safari/537.36 Edg/114.0.1264.71"
38.180.111.150 - - [19/Mar/2026:16:46:48 -0300] "POST /xmlrpc.php HTTP/1.1" 200 416 "-" "Mozilla/5.0 (Windows NT 10.0; Win64; x64) AppleWebKit/537.36 (KHTML, like Gecko) Chrome/114.0.0.0 Safari/537.36 Vivaldi/5.3.2679.68"
38.180.111.150 - - [19/Mar/2026:16:46:51 -0300] "POST /xmlrpc.php HTTP/1.1" 200 416 "-" "Mozilla/5.0 (Windows NT 10.0; Win64; x64) AppleWebKit/537.36 (KHTML, like Gecko) Chrome/114.0.0.0 Safari/537.36 Vivaldi/5.3.2679.68"
38.180.111.150 - - [19/Mar/2026:16:46:54 -0300] "POST /xmlrpc.php HTTP/1.1" 200 416 "-" "Mozilla/5.0 (Windows NT 10.0; Win64; x64) AppleWebKit/537.36 (KHTML, like Gecko) Chrome/114.0.0.0 Safari/537.36 Vivaldi/5.3.2679.68"
161.97.176.209 - - [19/Mar/2026:16:46:55 -0300] "GET /2026/03/19/die-historische-entwicklung-von-casinos-ein-blick/ HTTP/1.1" 200 31329 "-" "Mozilla/5.0 (Windows NT 10.0; Win64; x64; rv:121.0) Gecko/20100101 Firefox/121.0"
161.97.176.209 - - [19/Mar/2026:16:46:58 -0300] "GET /wp-includes/css/dist/block-library/style.min.css?ver=6.9.4 HTTP/1.1" 200 119358 "https://tarapaca.vsptdigital.cl/2026/03/19/die-historische-entwicklung-von-casinos-ein-blick/" "Mozilla/5.0 (Windows NT 10.0; Win64; x64; rv:121.0) Gecko/20100101 Firefox/121.0"
161.97.176.209 - - [19/Mar/2026:16:46:58 -0300] "GET /wp-content/plugins/contact-form-7/includes/css/styles.css?ver=5.9.3 HTTP/1.1" 200 2894 "https://tarapaca.vsptdigital.cl/2026/03/19/die-historische-entwicklung-von-casinos-ein-blick/" "Mozilla/5.0 (Windows NT 10.0; Win64; x64; rv:121.0) Gecko/20100101 Firefox/121.0"
212.47.73.90 - - [19/Mar/2026:16:46:56 -0300] "GET /2025/11/26/online-casino-free-bonuses-uncovering-the-21/ HTTP/1.1" 200 33558 "https://tarapaca.vsptdigital.cl/" "Mozilla/5.0 (X11; Linux i686; rv:114.0) Gecko/20100101 Firefox/114.0"
161.97.176.209 - - [19/Mar/2026:16:46:59 -0300] "GET /wp-content/plugins/woocommerce/assets/css/woocommerce-layout.css?ver=8.7.2 HTTP/1.1" 200 17688 "https://tarapaca.vsptdigital.cl/2026/03/19/die-historische-entwicklung-von-casinos-ein-blick/" "Mozilla/5.0 (Windows NT 10.0; Win64; x64; rv:121.0) Gecko/20100101 Firefox/121.0"
161.97.176.209 - - [19/Mar/2026:16:46:59 -0300] "GET /wp-content/plugins/woocommerce/assets/css/woocommerce.css?ver=8.7.2 HTTP/1.1" 200 77339 "https://tarapaca.vsptdigital.cl/2026/03/19/die-historische-entwicklung-von-casinos-ein-blick/" "Mozilla/5.0 (Windows NT 10.0; Win64; x64; rv:121.0) Gecko/20100101 Firefox/121.0"
161.97.176.209 - - [19/Mar/2026:16:46:59 -0300] "GET /wp-content/themes/hello-elementor/style.min.css?ver=2.9.0 HTTP/1.1" 200 5756 "https://tarapaca.vsptdigital.cl/2026/03/19/die-historische-entwicklung-von-casinos-ein-blick/" "Mozilla/5.0 (Windows NT 10.0; Win64; x64; rv:121.0) Gecko/20100101 Firefox/121.0"
161.97.176.209 - - [19/Mar/2026:16:46:59 -0300] "GET /wp-content/themes/hello-elementor/theme.min.css?ver=2.9.0 HTTP/1.1" 200 12439 "https://tarapaca.vsptdigital.cl/2026/03/19/die-historische-entwicklung-von-casinos-ein-blick/" "Mozilla/5.0 (Windows NT 10.0; Win64; x64; rv:121.0) Gecko/20100101 Firefox/121.0"
161.97.176.209 - - [19/Mar/2026:16:46:59 -0300] "GET /wp-content/uploads/elementor/css/post-5.css?ver=1705946908 HTTP/1.1" 200 1169 "https://tarapaca.vsptdigital.cl/2026/03/19/die-historische-entwicklung-von-casinos-ein-blick/" "Mozilla/5.0 (Windows NT 10.0; Win64; x64; rv:121.0) Gecko/20100101 Firefox/121.0"
161.97.176.209 - - [19/Mar/2026:16:46:59 -0300] "GET /wp-content/plugins/winwheel4wp/assets/winwheel4wp.css?ver=1669909447 HTTP/1.1" 200 4354 "https://tarapaca.vsptdigital.cl/2026/03/19/die-historische-entwicklung-von-casinos-ein-blick/" "Mozilla/5.0 (Windows NT 10.0; Win64; x64; rv:121.0) Gecko/20100101 Firefox/121.0"
161.97.176.209 - - [19/Mar/2026:16:46:59 -0300] "GET /wp-includes/js/jquery/jquery.min.js?ver=3.7.1 HTTP/1.1" 200 87553 "https://tarapaca.vsptdigital.cl/2026/03/19/die-historische-entwicklung-von-casinos-ein-blick/" "Mozilla/5.0 (Windows NT 10.0; Win64; x64; rv:121.0) Gecko/20100101 Firefox/121.0"
161.97.176.209 - - [19/Mar/2026:16:46:59 -0300] "GET /wp-content/plugins/elementor/assets/css/frontend-lite.min.css?ver=3.20.3 HTTP/1.1" 200 118630 "https://tarapaca.vsptdigital.cl/2026/03/19/die-historische-entwicklung-von-casinos-ein-blick/" "Mozilla/5.0 (Windows NT 10.0; Win64; x64; rv:121.0) Gecko/20100101 Firefox/121.0"
161.97.176.209 - - [19/Mar/2026:16:46:59 -0300] "GET /wp-includes/js/jquery/jquery-migrate.min.js?ver=3.4.1 HTTP/1.1" 200 13577 "https://tarapaca.vsptdigital.cl/2026/03/19/die-historische-entwicklung-von-casinos-ein-blick/" "Mozilla/5.0 (Windows NT 10.0; Win64; x64; rv:121.0) Gecko/20100101 Firefox/121.0"
161.97.176.209 - - [19/Mar/2026:16:46:59 -0300] "GET /wp-content/plugins/winwheel4wp/assets/winwheel4wp.js?ver=1669909447 HTTP/1.1" 200 11867 "https://tarapaca.vsptdigital.cl/2026/03/19/die-historische-entwicklung-von-casinos-ein-blick/" "Mozilla/5.0 (Windows NT 10.0; Win64; x64; rv:121.0) Gecko/20100101 Firefox/121.0"
161.97.176.209 - - [19/Mar/2026:16:46:59 -0300] "GET /wp-content/plugins/contact-form-7/includes/swv/js/index.js?ver=5.9.3 HTTP/1.1" 200 17211 "https://tarapaca.vsptdigital.cl/2026/03/19/die-historische-entwicklung-von-casinos-ein-blick/" "Mozilla/5.0 (Windows NT 10.0; Win64; x64; rv:121.0) Gecko/20100101 Firefox/121.0"
161.97.176.209 - - [19/Mar/2026:16:46:59 -0300] "GET /wp-content/plugins/contact-form-7/includes/js/index.js?ver=5.9.3 HTTP/1.1" 200 18752 "https://tarapaca.vsptdigital.cl/2026/03/19/die-historische-entwicklung-von-casinos-ein-blick/" "Mozilla/5.0 (Windows NT 10.0; Win64; x64; rv:121.0) Gecko/20100101 Firefox/121.0"
38.180.111.150 - - [19/Mar/2026:16:46:59 -0300] "POST /xmlrpc.php HTTP/1.1" 200 416 "-" "Mozilla/5.0 (Windows NT 10.0; Win64; x64) AppleWebKit/537.36 (KHTML, like Gecko) Chrome/114.0.0.0 Safari/537.36 Vivaldi/5.3.2679.68"
161.97.176.209 - - [19/Mar/2026:16:47:00 -0300] "GET /wp-content/plugins/woocommerce/assets/js/sourcebuster/sourcebuster.min.js?ver=8.7.2 HTTP/1.1" 200 20198 "https://tarapaca.vsptdigital.cl/2026/03/19/die-historische-entwicklung-von-casinos-ein-blick/" "Mozilla/5.0 (Windows NT 10.0; Win64; x64; rv:121.0) Gecko/20100101 Firefox/121.0"
161.97.176.209 - - [19/Mar/2026:16:47:00 -0300] "GET /wp-content/plugins/woocommerce/assets/js/frontend/order-attribution.min.js?ver=8.7.2 HTTP/1.1" 200 7207 "https://tarapaca.vsptdigital.cl/2026/03/19/die-historische-entwicklung-von-casinos-ein-blick/" "Mozilla/5.0 (Windows NT 10.0; Win64; x64; rv:121.0) Gecko/20100101 Firefox/121.0"
161.97.176.209 - - [19/Mar/2026:16:47:00 -0300] "GET /wp-content/plugins/woocommerce/assets/js/frontend/add-to-cart.min.js?ver=8.7.2 HTTP/1.1" 200 8756 "https://tarapaca.vsptdigital.cl/2026/03/19/die-historische-entwicklung-von-casinos-ein-blick/" "Mozilla/5.0 (Windows NT 10.0; Win64; x64; rv:121.0) Gecko/20100101 Firefox/121.0"
161.97.176.209 - - [19/Mar/2026:16:47:00 -0300] "GET /wp-content/plugins/woocommerce/assets/js/js-cookie/js.cookie.min.js?ver=2.1.4-wc.8.7.2 HTTP/1.1" 200 7418 "https://tarapaca.vsptdigital.cl/2026/03/19/die-historische-entwicklung-von-casinos-ein-blick/" "Mozilla/5.0 (Windows NT 10.0; Win64; x64; rv:121.0) Gecko/20100101 Firefox/121.0"
161.97.176.209 - - [19/Mar/2026:16:47:00 -0300] "GET /wp-content/themes/hello-elementor/assets/js/hello-frontend.min.js?ver=1.0.0 HTTP/1.1" 200 7572 "https://tarapaca.vsptdigital.cl/2026/03/19/die-historische-entwicklung-von-casinos-ein-blick/" "Mozilla/5.0 (Windows NT 10.0; Win64; x64; rv:121.0) Gecko/20100101 Firefox/121.0"
161.97.176.209 - - [19/Mar/2026:16:47:00 -0300] "GET /wp-content/plugins/woocommerce/assets/js/jquery-blockui/jquery.blockUI.min.js?ver=2.7.0-wc.8.7.2 HTTP/1.1" 200 15334 "https://tarapaca.vsptdigital.cl/2026/03/19/die-historische-entwicklung-von-casinos-ein-blick/" "Mozilla/5.0 (Windows NT 10.0; Win64; x64; rv:121.0) Gecko/20100101 Firefox/121.0"
161.97.176.209 - - [19/Mar/2026:16:47:00 -0300] "GET /wp-content/plugins/woocommerce/assets/js/frontend/woocommerce.min.js?ver=8.7.2 HTTP/1.1" 200 7837 "https://tarapaca.vsptdigital.cl/2026/03/19/die-historische-entwicklung-von-casinos-ein-blick/" "Mozilla/5.0 (Windows NT 10.0; Win64; x64; rv:121.0) Gecko/20100101 Firefox/121.0"
161.97.176.209 - - [19/Mar/2026:16:47:00 -0300] "GET /wp-content/plugins/woocommerce/assets/css/woocommerce-smallscreen.css?ver=8.7.2 HTTP/1.1" 200 7043 "https://tarapaca.vsptdigital.cl/2026/03/19/die-historische-entwicklung-von-casinos-ein-blick/" "Mozilla/5.0 (Windows NT 10.0; Win64; x64; rv:121.0) Gecko/20100101 Firefox/121.0"
161.97.176.209 - - [19/Mar/2026:16:47:00 -0300] "GET /wp-includes/js/comment-reply.min.js?ver=6.9.4 HTTP/1.1" 200 3026 "https://tarapaca.vsptdigital.cl/2026/03/19/die-historische-entwicklung-von-casinos-ein-blick/" "Mozilla/5.0 (Windows NT 10.0; Win64; x64; rv:121.0) Gecko/20100101 Firefox/121.0"
161.97.176.209 - - [19/Mar/2026:16:47:01 -0300] "GET /wp-includes/js/wp-emoji-release.min.js?ver=6.9.4 HTTP/1.1" 200 22762 "https://tarapaca.vsptdigital.cl/2026/03/19/die-historische-entwicklung-von-casinos-ein-blick/" "Mozilla/5.0 (Windows NT 10.0; Win64; x64; rv:121.0) Gecko/20100101 Firefox/121.0"
212.47.73.90 - - [19/Mar/2026:16:47:01 -0300] "GET /wp-includes/css/dist/block-library/style.min.css?ver=6.9.4 HTTP/1.1" 200 119358 "https://tarapaca.vsptdigital.cl/2025/11/26/online-casino-free-bonuses-uncovering-the-21/" "Mozilla/5.0 (Windows NT 10.0; Win64; x64) AppleWebKit/537.36 (KHTML, like Gecko) Chrome/143.0.0.0 Safari/537.36"
212.47.73.90 - - [19/Mar/2026:16:47:02 -0300] "GET /wp-content/plugins/contact-form-7/includes/css/styles.css?ver=5.9.3 HTTP/1.1" 200 2894 "https://tarapaca.vsptdigital.cl/2025/11/26/online-casino-free-bonuses-uncovering-the-21/" "Mozilla/5.0 (Windows NT 10.0; Win64; x64) AppleWebKit/537.36 (KHTML, like Gecko) Chrome/143.0.0.0 Safari/537.36"
212.47.73.90 - - [19/Mar/2026:16:47:03 -0300] "GET /wp-content/plugins/woocommerce/assets/css/woocommerce-layout.css?ver=8.7.2 HTTP/1.1" 200 17688 "https://tarapaca.vsptdigital.cl/2025/11/26/online-casino-free-bonuses-uncovering-the-21/" "Mozilla/5.0 (Windows NT 10.0; Win64; x64) AppleWebKit/537.36 (KHTML, like Gecko) Chrome/143.0.0.0 Safari/537.36"
212.47.73.90 - - [19/Mar/2026:16:47:03 -0300] "GET /wp-content/plugins/woocommerce/assets/css/woocommerce-smallscreen.css?ver=8.7.2 HTTP/1.1" 200 7043 "https://tarapaca.vsptdigital.cl/2025/11/26/online-casino-free-bonuses-uncovering-the-21/" "Mozilla/5.0 (Windows NT 10.0; Win64; x64) AppleWebKit/537.36 (KHTML, like Gecko) Chrome/143.0.0.0 Safari/537.36"
212.47.73.90 - - [19/Mar/2026:16:47:04 -0300] "GET /wp-content/plugins/woocommerce/assets/css/woocommerce.css?ver=8.7.2 HTTP/1.1" 200 77339 "https://tarapaca.vsptdigital.cl/2025/11/26/online-casino-free-bonuses-uncovering-the-21/" "Mozilla/5.0 (Windows NT 10.0; Win64; x64) AppleWebKit/537.36 (KHTML, like Gecko) Chrome/143.0.0.0 Safari/537.36"
212.47.73.90 - - [19/Mar/2026:16:47:04 -0300] "GET /wp-content/themes/hello-elementor/style.min.css?ver=2.9.0 HTTP/1.1" 200 5756 "https://tarapaca.vsptdigital.cl/2025/11/26/online-casino-free-bonuses-uncovering-the-21/" "Mozilla/5.0 (Windows NT 10.0; Win64; x64) AppleWebKit/537.36 (KHTML, like Gecko) Chrome/143.0.0.0 Safari/537.36"
212.47.73.90 - - [19/Mar/2026:16:47:05 -0300] "GET /wp-content/themes/hello-elementor/theme.min.css?ver=2.9.0 HTTP/1.1" 200 12439 "https://tarapaca.vsptdigital.cl/2025/11/26/online-casino-free-bonuses-uncovering-the-21/" "Mozilla/5.0 (Windows NT 10.0; Win64; x64) AppleWebKit/537.36 (KHTML, like Gecko) Chrome/143.0.0.0 Safari/537.36"
212.47.73.90 - - [19/Mar/2026:16:47:05 -0300] "GET /wp-content/plugins/elementor/assets/css/frontend-lite.min.css?ver=3.20.3 HTTP/1.1" 200 118630 "https://tarapaca.vsptdigital.cl/2025/11/26/online-casino-free-bonuses-uncovering-the-21/" "Mozilla/5.0 (Windows NT 10.0; Win64; x64) AppleWebKit/537.36 (KHTML, like Gecko) Chrome/143.0.0.0 Safari/537.36"
212.47.73.90 - - [19/Mar/2026:16:47:06 -0300] "GET /wp-content/uploads/elementor/css/post-5.css?ver=1705946908 HTTP/1.1" 200 1169 "https://tarapaca.vsptdigital.cl/2025/11/26/online-casino-free-bonuses-uncovering-the-21/" "Mozilla/5.0 (Windows NT 10.0; Win64; x64) AppleWebKit/537.36 (KHTML, like Gecko) Chrome/143.0.0.0 Safari/537.36"
212.47.73.90 - - [19/Mar/2026:16:47:07 -0300] "GET /wp-content/plugins/winwheel4wp/assets/winwheel4wp.css?ver=1669909447 HTTP/1.1" 200 4354 "https://tarapaca.vsptdigital.cl/2025/11/26/online-casino-free-bonuses-uncovering-the-21/" "Mozilla/5.0 (Windows NT 10.0; Win64; x64) AppleWebKit/537.36 (KHTML, like Gecko) Chrome/143.0.0.0 Safari/537.36"
212.47.73.90 - - [19/Mar/2026:16:47:07 -0300] "POST /wp-comments-post.php HTTP/1.1" 302 - "https://tarapaca.vsptdigital.cl/2025/11/26/online-casino-free-bonuses-uncovering-the-21/" "Mozilla/5.0 (X11; Linux i686; rv:114.0) Gecko/20100101 Firefox/114.0"
212.47.73.90 - - [19/Mar/2026:16:47:10 -0300] "GET /2025/11/26/online-casino-free-bonuses-uncovering-the-21/?unapproved=21633&moderation-hash=da7fe8f8cdf11ae20e8622a8da4f8c0b HTTP/1.1" 200 35134 "https://tarapaca.vsptdigital.cl/wp-comments-post.php" "Mozilla/5.0 (X11; Linux i686; rv:114.0) Gecko/20100101 Firefox/114.0"
212.47.73.90 - - [19/Mar/2026:16:47:12 -0300] "GET /2025/11/26/online-casino-free-bonuses-uncovering-the-21/ HTTP/1.1" 200 33558 "-" "Mozilla/5.0 (compatible; Googlebot/2.1; +http://www.google.com/bot.html)"