207.180.193.102 - - [19/Mar/2026:11:11:08 -0300] "GET /wp-content/plugins/woocommerce/assets/css/woocommerce-smallscreen.css?ver=8.7.2 HTTP/1.1" 200 7043 "https://tarapaca.vsptdigital.cl/2026/03/19/tarixin-drinliklrind-pin-up-casino-kazinolarnn/" "Mozilla/5.0 (X11; Linux x86_64) AppleWebKit/537.36 (KHTML, like Gecko) Chrome/120.0.0.0 Safari/537.36"
207.180.193.102 - - [19/Mar/2026:11:11:09 -0300] "GET /wp-includes/js/wp-emoji-release.min.js?ver=6.9.4 HTTP/1.1" 200 22762 "https://tarapaca.vsptdigital.cl/2026/03/19/tarixin-drinliklrind-pin-up-casino-kazinolarnn/" "Mozilla/5.0 (X11; Linux x86_64) AppleWebKit/537.36 (KHTML, like Gecko) Chrome/120.0.0.0 Safari/537.36"
154.195.142.173 - - [19/Mar/2026:11:11:15 -0300] "GET /2025/11/26/online-casino-free-bonuses-uncovering-the-21/ HTTP/1.1" 200 33558 "https://tarapaca.vsptdigital.cl/" "Mozilla/5.0 (X11; Linux i686; rv:114.0) Gecko/20100101 Firefox/114.0"
162.240.153.75 - - [19/Mar/2026:11:11:23 -0300] "POST /wp-cron.php?doing_wp_cron=1773929483.0218598842620849609375 HTTP/1.1" 200 - "-" "WordPress/6.9.4; https://tarapaca.vsptdigital.cl"
154.195.142.173 - - [19/Mar/2026:11:11:22 -0300] "GET /wp-admin/admin-ajax.php HTTP/1.1" 400 1 "https://tarapaca.vsptdigital.cl/2025/11/26/online-casino-free-bonuses-uncovering-the-21/" "Mozilla/5.0 (Windows NT 6.3; Win64; x64) AppleWebKit/537.36 (KHTML, like Gecko) Chrome/103.0.0.0 Safari/537.36"
154.195.142.173 - - [19/Mar/2026:11:11:23 -0300] "GET /wp-admin/admin-ajax.php?action=register HTTP/1.1" 400 1 "https://tarapaca.vsptdigital.cl/wp-admin/admin-ajax.php" "Mozilla/5.0 (Windows NT 6.3; Win64; x64) AppleWebKit/537.36 (KHTML, like Gecko) Chrome/103.0.0.0 Safari/537.36"
154.195.142.173 - - [19/Mar/2026:11:11:25 -0300] "GET /2025/11/26/online-casino-free-bonuses-uncovering-the-21/ HTTP/1.1" 200 33558 "https://tarapaca.vsptdigital.cl/2025/11/26/online-casino-free-bonuses-uncovering-the-21/" "Mozilla/5.0 (Windows NT 6.3; Win64; x64) AppleWebKit/537.36 (KHTML, like Gecko) Chrome/103.0.0.0 Safari/537.36"
49.51.33.159 - - [19/Mar/2026:11:11:26 -0300] "GET /2026/03/18/zagadki-i-legendy-izvestnyh-kazino-mira/ HTTP/1.1" 200 32492 "-" "Mozilla/5.0 (iPhone; CPU iPhone OS 13_2_3 like Mac OS X) AppleWebKit/605.1.15 (KHTML, like Gecko) Version/13.0.3 Mobile/15E148 Safari/604.1"
154.195.142.173 - - [19/Mar/2026:11:11:27 -0300] "GET /wp-includes/css/dist/block-library/style.min.css?ver=6.9.4 HTTP/1.1" 200 119358 "https://tarapaca.vsptdigital.cl/2025/11/26/online-casino-free-bonuses-uncovering-the-21/" "Mozilla/5.0 (Windows NT 10.0; Win64; x64) AppleWebKit/537.36 (KHTML, like Gecko) Chrome/143.0.0.0 Safari/537.36"
154.195.142.173 - - [19/Mar/2026:11:11:28 -0300] "GET /wp-content/plugins/contact-form-7/includes/css/styles.css?ver=5.9.3 HTTP/1.1" 200 2894 "https://tarapaca.vsptdigital.cl/2025/11/26/online-casino-free-bonuses-uncovering-the-21/" "Mozilla/5.0 (Windows NT 10.0; Win64; x64) AppleWebKit/537.36 (KHTML, like Gecko) Chrome/143.0.0.0 Safari/537.36"
154.195.142.173 - - [19/Mar/2026:11:11:29 -0300] "GET /wp-content/plugins/woocommerce/assets/css/woocommerce-layout.css?ver=8.7.2 HTTP/1.1" 200 17688 "https://tarapaca.vsptdigital.cl/2025/11/26/online-casino-free-bonuses-uncovering-the-21/" "Mozilla/5.0 (Windows NT 10.0; Win64; x64) AppleWebKit/537.36 (KHTML, like Gecko) Chrome/143.0.0.0 Safari/537.36"
154.195.142.173 - - [19/Mar/2026:11:11:30 -0300] "GET /wp-content/plugins/woocommerce/assets/css/woocommerce-smallscreen.css?ver=8.7.2 HTTP/1.1" 200 7043 "https://tarapaca.vsptdigital.cl/2025/11/26/online-casino-free-bonuses-uncovering-the-21/" "Mozilla/5.0 (Windows NT 10.0; Win64; x64) AppleWebKit/537.36 (KHTML, like Gecko) Chrome/143.0.0.0 Safari/537.36"
154.195.142.173 - - [19/Mar/2026:11:11:31 -0300] "GET /wp-content/plugins/woocommerce/assets/css/woocommerce.css?ver=8.7.2 HTTP/1.1" 200 77339 "https://tarapaca.vsptdigital.cl/2025/11/26/online-casino-free-bonuses-uncovering-the-21/" "Mozilla/5.0 (Windows NT 10.0; Win64; x64) AppleWebKit/537.36 (KHTML, like Gecko) Chrome/143.0.0.0 Safari/537.36"
154.195.142.173 - - [19/Mar/2026:11:11:32 -0300] "GET /wp-content/themes/hello-elementor/style.min.css?ver=2.9.0 HTTP/1.1" 200 5756 "https://tarapaca.vsptdigital.cl/2025/11/26/online-casino-free-bonuses-uncovering-the-21/" "Mozilla/5.0 (Windows NT 10.0; Win64; x64) AppleWebKit/537.36 (KHTML, like Gecko) Chrome/143.0.0.0 Safari/537.36"
154.195.142.173 - - [19/Mar/2026:11:11:33 -0300] "GET /wp-content/themes/hello-elementor/theme.min.css?ver=2.9.0 HTTP/1.1" 200 12439 "https://tarapaca.vsptdigital.cl/2025/11/26/online-casino-free-bonuses-uncovering-the-21/" "Mozilla/5.0 (Windows NT 10.0; Win64; x64) AppleWebKit/537.36 (KHTML, like Gecko) Chrome/143.0.0.0 Safari/537.36"
154.195.142.173 - - [19/Mar/2026:11:11:35 -0300] "GET /wp-content/plugins/elementor/assets/css/frontend-lite.min.css?ver=3.20.3 HTTP/1.1" 200 118630 "https://tarapaca.vsptdigital.cl/2025/11/26/online-casino-free-bonuses-uncovering-the-21/" "Mozilla/5.0 (Windows NT 10.0; Win64; x64) AppleWebKit/537.36 (KHTML, like Gecko) Chrome/143.0.0.0 Safari/537.36"
154.195.142.173 - - [19/Mar/2026:11:11:37 -0300] "GET /wp-content/uploads/elementor/css/post-5.css?ver=1705946908 HTTP/1.1" 200 1169 "https://tarapaca.vsptdigital.cl/2025/11/26/online-casino-free-bonuses-uncovering-the-21/" "Mozilla/5.0 (Windows NT 10.0; Win64; x64) AppleWebKit/537.36 (KHTML, like Gecko) Chrome/143.0.0.0 Safari/537.36"
154.195.142.173 - - [19/Mar/2026:11:11:37 -0300] "GET /wp-content/plugins/winwheel4wp/assets/winwheel4wp.css?ver=1669909447 HTTP/1.1" 200 4354 "https://tarapaca.vsptdigital.cl/2025/11/26/online-casino-free-bonuses-uncovering-the-21/" "Mozilla/5.0 (Windows NT 10.0; Win64; x64) AppleWebKit/537.36 (KHTML, like Gecko) Chrome/143.0.0.0 Safari/537.36"
162.240.153.75 - - [19/Mar/2026:11:11:40 -0300] "POST /wp-cron.php?doing_wp_cron=1773929500.3550989627838134765625 HTTP/1.1" 200 - "-" "WordPress/6.9.4; https://tarapaca.vsptdigital.cl"
154.195.142.173 - - [19/Mar/2026:11:11:39 -0300] "POST /wp-comments-post.php HTTP/1.1" 302 - "https://tarapaca.vsptdigital.cl/2025/11/26/online-casino-free-bonuses-uncovering-the-21/" "Mozilla/5.0 (Windows NT 6.3; Win64; x64) AppleWebKit/537.36 (KHTML, like Gecko) Chrome/103.0.0.0 Safari/537.36"
154.195.142.173 - - [19/Mar/2026:11:11:41 -0300] "GET /2025/11/26/online-casino-free-bonuses-uncovering-the-21/?unapproved=21598&moderation-hash=67a0540bf9e02edbd4b62e89fe99319f HTTP/1.1" 200 36516 "https://tarapaca.vsptdigital.cl/wp-comments-post.php" "Mozilla/5.0 (Windows NT 6.3; Win64; x64) AppleWebKit/537.36 (KHTML, like Gecko) Chrome/103.0.0.0 Safari/537.36"
154.195.142.173 - - [19/Mar/2026:11:11:42 -0300] "GET /2025/11/26/online-casino-free-bonuses-uncovering-the-21/ HTTP/1.1" 200 33558 "-" "Mozilla/5.0 (Windows NT 6.3; Win64; x64) AppleWebKit/537.36 (KHTML, like Gecko) Chrome/103.0.0.0 Safari/537.36"
118.189.242.201 - - [19/Mar/2026:11:11:47 -0300] "GET /2025/10/12/non-gamstop-uk-casino-sites-an-in-depth-look/ HTTP/1.1" 200 32046 "-" "Mozilla/5.0 (Macintosh; Intel Mac OS X 12_5) AppleWebKit/537.36 (KHTML, like Gecko) Chrome/114.0.0.0 Safari/537.36"
162.240.153.75 - - [19/Mar/2026:11:13:13 -0300] "POST /wp-cron.php?doing_wp_cron=1773929593.1813459396362304687500 HTTP/1.1" 200 - "-" "WordPress/6.9.4; https://tarapaca.vsptdigital.cl"
135.232.20.35 - - [19/Mar/2026:11:13:12 -0300] "GET /2026/01/06/perspectiva-cientifica-sobre-el-uso-de-farmacos-en/ HTTP/1.1" 200 30663 "-" "Mozilla/5.0 (Windows NT 10.0; Win64; x64) AppleWebKit/537.36 (KHTML, like Gecko) Chrome/142.0.7444.175 Safari/537.36"
144.217.67.195 - - [19/Mar/2026:11:13:14 -0300] "GET /2025/11/26/online-casino-free-bonuses-uncovering-the-21/ HTTP/1.1" 200 33558 "-" "Mozilla/5.0 (compatible; Googlebot/2.1; +http://www.google.com/bot.html)"
135.232.20.35 - - [19/Mar/2026:11:13:17 -0300] "GET /wp-content/themes/hello-elementor/theme.min.css?ver=2.9.0 HTTP/1.1" 200 12439 "https://tarapaca.vsptdigital.cl/2026/01/06/perspectiva-cientifica-sobre-el-uso-de-farmacos-en/" "Mozilla/5.0 (Windows NT 10.0; Win64; x64) AppleWebKit/537.36 (KHTML, like Gecko) Chrome/142.0.7444.175 Safari/537.36"
135.232.20.35 - - [19/Mar/2026:11:13:17 -0300] "GET /wp-content/plugins/contact-form-7/includes/css/styles.css?ver=5.9.3 HTTP/1.1" 200 2894 "https://tarapaca.vsptdigital.cl/2026/01/06/perspectiva-cientifica-sobre-el-uso-de-farmacos-en/" "Mozilla/5.0 (Windows NT 10.0; Win64; x64) AppleWebKit/537.36 (KHTML, like Gecko) Chrome/142.0.7444.175 Safari/537.36"
135.232.20.35 - - [19/Mar/2026:11:13:17 -0300] "GET /wp-content/themes/hello-elementor/style.min.css?ver=2.9.0 HTTP/1.1" 200 5756 "https://tarapaca.vsptdigital.cl/2026/01/06/perspectiva-cientifica-sobre-el-uso-de-farmacos-en/" "Mozilla/5.0 (Windows NT 10.0; Win64; x64) AppleWebKit/537.36 (KHTML, like Gecko) Chrome/142.0.7444.175 Safari/537.36"
135.232.20.35 - - [19/Mar/2026:11:13:17 -0300] "GET /wp-content/plugins/woocommerce/assets/css/woocommerce-layout.css?ver=8.7.2 HTTP/1.1" 200 17688 "https://tarapaca.vsptdigital.cl/2026/01/06/perspectiva-cientifica-sobre-el-uso-de-farmacos-en/" "Mozilla/5.0 (Windows NT 10.0; Win64; x64) AppleWebKit/537.36 (KHTML, like Gecko) Chrome/142.0.7444.175 Safari/537.36"
135.232.20.35 - - [19/Mar/2026:11:13:17 -0300] "GET /wp-includes/css/dist/block-library/style.min.css?ver=6.9.4 HTTP/1.1" 200 119358 "https://tarapaca.vsptdigital.cl/2026/01/06/perspectiva-cientifica-sobre-el-uso-de-farmacos-en/" "Mozilla/5.0 (Windows NT 10.0; Win64; x64) AppleWebKit/537.36 (KHTML, like Gecko) Chrome/142.0.7444.175 Safari/537.36"
135.232.20.35 - - [19/Mar/2026:11:13:17 -0300] "GET /wp-content/plugins/woocommerce/assets/css/woocommerce.css?ver=8.7.2 HTTP/1.1" 200 77339 "https://tarapaca.vsptdigital.cl/2026/01/06/perspectiva-cientifica-sobre-el-uso-de-farmacos-en/" "Mozilla/5.0 (Windows NT 10.0; Win64; x64) AppleWebKit/537.36 (KHTML, like Gecko) Chrome/142.0.7444.175 Safari/537.36"
135.232.20.35 - - [19/Mar/2026:11:13:17 -0300] "GET /wp-content/uploads/elementor/css/post-5.css?ver=1705946908 HTTP/1.1" 200 1169 "https://tarapaca.vsptdigital.cl/2026/01/06/perspectiva-cientifica-sobre-el-uso-de-farmacos-en/" "Mozilla/5.0 (Windows NT 10.0; Win64; x64) AppleWebKit/537.36 (KHTML, like Gecko) Chrome/142.0.7444.175 Safari/537.36"
135.232.20.35 - - [19/Mar/2026:11:13:17 -0300] "GET /wp-content/plugins/winwheel4wp/assets/winwheel4wp.css?ver=1669909447 HTTP/1.1" 200 4354 "https://tarapaca.vsptdigital.cl/2026/01/06/perspectiva-cientifica-sobre-el-uso-de-farmacos-en/" "Mozilla/5.0 (Windows NT 10.0; Win64; x64) AppleWebKit/537.36 (KHTML, like Gecko) Chrome/142.0.7444.175 Safari/537.36"
135.232.20.35 - - [19/Mar/2026:11:13:17 -0300] "GET /wp-content/plugins/elementor/assets/css/frontend-lite.min.css?ver=3.20.3 HTTP/1.1" 200 118630 "https://tarapaca.vsptdigital.cl/2026/01/06/perspectiva-cientifica-sobre-el-uso-de-farmacos-en/" "Mozilla/5.0 (Windows NT 10.0; Win64; x64) AppleWebKit/537.36 (KHTML, like Gecko) Chrome/142.0.7444.175 Safari/537.36"
135.232.20.35 - - [19/Mar/2026:11:13:17 -0300] "GET /wp-includes/js/jquery/jquery-migrate.min.js?ver=3.4.1 HTTP/1.1" 200 13577 "https://tarapaca.vsptdigital.cl/2026/01/06/perspectiva-cientifica-sobre-el-uso-de-farmacos-en/" "Mozilla/5.0 (Windows NT 10.0; Win64; x64) AppleWebKit/537.36 (KHTML, like Gecko) Chrome/142.0.7444.175 Safari/537.36"
135.232.20.35 - - [19/Mar/2026:11:13:17 -0300] "GET /wp-content/plugins/winwheel4wp/assets/winwheel4wp.js?ver=1669909447 HTTP/1.1" 200 11867 "https://tarapaca.vsptdigital.cl/2026/01/06/perspectiva-cientifica-sobre-el-uso-de-farmacos-en/" "Mozilla/5.0 (Windows NT 10.0; Win64; x64) AppleWebKit/537.36 (KHTML, like Gecko) Chrome/142.0.7444.175 Safari/537.36"
135.232.20.35 - - [19/Mar/2026:11:13:17 -0300] "GET /wp-includes/js/jquery/jquery.min.js?ver=3.7.1 HTTP/1.1" 200 87553 "https://tarapaca.vsptdigital.cl/2026/01/06/perspectiva-cientifica-sobre-el-uso-de-farmacos-en/" "Mozilla/5.0 (Windows NT 10.0; Win64; x64) AppleWebKit/537.36 (KHTML, like Gecko) Chrome/142.0.7444.175 Safari/537.36"
135.232.20.35 - - [19/Mar/2026:11:13:18 -0300] "GET /wp-content/plugins/contact-form-7/includes/swv/js/index.js?ver=5.9.3 HTTP/1.1" 200 17211 "https://tarapaca.vsptdigital.cl/2026/01/06/perspectiva-cientifica-sobre-el-uso-de-farmacos-en/" "Mozilla/5.0 (Windows NT 10.0; Win64; x64) AppleWebKit/537.36 (KHTML, like Gecko) Chrome/142.0.7444.175 Safari/537.36"
135.232.20.35 - - [19/Mar/2026:11:13:18 -0300] "GET /wp-content/plugins/contact-form-7/includes/js/index.js?ver=5.9.3 HTTP/1.1" 200 18752 "https://tarapaca.vsptdigital.cl/2026/01/06/perspectiva-cientifica-sobre-el-uso-de-farmacos-en/" "Mozilla/5.0 (Windows NT 10.0; Win64; x64) AppleWebKit/537.36 (KHTML, like Gecko) Chrome/142.0.7444.175 Safari/537.36"
135.232.20.35 - - [19/Mar/2026:11:13:18 -0300] "GET /wp-content/plugins/woocommerce/assets/js/frontend/order-attribution.min.js?ver=8.7.2 HTTP/1.1" 200 7207 "https://tarapaca.vsptdigital.cl/2026/01/06/perspectiva-cientifica-sobre-el-uso-de-farmacos-en/" "Mozilla/5.0 (Windows NT 10.0; Win64; x64) AppleWebKit/537.36 (KHTML, like Gecko) Chrome/142.0.7444.175 Safari/537.36"
135.232.20.35 - - [19/Mar/2026:11:13:18 -0300] "GET /wp-content/themes/hello-elementor/assets/js/hello-frontend.min.js?ver=1.0.0 HTTP/1.1" 200 7572 "https://tarapaca.vsptdigital.cl/2026/01/06/perspectiva-cientifica-sobre-el-uso-de-farmacos-en/" "Mozilla/5.0 (Windows NT 10.0; Win64; x64) AppleWebKit/537.36 (KHTML, like Gecko) Chrome/142.0.7444.175 Safari/537.36"
135.232.20.35 - - [19/Mar/2026:11:13:18 -0300] "GET /wp-content/plugins/woocommerce/assets/js/sourcebuster/sourcebuster.min.js?ver=8.7.2 HTTP/1.1" 200 20198 "https://tarapaca.vsptdigital.cl/2026/01/06/perspectiva-cientifica-sobre-el-uso-de-farmacos-en/" "Mozilla/5.0 (Windows NT 10.0; Win64; x64) AppleWebKit/537.36 (KHTML, like Gecko) Chrome/142.0.7444.175 Safari/537.36"
135.232.20.35 - - [19/Mar/2026:11:13:20 -0300] "GET /wp-content/plugins/woocommerce/assets/js/jquery-blockui/jquery.blockUI.min.js?ver=2.7.0-wc.8.7.2 HTTP/1.1" 200 15334 "https://tarapaca.vsptdigital.cl/2026/01/06/perspectiva-cientifica-sobre-el-uso-de-farmacos-en/" "Mozilla/5.0 (Windows NT 10.0; Win64; x64) AppleWebKit/537.36 (KHTML, like Gecko) Chrome/142.0.7444.175 Safari/537.36"
135.232.20.35 - - [19/Mar/2026:11:13:20 -0300] "GET /wp-content/plugins/woocommerce/assets/js/frontend/add-to-cart.min.js?ver=8.7.2 HTTP/1.1" 200 8756 "https://tarapaca.vsptdigital.cl/2026/01/06/perspectiva-cientifica-sobre-el-uso-de-farmacos-en/" "Mozilla/5.0 (Windows NT 10.0; Win64; x64) AppleWebKit/537.36 (KHTML, like Gecko) Chrome/142.0.7444.175 Safari/537.36"
135.232.20.35 - - [19/Mar/2026:11:13:20 -0300] "GET /wp-content/plugins/woocommerce/assets/css/woocommerce-smallscreen.css?ver=8.7.2 HTTP/1.1" 200 7043 "https://tarapaca.vsptdigital.cl/2026/01/06/perspectiva-cientifica-sobre-el-uso-de-farmacos-en/" "Mozilla/5.0 (Windows NT 10.0; Win64; x64) AppleWebKit/537.36 (KHTML, like Gecko) Chrome/142.0.7444.175 Safari/537.36"
135.232.20.35 - - [19/Mar/2026:11:13:20 -0300] "GET /wp-content/plugins/woocommerce/assets/js/js-cookie/js.cookie.min.js?ver=2.1.4-wc.8.7.2 HTTP/1.1" 200 7418 "https://tarapaca.vsptdigital.cl/2026/01/06/perspectiva-cientifica-sobre-el-uso-de-farmacos-en/" "Mozilla/5.0 (Windows NT 10.0; Win64; x64) AppleWebKit/537.36 (KHTML, like Gecko) Chrome/142.0.7444.175 Safari/537.36"
135.232.20.35 - - [19/Mar/2026:11:13:20 -0300] "GET /wp-includes/js/comment-reply.min.js?ver=6.9.4 HTTP/1.1" 200 3026 "https://tarapaca.vsptdigital.cl/2026/01/06/perspectiva-cientifica-sobre-el-uso-de-farmacos-en/" "Mozilla/5.0 (Windows NT 10.0; Win64; x64) AppleWebKit/537.36 (KHTML, like Gecko) Chrome/142.0.7444.175 Safari/537.36"
135.232.20.35 - - [19/Mar/2026:11:13:20 -0300] "GET /wp-content/plugins/woocommerce/assets/js/frontend/woocommerce.min.js?ver=8.7.2 HTTP/1.1" 200 7837 "https://tarapaca.vsptdigital.cl/2026/01/06/perspectiva-cientifica-sobre-el-uso-de-farmacos-en/" "Mozilla/5.0 (Windows NT 10.0; Win64; x64) AppleWebKit/537.36 (KHTML, like Gecko) Chrome/142.0.7444.175 Safari/537.36"
135.232.20.35 - - [19/Mar/2026:11:13:26 -0300] "GET /wp-includes/js/wp-emoji-release.min.js?ver=6.9.4 HTTP/1.1" 200 22762 "https://tarapaca.vsptdigital.cl/2026/01/06/perspectiva-cientifica-sobre-el-uso-de-farmacos-en/" "Mozilla/5.0 (Windows NT 10.0; Win64; x64) AppleWebKit/537.36 (KHTML, like Gecko) Chrome/142.0.7444.175 Safari/537.36"
162.240.153.75 - - [19/Mar/2026:11:13:27 -0300] "POST /wp-cron.php?doing_wp_cron=1773929607.1428630352020263671875 HTTP/1.1" 200 - "-" "WordPress/6.9.4; https://tarapaca.vsptdigital.cl"
135.232.20.35 - - [19/Mar/2026:11:13:22 -0300] "GET /favicon.ico HTTP/1.1" 302 - "https://tarapaca.vsptdigital.cl/2026/01/06/perspectiva-cientifica-sobre-el-uso-de-farmacos-en/" "Mozilla/5.0 (Windows NT 10.0; Win64; x64) AppleWebKit/537.36 (KHTML, like Gecko) Chrome/142.0.7444.175 Safari/537.36"
135.232.20.35 - - [19/Mar/2026:11:13:28 -0300] "GET /wp-includes/images/w-logo-blue-white-bg.png HTTP/1.1" 200 4119 "https://tarapaca.vsptdigital.cl/2026/01/06/perspectiva-cientifica-sobre-el-uso-de-farmacos-en/" "Mozilla/5.0 (Windows NT 10.0; Win64; x64) AppleWebKit/537.36 (KHTML, like Gecko) Chrome/142.0.7444.175 Safari/537.36"
162.240.153.75 - - [19/Mar/2026:11:14:28 -0300] "POST /wp-cron.php?doing_wp_cron=1773929668.8616220951080322265625 HTTP/1.1" 200 - "-" "WordPress/6.9.4; https://tarapaca.vsptdigital.cl"
78.138.127.62 - - [19/Mar/2026:11:14:28 -0300] "GET /2026/01/16/page-85/ HTTP/1.1" 200 34531 "-" "Mozilla/5.0 (Macintosh; Intel Mac OS X 12_5) AppleWebKit/537.36 (KHTML, like Gecko) Chrome/114.0.0.0 Safari/537.36"
162.240.153.75 - - [19/Mar/2026:11:15:14 -0300] "POST /wp-cron.php?doing_wp_cron=1773929714.4200251102447509765625 HTTP/1.1" 200 - "-" "WordPress/6.9.4; https://tarapaca.vsptdigital.cl"
31.30.164.234 - - [19/Mar/2026:11:15:13 -0300] "GET /2025/11/26/online-casino-free-bonuses-uncovering-the-21/ HTTP/1.1" 200 33558 "-" "Mozilla/5.0 (Macintosh; Intel Mac OS X 12_5) AppleWebKit/537.36 (KHTML, like Gecko) Chrome/114.0.0.0 Safari/537.36"
162.240.153.75 - - [19/Mar/2026:11:16:00 -0300] "POST /wp-cron.php?doing_wp_cron=1773929760.4632580280303955078125 HTTP/1.1" 200 - "-" "WordPress/6.9.4; https://tarapaca.vsptdigital.cl"
154.195.142.173 - - [19/Mar/2026:11:15:59 -0300] "GET /2025/11/26/online-casino-free-bonuses-uncovering-the-21/ HTTP/1.1" 200 33558 "-" "Mozilla/5.0 (Macintosh; Intel Mac OS X 12_5) AppleWebKit/537.36 (KHTML, like Gecko) Chrome/114.0.0.0 Safari/537.36"
162.240.153.75 - - [19/Mar/2026:11:21:38 -0300] "POST /wp-cron.php?doing_wp_cron=1773930098.0031011104583740234375 HTTP/1.1" 200 - "-" "WordPress/6.9.4; https://tarapaca.vsptdigital.cl"
43.128.149.102 - - [19/Mar/2026:11:21:30 -0300] "GET /2026/03/18/zagadki-i-legendy-izvestnyh-kazino-mira/feed/ HTTP/1.1" 200 897 "-" "Mozilla/5.0 (iPhone; CPU iPhone OS 13_2_3 like Mac OS X) AppleWebKit/605.1.15 (KHTML, like Gecko) Version/13.0.3 Mobile/15E148 Safari/604.1"
162.240.153.75 - - [19/Mar/2026:11:24:20 -0300] "POST /wp-cron.php?doing_wp_cron=1773930260.5914731025695800781250 HTTP/1.1" 200 - "-" "WordPress/6.9.4; https://tarapaca.vsptdigital.cl"
207.180.219.104 - - [19/Mar/2026:11:24:19 -0300] "GET /2026/03/19/strategieen-voor-succes-in-het-casino-hoe-je-kunt/ HTTP/1.1" 200 30086 "-" "Mozilla/5.0 (X11; Linux x86_64) AppleWebKit/537.36 (KHTML, like Gecko) Chrome/120.0.0.0 Safari/537.36"
207.180.219.104 - - [19/Mar/2026:11:24:20 -0300] "GET /wp-includes/css/dist/block-library/style.min.css?ver=6.9.4 HTTP/1.1" 200 119358 "https://tarapaca.vsptdigital.cl/2026/03/19/strategieen-voor-succes-in-het-casino-hoe-je-kunt/" "Mozilla/5.0 (X11; Linux x86_64) AppleWebKit/537.36 (KHTML, like Gecko) Chrome/120.0.0.0 Safari/537.36"
207.180.219.104 - - [19/Mar/2026:11:24:21 -0300] "GET /wp-content/plugins/contact-form-7/includes/css/styles.css?ver=5.9.3 HTTP/1.1" 200 2894 "https://tarapaca.vsptdigital.cl/2026/03/19/strategieen-voor-succes-in-het-casino-hoe-je-kunt/" "Mozilla/5.0 (X11; Linux x86_64) AppleWebKit/537.36 (KHTML, like Gecko) Chrome/120.0.0.0 Safari/537.36"
207.180.219.104 - - [19/Mar/2026:11:24:21 -0300] "GET /wp-content/plugins/woocommerce/assets/css/woocommerce.css?ver=8.7.2 HTTP/1.1" 200 77339 "https://tarapaca.vsptdigital.cl/2026/03/19/strategieen-voor-succes-in-het-casino-hoe-je-kunt/" "Mozilla/5.0 (X11; Linux x86_64) AppleWebKit/537.36 (KHTML, like Gecko) Chrome/120.0.0.0 Safari/537.36"
207.180.219.104 - - [19/Mar/2026:11:24:21 -0300] "GET /wp-content/plugins/woocommerce/assets/css/woocommerce-layout.css?ver=8.7.2 HTTP/1.1" 200 17688 "https://tarapaca.vsptdigital.cl/2026/03/19/strategieen-voor-succes-in-het-casino-hoe-je-kunt/" "Mozilla/5.0 (X11; Linux x86_64) AppleWebKit/537.36 (KHTML, like Gecko) Chrome/120.0.0.0 Safari/537.36"
207.180.219.104 - - [19/Mar/2026:11:24:21 -0300] "GET /wp-content/themes/hello-elementor/style.min.css?ver=2.9.0 HTTP/1.1" 200 5756 "https://tarapaca.vsptdigital.cl/2026/03/19/strategieen-voor-succes-in-het-casino-hoe-je-kunt/" "Mozilla/5.0 (X11; Linux x86_64) AppleWebKit/537.36 (KHTML, like Gecko) Chrome/120.0.0.0 Safari/537.36"
207.180.219.104 - - [19/Mar/2026:11:24:21 -0300] "GET /wp-content/themes/hello-elementor/theme.min.css?ver=2.9.0 HTTP/1.1" 200 12439 "https://tarapaca.vsptdigital.cl/2026/03/19/strategieen-voor-succes-in-het-casino-hoe-je-kunt/" "Mozilla/5.0 (X11; Linux x86_64) AppleWebKit/537.36 (KHTML, like Gecko) Chrome/120.0.0.0 Safari/537.36"
207.180.219.104 - - [19/Mar/2026:11:24:21 -0300] "GET /wp-content/uploads/elementor/css/post-5.css?ver=1705946908 HTTP/1.1" 200 1169 "https://tarapaca.vsptdigital.cl/2026/03/19/strategieen-voor-succes-in-het-casino-hoe-je-kunt/" "Mozilla/5.0 (X11; Linux x86_64) AppleWebKit/537.36 (KHTML, like Gecko) Chrome/120.0.0.0 Safari/537.36"
207.180.219.104 - - [19/Mar/2026:11:24:21 -0300] "GET /wp-content/plugins/winwheel4wp/assets/winwheel4wp.css?ver=1669909447 HTTP/1.1" 200 4354 "https://tarapaca.vsptdigital.cl/2026/03/19/strategieen-voor-succes-in-het-casino-hoe-je-kunt/" "Mozilla/5.0 (X11; Linux x86_64) AppleWebKit/537.36 (KHTML, like Gecko) Chrome/120.0.0.0 Safari/537.36"
207.180.219.104 - - [19/Mar/2026:11:24:21 -0300] "GET /wp-includes/js/jquery/jquery.min.js?ver=3.7.1 HTTP/1.1" 200 87553 "https://tarapaca.vsptdigital.cl/2026/03/19/strategieen-voor-succes-in-het-casino-hoe-je-kunt/" "Mozilla/5.0 (X11; Linux x86_64) AppleWebKit/537.36 (KHTML, like Gecko) Chrome/120.0.0.0 Safari/537.36"
207.180.219.104 - - [19/Mar/2026:11:24:21 -0300] "GET /wp-includes/js/jquery/jquery-migrate.min.js?ver=3.4.1 HTTP/1.1" 200 13577 "https://tarapaca.vsptdigital.cl/2026/03/19/strategieen-voor-succes-in-het-casino-hoe-je-kunt/" "Mozilla/5.0 (X11; Linux x86_64) AppleWebKit/537.36 (KHTML, like Gecko) Chrome/120.0.0.0 Safari/537.36"
207.180.219.104 - - [19/Mar/2026:11:24:21 -0300] "GET /wp-content/plugins/winwheel4wp/assets/winwheel4wp.js?ver=1669909447 HTTP/1.1" 200 11867 "https://tarapaca.vsptdigital.cl/2026/03/19/strategieen-voor-succes-in-het-casino-hoe-je-kunt/" "Mozilla/5.0 (X11; Linux x86_64) AppleWebKit/537.36 (KHTML, like Gecko) Chrome/120.0.0.0 Safari/537.36"
207.180.219.104 - - [19/Mar/2026:11:24:21 -0300] "GET /wp-content/plugins/elementor/assets/css/frontend-lite.min.css?ver=3.20.3 HTTP/1.1" 200 118630 "https://tarapaca.vsptdigital.cl/2026/03/19/strategieen-voor-succes-in-het-casino-hoe-je-kunt/" "Mozilla/5.0 (X11; Linux x86_64) AppleWebKit/537.36 (KHTML, like Gecko) Chrome/120.0.0.0 Safari/537.36"
207.180.219.104 - - [19/Mar/2026:11:24:21 -0300] "GET /wp-content/plugins/contact-form-7/includes/swv/js/index.js?ver=5.9.3 HTTP/1.1" 200 17211 "https://tarapaca.vsptdigital.cl/2026/03/19/strategieen-voor-succes-in-het-casino-hoe-je-kunt/" "Mozilla/5.0 (X11; Linux x86_64) AppleWebKit/537.36 (KHTML, like Gecko) Chrome/120.0.0.0 Safari/537.36"
207.180.219.104 - - [19/Mar/2026:11:24:21 -0300] "GET /wp-content/plugins/contact-form-7/includes/js/index.js?ver=5.9.3 HTTP/1.1" 200 18752 "https://tarapaca.vsptdigital.cl/2026/03/19/strategieen-voor-succes-in-het-casino-hoe-je-kunt/" "Mozilla/5.0 (X11; Linux x86_64) AppleWebKit/537.36 (KHTML, like Gecko) Chrome/120.0.0.0 Safari/537.36"
207.180.219.104 - - [19/Mar/2026:11:24:21 -0300] "GET /wp-content/plugins/woocommerce/assets/js/sourcebuster/sourcebuster.min.js?ver=8.7.2 HTTP/1.1" 200 20198 "https://tarapaca.vsptdigital.cl/2026/03/19/strategieen-voor-succes-in-het-casino-hoe-je-kunt/" "Mozilla/5.0 (X11; Linux x86_64) AppleWebKit/537.36 (KHTML, like Gecko) Chrome/120.0.0.0 Safari/537.36"
207.180.219.104 - - [19/Mar/2026:11:24:21 -0300] "GET /wp-content/plugins/woocommerce/assets/js/frontend/order-attribution.min.js?ver=8.7.2 HTTP/1.1" 200 7207 "https://tarapaca.vsptdigital.cl/2026/03/19/strategieen-voor-succes-in-het-casino-hoe-je-kunt/" "Mozilla/5.0 (X11; Linux x86_64) AppleWebKit/537.36 (KHTML, like Gecko) Chrome/120.0.0.0 Safari/537.36"
207.180.219.104 - - [19/Mar/2026:11:24:21 -0300] "GET /wp-content/themes/hello-elementor/assets/js/hello-frontend.min.js?ver=1.0.0 HTTP/1.1" 200 7572 "https://tarapaca.vsptdigital.cl/2026/03/19/strategieen-voor-succes-in-het-casino-hoe-je-kunt/" "Mozilla/5.0 (X11; Linux x86_64) AppleWebKit/537.36 (KHTML, like Gecko) Chrome/120.0.0.0 Safari/537.36"
207.180.219.104 - - [19/Mar/2026:11:24:21 -0300] "GET /wp-content/plugins/woocommerce/assets/js/frontend/add-to-cart.min.js?ver=8.7.2 HTTP/1.1" 200 8756 "https://tarapaca.vsptdigital.cl/2026/03/19/strategieen-voor-succes-in-het-casino-hoe-je-kunt/" "Mozilla/5.0 (X11; Linux x86_64) AppleWebKit/537.36 (KHTML, like Gecko) Chrome/120.0.0.0 Safari/537.36"
207.180.219.104 - - [19/Mar/2026:11:24:21 -0300] "GET /wp-content/plugins/woocommerce/assets/js/jquery-blockui/jquery.blockUI.min.js?ver=2.7.0-wc.8.7.2 HTTP/1.1" 200 15334 "https://tarapaca.vsptdigital.cl/2026/03/19/strategieen-voor-succes-in-het-casino-hoe-je-kunt/" "Mozilla/5.0 (X11; Linux x86_64) AppleWebKit/537.36 (KHTML, like Gecko) Chrome/120.0.0.0 Safari/537.36"
207.180.219.104 - - [19/Mar/2026:11:24:21 -0300] "GET /wp-content/plugins/woocommerce/assets/js/js-cookie/js.cookie.min.js?ver=2.1.4-wc.8.7.2 HTTP/1.1" 200 7418 "https://tarapaca.vsptdigital.cl/2026/03/19/strategieen-voor-succes-in-het-casino-hoe-je-kunt/" "Mozilla/5.0 (X11; Linux x86_64) AppleWebKit/537.36 (KHTML, like Gecko) Chrome/120.0.0.0 Safari/537.36"
207.180.219.104 - - [19/Mar/2026:11:24:21 -0300] "GET /wp-content/plugins/woocommerce/assets/js/frontend/woocommerce.min.js?ver=8.7.2 HTTP/1.1" 200 7837 "https://tarapaca.vsptdigital.cl/2026/03/19/strategieen-voor-succes-in-het-casino-hoe-je-kunt/" "Mozilla/5.0 (X11; Linux x86_64) AppleWebKit/537.36 (KHTML, like Gecko) Chrome/120.0.0.0 Safari/537.36"
207.180.219.104 - - [19/Mar/2026:11:24:21 -0300] "GET /wp-content/plugins/woocommerce/assets/css/woocommerce-smallscreen.css?ver=8.7.2 HTTP/1.1" 200 7043 "https://tarapaca.vsptdigital.cl/2026/03/19/strategieen-voor-succes-in-het-casino-hoe-je-kunt/" "Mozilla/5.0 (X11; Linux x86_64) AppleWebKit/537.36 (KHTML, like Gecko) Chrome/120.0.0.0 Safari/537.36"
207.180.219.104 - - [19/Mar/2026:11:24:21 -0300] "GET /wp-includes/js/comment-reply.min.js?ver=6.9.4 HTTP/1.1" 200 3026 "https://tarapaca.vsptdigital.cl/2026/03/19/strategieen-voor-succes-in-het-casino-hoe-je-kunt/" "Mozilla/5.0 (X11; Linux x86_64) AppleWebKit/537.36 (KHTML, like Gecko) Chrome/120.0.0.0 Safari/537.36"
207.180.219.104 - - [19/Mar/2026:11:24:22 -0300] "GET /wp-includes/js/wp-emoji-release.min.js?ver=6.9.4 HTTP/1.1" 200 22762 "https://tarapaca.vsptdigital.cl/2026/03/19/strategieen-voor-succes-in-het-casino-hoe-je-kunt/" "Mozilla/5.0 (X11; Linux x86_64) AppleWebKit/537.36 (KHTML, like Gecko) Chrome/120.0.0.0 Safari/537.36"
162.240.153.75 - - [19/Mar/2026:11:26:13 -0300] "POST /wp-cron.php?doing_wp_cron=1773930372.9967949390411376953125 HTTP/1.1" 200 - "-" "WordPress/6.9.4; https://tarapaca.vsptdigital.cl"
45.148.10.23 - - [19/Mar/2026:11:26:08 -0300] "GET / HTTP/1.1" 200 29865 "-" "Mozilla/5.0 (Windows NT 10.0; Win64; x64) AppleWebKit/537.36 (KHTML, like Gecko) Chrome/58.0.3029.110 Safari/537.36"
162.240.153.75 - - [19/Mar/2026:11:30:15 -0300] "POST /wp-cron.php?doing_wp_cron=1773930615.6126620769500732421875 HTTP/1.1" 200 - "-" "WordPress/6.9.4; https://tarapaca.vsptdigital.cl"
141.11.67.135 - - [19/Mar/2026:11:30:14 -0300] "GET /2025/12/19/comprehending-casino-betting-odds-one-9/ HTTP/1.1" 200 32042 "-" "Mozilla/5.0 (compatible; Googlebot/2.1; +http://www.google.com/bot.html)"
162.240.153.75 - - [19/Mar/2026:11:30:56 -0300] "POST /wp-cron.php?doing_wp_cron=1773930656.4083240032196044921875 HTTP/1.1" 200 - "-" "WordPress/6.9.4; https://tarapaca.vsptdigital.cl"
207.182.24.13 - - [19/Mar/2026:11:30:55 -0300] "GET /2025/08/27/discover-the-best-online-casino-app-uk-for-7/ HTTP/1.1" 200 33175 "-" "Mozilla/5.0 (Macintosh; Intel Mac OS X 12_5) AppleWebKit/537.36 (KHTML, like Gecko) Chrome/114.0.0.0 Safari/537.36"
110.232.143.47 - - [19/Mar/2026:11:31:12 -0300] "GET /2026/01/06/perspectiva-cientifica-sobre-el-uso-de-farmacos-en/ HTTP/1.1" 200 30663 "-" "WordPress/6.9.4; https://www.tinytoesballet.com.au"
110.232.143.47 - - [19/Mar/2026:11:31:13 -0300] "GET /wp-json/oembed/1.0/embed?url=https%3A%2F%2Ftarapaca.vsptdigital.cl%2F2026%2F01%2F06%2Fperspectiva-cientifica-sobre-el-uso-de-farmacos-en%2F&maxwidth=660&maxheight=990&dnt=1&format=json HTTP/1.1" 200 2471 "-" "WordPress/6.9.4; https://www.tinytoesballet.com.au"
162.240.153.75 - - [19/Mar/2026:11:32:11 -0300] "POST /wp-cron.php?doing_wp_cron=1773930731.4166350364685058593750 HTTP/1.1" 200 - "-" "WordPress/6.9.4; https://tarapaca.vsptdigital.cl"
207.180.201.99 - - [19/Mar/2026:11:32:10 -0300] "GET /2026/03/19/yuksk-mblli-oyunlarda-bc-game-il-uur-qazanman/ HTTP/1.1" 200 30324 "-" "Mozilla/5.0 (Windows NT 10.0; Win64; x64) AppleWebKit/537.36 (KHTML, like Gecko) Chrome/120.0.0.0 Safari/537.36"
207.180.201.99 - - [19/Mar/2026:11:32:11 -0300] "GET /wp-includes/css/dist/block-library/style.min.css?ver=6.9.4 HTTP/1.1" 200 119358 "https://tarapaca.vsptdigital.cl/2026/03/19/yuksk-mblli-oyunlarda-bc-game-il-uur-qazanman/" "Mozilla/5.0 (Windows NT 10.0; Win64; x64) AppleWebKit/537.36 (KHTML, like Gecko) Chrome/120.0.0.0 Safari/537.36"
207.180.201.99 - - [19/Mar/2026:11:32:12 -0300] "GET /wp-content/plugins/contact-form-7/includes/css/styles.css?ver=5.9.3 HTTP/1.1" 200 2894 "https://tarapaca.vsptdigital.cl/2026/03/19/yuksk-mblli-oyunlarda-bc-game-il-uur-qazanman/" "Mozilla/5.0 (Windows NT 10.0; Win64; x64) AppleWebKit/537.36 (KHTML, like Gecko) Chrome/120.0.0.0 Safari/537.36"
207.180.201.99 - - [19/Mar/2026:11:32:12 -0300] "GET /wp-content/themes/hello-elementor/style.min.css?ver=2.9.0 HTTP/1.1" 200 5756 "https://tarapaca.vsptdigital.cl/2026/03/19/yuksk-mblli-oyunlarda-bc-game-il-uur-qazanman/" "Mozilla/5.0 (Windows NT 10.0; Win64; x64) AppleWebKit/537.36 (KHTML, like Gecko) Chrome/120.0.0.0 Safari/537.36"
207.180.201.99 - - [19/Mar/2026:11:32:12 -0300] "GET /wp-content/plugins/woocommerce/assets/css/woocommerce-layout.css?ver=8.7.2 HTTP/1.1" 200 17688 "https://tarapaca.vsptdigital.cl/2026/03/19/yuksk-mblli-oyunlarda-bc-game-il-uur-qazanman/" "Mozilla/5.0 (Windows NT 10.0; Win64; x64) AppleWebKit/537.36 (KHTML, like Gecko) Chrome/120.0.0.0 Safari/537.36"
207.180.201.99 - - [19/Mar/2026:11:32:12 -0300] "GET /wp-content/plugins/woocommerce/assets/css/woocommerce.css?ver=8.7.2 HTTP/1.1" 200 77339 "https://tarapaca.vsptdigital.cl/2026/03/19/yuksk-mblli-oyunlarda-bc-game-il-uur-qazanman/" "Mozilla/5.0 (Windows NT 10.0; Win64; x64) AppleWebKit/537.36 (KHTML, like Gecko) Chrome/120.0.0.0 Safari/537.36"
207.180.201.99 - - [19/Mar/2026:11:32:12 -0300] "GET /wp-content/themes/hello-elementor/theme.min.css?ver=2.9.0 HTTP/1.1" 200 12439 "https://tarapaca.vsptdigital.cl/2026/03/19/yuksk-mblli-oyunlarda-bc-game-il-uur-qazanman/" "Mozilla/5.0 (Windows NT 10.0; Win64; x64) AppleWebKit/537.36 (KHTML, like Gecko) Chrome/120.0.0.0 Safari/537.36"
207.180.201.99 - - [19/Mar/2026:11:32:12 -0300] "GET /wp-content/uploads/elementor/css/post-5.css?ver=1705946908 HTTP/1.1" 200 1169 "https://tarapaca.vsptdigital.cl/2026/03/19/yuksk-mblli-oyunlarda-bc-game-il-uur-qazanman/" "Mozilla/5.0 (Windows NT 10.0; Win64; x64) AppleWebKit/537.36 (KHTML, like Gecko) Chrome/120.0.0.0 Safari/537.36"
207.180.201.99 - - [19/Mar/2026:11:32:12 -0300] "GET /wp-content/plugins/winwheel4wp/assets/winwheel4wp.css?ver=1669909447 HTTP/1.1" 200 4354 "https://tarapaca.vsptdigital.cl/2026/03/19/yuksk-mblli-oyunlarda-bc-game-il-uur-qazanman/" "Mozilla/5.0 (Windows NT 10.0; Win64; x64) AppleWebKit/537.36 (KHTML, like Gecko) Chrome/120.0.0.0 Safari/537.36"
207.180.201.99 - - [19/Mar/2026:11:32:12 -0300] "GET /wp-includes/js/jquery/jquery.min.js?ver=3.7.1 HTTP/1.1" 200 87553 "https://tarapaca.vsptdigital.cl/2026/03/19/yuksk-mblli-oyunlarda-bc-game-il-uur-qazanman/" "Mozilla/5.0 (Windows NT 10.0; Win64; x64) AppleWebKit/537.36 (KHTML, like Gecko) Chrome/120.0.0.0 Safari/537.36"
207.180.201.99 - - [19/Mar/2026:11:32:12 -0300] "GET /wp-content/plugins/elementor/assets/css/frontend-lite.min.css?ver=3.20.3 HTTP/1.1" 200 118630 "https://tarapaca.vsptdigital.cl/2026/03/19/yuksk-mblli-oyunlarda-bc-game-il-uur-qazanman/" "Mozilla/5.0 (Windows NT 10.0; Win64; x64) AppleWebKit/537.36 (KHTML, like Gecko) Chrome/120.0.0.0 Safari/537.36"
207.180.201.99 - - [19/Mar/2026:11:32:12 -0300] "GET /wp-includes/js/jquery/jquery-migrate.min.js?ver=3.4.1 HTTP/1.1" 200 13577 "https://tarapaca.vsptdigital.cl/2026/03/19/yuksk-mblli-oyunlarda-bc-game-il-uur-qazanman/" "Mozilla/5.0 (Windows NT 10.0; Win64; x64) AppleWebKit/537.36 (KHTML, like Gecko) Chrome/120.0.0.0 Safari/537.36"
207.180.201.99 - - [19/Mar/2026:11:32:12 -0300] "GET /wp-content/plugins/winwheel4wp/assets/winwheel4wp.js?ver=1669909447 HTTP/1.1" 200 11867 "https://tarapaca.vsptdigital.cl/2026/03/19/yuksk-mblli-oyunlarda-bc-game-il-uur-qazanman/" "Mozilla/5.0 (Windows NT 10.0; Win64; x64) AppleWebKit/537.36 (KHTML, like Gecko) Chrome/120.0.0.0 Safari/537.36"
207.180.201.99 - - [19/Mar/2026:11:32:12 -0300] "GET /wp-content/plugins/contact-form-7/includes/swv/js/index.js?ver=5.9.3 HTTP/1.1" 200 17211 "https://tarapaca.vsptdigital.cl/2026/03/19/yuksk-mblli-oyunlarda-bc-game-il-uur-qazanman/" "Mozilla/5.0 (Windows NT 10.0; Win64; x64) AppleWebKit/537.36 (KHTML, like Gecko) Chrome/120.0.0.0 Safari/537.36"
207.180.201.99 - - [19/Mar/2026:11:32:12 -0300] "GET /wp-content/plugins/contact-form-7/includes/js/index.js?ver=5.9.3 HTTP/1.1" 200 18752 "https://tarapaca.vsptdigital.cl/2026/03/19/yuksk-mblli-oyunlarda-bc-game-il-uur-qazanman/" "Mozilla/5.0 (Windows NT 10.0; Win64; x64) AppleWebKit/537.36 (KHTML, like Gecko) Chrome/120.0.0.0 Safari/537.36"
207.180.201.99 - - [19/Mar/2026:11:32:13 -0300] "GET /wp-content/plugins/woocommerce/assets/js/frontend/add-to-cart.min.js?ver=8.7.2 HTTP/1.1" 200 8756 "https://tarapaca.vsptdigital.cl/2026/03/19/yuksk-mblli-oyunlarda-bc-game-il-uur-qazanman/" "Mozilla/5.0 (Windows NT 10.0; Win64; x64) AppleWebKit/537.36 (KHTML, like Gecko) Chrome/120.0.0.0 Safari/537.36"
207.180.201.99 - - [19/Mar/2026:11:32:13 -0300] "GET /wp-content/themes/hello-elementor/assets/js/hello-frontend.min.js?ver=1.0.0 HTTP/1.1" 200 7572 "https://tarapaca.vsptdigital.cl/2026/03/19/yuksk-mblli-oyunlarda-bc-game-il-uur-qazanman/" "Mozilla/5.0 (Windows NT 10.0; Win64; x64) AppleWebKit/537.36 (KHTML, like Gecko) Chrome/120.0.0.0 Safari/537.36"
207.180.201.99 - - [19/Mar/2026:11:32:13 -0300] "GET /wp-content/plugins/woocommerce/assets/js/frontend/order-attribution.min.js?ver=8.7.2 HTTP/1.1" 200 7207 "https://tarapaca.vsptdigital.cl/2026/03/19/yuksk-mblli-oyunlarda-bc-game-il-uur-qazanman/" "Mozilla/5.0 (Windows NT 10.0; Win64; x64) AppleWebKit/537.36 (KHTML, like Gecko) Chrome/120.0.0.0 Safari/537.36"
207.180.201.99 - - [19/Mar/2026:11:32:13 -0300] "GET /wp-content/plugins/woocommerce/assets/js/jquery-blockui/jquery.blockUI.min.js?ver=2.7.0-wc.8.7.2 HTTP/1.1" 200 15334 "https://tarapaca.vsptdigital.cl/2026/03/19/yuksk-mblli-oyunlarda-bc-game-il-uur-qazanman/" "Mozilla/5.0 (Windows NT 10.0; Win64; x64) AppleWebKit/537.36 (KHTML, like Gecko) Chrome/120.0.0.0 Safari/537.36"
207.180.201.99 - - [19/Mar/2026:11:32:13 -0300] "GET /wp-content/plugins/woocommerce/assets/js/sourcebuster/sourcebuster.min.js?ver=8.7.2 HTTP/1.1" 200 20198 "https://tarapaca.vsptdigital.cl/2026/03/19/yuksk-mblli-oyunlarda-bc-game-il-uur-qazanman/" "Mozilla/5.0 (Windows NT 10.0; Win64; x64) AppleWebKit/537.36 (KHTML, like Gecko) Chrome/120.0.0.0 Safari/537.36"
207.180.201.99 - - [19/Mar/2026:11:32:13 -0300] "GET /wp-content/plugins/woocommerce/assets/js/js-cookie/js.cookie.min.js?ver=2.1.4-wc.8.7.2 HTTP/1.1" 200 7418 "https://tarapaca.vsptdigital.cl/2026/03/19/yuksk-mblli-oyunlarda-bc-game-il-uur-qazanman/" "Mozilla/5.0 (Windows NT 10.0; Win64; x64) AppleWebKit/537.36 (KHTML, like Gecko) Chrome/120.0.0.0 Safari/537.36"
207.180.201.99 - - [19/Mar/2026:11:32:13 -0300] "GET /wp-content/plugins/woocommerce/assets/js/frontend/woocommerce.min.js?ver=8.7.2 HTTP/1.1" 200 7837 "https://tarapaca.vsptdigital.cl/2026/03/19/yuksk-mblli-oyunlarda-bc-game-il-uur-qazanman/" "Mozilla/5.0 (Windows NT 10.0; Win64; x64) AppleWebKit/537.36 (KHTML, like Gecko) Chrome/120.0.0.0 Safari/537.36"
207.180.201.99 - - [19/Mar/2026:11:32:13 -0300] "GET /wp-includes/js/comment-reply.min.js?ver=6.9.4 HTTP/1.1" 200 3026 "https://tarapaca.vsptdigital.cl/2026/03/19/yuksk-mblli-oyunlarda-bc-game-il-uur-qazanman/" "Mozilla/5.0 (Windows NT 10.0; Win64; x64) AppleWebKit/537.36 (KHTML, like Gecko) Chrome/120.0.0.0 Safari/537.36"
207.180.201.99 - - [19/Mar/2026:11:32:13 -0300] "GET /wp-content/plugins/woocommerce/assets/css/woocommerce-smallscreen.css?ver=8.7.2 HTTP/1.1" 200 7043 "https://tarapaca.vsptdigital.cl/2026/03/19/yuksk-mblli-oyunlarda-bc-game-il-uur-qazanman/" "Mozilla/5.0 (Windows NT 10.0; Win64; x64) AppleWebKit/537.36 (KHTML, like Gecko) Chrome/120.0.0.0 Safari/537.36"
207.180.201.99 - - [19/Mar/2026:11:32:14 -0300] "GET /wp-includes/js/wp-emoji-release.min.js?ver=6.9.4 HTTP/1.1" 200 22762 "https://tarapaca.vsptdigital.cl/2026/03/19/yuksk-mblli-oyunlarda-bc-game-il-uur-qazanman/" "Mozilla/5.0 (Windows NT 10.0; Win64; x64) AppleWebKit/537.36 (KHTML, like Gecko) Chrome/120.0.0.0 Safari/537.36"
162.240.153.75 - - [19/Mar/2026:11:32:43 -0300] "POST /wp-cron.php?doing_wp_cron=1773930763.2746028900146484375000 HTTP/1.1" 200 - "-" "WordPress/6.9.4; https://tarapaca.vsptdigital.cl"
34.98.143.33 - - [19/Mar/2026:11:32:38 -0300] "GET / HTTP/1.1" 200 29865 "-" "Mozilla/5.0 (compatible; Google-Apps-Script; beanserver; +https://script.google.com; id: UAEmdDd_7MqLRYw0wnssWG_y5dkzA7FFuhg)"
170.106.161.78 - - [19/Mar/2026:11:32:57 -0300] "GET /wp-json/oembed/1.0/embed?url=https%3A%2F%2Ftarapaca.vsptdigital.cl%2F2026%2F03%2F19%2Fmitos-y-realidades-sobre-los-casinos-descubre-la%2F&format=xml HTTP/1.1" 200 2604 "-" "Mozilla/5.0 (iPhone; CPU iPhone OS 13_2_3 like Mac OS X) AppleWebKit/605.1.15 (KHTML, like Gecko) Version/13.0.3 Mobile/15E148 Safari/604.1"
162.240.153.75 - - [19/Mar/2026:11:33:18 -0300] "POST /wp-cron.php?doing_wp_cron=1773930798.0248711109161376953125 HTTP/1.1" 200 - "-" "WordPress/6.9.4; https://tarapaca.vsptdigital.cl"
5.196.78.175 - - [19/Mar/2026:11:33:17 -0300] "GET /2026/01/20/discover-the-enchantment-of-magic-win-casino-3/ HTTP/1.1" 200 32686 "-" "Mozilla/5.0 (Macintosh; Intel Mac OS X 12_5) AppleWebKit/537.36 (KHTML, like Gecko) Chrome/114.0.0.0 Safari/537.36"
162.240.153.75 - - [19/Mar/2026:11:33:22 -0300] "POST /wp-cron.php?doing_wp_cron=1773930802.0447669029235839843750 HTTP/1.1" 200 - "-" "WordPress/6.9.4; https://tarapaca.vsptdigital.cl"
221.150.109.89 - - [19/Mar/2026:11:33:21 -0300] "GET /2026/01/25/basta-utlandska-casino-en-guide-till-de-basta-55-2/ HTTP/1.1" 200 32709 "https://tarapaca.vsptdigital.cl/" "Mozilla/5.0 (Windows NT 10.0; Win64; x64) AppleWebKit/537.36 (KHTML, like Gecko) Chrome/114.0.0.0 Safari/537.36 Edg/114.0.1264.71"
221.150.109.89 - - [19/Mar/2026:11:33:24 -0300] "GET /2026/01/25/basta-utlandska-casino-en-guide-till-de-basta-55-2/ HTTP/1.1" 200 32709 "https://tarapaca.vsptdigital.cl/2026/01/25/basta-utlandska-casino-en-guide-till-de-basta-55-2/" "Mozilla/5.0 (Windows NT 10.0; Win64; x64) AppleWebKit/537.36 (KHTML, like Gecko) Chrome/114.0.0.0 Safari/537.36 Edg/114.0.1264.71"
162.240.153.75 - - [19/Mar/2026:11:34:10 -0300] "POST /wp-cron.php?doing_wp_cron=1773930850.1596250534057617187500 HTTP/1.1" 200 - "-" "WordPress/6.9.4; https://tarapaca.vsptdigital.cl"
83.147.38.185 - - [19/Mar/2026:11:34:08 -0300] "GET /2025/11/26/online-casino-free-bonuses-uncovering-the-21/ HTTP/1.1" 200 33558 "https://tarapaca.vsptdigital.cl/" "Mozilla/5.0 (Macintosh; Intel Mac OS X 12_5) AppleWebKit/537.36 (KHTML, like Gecko) Chrome/114.0.0.0 Safari/537.36 Vivaldi/5.3.2679.68"
83.147.38.185 - - [19/Mar/2026:11:34:15 -0300] "GET /wp-admin/admin-ajax.php HTTP/1.1" 400 1 "https://tarapaca.vsptdigital.cl/2025/11/26/online-casino-free-bonuses-uncovering-the-21/" "Mozilla/5.0 (Windows NT 6.3; Win64; x64) AppleWebKit/537.36 (KHTML, like Gecko) Chrome/103.0.0.0 Safari/537.36"
83.147.38.185 - - [19/Mar/2026:11:34:16 -0300] "GET /wp-admin/admin-ajax.php?action=register HTTP/1.1" 400 1 "https://tarapaca.vsptdigital.cl/wp-admin/admin-ajax.php" "Mozilla/5.0 (Windows NT 6.3; Win64; x64) AppleWebKit/537.36 (KHTML, like Gecko) Chrome/103.0.0.0 Safari/537.36"
83.147.38.185 - - [19/Mar/2026:11:34:17 -0300] "GET /2025/11/26/online-casino-free-bonuses-uncovering-the-21/ HTTP/1.1" 200 33558 "https://tarapaca.vsptdigital.cl/2025/11/26/online-casino-free-bonuses-uncovering-the-21/" "Mozilla/5.0 (Windows NT 6.3; Win64; x64) AppleWebKit/537.36 (KHTML, like Gecko) Chrome/103.0.0.0 Safari/537.36"
83.147.38.185 - - [19/Mar/2026:11:34:18 -0300] "GET /wp-includes/css/dist/block-library/style.min.css?ver=6.9.4 HTTP/1.1" 200 119358 "https://tarapaca.vsptdigital.cl/2025/11/26/online-casino-free-bonuses-uncovering-the-21/" "Mozilla/5.0 (Windows NT 10.0; Win64; x64) AppleWebKit/537.36 (KHTML, like Gecko) Chrome/143.0.0.0 Safari/537.36"
83.147.38.185 - - [19/Mar/2026:11:34:18 -0300] "GET /wp-content/plugins/contact-form-7/includes/css/styles.css?ver=5.9.3 HTTP/1.1" 200 2894 "https://tarapaca.vsptdigital.cl/2025/11/26/online-casino-free-bonuses-uncovering-the-21/" "Mozilla/5.0 (Windows NT 10.0; Win64; x64) AppleWebKit/537.36 (KHTML, like Gecko) Chrome/143.0.0.0 Safari/537.36"
83.147.38.185 - - [19/Mar/2026:11:34:19 -0300] "GET /wp-content/plugins/woocommerce/assets/css/woocommerce-layout.css?ver=8.7.2 HTTP/1.1" 200 17688 "https://tarapaca.vsptdigital.cl/2025/11/26/online-casino-free-bonuses-uncovering-the-21/" "Mozilla/5.0 (Windows NT 10.0; Win64; x64) AppleWebKit/537.36 (KHTML, like Gecko) Chrome/143.0.0.0 Safari/537.36"
83.147.38.185 - - [19/Mar/2026:11:34:19 -0300] "GET /wp-content/plugins/woocommerce/assets/css/woocommerce-smallscreen.css?ver=8.7.2 HTTP/1.1" 200 7043 "https://tarapaca.vsptdigital.cl/2025/11/26/online-casino-free-bonuses-uncovering-the-21/" "Mozilla/5.0 (Windows NT 10.0; Win64; x64) AppleWebKit/537.36 (KHTML, like Gecko) Chrome/143.0.0.0 Safari/537.36"
83.147.38.185 - - [19/Mar/2026:11:34:19 -0300] "GET /wp-content/plugins/woocommerce/assets/css/woocommerce.css?ver=8.7.2 HTTP/1.1" 200 77339 "https://tarapaca.vsptdigital.cl/2025/11/26/online-casino-free-bonuses-uncovering-the-21/" "Mozilla/5.0 (Windows NT 10.0; Win64; x64) AppleWebKit/537.36 (KHTML, like Gecko) Chrome/143.0.0.0 Safari/537.36"
83.147.38.185 - - [19/Mar/2026:11:34:19 -0300] "GET /wp-content/themes/hello-elementor/style.min.css?ver=2.9.0 HTTP/1.1" 200 5756 "https://tarapaca.vsptdigital.cl/2025/11/26/online-casino-free-bonuses-uncovering-the-21/" "Mozilla/5.0 (Windows NT 10.0; Win64; x64) AppleWebKit/537.36 (KHTML, like Gecko) Chrome/143.0.0.0 Safari/537.36"
83.147.38.185 - - [19/Mar/2026:11:34:19 -0300] "GET /wp-content/themes/hello-elementor/theme.min.css?ver=2.9.0 HTTP/1.1" 200 12439 "https://tarapaca.vsptdigital.cl/2025/11/26/online-casino-free-bonuses-uncovering-the-21/" "Mozilla/5.0 (Windows NT 10.0; Win64; x64) AppleWebKit/537.36 (KHTML, like Gecko) Chrome/143.0.0.0 Safari/537.36"
83.147.38.185 - - [19/Mar/2026:11:34:20 -0300] "GET /wp-content/plugins/elementor/assets/css/frontend-lite.min.css?ver=3.20.3 HTTP/1.1" 200 118630 "https://tarapaca.vsptdigital.cl/2025/11/26/online-casino-free-bonuses-uncovering-the-21/" "Mozilla/5.0 (Windows NT 10.0; Win64; x64) AppleWebKit/537.36 (KHTML, like Gecko) Chrome/143.0.0.0 Safari/537.36"
83.147.38.185 - - [19/Mar/2026:11:34:20 -0300] "GET /wp-content/uploads/elementor/css/post-5.css?ver=1705946908 HTTP/1.1" 200 1169 "https://tarapaca.vsptdigital.cl/2025/11/26/online-casino-free-bonuses-uncovering-the-21/" "Mozilla/5.0 (Windows NT 10.0; Win64; x64) AppleWebKit/537.36 (KHTML, like Gecko) Chrome/143.0.0.0 Safari/537.36"
83.147.38.185 - - [19/Mar/2026:11:34:20 -0300] "GET /wp-content/plugins/winwheel4wp/assets/winwheel4wp.css?ver=1669909447 HTTP/1.1" 200 4354 "https://tarapaca.vsptdigital.cl/2025/11/26/online-casino-free-bonuses-uncovering-the-21/" "Mozilla/5.0 (Windows NT 10.0; Win64; x64) AppleWebKit/537.36 (KHTML, like Gecko) Chrome/143.0.0.0 Safari/537.36"
162.240.153.75 - - [19/Mar/2026:11:34:21 -0300] "POST /wp-cron.php?doing_wp_cron=1773930861.7344520092010498046875 HTTP/1.1" 200 - "-" "WordPress/6.9.4; https://tarapaca.vsptdigital.cl"
83.147.38.185 - - [19/Mar/2026:11:34:20 -0300] "POST /wp-comments-post.php HTTP/1.1" 302 - "https://tarapaca.vsptdigital.cl/2025/11/26/online-casino-free-bonuses-uncovering-the-21/" "Mozilla/5.0 (Windows NT 6.3; Win64; x64) AppleWebKit/537.36 (KHTML, like Gecko) Chrome/103.0.0.0 Safari/537.36"
83.147.38.185 - - [19/Mar/2026:11:34:21 -0300] "GET /2025/11/26/online-casino-free-bonuses-uncovering-the-21/?unapproved=21599&moderation-hash=75feaf8e8578db66a9b5918e36b74b12 HTTP/1.1" 200 35231 "https://tarapaca.vsptdigital.cl/wp-comments-post.php" "Mozilla/5.0 (Windows NT 6.3; Win64; x64) AppleWebKit/537.36 (KHTML, like Gecko) Chrome/103.0.0.0 Safari/537.36"
83.147.38.185 - - [19/Mar/2026:11:34:23 -0300] "GET /2025/11/26/online-casino-free-bonuses-uncovering-the-21/ HTTP/1.1" 200 33558 "-" "Mozilla/5.0 (Windows NT 6.3; Win64; x64) AppleWebKit/537.36 (KHTML, like Gecko) Chrome/103.0.0.0 Safari/537.36"
162.240.153.75 - - [19/Mar/2026:11:36:17 -0300] "POST /wp-cron.php?doing_wp_cron=1773930977.4874010086059570312500 HTTP/1.1" 200 - "-" "WordPress/6.9.4; https://tarapaca.vsptdigital.cl"
89.38.224.233 - - [19/Mar/2026:11:36:16 -0300] "POST /xmlrpc.php HTTP/1.1" 200 416 "-" "Mozilla/5.0 (Windows NT 10.0; Win64; x64) AppleWebKit/537.36 (KHTML, like Gecko) Chrome/114.0.0.0 Safari/537.36"
89.38.224.233 - - [19/Mar/2026:11:36:18 -0300] "POST /xmlrpc.php HTTP/1.1" 200 416 "-" "Mozilla/5.0 (Windows NT 10.0; Win64; x64) AppleWebKit/537.36 (KHTML, like Gecko) Chrome/114.0.0.0 Safari/537.36"
162.240.153.75 - - [19/Mar/2026:11:36:57 -0300] "POST /wp-cron.php?doing_wp_cron=1773931017.2565588951110839843750 HTTP/1.1" 200 - "-" "WordPress/6.9.4; https://tarapaca.vsptdigital.cl"
154.195.127.169 - - [19/Mar/2026:11:36:53 -0300] "GET /2025/12/19/comprehending-casino-betting-odds-one-9/ HTTP/1.1" 200 32042 "-" "Mozilla/5.0 (Macintosh; Intel Mac OS X 12_5) AppleWebKit/537.36 (KHTML, like Gecko) Chrome/114.0.0.0 Safari/537.36"
162.240.153.75 - - [19/Mar/2026:11:37:24 -0300] "POST /wp-cron.php?doing_wp_cron=1773931044.5078530311584472656250 HTTP/1.1" 200 - "-" "WordPress/6.9.4; https://tarapaca.vsptdigital.cl"
172.255.83.134 - - [19/Mar/2026:11:37:23 -0300] "GET /2025/10/24/zahranini-kasina-jak-na-n-hrat-a-co-vdt/ HTTP/1.1" 200 31392 "https://tarapaca.vsptdigital.cl/" "Mozilla/5.0 (X11; Ubuntu; Linux i686; rv:114.0) Gecko/20100101 Firefox/114.0"
172.255.83.134 - - [19/Mar/2026:11:37:30 -0300] "GET /wp-admin/admin-ajax.php HTTP/1.1" 400 1 "https://tarapaca.vsptdigital.cl/2025/10/24/zahranini-kasina-jak-na-n-hrat-a-co-vdt/" "Mozilla/5.0 (Windows NT 6.3; Win64; x64) AppleWebKit/537.36 (KHTML, like Gecko) Chrome/103.0.0.0 Safari/537.36"
172.255.83.134 - - [19/Mar/2026:11:37:32 -0300] "GET /wp-admin/admin-ajax.php?action=register HTTP/1.1" 400 1 "https://tarapaca.vsptdigital.cl/wp-admin/admin-ajax.php" "Mozilla/5.0 (Windows NT 6.3; Win64; x64) AppleWebKit/537.36 (KHTML, like Gecko) Chrome/103.0.0.0 Safari/537.36"
172.255.83.134 - - [19/Mar/2026:11:37:34 -0300] "GET /2025/10/24/zahranini-kasina-jak-na-n-hrat-a-co-vdt/ HTTP/1.1" 200 31392 "https://tarapaca.vsptdigital.cl/2025/10/24/zahranini-kasina-jak-na-n-hrat-a-co-vdt/" "Mozilla/5.0 (Windows NT 6.3; Win64; x64) AppleWebKit/537.36 (KHTML, like Gecko) Chrome/103.0.0.0 Safari/537.36"
172.255.83.134 - - [19/Mar/2026:11:37:36 -0300] "GET /wp-includes/css/dist/block-library/style.min.css?ver=6.9.4 HTTP/1.1" 200 119358 "https://tarapaca.vsptdigital.cl/2025/10/24/zahranini-kasina-jak-na-n-hrat-a-co-vdt/" "Mozilla/5.0 (Windows NT 10.0; Win64; x64) AppleWebKit/537.36 (KHTML, like Gecko) Chrome/143.0.0.0 Safari/537.36"
172.255.83.134 - - [19/Mar/2026:11:37:38 -0300] "GET /wp-content/plugins/contact-form-7/includes/css/styles.css?ver=5.9.3 HTTP/1.1" 200 2894 "https://tarapaca.vsptdigital.cl/2025/10/24/zahranini-kasina-jak-na-n-hrat-a-co-vdt/" "Mozilla/5.0 (Windows NT 10.0; Win64; x64) AppleWebKit/537.36 (KHTML, like Gecko) Chrome/143.0.0.0 Safari/537.36"
83.147.38.185 - - [19/Mar/2026:11:37:39 -0300] "GET /2025/11/26/online-casino-free-bonuses-uncovering-the-21/ HTTP/1.1" 200 33558 "-" "Mozilla/5.0 (Macintosh; Intel Mac OS X 12_5) AppleWebKit/537.36 (KHTML, like Gecko) Chrome/114.0.0.0 Safari/537.36"
172.255.83.134 - - [19/Mar/2026:11:37:40 -0300] "GET /wp-content/plugins/woocommerce/assets/css/woocommerce-layout.css?ver=8.7.2 HTTP/1.1" 200 17688 "https://tarapaca.vsptdigital.cl/2025/10/24/zahranini-kasina-jak-na-n-hrat-a-co-vdt/" "Mozilla/5.0 (Windows NT 10.0; Win64; x64) AppleWebKit/537.36 (KHTML, like Gecko) Chrome/143.0.0.0 Safari/537.36"
