62.234.2.100 - - [19/Mar/2026:13:44:00 -0300] "GET /wp-content/plugins/woocommerce/assets/js/js-cookie/js.cookie.min.js?ver=2.1.4-wc.8.7.2 HTTP/1.1" 200 7418 "https://tarapaca.vsptdigital.cl/2026/02/12/gambling-dla-pocztkujcych-jak-zacz-przygod-z/" "Mozilla/5.0 (Windows NT 10.0; Win64; x64) AppleWebKit/537.36 (KHTML, like Gecko) Chrome/144.0.0.0 Safari/537.36"
62.234.2.100 - - [19/Mar/2026:13:44:00 -0300] "GET /wp-content/plugins/woocommerce/assets/js/frontend/woocommerce.min.js?ver=8.7.2 HTTP/1.1" 200 7837 "https://tarapaca.vsptdigital.cl/2026/02/12/gambling-dla-pocztkujcych-jak-zacz-przygod-z/" "Mozilla/5.0 (Windows NT 10.0; Win64; x64) AppleWebKit/537.36 (KHTML, like Gecko) Chrome/144.0.0.0 Safari/537.36"
62.234.2.100 - - [19/Mar/2026:13:44:00 -0300] "GET /wp-includes/js/comment-reply.min.js?ver=6.9.4 HTTP/1.1" 200 3026 "https://tarapaca.vsptdigital.cl/2026/02/12/gambling-dla-pocztkujcych-jak-zacz-przygod-z/" "Mozilla/5.0 (Windows NT 10.0; Win64; x64) AppleWebKit/537.36 (KHTML, like Gecko) Chrome/144.0.0.0 Safari/537.36"
62.234.2.100 - - [19/Mar/2026:13:44:01 -0300] "GET /wp-content/plugins/woocommerce/assets/css/woocommerce-smallscreen.css?ver=8.7.2 HTTP/1.1" 200 7043 "https://tarapaca.vsptdigital.cl/2026/02/12/gambling-dla-pocztkujcych-jak-zacz-przygod-z/" "Mozilla/5.0 (Windows NT 10.0; Win64; x64) AppleWebKit/537.36 (KHTML, like Gecko) Chrome/144.0.0.0 Safari/537.36"
162.240.153.75 - - [19/Mar/2026:13:45:08 -0300] "POST /wp-cron.php?doing_wp_cron=1773938708.9571249485015869140625 HTTP/1.1" 200 - "-" "WordPress/6.9.4; https://tarapaca.vsptdigital.cl"
119.23.78.59 - - [19/Mar/2026:13:45:07 -0300] "GET /2026/01/11/exploring-horse-betting-sites-not-on-gamstop-11/ HTTP/1.1" 200 32123 "https://tarapaca.vsptdigital.cl/" "Mozilla/5.0 (Macintosh; Intel Mac OS X 12_5) AppleWebKit/537.36 (KHTML, like Gecko) Chrome/114.0.0.0 Safari/537.36 OPR/89.0.4447.51"
119.23.78.59 - - [19/Mar/2026:13:45:13 -0300] "GET /wp-admin/admin-ajax.php HTTP/1.1" 400 1 "https://tarapaca.vsptdigital.cl/2026/01/11/exploring-horse-betting-sites-not-on-gamstop-11/" "Mozilla/5.0 (Windows NT 6.3; Win64; x64) AppleWebKit/537.36 (KHTML, like Gecko) Chrome/103.0.0.0 Safari/537.36"
119.23.78.59 - - [19/Mar/2026:13:45:16 -0300] "GET /wp-admin/admin-ajax.php?action=register HTTP/1.1" 400 1 "https://tarapaca.vsptdigital.cl/wp-admin/admin-ajax.php" "Mozilla/5.0 (Windows NT 6.3; Win64; x64) AppleWebKit/537.36 (KHTML, like Gecko) Chrome/103.0.0.0 Safari/537.36"
162.240.153.75 - - [19/Mar/2026:13:46:08 -0300] "POST /wp-cron.php?doing_wp_cron=1773938768.7646288871765136718750 HTTP/1.1" 200 - "-" "WordPress/6.9.4; https://tarapaca.vsptdigital.cl"
103.211.19.32 - - [19/Mar/2026:13:46:07 -0300] "GET /2025/11/26/online-casino-free-bonuses-uncovering-the-21/ HTTP/1.1" 200 33558 "-" "Mozilla/5.0 (Macintosh; Intel Mac OS X 12_5) AppleWebKit/537.36 (KHTML, like Gecko) Chrome/114.0.0.0 Safari/537.36"
162.240.153.75 - - [19/Mar/2026:13:48:14 -0300] "POST /wp-cron.php?doing_wp_cron=1773938894.2189469337463378906250 HTTP/1.1" 200 - "-" "WordPress/6.9.4; https://tarapaca.vsptdigital.cl"
66.249.68.8 - - [19/Mar/2026:13:48:12 -0300] "GET /2026/01/09/qumar-oynayanlar-ucun-pul-idaretmsi-uzr-effektiv/ HTTP/1.1" 200 30373 "-" "Mozilla/5.0 (Linux; Android 6.0.1; Nexus 5X Build/MMB29P) AppleWebKit/537.36 (KHTML, like Gecko) Chrome/145.0.7632.159 Mobile Safari/537.36 (compatible; Googlebot/2.1; +http://www.google.com/bot.html)"
66.249.68.6 - - [19/Mar/2026:13:48:16 -0300] "GET /wp-content/plugins/woocommerce/assets/js/frontend/woocommerce.min.js?ver=8.7.2 HTTP/1.1" 200 7837 "https://tarapaca.vsptdigital.cl/2026/01/09/qumar-oynayanlar-ucun-pul-idaretmsi-uzr-effektiv/" "Mozilla/5.0 (Linux; Android 6.0.1; Nexus 5X Build/MMB29P) AppleWebKit/537.36 (KHTML, like Gecko) Chrome/145.0.7632.159 Mobile Safari/537.36 (compatible; Googlebot/2.1; +http://www.google.com/bot.html)"
162.240.153.75 - - [19/Mar/2026:13:49:47 -0300] "POST /wp-cron.php?doing_wp_cron=1773938987.7911820411682128906250 HTTP/1.1" 200 - "-" "WordPress/6.9.4; https://tarapaca.vsptdigital.cl"
212.34.139.201 - - [19/Mar/2026:13:49:46 -0300] "GET /2026/01/30/meex-bet-la-nueva-era-de-las-apuestas-en-linea-13/ HTTP/1.1" 200 32382 "-" "Mozilla/5.0 (Macintosh; Intel Mac OS X 12_5) AppleWebKit/537.36 (KHTML, like Gecko) Chrome/114.0.0.0 Safari/537.36"
162.240.153.75 - - [19/Mar/2026:13:53:31 -0300] "POST /wp-cron.php?doing_wp_cron=1773939211.6467359066009521484375 HTTP/1.1" 200 - "-" "WordPress/6.9.4; https://tarapaca.vsptdigital.cl"
77.246.99.200 - - [19/Mar/2026:13:53:30 -0300] "GET /2025/09/23/como-apostar-en-el-apueston/ HTTP/1.1" 200 31629 "-" "Mozilla/5.0 (Macintosh; Intel Mac OS X 12_5) AppleWebKit/537.36 (KHTML, like Gecko) Chrome/114.0.0.0 Safari/537.36"
162.240.153.75 - - [19/Mar/2026:13:55:39 -0300] "POST /wp-cron.php?doing_wp_cron=1773939339.8734529018402099609375 HTTP/1.1" 200 - "-" "WordPress/6.9.4; https://tarapaca.vsptdigital.cl"
107.152.46.79 - - [19/Mar/2026:13:55:38 -0300] "GET /2025/12/04/casino-roulette-strategien-mathematische-57/ HTTP/1.1" 200 34261 "https://tarapaca.vsptdigital.cl/" "Mozilla/5.0 (Windows NT 10.0; Win64; x64) AppleWebKit/537.36 (KHTML, like Gecko) Chrome/114.0.0.0 Safari/537.36"
88.209.245.63 - - [19/Mar/2026:13:55:41 -0300] "GET /2025/11/26/online-casino-free-bonuses-uncovering-the-21/ HTTP/1.1" 200 33558 "-" "Mozilla/5.0 (compatible; Googlebot/2.1; +http://www.google.com/bot.html)"
107.152.46.79 - - [19/Mar/2026:13:55:44 -0300] "GET /wp-includes/css/dist/block-library/style.min.css?ver=6.9.4 HTTP/1.1" 200 119358 "https://tarapaca.vsptdigital.cl/2025/12/04/casino-roulette-strategien-mathematische-57/" "Mozilla/5.0 (Windows NT 10.0; Win64; x64) AppleWebKit/537.36 (KHTML, like Gecko) Chrome/143.0.0.0 Safari/537.36"
107.152.46.79 - - [19/Mar/2026:13:55:49 -0300] "GET /wp-content/plugins/contact-form-7/includes/css/styles.css?ver=5.9.3 HTTP/1.1" 200 2894 "https://tarapaca.vsptdigital.cl/2025/12/04/casino-roulette-strategien-mathematische-57/" "Mozilla/5.0 (Windows NT 10.0; Win64; x64) AppleWebKit/537.36 (KHTML, like Gecko) Chrome/143.0.0.0 Safari/537.36"
107.152.46.79 - - [19/Mar/2026:13:55:55 -0300] "GET /wp-content/plugins/woocommerce/assets/css/woocommerce-layout.css?ver=8.7.2 HTTP/1.1" 200 17688 "https://tarapaca.vsptdigital.cl/2025/12/04/casino-roulette-strategien-mathematische-57/" "Mozilla/5.0 (Windows NT 10.0; Win64; x64) AppleWebKit/537.36 (KHTML, like Gecko) Chrome/143.0.0.0 Safari/537.36"
37.11.197.155 - - [19/Mar/2026:13:56:03 -0300] "GET /2026/01/30/positive-auswirkungen-von-steroiden-auf-die-gesundheit-und-das-wohlbefinden-von-bodybuildern/ HTTP/1.1" 200 26159 "-" "GuzzleHttp/7"
107.152.46.79 - - [19/Mar/2026:13:56:04 -0300] "GET /wp-content/plugins/woocommerce/assets/css/woocommerce-smallscreen.css?ver=8.7.2 HTTP/1.1" 200 7043 "https://tarapaca.vsptdigital.cl/2025/12/04/casino-roulette-strategien-mathematische-57/" "Mozilla/5.0 (Windows NT 10.0; Win64; x64) AppleWebKit/537.36 (KHTML, like Gecko) Chrome/143.0.0.0 Safari/537.36"
107.152.46.79 - - [19/Mar/2026:13:56:12 -0300] "GET /wp-content/plugins/woocommerce/assets/css/woocommerce.css?ver=8.7.2 HTTP/1.1" 200 77339 "https://tarapaca.vsptdigital.cl/2025/12/04/casino-roulette-strategien-mathematische-57/" "Mozilla/5.0 (Windows NT 10.0; Win64; x64) AppleWebKit/537.36 (KHTML, like Gecko) Chrome/143.0.0.0 Safari/537.36"
107.152.46.79 - - [19/Mar/2026:13:56:23 -0300] "GET /wp-content/themes/hello-elementor/style.min.css?ver=2.9.0 HTTP/1.1" 200 5756 "https://tarapaca.vsptdigital.cl/2025/12/04/casino-roulette-strategien-mathematische-57/" "Mozilla/5.0 (Windows NT 10.0; Win64; x64) AppleWebKit/537.36 (KHTML, like Gecko) Chrome/143.0.0.0 Safari/537.36"
162.240.153.75 - - [19/Mar/2026:13:56:30 -0300] "POST /wp-cron.php?doing_wp_cron=1773939390.4494059085845947265625 HTTP/1.1" 200 - "-" "WordPress/6.9.4; https://tarapaca.vsptdigital.cl"
82.157.131.55 - - [19/Mar/2026:13:56:29 -0300] "GET /2026/02/03/no-deposit-free-revolves-and-bonuses-for-aztec-magic/ HTTP/1.1" 200 33863 "-" "Mozilla/5.0 (Windows NT 10.0; Win64; x64) AppleWebKit/537.36 (KHTML, like Gecko) Chrome/145.0.0.0 Safari/537.36"
107.152.46.79 - - [19/Mar/2026:13:56:32 -0300] "GET /wp-content/themes/hello-elementor/theme.min.css?ver=2.9.0 HTTP/1.1" 200 12439 "https://tarapaca.vsptdigital.cl/2025/12/04/casino-roulette-strategien-mathematische-57/" "Mozilla/5.0 (Windows NT 10.0; Win64; x64) AppleWebKit/537.36 (KHTML, like Gecko) Chrome/143.0.0.0 Safari/537.36"
107.152.46.79 - - [19/Mar/2026:13:56:41 -0300] "GET /wp-content/plugins/elementor/assets/css/frontend-lite.min.css?ver=3.20.3 HTTP/1.1" 200 118630 "https://tarapaca.vsptdigital.cl/2025/12/04/casino-roulette-strategien-mathematische-57/" "Mozilla/5.0 (Windows NT 10.0; Win64; x64) AppleWebKit/537.36 (KHTML, like Gecko) Chrome/143.0.0.0 Safari/537.36"
107.152.46.79 - - [19/Mar/2026:13:56:48 -0300] "GET /wp-content/uploads/elementor/css/post-5.css?ver=1705946908 HTTP/1.1" 200 1169 "https://tarapaca.vsptdigital.cl/2025/12/04/casino-roulette-strategien-mathematische-57/" "Mozilla/5.0 (Windows NT 10.0; Win64; x64) AppleWebKit/537.36 (KHTML, like Gecko) Chrome/143.0.0.0 Safari/537.36"
107.152.46.79 - - [19/Mar/2026:13:56:54 -0300] "GET /wp-content/plugins/winwheel4wp/assets/winwheel4wp.css?ver=1669909447 HTTP/1.1" 200 4354 "https://tarapaca.vsptdigital.cl/2025/12/04/casino-roulette-strategien-mathematische-57/" "Mozilla/5.0 (Windows NT 10.0; Win64; x64) AppleWebKit/537.36 (KHTML, like Gecko) Chrome/143.0.0.0 Safari/537.36"
107.152.46.79 - - [19/Mar/2026:13:56:56 -0300] "POST /wp-comments-post.php HTTP/1.1" 302 - "https://tarapaca.vsptdigital.cl/2025/12/04/casino-roulette-strategien-mathematische-57/" "Mozilla/5.0 (Windows NT 10.0; Win64; x64) AppleWebKit/537.36 (KHTML, like Gecko) Chrome/114.0.0.0 Safari/537.36"
107.152.46.79 - - [19/Mar/2026:13:56:57 -0300] "GET /2025/12/04/casino-roulette-strategien-mathematische-57/?unapproved=21613&moderation-hash=d70b70c3243769381742876cbf35b8ef HTTP/1.1" 200 35874 "https://tarapaca.vsptdigital.cl/wp-comments-post.php" "Mozilla/5.0 (Windows NT 10.0; Win64; x64) AppleWebKit/537.36 (KHTML, like Gecko) Chrome/114.0.0.0 Safari/537.36"
107.152.46.79 - - [19/Mar/2026:13:56:58 -0300] "GET /2025/12/04/casino-roulette-strategien-mathematische-57/ HTTP/1.1" 200 34261 "-" "Mozilla/5.0 (compatible; Googlebot/2.1; +http://www.google.com/bot.html)"
162.240.153.75 - - [19/Mar/2026:13:58:14 -0300] "POST /wp-cron.php?doing_wp_cron=1773939494.8457460403442382812500 HTTP/1.1" 200 - "-" "WordPress/6.9.4; https://tarapaca.vsptdigital.cl"
35.187.143.2 - - [19/Mar/2026:13:58:10 -0300] "GET / HTTP/1.1" 200 29601 "-" "Mozilla/5.0 (compatible; Google-Apps-Script; beanserver; +https://script.google.com; id: UAEmdDd_7MqLRYw0wnssWG_y5dkzA7FFuhg)"
162.240.153.75 - - [19/Mar/2026:14:00:02 -0300] "POST /wp-cron.php?doing_wp_cron=1773939602.2777431011199951171875 HTTP/1.1" 200 - "-" "WordPress/6.9.4; https://tarapaca.vsptdigital.cl"
64.31.20.22 - - [19/Mar/2026:14:00:00 -0300] "GET /2026/01/20/investigating-the-world-s-biggest-casino-web/ HTTP/1.1" 200 33482 "-" "Mozilla/5.0 (Macintosh; Intel Mac OS X 12_5) AppleWebKit/537.36 (KHTML, like Gecko) Chrome/114.0.0.0 Safari/537.36"
162.240.153.75 - - [19/Mar/2026:14:02:05 -0300] "POST /wp-cron.php?doing_wp_cron=1773939725.4376580715179443359375 HTTP/1.1" 200 - "-" "WordPress/6.9.4; https://tarapaca.vsptdigital.cl"
109.206.181.70 - - [19/Mar/2026:14:02:04 -0300] "GET /2026/01/31/nova-casina-objevte-svt-online-hazardu/ HTTP/1.1" 200 30754 "https://tarapaca.vsptdigital.cl/" "Mozilla/5.0 (Windows NT 10.0; WOW64; x64) AppleWebKit/537.36 (KHTML, like Gecko) Chrome/114.0.0.0 Safari/537.36 OPR/89.0.4447.51"
162.240.153.75 - - [19/Mar/2026:14:02:17 -0300] "POST /wp-cron.php?doing_wp_cron=1773939737.9384350776672363281250 HTTP/1.1" 200 - "-" "WordPress/6.9.4; https://tarapaca.vsptdigital.cl"
206.84.81.163 - - [19/Mar/2026:14:02:17 -0300] "GET /2026/01/22/alternative-legali-agli-steroidi-anabolizzanti-una-guida-completa/ HTTP/1.1" 200 26511 "-" "GuzzleHttp/7"
109.206.181.70 - - [19/Mar/2026:14:02:17 -0300] "GET /wp-admin/admin-ajax.php HTTP/1.1" 400 1 "https://tarapaca.vsptdigital.cl/2026/01/31/nova-casina-objevte-svt-online-hazardu/" "Mozilla/5.0 (Windows NT 6.3; Win64; x64) AppleWebKit/537.36 (KHTML, like Gecko) Chrome/103.0.0.0 Safari/537.36"
162.240.153.75 - - [19/Mar/2026:14:02:22 -0300] "POST /wp-cron.php?doing_wp_cron=1773939742.0002880096435546875000 HTTP/1.1" 200 - "-" "WordPress/6.9.4; https://tarapaca.vsptdigital.cl"
109.206.181.70 - - [19/Mar/2026:14:02:21 -0300] "GET /wp-admin/admin-ajax.php?action=register HTTP/1.1" 400 1 "https://tarapaca.vsptdigital.cl/wp-admin/admin-ajax.php" "Mozilla/5.0 (Windows NT 6.3; Win64; x64) AppleWebKit/537.36 (KHTML, like Gecko) Chrome/103.0.0.0 Safari/537.36"
107.152.46.79 - - [19/Mar/2026:14:02:56 -0300] "GET /2025/12/04/casino-roulette-strategien-mathematische-57/ HTTP/1.1" 200 34261 "-" "Mozilla/5.0 (compatible; Googlebot/2.1; +http://www.google.com/bot.html)"
162.240.153.75 - - [19/Mar/2026:14:05:15 -0300] "POST /wp-cron.php?doing_wp_cron=1773939915.5931971073150634765625 HTTP/1.1" 200 - "-" "WordPress/6.9.4; https://tarapaca.vsptdigital.cl"
170.199.229.132 - - [19/Mar/2026:14:05:14 -0300] "GET /2026/01/07/kupit-diplom-v-krasnojarske-bez-hassles/ HTTP/1.1" 200 33183 "-" "Mozilla/5.0 (Macintosh; Intel Mac OS X 12_5) AppleWebKit/537.36 (KHTML, like Gecko) Chrome/114.0.0.0 Safari/537.36"
162.240.153.75 - - [19/Mar/2026:14:06:39 -0300] "POST /wp-cron.php?doing_wp_cron=1773939999.0460920333862304687500 HTTP/1.1" 200 - "-" "WordPress/6.9.4; https://tarapaca.vsptdigital.cl"
113.192.47.123 - - [19/Mar/2026:14:06:37 -0300] "GET /2025/11/26/online-casino-free-bonuses-uncovering-the-21/ HTTP/1.1" 200 33558 "https://tarapaca.vsptdigital.cl/" "Mozilla/5.0 (Macintosh; Intel Mac OS X 12_5) AppleWebKit/537.36 (KHTML, like Gecko) Chrome/114.0.0.0 Safari/537.36"
113.192.47.123 - - [19/Mar/2026:14:06:40 -0300] "GET /wp-includes/css/dist/block-library/style.min.css?ver=6.9.4 HTTP/1.1" 200 119358 "https://tarapaca.vsptdigital.cl/2025/11/26/online-casino-free-bonuses-uncovering-the-21/" "Mozilla/5.0 (Windows NT 10.0; Win64; x64) AppleWebKit/537.36 (KHTML, like Gecko) Chrome/143.0.0.0 Safari/537.36"
113.192.47.123 - - [19/Mar/2026:14:07:05 -0300] "POST /wp-comments-post.php HTTP/1.1" 302 - "https://tarapaca.vsptdigital.cl/2025/11/26/online-casino-free-bonuses-uncovering-the-21/" "Mozilla/5.0 (Macintosh; Intel Mac OS X 12_5) AppleWebKit/537.36 (KHTML, like Gecko) Chrome/114.0.0.0 Safari/537.36"
113.192.47.123 - - [19/Mar/2026:14:07:12 -0300] "GET /2025/11/26/online-casino-free-bonuses-uncovering-the-21/?unapproved=21614&moderation-hash=04732ad121c7d1591182ecb641040031 HTTP/1.1" 200 35125 "https://tarapaca.vsptdigital.cl/wp-comments-post.php" "Mozilla/5.0 (Macintosh; Intel Mac OS X 12_5) AppleWebKit/537.36 (KHTML, like Gecko) Chrome/114.0.0.0 Safari/537.36"
162.240.153.75 - - [19/Mar/2026:14:07:22 -0300] "POST /wp-cron.php?doing_wp_cron=1773940042.2454280853271484375000 HTTP/1.1" 200 - "-" "WordPress/6.9.4; https://tarapaca.vsptdigital.cl"
146.70.190.171 - - [19/Mar/2026:14:07:14 -0300] "HEAD / HTTP/1.1" 200 - "-" "python-requests/2.32.4"
146.70.190.171 - - [19/Mar/2026:14:07:26 -0300] "GET /wp-admin/ HTTP/1.1" 302 - "-" "Mozilla/5.0 (Windows NT 10.0; Win64; x64; rv:120.0) Gecko/20100101 Firefox/120.0"
146.70.190.171 - - [19/Mar/2026:14:07:27 -0300] "GET /wp-login.php?redirect_to=https%3A%2F%2Ftarapaca.vsptdigital.cl%2Fwp-admin%2F&reauth=1 HTTP/1.1" 200 9197 "-" "Mozilla/5.0 (Windows NT 10.0; Win64; x64; rv:120.0) Gecko/20100101 Firefox/120.0"
152.233.20.53 - - [19/Mar/2026:14:08:06 -0300] "GET /wp-login.php HTTP/1.1" 200 9093 "-" "Mozilla/5.0 (Windows NT 10.0; Win64; x64) AppleWebKit/537.36 (KHTML, like Gecko) Chrome/114.0.0.0 Safari/537.36"
152.233.20.53 - - [19/Mar/2026:14:08:07 -0300] "POST /wp-login.php HTTP/1.1" 200 9552 "-" "Mozilla/5.0 (Windows NT 10.0; Win64; x64) AppleWebKit/537.36 (KHTML, like Gecko) Chrome/114.0.0.0 Safari/537.36"
107.172.225.12 - - [19/Mar/2026:14:08:21 -0300] "GET /2025/10/28/unlocking-the-benefits-of-forex-trading-demo/ HTTP/1.1" 200 33939 "-" "Mozilla/5.0 (compatible; Googlebot/2.1; +http://www.google.com/bot.html)"
64.89.160.178 - - [19/Mar/2026:14:08:32 -0300] "GET /wp-login.php HTTP/1.1" 200 9093 "-" "Mozilla/5.0 (Windows NT 10.0; Win64; x64) AppleWebKit/537.36 (KHTML, like Gecko) Edge/120.0.2210.91"
113.192.47.123 - - [19/Mar/2026:14:10:46 -0300] "GET /2025/11/26/online-casino-free-bonuses-uncovering-the-21/ HTTP/1.1" 200 33558 "-" "Mozilla/5.0 (Macintosh; Intel Mac OS X 12_5) AppleWebKit/537.36 (KHTML, like Gecko) Chrome/114.0.0.0 Safari/537.36"
130.51.23.22 - - [19/Mar/2026:14:11:59 -0300] "GET /2026/01/20/casino-online-anschauen-der-komplette-leitfaden-10/ HTTP/1.1" 200 32208 "https://tarapaca.vsptdigital.cl/" "Mozilla/5.0 (Windows NT 10.0; WOW64; x64) AppleWebKit/537.36 (KHTML, like Gecko) Chrome/114.0.0.0 Safari/537.36 OPR/89.0.4447.51"
130.51.23.22 - - [19/Mar/2026:14:12:01 -0300] "GET /wp-includes/css/dist/block-library/style.min.css?ver=6.9.4 HTTP/1.1" 200 119358 "https://tarapaca.vsptdigital.cl/2026/01/20/casino-online-anschauen-der-komplette-leitfaden-10/" "Mozilla/5.0 (Windows NT 10.0; Win64; x64) AppleWebKit/537.36 (KHTML, like Gecko) Chrome/143.0.0.0 Safari/537.36"
130.51.23.22 - - [19/Mar/2026:14:12:03 -0300] "GET /wp-content/plugins/contact-form-7/includes/css/styles.css?ver=5.9.3 HTTP/1.1" 200 2894 "https://tarapaca.vsptdigital.cl/2026/01/20/casino-online-anschauen-der-komplette-leitfaden-10/" "Mozilla/5.0 (Windows NT 10.0; Win64; x64) AppleWebKit/537.36 (KHTML, like Gecko) Chrome/143.0.0.0 Safari/537.36"
130.51.23.22 - - [19/Mar/2026:14:12:03 -0300] "GET /wp-content/plugins/woocommerce/assets/css/woocommerce-layout.css?ver=8.7.2 HTTP/1.1" 200 17688 "https://tarapaca.vsptdigital.cl/2026/01/20/casino-online-anschauen-der-komplette-leitfaden-10/" "Mozilla/5.0 (Windows NT 10.0; Win64; x64) AppleWebKit/537.36 (KHTML, like Gecko) Chrome/143.0.0.0 Safari/537.36"
130.51.23.22 - - [19/Mar/2026:14:12:04 -0300] "GET /wp-content/plugins/woocommerce/assets/css/woocommerce-smallscreen.css?ver=8.7.2 HTTP/1.1" 200 7043 "https://tarapaca.vsptdigital.cl/2026/01/20/casino-online-anschauen-der-komplette-leitfaden-10/" "Mozilla/5.0 (Windows NT 10.0; Win64; x64) AppleWebKit/537.36 (KHTML, like Gecko) Chrome/143.0.0.0 Safari/537.36"
130.51.23.22 - - [19/Mar/2026:14:12:05 -0300] "GET /wp-content/plugins/woocommerce/assets/css/woocommerce.css?ver=8.7.2 HTTP/1.1" 200 77339 "https://tarapaca.vsptdigital.cl/2026/01/20/casino-online-anschauen-der-komplette-leitfaden-10/" "Mozilla/5.0 (Windows NT 10.0; Win64; x64) AppleWebKit/537.36 (KHTML, like Gecko) Chrome/143.0.0.0 Safari/537.36"
130.51.23.22 - - [19/Mar/2026:14:12:05 -0300] "GET /wp-content/themes/hello-elementor/style.min.css?ver=2.9.0 HTTP/1.1" 200 5756 "https://tarapaca.vsptdigital.cl/2026/01/20/casino-online-anschauen-der-komplette-leitfaden-10/" "Mozilla/5.0 (Windows NT 10.0; Win64; x64) AppleWebKit/537.36 (KHTML, like Gecko) Chrome/143.0.0.0 Safari/537.36"
130.51.23.22 - - [19/Mar/2026:14:12:05 -0300] "GET /wp-content/themes/hello-elementor/theme.min.css?ver=2.9.0 HTTP/1.1" 200 12439 "https://tarapaca.vsptdigital.cl/2026/01/20/casino-online-anschauen-der-komplette-leitfaden-10/" "Mozilla/5.0 (Windows NT 10.0; Win64; x64) AppleWebKit/537.36 (KHTML, like Gecko) Chrome/143.0.0.0 Safari/537.36"
130.51.23.22 - - [19/Mar/2026:14:12:06 -0300] "GET /wp-content/plugins/elementor/assets/css/frontend-lite.min.css?ver=3.20.3 HTTP/1.1" 200 118630 "https://tarapaca.vsptdigital.cl/2026/01/20/casino-online-anschauen-der-komplette-leitfaden-10/" "Mozilla/5.0 (Windows NT 10.0; Win64; x64) AppleWebKit/537.36 (KHTML, like Gecko) Chrome/143.0.0.0 Safari/537.36"
130.51.23.22 - - [19/Mar/2026:14:12:07 -0300] "GET /wp-content/uploads/elementor/css/post-5.css?ver=1705946908 HTTP/1.1" 200 1169 "https://tarapaca.vsptdigital.cl/2026/01/20/casino-online-anschauen-der-komplette-leitfaden-10/" "Mozilla/5.0 (Windows NT 10.0; Win64; x64) AppleWebKit/537.36 (KHTML, like Gecko) Chrome/143.0.0.0 Safari/537.36"
130.51.23.22 - - [19/Mar/2026:14:12:07 -0300] "GET /wp-content/plugins/winwheel4wp/assets/winwheel4wp.css?ver=1669909447 HTTP/1.1" 200 4354 "https://tarapaca.vsptdigital.cl/2026/01/20/casino-online-anschauen-der-komplette-leitfaden-10/" "Mozilla/5.0 (Windows NT 10.0; Win64; x64) AppleWebKit/537.36 (KHTML, like Gecko) Chrome/143.0.0.0 Safari/537.36"
130.51.23.22 - - [19/Mar/2026:14:12:07 -0300] "POST /wp-comments-post.php HTTP/1.1" 302 - "https://tarapaca.vsptdigital.cl/2026/01/20/casino-online-anschauen-der-komplette-leitfaden-10/" "Mozilla/5.0 (Windows NT 10.0; WOW64; x64) AppleWebKit/537.36 (KHTML, like Gecko) Chrome/114.0.0.0 Safari/537.36 OPR/89.0.4447.51"
130.51.23.22 - - [19/Mar/2026:14:12:08 -0300] "GET /2026/01/20/casino-online-anschauen-der-komplette-leitfaden-10/?unapproved=21615&moderation-hash=0251ac61e5de429a78de6c6218cd1847 HTTP/1.1" 200 33874 "https://tarapaca.vsptdigital.cl/wp-comments-post.php" "Mozilla/5.0 (Windows NT 10.0; WOW64; x64) AppleWebKit/537.36 (KHTML, like Gecko) Chrome/114.0.0.0 Safari/537.36 OPR/89.0.4447.51"
130.51.23.22 - - [19/Mar/2026:14:12:10 -0300] "GET /2026/01/20/casino-online-anschauen-der-komplette-leitfaden-10/ HTTP/1.1" 200 32208 "-" "Mozilla/5.0 (Windows NT 10.0; WOW64; x64) AppleWebKit/537.36 (KHTML, like Gecko) Chrome/114.0.0.0 Safari/537.36 OPR/89.0.4447.51"
107.172.225.12 - - [19/Mar/2026:14:13:06 -0300] "GET /2026/01/22/discover-the-thrills-of-wildwild-casino-sportsbook-3/ HTTP/1.1" 200 33481 "-" "Mozilla/5.0 (compatible; Googlebot/2.1; +http://www.google.com/bot.html)"
162.240.153.75 - - [19/Mar/2026:14:15:21 -0300] "POST /wp-cron.php?doing_wp_cron=1773940521.4269180297851562500000 HTTP/1.1" 200 - "-" "WordPress/6.9.4; https://tarapaca.vsptdigital.cl"
130.51.23.22 - - [19/Mar/2026:14:15:20 -0300] "GET /2026/01/20/casino-online-anschauen-der-komplette-leitfaden-10/ HTTP/1.1" 200 32208 "-" "Mozilla/5.0 (Macintosh; Intel Mac OS X 12_5) AppleWebKit/537.36 (KHTML, like Gecko) Chrome/114.0.0.0 Safari/537.36"
109.206.181.70 - - [19/Mar/2026:14:15:29 -0300] "GET /2026/01/30/meex-bet-la-nueva-era-de-las-apuestas-en-linea-13/ HTTP/1.1" 200 32382 "-" "Mozilla/5.0 (Macintosh; Intel Mac OS X 12_5) AppleWebKit/537.36 (KHTML, like Gecko) Chrome/114.0.0.0 Safari/537.36"
162.240.153.75 - - [19/Mar/2026:14:16:25 -0300] "POST /wp-cron.php?doing_wp_cron=1773940585.9352519512176513671875 HTTP/1.1" 200 - "-" "WordPress/6.9.4; https://tarapaca.vsptdigital.cl"
89.38.224.229 - - [19/Mar/2026:14:16:24 -0300] "POST /xmlrpc.php HTTP/1.1" 200 416 "-" "Mozilla/5.0 (Windows NT 10.0; Win64; x64) AppleWebKit/537.36 (KHTML, like Gecko) Chrome/114.0.0.0 Safari/537.36"
89.38.224.229 - - [19/Mar/2026:14:16:26 -0300] "POST /xmlrpc.php HTTP/1.1" 200 416 "-" "Mozilla/5.0 (Windows NT 10.0; Win64; x64) AppleWebKit/537.36 (KHTML, like Gecko) Chrome/114.0.0.0 Safari/537.36"
162.240.153.75 - - [19/Mar/2026:14:18:59 -0300] "POST /wp-cron.php?doing_wp_cron=1773940739.4927198886871337890625 HTTP/1.1" 200 - "-" "WordPress/6.9.4; https://tarapaca.vsptdigital.cl"
107.152.46.252 - - [19/Mar/2026:14:18:58 -0300] "GET /2025/12/24/explore-betwinner-your-ultimate-guide-to-online/ HTTP/1.1" 200 32514 "https://tarapaca.vsptdigital.cl/" "Mozilla/5.0 (Windows NT 10.0; Win64; x64) AppleWebKit/537.36 (KHTML, like Gecko) Chrome/114.0.0.0 Safari/537.36"
107.152.46.252 - - [19/Mar/2026:14:19:02 -0300] "POST /wp-comments-post.php HTTP/1.1" 302 - "https://tarapaca.vsptdigital.cl/2025/12/24/explore-betwinner-your-ultimate-guide-to-online/" "Mozilla/5.0 (Windows NT 10.0; Win64; x64) AppleWebKit/537.36 (KHTML, like Gecko) Chrome/114.0.0.0 Safari/537.36"
107.152.46.252 - - [19/Mar/2026:14:19:02 -0300] "GET /2025/12/24/explore-betwinner-your-ultimate-guide-to-online/?unapproved=21616&moderation-hash=3a8bf1d4faad71c6812953c2af4dce67 HTTP/1.1" 200 34109 "https://tarapaca.vsptdigital.cl/wp-comments-post.php" "Mozilla/5.0 (Windows NT 10.0; Win64; x64) AppleWebKit/537.36 (KHTML, like Gecko) Chrome/114.0.0.0 Safari/537.36"
107.152.46.252 - - [19/Mar/2026:14:19:03 -0300] "GET /2025/12/24/explore-betwinner-your-ultimate-guide-to-online/ HTTP/1.1" 200 32514 "-" "Mozilla/5.0 (Windows NT 10.0; Win64; x64) AppleWebKit/537.36 (KHTML, like Gecko) Chrome/114.0.0.0 Safari/537.36"
162.240.153.75 - - [19/Mar/2026:14:21:51 -0300] "POST /wp-cron.php?doing_wp_cron=1773940911.1613121032714843750000 HTTP/1.1" 200 - "-" "WordPress/6.9.4; https://tarapaca.vsptdigital.cl"
207.244.89.140 - - [19/Mar/2026:14:21:49 -0300] "GET /2026/01/06/perspectiva-cientifica-sobre-el-uso-de-farmacos-en/ HTTP/1.1" 200 30663 "-" "WordPress/6.7.2; https://apartmentsinmoncton.com"
207.244.89.140 - - [19/Mar/2026:14:21:51 -0300] "GET /wp-json/oembed/1.0/embed?url=https%3A%2F%2Ftarapaca.vsptdigital.cl%2F2026%2F01%2F06%2Fperspectiva-cientifica-sobre-el-uso-de-farmacos-en%2F&maxwidth=1200&maxheight=1000&dnt=1&format=json HTTP/1.1" 200 2471 "-" "WordPress/6.7.2; https://apartmentsinmoncton.com"
162.240.153.75 - - [19/Mar/2026:14:24:46 -0300] "POST /wp-cron.php?doing_wp_cron=1773941086.8856730461120605468750 HTTP/1.1" 200 - "-" "WordPress/6.9.4; https://tarapaca.vsptdigital.cl"
118.189.242.201 - - [19/Mar/2026:14:24:45 -0300] "GET /2026/01/20/discover-the-enchantment-of-magic-win-casino-3/ HTTP/1.1" 200 32686 "-" "Mozilla/5.0 (Macintosh; Intel Mac OS X 12_5) AppleWebKit/537.36 (KHTML, like Gecko) Chrome/114.0.0.0 Safari/537.36 Edg/114.0.1264.71"
107.152.46.252 - - [19/Mar/2026:14:25:03 -0300] "GET /2025/12/24/explore-betwinner-your-ultimate-guide-to-online/ HTTP/1.1" 200 32514 "-" "Mozilla/5.0 (Macintosh; Intel Mac OS X 12_5) AppleWebKit/537.36 (KHTML, like Gecko) Chrome/114.0.0.0 Safari/537.36"
162.240.153.75 - - [19/Mar/2026:14:25:58 -0300] "POST /wp-cron.php?doing_wp_cron=1773941158.6401629447937011718750 HTTP/1.1" 200 - "-" "WordPress/6.9.4; https://tarapaca.vsptdigital.cl"
72.52.176.204 - - [19/Mar/2026:14:25:57 -0300] "GET /2026/01/06/perspectiva-cientifica-sobre-el-uso-de-farmacos-en/ HTTP/1.1" 200 30663 "-" "WordPress/6.9.4; https://mil-comm.com"
72.52.176.204 - - [19/Mar/2026:14:25:59 -0300] "GET /wp-json/oembed/1.0/embed?url=https%3A%2F%2Ftarapaca.vsptdigital.cl%2F2026%2F01%2F06%2Fperspectiva-cientifica-sobre-el-uso-de-farmacos-en%2F&maxwidth=840&maxheight=1000&dnt=1&format=json HTTP/1.1" 200 2471 "-" "WordPress/6.9.4; https://mil-comm.com"
162.240.153.75 - - [19/Mar/2026:14:28:57 -0300] "POST /wp-cron.php?doing_wp_cron=1773941337.9496879577636718750000 HTTP/1.1" 200 - "-" "WordPress/6.9.4; https://tarapaca.vsptdigital.cl"
101.42.37.68 - - [19/Mar/2026:14:28:56 -0300] "GET /2026/02/01/should-i-make-use-of-the-betfred-apples-ios-app-to-participate-in-the-fresh-new-2-hundred-totally-free-revolves-strategy/ HTTP/1.1" 200 29431 "-" "Mozilla/5.0 (Macintosh; Intel Mac OS X 10_15_7) AppleWebKit/537.36 (KHTML, like Gecko) Chrome/143.0.0.0 Safari/537.36"
101.42.37.68 - - [19/Mar/2026:14:28:58 -0300] "GET /wp-content/plugins/contact-form-7/includes/js/index.js?ver=5.9.3 HTTP/1.1" 200 18752 "https://tarapaca.vsptdigital.cl/2026/02/01/should-i-make-use-of-the-betfred-apples-ios-app-to-participate-in-the-fresh-new-2-hundred-totally-free-revolves-strategy/" "Mozilla/5.0 (Macintosh; Intel Mac OS X 10_15_7) AppleWebKit/537.36 (KHTML, like Gecko) Chrome/143.0.0.0 Safari/537.36"
101.42.37.68 - - [19/Mar/2026:14:28:58 -0300] "GET /wp-content/themes/hello-elementor/assets/js/hello-frontend.min.js?ver=1.0.0 HTTP/1.1" 200 7572 "https://tarapaca.vsptdigital.cl/2026/02/01/should-i-make-use-of-the-betfred-apples-ios-app-to-participate-in-the-fresh-new-2-hundred-totally-free-revolves-strategy/" "Mozilla/5.0 (Macintosh; Intel Mac OS X 10_15_7) AppleWebKit/537.36 (KHTML, like Gecko) Chrome/143.0.0.0 Safari/537.36"
101.42.37.68 - - [19/Mar/2026:14:28:58 -0300] "GET /wp-includes/css/dist/block-library/style.min.css?ver=6.9.4 HTTP/1.1" 200 119358 "https://tarapaca.vsptdigital.cl/2026/02/01/should-i-make-use-of-the-betfred-apples-ios-app-to-participate-in-the-fresh-new-2-hundred-totally-free-revolves-strategy/" "Mozilla/5.0 (Macintosh; Intel Mac OS X 10_15_7) AppleWebKit/537.36 (KHTML, like Gecko) Chrome/143.0.0.0 Safari/537.36"
162.240.153.75 - - [19/Mar/2026:14:32:13 -0300] "POST /wp-cron.php?doing_wp_cron=1773941533.1654989719390869140625 HTTP/1.1" 200 - "-" "WordPress/6.9.4; https://tarapaca.vsptdigital.cl"
186.179.52.43 - - [19/Mar/2026:14:32:11 -0300] "GET /2026/01/15/discover-unique-living-spaces-with-ulu-homes/ HTTP/1.1" 200 31105 "https://tarapaca.vsptdigital.cl/" "Mozilla/5.0 (X11; Linux x86_64) AppleWebKit/537.36 (KHTML, like Gecko) Chrome/114.0.0.0 Safari/537.36 OPR/89.0.4447.51"
186.179.52.43 - - [19/Mar/2026:14:32:16 -0300] "GET /wp-includes/css/dist/block-library/style.min.css?ver=6.9.4 HTTP/1.1" 200 119358 "https://tarapaca.vsptdigital.cl/2026/01/15/discover-unique-living-spaces-with-ulu-homes/" "Mozilla/5.0 (Windows NT 10.0; Win64; x64) AppleWebKit/537.36 (KHTML, like Gecko) Chrome/143.0.0.0 Safari/537.36"
186.179.52.43 - - [19/Mar/2026:14:32:18 -0300] "GET /wp-content/plugins/contact-form-7/includes/css/styles.css?ver=5.9.3 HTTP/1.1" 200 2894 "https://tarapaca.vsptdigital.cl/2026/01/15/discover-unique-living-spaces-with-ulu-homes/" "Mozilla/5.0 (Windows NT 10.0; Win64; x64) AppleWebKit/537.36 (KHTML, like Gecko) Chrome/143.0.0.0 Safari/537.36"
186.179.52.43 - - [19/Mar/2026:14:32:19 -0300] "GET /wp-content/plugins/woocommerce/assets/css/woocommerce-layout.css?ver=8.7.2 HTTP/1.1" 200 17688 "https://tarapaca.vsptdigital.cl/2026/01/15/discover-unique-living-spaces-with-ulu-homes/" "Mozilla/5.0 (Windows NT 10.0; Win64; x64) AppleWebKit/537.36 (KHTML, like Gecko) Chrome/143.0.0.0 Safari/537.36"
186.179.52.43 - - [19/Mar/2026:14:32:21 -0300] "GET /wp-content/plugins/woocommerce/assets/css/woocommerce-smallscreen.css?ver=8.7.2 HTTP/1.1" 200 7043 "https://tarapaca.vsptdigital.cl/2026/01/15/discover-unique-living-spaces-with-ulu-homes/" "Mozilla/5.0 (Windows NT 10.0; Win64; x64) AppleWebKit/537.36 (KHTML, like Gecko) Chrome/143.0.0.0 Safari/537.36"
186.179.52.43 - - [19/Mar/2026:14:32:22 -0300] "GET /wp-content/plugins/woocommerce/assets/css/woocommerce.css?ver=8.7.2 HTTP/1.1" 200 77339 "https://tarapaca.vsptdigital.cl/2026/01/15/discover-unique-living-spaces-with-ulu-homes/" "Mozilla/5.0 (Windows NT 10.0; Win64; x64) AppleWebKit/537.36 (KHTML, like Gecko) Chrome/143.0.0.0 Safari/537.36"
186.179.52.43 - - [19/Mar/2026:14:32:24 -0300] "GET /wp-content/themes/hello-elementor/style.min.css?ver=2.9.0 HTTP/1.1" 200 5756 "https://tarapaca.vsptdigital.cl/2026/01/15/discover-unique-living-spaces-with-ulu-homes/" "Mozilla/5.0 (Windows NT 10.0; Win64; x64) AppleWebKit/537.36 (KHTML, like Gecko) Chrome/143.0.0.0 Safari/537.36"
186.179.52.43 - - [19/Mar/2026:14:32:25 -0300] "GET /wp-content/themes/hello-elementor/theme.min.css?ver=2.9.0 HTTP/1.1" 200 12439 "https://tarapaca.vsptdigital.cl/2026/01/15/discover-unique-living-spaces-with-ulu-homes/" "Mozilla/5.0 (Windows NT 10.0; Win64; x64) AppleWebKit/537.36 (KHTML, like Gecko) Chrome/143.0.0.0 Safari/537.36"
186.179.52.43 - - [19/Mar/2026:14:32:27 -0300] "GET /wp-content/plugins/elementor/assets/css/frontend-lite.min.css?ver=3.20.3 HTTP/1.1" 200 118630 "https://tarapaca.vsptdigital.cl/2026/01/15/discover-unique-living-spaces-with-ulu-homes/" "Mozilla/5.0 (Windows NT 10.0; Win64; x64) AppleWebKit/537.36 (KHTML, like Gecko) Chrome/143.0.0.0 Safari/537.36"
186.179.52.43 - - [19/Mar/2026:14:32:29 -0300] "GET /wp-content/uploads/elementor/css/post-5.css?ver=1705946908 HTTP/1.1" 200 1169 "https://tarapaca.vsptdigital.cl/2026/01/15/discover-unique-living-spaces-with-ulu-homes/" "Mozilla/5.0 (Windows NT 10.0; Win64; x64) AppleWebKit/537.36 (KHTML, like Gecko) Chrome/143.0.0.0 Safari/537.36"
186.179.52.43 - - [19/Mar/2026:14:32:30 -0300] "GET /wp-content/plugins/winwheel4wp/assets/winwheel4wp.css?ver=1669909447 HTTP/1.1" 200 4354 "https://tarapaca.vsptdigital.cl/2026/01/15/discover-unique-living-spaces-with-ulu-homes/" "Mozilla/5.0 (Windows NT 10.0; Win64; x64) AppleWebKit/537.36 (KHTML, like Gecko) Chrome/143.0.0.0 Safari/537.36"
162.240.153.75 - - [19/Mar/2026:14:32:32 -0300] "POST /wp-cron.php?doing_wp_cron=1773941552.5881059169769287109375 HTTP/1.1" 200 - "-" "WordPress/6.9.4; https://tarapaca.vsptdigital.cl"
186.179.52.43 - - [19/Mar/2026:14:32:31 -0300] "POST /wp-comments-post.php HTTP/1.1" 302 - "https://tarapaca.vsptdigital.cl/2026/01/15/discover-unique-living-spaces-with-ulu-homes/" "Mozilla/5.0 (X11; Linux x86_64) AppleWebKit/537.36 (KHTML, like Gecko) Chrome/114.0.0.0 Safari/537.36 OPR/89.0.4447.51"
186.179.52.43 - - [19/Mar/2026:14:32:33 -0300] "GET /2026/01/15/discover-unique-living-spaces-with-ulu-homes/?unapproved=21617&moderation-hash=0cf1650ca9ddd2999c2c09ca49537ffb HTTP/1.1" 200 35168 "https://tarapaca.vsptdigital.cl/wp-comments-post.php" "Mozilla/5.0 (X11; Linux x86_64) AppleWebKit/537.36 (KHTML, like Gecko) Chrome/114.0.0.0 Safari/537.36 OPR/89.0.4447.51"
186.179.52.43 - - [19/Mar/2026:14:32:36 -0300] "GET /2026/01/15/discover-unique-living-spaces-with-ulu-homes/ HTTP/1.1" 200 31105 "-" "Mozilla/5.0 (X11; Linux x86_64) AppleWebKit/537.36 (KHTML, like Gecko) Chrome/114.0.0.0 Safari/537.36 OPR/89.0.4447.51"
186.179.52.43 - - [19/Mar/2026:14:32:51 -0300] "GET /2026/01/15/discover-unique-living-spaces-with-ulu-homes/ HTTP/1.1" 200 31105 "-" "Mozilla/5.0 (Macintosh; Intel Mac OS X 12_5) AppleWebKit/537.36 (KHTML, like Gecko) Chrome/114.0.0.0 Safari/537.36"
162.240.153.75 - - [19/Mar/2026:14:33:50 -0300] "POST /wp-cron.php?doing_wp_cron=1773941630.8368699550628662109375 HTTP/1.1" 200 - "-" "WordPress/6.9.4; https://tarapaca.vsptdigital.cl"
130.51.20.151 - - [19/Mar/2026:14:33:49 -0300] "GET /2026/01/12/spinfred-casino-your-gateway-to-exciting-online-2/ HTTP/1.1" 200 32964 "-" "Mozilla/5.0 (Macintosh; Intel Mac OS X 12_5) AppleWebKit/537.36 (KHTML, like Gecko) Chrome/114.0.0.0 Safari/537.36"
23.158.233.51 - - [19/Mar/2026:14:34:01 -0300] "GET /2025/10/24/zahranini-kasina-jak-na-n-hrat-a-co-vdt/ HTTP/1.1" 200 31392 "-" "Mozilla/5.0 (compatible; Googlebot/2.1; +http://www.google.com/bot.html)"
162.240.153.75 - - [19/Mar/2026:14:35:05 -0300] "POST /wp-cron.php?doing_wp_cron=1773941705.4140460491180419921875 HTTP/1.1" 200 - "-" "WordPress/6.9.4; https://tarapaca.vsptdigital.cl"
212.34.139.201 - - [19/Mar/2026:14:35:04 -0300] "GET /2025/10/16/discover-the-exciting-world-of-1xbet-online-casino-3/ HTTP/1.1" 200 32359 "-" "Mozilla/5.0 (Macintosh; Intel Mac OS X 12_5) AppleWebKit/537.36 (KHTML, like Gecko) Chrome/114.0.0.0 Safari/537.36"
198.12.237.220 - - [19/Mar/2026:14:35:11 -0300] "GET /2026/01/06/perspectiva-cientifica-sobre-el-uso-de-farmacos-en/ HTTP/1.1" 200 30663 "-" "WordPress/6.8.5; https://qdiglobal.com"
198.12.237.220 - - [19/Mar/2026:14:35:12 -0300] "GET /wp-json/oembed/1.0/embed?url=https%3A%2F%2Ftarapaca.vsptdigital.cl%2F2026%2F01%2F06%2Fperspectiva-cientifica-sobre-el-uso-de-farmacos-en%2F&maxwidth=980&maxheight=1000&dnt=1&format=json HTTP/1.1" 200 2471 "-" "WordPress/6.8.5; https://qdiglobal.com"
62.234.90.23 - - [19/Mar/2026:14:37:05 -0300] "GET /2026/02/13/populjarnye-igry-v-azartnyh-razvlechenijah-vzgljad/ HTTP/1.1" 200 33131 "-" "Mozilla/5.0 (Windows NT 10.0; Win64; x64) AppleWebKit/537.36 (KHTML, like Gecko) Chrome/145.0.0.0 Safari/537.36"
62.234.90.23 - - [19/Mar/2026:14:37:07 -0300] "GET /wp-includes/js/jquery/jquery.min.js?ver=3.7.1 HTTP/1.1" 200 87553 "https://tarapaca.vsptdigital.cl/2026/02/13/populjarnye-igry-v-azartnyh-razvlechenijah-vzgljad/" "Mozilla/5.0 (Windows NT 10.0; Win64; x64) AppleWebKit/537.36 (KHTML, like Gecko) Chrome/145.0.0.0 Safari/537.36"
62.234.90.23 - - [19/Mar/2026:14:37:08 -0300] "GET /wp-content/plugins/woocommerce/assets/js/frontend/order-attribution.min.js?ver=8.7.2 HTTP/1.1" 200 7207 "https://tarapaca.vsptdigital.cl/2026/02/13/populjarnye-igry-v-azartnyh-razvlechenijah-vzgljad/" "Mozilla/5.0 (Windows NT 10.0; Win64; x64) AppleWebKit/537.36 (KHTML, like Gecko) Chrome/145.0.0.0 Safari/537.36"
62.234.90.23 - - [19/Mar/2026:14:37:09 -0300] "GET /wp-includes/js/comment-reply.min.js?ver=6.9.4 HTTP/1.1" 200 3026 "https://tarapaca.vsptdigital.cl/2026/02/13/populjarnye-igry-v-azartnyh-razvlechenijah-vzgljad/" "Mozilla/5.0 (Windows NT 10.0; Win64; x64) AppleWebKit/537.36 (KHTML, like Gecko) Chrome/145.0.0.0 Safari/537.36"
162.240.153.75 - - [19/Mar/2026:14:37:24 -0300] "POST /wp-cron.php?doing_wp_cron=1773941844.3076651096343994140625 HTTP/1.1" 200 - "-" "WordPress/6.9.4; https://tarapaca.vsptdigital.cl"
44.220.2.97 - - [19/Mar/2026:14:37:23 -0300] "GET /wp-json/wp/v2/posts/533825 HTTP/1.1" 200 7780 "-" "Mozilla/5.0 AppleWebKit/537.36 (KHTML, like Gecko; compatible; Amazonbot/0.1; +https://developer.amazon.com/support/amazonbot) Chrome/119.0.6045.214 Safari/537.36"
3.210.114.189 - - [19/Mar/2026:14:37:32 -0300] "GET /wp-json/wp/v2/posts/%22https:/novyny.live/cdn-cgi/imagedelivery/4_JwVYxosZqzJ7gIDJgTLA/c4378879-98e0-4349-9ed6-94361a906500/postmobile/%22 HTTP/1.1" 404 149 "-" "Mozilla/5.0 AppleWebKit/537.36 (KHTML, like Gecko; compatible; Amazonbot/0.1; +https://developer.amazon.com/support/amazonbot) Chrome/119.0.6045.214 Safari/537.36"
162.240.153.75 - - [19/Mar/2026:14:38:41 -0300] "POST /wp-cron.php?doing_wp_cron=1773941921.5936250686645507812500 HTTP/1.1" 200 - "-" "WordPress/6.9.4; https://tarapaca.vsptdigital.cl"
212.34.139.201 - - [19/Mar/2026:14:38:40 -0300] "GET /2025/10/25/cheshki-onlajn-kazina-vsichki-tajni-i-hitrini-na/ HTTP/1.1" 200 34138 "-" "Mozilla/5.0 (Macintosh; Intel Mac OS X 12_5) AppleWebKit/537.36 (KHTML, like Gecko) Chrome/114.0.0.0 Safari/537.36"
162.240.153.75 - - [19/Mar/2026:14:40:39 -0300] "POST /wp-cron.php?doing_wp_cron=1773942039.1386559009552001953125 HTTP/1.1" 200 - "-" "WordPress/6.9.4; https://tarapaca.vsptdigital.cl"
130.51.23.22 - - [19/Mar/2026:14:40:37 -0300] "GET /2026/01/25/the-future-of-entertainment-online-casino-3/ HTTP/1.1" 200 33225 "-" "Mozilla/5.0 (Macintosh; Intel Mac OS X 12_5) AppleWebKit/537.36 (KHTML, like Gecko) Chrome/114.0.0.0 Safari/537.36"
162.240.153.75 - - [19/Mar/2026:14:41:38 -0300] "POST /wp-cron.php?doing_wp_cron=1773942098.2500689029693603515625 HTTP/1.1" 200 - "-" "WordPress/6.9.4; https://tarapaca.vsptdigital.cl"
172.245.254.157 - - [19/Mar/2026:14:41:37 -0300] "GET /2025/10/25/cheshki-onlajn-kazina-vsichki-tajni-i-hitrini-na/ HTTP/1.1" 200 34138 "-" "Mozilla/5.0 (compatible; Googlebot/2.1; +http://www.google.com/bot.html)"
162.240.153.75 - - [19/Mar/2026:14:42:20 -0300] "POST /wp-cron.php?doing_wp_cron=1773942140.6864550113677978515625 HTTP/1.1" 200 - "-" "WordPress/6.9.4; https://tarapaca.vsptdigital.cl"
134.255.243.139 - - [19/Mar/2026:14:42:19 -0300] "GET /2026/01/21/jak-vybrat-to-nejlepi-zahranini-online-casino/ HTTP/1.1" 200 31465 "-" "Mozilla/5.0 (Macintosh; Intel Mac OS X 12_5) AppleWebKit/537.36 (KHTML, like Gecko) Chrome/114.0.0.0 Safari/537.36"
46.4.81.149 - - [19/Mar/2026:14:43:03 -0300] "GET /2025/12/19/binobet-online-casino-a-choice-for-discerning-and/ HTTP/1.1" 200 32182 "-" "Mozilla/5.0 (Windows NT 10.0; Win64; x64) AppleWebKit/537.36 (KHTML, like Gecko) Chrome/99.0.4844.51 Safari/537.36"
162.240.153.75 - - [19/Mar/2026:14:44:07 -0300] "POST /wp-cron.php?doing_wp_cron=1773942247.3684570789337158203125 HTTP/1.1" 200 - "-" "WordPress/6.9.4; https://tarapaca.vsptdigital.cl"
109.172.84.96 - - [19/Mar/2026:14:44:06 -0300] "GET /2025/12/19/comprehending-casino-betting-odds-one-9/ HTTP/1.1" 200 32042 "-" "Mozilla/5.0 (Macintosh; Intel Mac OS X 12_5) AppleWebKit/537.36 (KHTML, like Gecko) Chrome/114.0.0.0 Safari/537.36"
162.240.153.75 - - [19/Mar/2026:14:45:31 -0300] "POST /wp-cron.php?doing_wp_cron=1773942331.7086999416351318359375 HTTP/1.1" 200 - "-" "WordPress/6.9.4; https://tarapaca.vsptdigital.cl"
109.172.84.96 - - [19/Mar/2026:14:45:30 -0300] "GET /2025/12/19/comprehending-casino-betting-odds-one-9/ HTTP/1.1" 200 32042 "-" "Mozilla/5.0 (Macintosh; Intel Mac OS X 12_5) AppleWebKit/537.36 (KHTML, like Gecko) Chrome/114.0.0.0 Safari/537.36"
43.138.107.179 - - [19/Mar/2026:14:46:18 -0300] "GET /2026/02/16/jekonomicheskie-posledstvija-igornoj-industrii-kak/ HTTP/1.1" 200 32841 "-" "Mozilla/5.0 (Windows NT 10.0; Win64; x64) AppleWebKit/537.36 (KHTML, like Gecko) Chrome/143.0.0.0 Safari/537.36"
43.138.107.179 - - [19/Mar/2026:14:46:19 -0300] "GET /wp-content/plugins/winwheel4wp/assets/winwheel4wp.js?ver=1669909447 HTTP/1.1" 200 11867 "https://tarapaca.vsptdigital.cl/2026/02/16/jekonomicheskie-posledstvija-igornoj-industrii-kak/" "Mozilla/5.0 (Windows NT 10.0; Win64; x64) AppleWebKit/537.36 (KHTML, like Gecko) Chrome/143.0.0.0 Safari/537.36"
162.240.153.75 - - [19/Mar/2026:14:46:20 -0300] "POST /wp-cron.php?doing_wp_cron=1773942380.2786989212036132812500 HTTP/1.1" 200 - "-" "WordPress/6.9.4; https://tarapaca.vsptdigital.cl"
173.248.238.208 - - [19/Mar/2026:14:46:19 -0300] "GET /2026/01/20/pochemu-strimery-vybirajut-dragon-money-2/ HTTP/1.1" 200 36401 "https://tarapaca.vsptdigital.cl/" "Mozilla/5.0 (Windows NT 10.0; WOW64; x64) AppleWebKit/537.36 (KHTML, like Gecko) Chrome/114.0.0.0 Safari/537.36 OPR/89.0.4447.51"
173.248.238.208 - - [19/Mar/2026:14:46:25 -0300] "GET /wp-admin/admin-ajax.php HTTP/1.1" 400 1 "https://tarapaca.vsptdigital.cl/2026/01/20/pochemu-strimery-vybirajut-dragon-money-2/" "Mozilla/5.0 (Windows NT 6.3; Win64; x64) AppleWebKit/537.36 (KHTML, like Gecko) Chrome/103.0.0.0 Safari/537.36"
173.248.238.208 - - [19/Mar/2026:14:46:26 -0300] "GET /wp-admin/admin-ajax.php?action=register HTTP/1.1" 400 1 "https://tarapaca.vsptdigital.cl/wp-admin/admin-ajax.php" "Mozilla/5.0 (Windows NT 6.3; Win64; x64) AppleWebKit/537.36 (KHTML, like Gecko) Chrome/103.0.0.0 Safari/537.36"
162.240.153.75 - - [19/Mar/2026:14:47:34 -0300] "POST /wp-cron.php?doing_wp_cron=1773942454.3934650421142578125000 HTTP/1.1" 200 - "-" "WordPress/6.9.4; https://tarapaca.vsptdigital.cl"
82.156.25.43 - - [19/Mar/2026:14:47:33 -0300] "GET /2026/02/03/no-deposit-local-casino-incentives-latest-bonus-codes-also-offers-2026/ HTTP/1.1" 200 33468 "-" "Mozilla/5.0 (Macintosh; Intel Mac OS X 10_15_7) AppleWebKit/537.36 (KHTML, like Gecko) Chrome/144.0.0.0 Safari/537.36"
109.172.84.96 - - [19/Mar/2026:14:48:00 -0300] "GET /2026/01/11/exploring-horse-betting-sites-not-on-gamstop-11/ HTTP/1.1" 200 32123 "https://tarapaca.vsptdigital.cl/" "Mozilla/5.0 (Macintosh; Intel Mac OS X 12_5) AppleWebKit/605.1.15 (KHTML, like Gecko) Version/15.4 Safari/605.1.15"
109.172.84.96 - - [19/Mar/2026:14:48:04 -0300] "GET /wp-includes/css/dist/block-library/style.min.css?ver=6.9.4 HTTP/1.1" 200 119358 "https://tarapaca.vsptdigital.cl/2026/01/11/exploring-horse-betting-sites-not-on-gamstop-11/" "Mozilla/5.0 (Windows NT 10.0; Win64; x64) AppleWebKit/537.36 (KHTML, like Gecko) Chrome/143.0.0.0 Safari/537.36"
109.172.84.96 - - [19/Mar/2026:14:48:05 -0300] "GET /wp-content/plugins/contact-form-7/includes/css/styles.css?ver=5.9.3 HTTP/1.1" 200 2894 "https://tarapaca.vsptdigital.cl/2026/01/11/exploring-horse-betting-sites-not-on-gamstop-11/" "Mozilla/5.0 (Windows NT 10.0; Win64; x64) AppleWebKit/537.36 (KHTML, like Gecko) Chrome/143.0.0.0 Safari/537.36"
109.172.84.96 - - [19/Mar/2026:14:48:06 -0300] "GET /wp-content/plugins/woocommerce/assets/css/woocommerce-layout.css?ver=8.7.2 HTTP/1.1" 200 17688 "https://tarapaca.vsptdigital.cl/2026/01/11/exploring-horse-betting-sites-not-on-gamstop-11/" "Mozilla/5.0 (Windows NT 10.0; Win64; x64) AppleWebKit/537.36 (KHTML, like Gecko) Chrome/143.0.0.0 Safari/537.36"
109.172.84.96 - - [19/Mar/2026:14:48:06 -0300] "GET /wp-content/plugins/woocommerce/assets/css/woocommerce-smallscreen.css?ver=8.7.2 HTTP/1.1" 200 7043 "https://tarapaca.vsptdigital.cl/2026/01/11/exploring-horse-betting-sites-not-on-gamstop-11/" "Mozilla/5.0 (Windows NT 10.0; Win64; x64) AppleWebKit/537.36 (KHTML, like Gecko) Chrome/143.0.0.0 Safari/537.36"
109.172.84.96 - - [19/Mar/2026:14:48:07 -0300] "GET /wp-content/plugins/woocommerce/assets/css/woocommerce.css?ver=8.7.2 HTTP/1.1" 200 77339 "https://tarapaca.vsptdigital.cl/2026/01/11/exploring-horse-betting-sites-not-on-gamstop-11/" "Mozilla/5.0 (Windows NT 10.0; Win64; x64) AppleWebKit/537.36 (KHTML, like Gecko) Chrome/143.0.0.0 Safari/537.36"
109.172.84.96 - - [19/Mar/2026:14:48:08 -0300] "GET /wp-content/themes/hello-elementor/style.min.css?ver=2.9.0 HTTP/1.1" 200 5756 "https://tarapaca.vsptdigital.cl/2026/01/11/exploring-horse-betting-sites-not-on-gamstop-11/" "Mozilla/5.0 (Windows NT 10.0; Win64; x64) AppleWebKit/537.36 (KHTML, like Gecko) Chrome/143.0.0.0 Safari/537.36"
109.172.84.96 - - [19/Mar/2026:14:48:08 -0300] "GET /wp-content/themes/hello-elementor/theme.min.css?ver=2.9.0 HTTP/1.1" 200 12439 "https://tarapaca.vsptdigital.cl/2026/01/11/exploring-horse-betting-sites-not-on-gamstop-11/" "Mozilla/5.0 (Windows NT 10.0; Win64; x64) AppleWebKit/537.36 (KHTML, like Gecko) Chrome/143.0.0.0 Safari/537.36"
109.172.84.96 - - [19/Mar/2026:14:48:09 -0300] "GET /wp-content/plugins/elementor/assets/css/frontend-lite.min.css?ver=3.20.3 HTTP/1.1" 200 118630 "https://tarapaca.vsptdigital.cl/2026/01/11/exploring-horse-betting-sites-not-on-gamstop-11/" "Mozilla/5.0 (Windows NT 10.0; Win64; x64) AppleWebKit/537.36 (KHTML, like Gecko) Chrome/143.0.0.0 Safari/537.36"
109.172.84.96 - - [19/Mar/2026:14:48:10 -0300] "GET /wp-content/uploads/elementor/css/post-5.css?ver=1705946908 HTTP/1.1" 200 1169 "https://tarapaca.vsptdigital.cl/2026/01/11/exploring-horse-betting-sites-not-on-gamstop-11/" "Mozilla/5.0 (Windows NT 10.0; Win64; x64) AppleWebKit/537.36 (KHTML, like Gecko) Chrome/143.0.0.0 Safari/537.36"
109.172.84.96 - - [19/Mar/2026:14:48:11 -0300] "GET /wp-content/plugins/winwheel4wp/assets/winwheel4wp.css?ver=1669909447 HTTP/1.1" 200 4354 "https://tarapaca.vsptdigital.cl/2026/01/11/exploring-horse-betting-sites-not-on-gamstop-11/" "Mozilla/5.0 (Windows NT 10.0; Win64; x64) AppleWebKit/537.36 (KHTML, like Gecko) Chrome/143.0.0.0 Safari/537.36"
109.172.84.96 - - [19/Mar/2026:14:48:12 -0300] "POST /wp-comments-post.php HTTP/1.1" 200 2595 "https://tarapaca.vsptdigital.cl/2026/01/11/exploring-horse-betting-sites-not-on-gamstop-11/" "Mozilla/5.0 (Macintosh; Intel Mac OS X 12_5) AppleWebKit/605.1.15 (KHTML, like Gecko) Version/15.4 Safari/605.1.15"
109.172.84.96 - - [19/Mar/2026:14:48:13 -0300] "GET /2026/01/11/exploring-horse-betting-sites-not-on-gamstop-11/ HTTP/1.1" 200 32123 "-" "Mozilla/5.0 (Macintosh; Intel Mac OS X 12_5) AppleWebKit/605.1.15 (KHTML, like Gecko) Version/15.4 Safari/605.1.15"
162.240.153.75 - - [19/Mar/2026:14:50:25 -0300] "POST /wp-cron.php?doing_wp_cron=1773942625.5259320735931396484375 HTTP/1.1" 200 - "-" "WordPress/6.9.4; https://tarapaca.vsptdigital.cl"
82.156.248.237 - - [19/Mar/2026:14:50:24 -0300] "GET /2026/02/16/tqdim-olunan-qumar-texnikalar-rlilyi-ucun-muasir/ HTTP/1.1" 200 30970 "-" "Mozilla/5.0 (Macintosh; Intel Mac OS X 10_15_7) AppleWebKit/537.36 (KHTML, like Gecko) Chrome/141.0.0.0 Safari/537.36"
162.240.153.75 - - [19/Mar/2026:14:51:29 -0300] "POST /wp-cron.php?doing_wp_cron=1773942689.1279089450836181640625 HTTP/1.1" 200 - "-" "WordPress/6.9.4; https://tarapaca.vsptdigital.cl"
49.233.172.162 - - [19/Mar/2026:14:51:27 -0300] "GET /2026/02/12/unlocking-the-secrets-of-casino-promotions/ HTTP/1.1" 200 30987 "-" "Mozilla/5.0 (Macintosh; Intel Mac OS X 10_15_7) AppleWebKit/537.36 (KHTML, like Gecko) Chrome/141.0.0.0 Safari/537.36"
49.233.172.162 - - [19/Mar/2026:14:51:31 -0300] "GET /wp-content/plugins/woocommerce/assets/js/jquery-blockui/jquery.blockUI.min.js?ver=2.7.0-wc.8.7.2 HTTP/1.1" 200 15334 "https://tarapaca.vsptdigital.cl/2026/02/12/unlocking-the-secrets-of-casino-promotions/" "Mozilla/5.0 (Macintosh; Intel Mac OS X 10_15_7) AppleWebKit/537.36 (KHTML, like Gecko) Chrome/141.0.0.0 Safari/537.36"
49.233.172.162 - - [19/Mar/2026:14:51:31 -0300] "GET /wp-content/plugins/woocommerce/assets/js/frontend/add-to-cart.min.js?ver=8.7.2 HTTP/1.1" 200 8756 "https://tarapaca.vsptdigital.cl/2026/02/12/unlocking-the-secrets-of-casino-promotions/" "Mozilla/5.0 (Macintosh; Intel Mac OS X 10_15_7) AppleWebKit/537.36 (KHTML, like Gecko) Chrome/141.0.0.0 Safari/537.36"
49.233.172.162 - - [19/Mar/2026:14:51:31 -0300] "GET /wp-content/plugins/woocommerce/assets/js/frontend/woocommerce.min.js?ver=8.7.2 HTTP/1.1" 200 7837 "https://tarapaca.vsptdigital.cl/2026/02/12/unlocking-the-secrets-of-casino-promotions/" "Mozilla/5.0 (Macintosh; Intel Mac OS X 10_15_7) AppleWebKit/537.36 (KHTML, like Gecko) Chrome/141.0.0.0 Safari/537.36"
49.233.172.162 - - [19/Mar/2026:14:51:31 -0300] "GET /wp-content/plugins/woocommerce/assets/js/js-cookie/js.cookie.min.js?ver=2.1.4-wc.8.7.2 HTTP/1.1" 200 7418 "https://tarapaca.vsptdigital.cl/2026/02/12/unlocking-the-secrets-of-casino-promotions/" "Mozilla/5.0 (Macintosh; Intel Mac OS X 10_15_7) AppleWebKit/537.36 (KHTML, like Gecko) Chrome/141.0.0.0 Safari/537.36"
49.233.172.162 - - [19/Mar/2026:14:51:31 -0300] "GET /wp-includes/js/comment-reply.min.js?ver=6.9.4 HTTP/1.1" 200 3026 "https://tarapaca.vsptdigital.cl/2026/02/12/unlocking-the-secrets-of-casino-promotions/" "Mozilla/5.0 (Macintosh; Intel Mac OS X 10_15_7) AppleWebKit/537.36 (KHTML, like Gecko) Chrome/141.0.0.0 Safari/537.36"
49.233.172.162 - - [19/Mar/2026:14:51:32 -0300] "GET /wp-content/plugins/woocommerce/assets/css/woocommerce-smallscreen.css?ver=8.7.2 HTTP/1.1" 200 7043 "https://tarapaca.vsptdigital.cl/2026/02/12/unlocking-the-secrets-of-casino-promotions/" "Mozilla/5.0 (Macintosh; Intel Mac OS X 10_15_7) AppleWebKit/537.36 (KHTML, like Gecko) Chrome/141.0.0.0 Safari/537.36"
109.172.84.96 - - [19/Mar/2026:14:51:40 -0300] "GET /2026/01/11/exploring-horse-betting-sites-not-on-gamstop-11/ HTTP/1.1" 200 32123 "-" "Mozilla/5.0 (Macintosh; Intel Mac OS X 12_5) AppleWebKit/537.36 (KHTML, like Gecko) Chrome/114.0.0.0 Safari/537.36"
