172.255.83.134 - - [19/Mar/2026:11:37:41 -0300] "GET /wp-content/plugins/woocommerce/assets/css/woocommerce-smallscreen.css?ver=8.7.2 HTTP/1.1" 200 7043 "https://tarapaca.vsptdigital.cl/2025/10/24/zahranini-kasina-jak-na-n-hrat-a-co-vdt/" "Mozilla/5.0 (Windows NT 10.0; Win64; x64) AppleWebKit/537.36 (KHTML, like Gecko) Chrome/143.0.0.0 Safari/537.36"
172.255.83.134 - - [19/Mar/2026:11:37:43 -0300] "GET /wp-content/plugins/woocommerce/assets/css/woocommerce.css?ver=8.7.2 HTTP/1.1" 200 77339 "https://tarapaca.vsptdigital.cl/2025/10/24/zahranini-kasina-jak-na-n-hrat-a-co-vdt/" "Mozilla/5.0 (Windows NT 10.0; Win64; x64) AppleWebKit/537.36 (KHTML, like Gecko) Chrome/143.0.0.0 Safari/537.36"
172.255.83.134 - - [19/Mar/2026:11:37:44 -0300] "GET /wp-content/themes/hello-elementor/style.min.css?ver=2.9.0 HTTP/1.1" 200 5756 "https://tarapaca.vsptdigital.cl/2025/10/24/zahranini-kasina-jak-na-n-hrat-a-co-vdt/" "Mozilla/5.0 (Windows NT 10.0; Win64; x64) AppleWebKit/537.36 (KHTML, like Gecko) Chrome/143.0.0.0 Safari/537.36"
172.255.83.134 - - [19/Mar/2026:11:37:46 -0300] "GET /wp-content/themes/hello-elementor/theme.min.css?ver=2.9.0 HTTP/1.1" 200 12439 "https://tarapaca.vsptdigital.cl/2025/10/24/zahranini-kasina-jak-na-n-hrat-a-co-vdt/" "Mozilla/5.0 (Windows NT 10.0; Win64; x64) AppleWebKit/537.36 (KHTML, like Gecko) Chrome/143.0.0.0 Safari/537.36"
172.255.83.134 - - [19/Mar/2026:11:37:47 -0300] "GET /wp-content/plugins/elementor/assets/css/frontend-lite.min.css?ver=3.20.3 HTTP/1.1" 200 118630 "https://tarapaca.vsptdigital.cl/2025/10/24/zahranini-kasina-jak-na-n-hrat-a-co-vdt/" "Mozilla/5.0 (Windows NT 10.0; Win64; x64) AppleWebKit/537.36 (KHTML, like Gecko) Chrome/143.0.0.0 Safari/537.36"
172.255.83.134 - - [19/Mar/2026:11:37:49 -0300] "GET /wp-content/uploads/elementor/css/post-5.css?ver=1705946908 HTTP/1.1" 200 1169 "https://tarapaca.vsptdigital.cl/2025/10/24/zahranini-kasina-jak-na-n-hrat-a-co-vdt/" "Mozilla/5.0 (Windows NT 10.0; Win64; x64) AppleWebKit/537.36 (KHTML, like Gecko) Chrome/143.0.0.0 Safari/537.36"
172.255.83.134 - - [19/Mar/2026:11:37:51 -0300] "GET /wp-content/plugins/winwheel4wp/assets/winwheel4wp.css?ver=1669909447 HTTP/1.1" 200 4354 "https://tarapaca.vsptdigital.cl/2025/10/24/zahranini-kasina-jak-na-n-hrat-a-co-vdt/" "Mozilla/5.0 (Windows NT 10.0; Win64; x64) AppleWebKit/537.36 (KHTML, like Gecko) Chrome/143.0.0.0 Safari/537.36"
172.255.83.134 - - [19/Mar/2026:11:37:52 -0300] "POST /wp-comments-post.php HTTP/1.1" 302 - "https://tarapaca.vsptdigital.cl/2025/10/24/zahranini-kasina-jak-na-n-hrat-a-co-vdt/" "Mozilla/5.0 (Windows NT 6.3; Win64; x64) AppleWebKit/537.36 (KHTML, like Gecko) Chrome/103.0.0.0 Safari/537.36"
172.255.83.134 - - [19/Mar/2026:11:37:54 -0300] "GET /2025/10/24/zahranini-kasina-jak-na-n-hrat-a-co-vdt/?unapproved=21600&moderation-hash=a24a23a559d68c5cf8841073e17937ae HTTP/1.1" 200 33004 "https://tarapaca.vsptdigital.cl/wp-comments-post.php" "Mozilla/5.0 (Windows NT 6.3; Win64; x64) AppleWebKit/537.36 (KHTML, like Gecko) Chrome/103.0.0.0 Safari/537.36"
172.255.83.134 - - [19/Mar/2026:11:37:57 -0300] "GET /2025/10/24/zahranini-kasina-jak-na-n-hrat-a-co-vdt/ HTTP/1.1" 200 31392 "-" "Mozilla/5.0 (Windows NT 6.3; Win64; x64) AppleWebKit/537.36 (KHTML, like Gecko) Chrome/103.0.0.0 Safari/537.36"
162.240.153.75 - - [19/Mar/2026:11:39:35 -0300] "POST /wp-cron.php?doing_wp_cron=1773931175.6308200359344482421875 HTTP/1.1" 200 - "-" "WordPress/6.9.4; https://tarapaca.vsptdigital.cl"
212.34.139.201 - - [19/Mar/2026:11:39:34 -0300] "GET /2026/01/05/jb-kazino-vash-put-k-azartnym-prikljuchenijam-2/ HTTP/1.1" 200 33857 "-" "Mozilla/5.0 (Macintosh; Intel Mac OS X 12_5) AppleWebKit/537.36 (KHTML, like Gecko) Chrome/114.0.0.0 Safari/537.36"
162.240.153.75 - - [19/Mar/2026:11:40:54 -0300] "POST /wp-cron.php?doing_wp_cron=1773931254.4095330238342285156250 HTTP/1.1" 200 - "-" "WordPress/6.9.4; https://tarapaca.vsptdigital.cl"
172.255.83.134 - - [19/Mar/2026:11:40:53 -0300] "GET /2025/10/24/zahranini-kasina-jak-na-n-hrat-a-co-vdt/ HTTP/1.1" 200 31392 "-" "Mozilla/5.0 (Macintosh; Intel Mac OS X 12_5) AppleWebKit/537.36 (KHTML, like Gecko) Chrome/114.0.0.0 Safari/537.36"
43.135.130.202 - - [19/Mar/2026:11:41:12 -0300] "GET /wp-json/oembed/1.0/embed?url=https%3A%2F%2Ftarapaca.vsptdigital.cl%2F2026%2F03%2F18%2Fsecrets-du-jeu-guide-etape-par-etape-pour%2F HTTP/1.1" 200 2459 "-" "Mozilla/5.0 (iPhone; CPU iPhone OS 13_2_3 like Mac OS X) AppleWebKit/605.1.15 (KHTML, like Gecko) Version/13.0.3 Mobile/15E148 Safari/604.1"
162.240.153.75 - - [19/Mar/2026:11:43:01 -0300] "POST /wp-cron.php?doing_wp_cron=1773931381.0187659263610839843750 HTTP/1.1" 200 - "-" "WordPress/6.9.4; https://tarapaca.vsptdigital.cl"
165.231.159.142 - - [19/Mar/2026:11:42:59 -0300] "GET /2026/01/30/exploring-the-best-casinos-non-gamstop-your/ HTTP/1.1" 200 32850 "-" "Mozilla/5.0 (Macintosh; Intel Mac OS X 12_5) AppleWebKit/537.36 (KHTML, like Gecko) Chrome/114.0.0.0 Safari/537.36"
3.92.189.146 - - [19/Mar/2026:11:43:09 -0300] "GET /_ignition/execute-solution HTTP/1.1" 301 - "-" "Mozilla/5.0 (Windows NT 5.1; rv:52.0) Gecko/20100101 Firefox/52.0"
23.158.233.122 - - [19/Mar/2026:11:44:03 -0300] "GET /2025/12/19/speelhal-met-beperkte-storting-de-complete-9/ HTTP/1.1" 200 32096 "-" "Mozilla/5.0 (compatible; Googlebot/2.1; +http://www.google.com/bot.html)"
162.240.153.75 - - [19/Mar/2026:11:46:28 -0300] "POST /wp-cron.php?doing_wp_cron=1773931588.0158069133758544921875 HTTP/1.1" 200 - "-" "WordPress/6.9.4; https://tarapaca.vsptdigital.cl"
54.197.114.76 - - [19/Mar/2026:11:46:26 -0300] "GET /wp-json/oembed/1.0/embed?format=xml&url=https://tarapaca.vsptdigital.cl/2026/03/13/zihin-oyunlar-kumarn-psikolojik-yanlar-uzerine-bir/ HTTP/1.1" 200 2683 "-" "Mozilla/5.0 AppleWebKit/537.36 (KHTML, like Gecko; compatible; Amazonbot/0.1; +https://developer.amazon.com/support/amazonbot) Chrome/119.0.6045.214 Safari/537.36"
162.240.153.75 - - [19/Mar/2026:11:50:41 -0300] "POST /wp-cron.php?doing_wp_cron=1773931841.8992669582366943359375 HTTP/1.1" 200 - "-" "WordPress/6.9.4; https://tarapaca.vsptdigital.cl"
49.51.141.76 - - [19/Mar/2026:11:50:40 -0300] "GET /?p=533916 HTTP/1.1" 301 - "-" "Mozilla/5.0 (iPhone; CPU iPhone OS 13_2_3 like Mac OS X) AppleWebKit/605.1.15 (KHTML, like Gecko) Version/13.0.3 Mobile/15E148 Safari/604.1"
49.51.141.76 - - [19/Mar/2026:11:50:43 -0300] "GET /2026/03/18/secrets-du-jeu-guide-etape-par-etape-pour/ HTTP/1.1" 200 30180 "https://tarapaca.vsptdigital.cl/?p=533916" "Mozilla/5.0 (iPhone; CPU iPhone OS 13_2_3 like Mac OS X) AppleWebKit/605.1.15 (KHTML, like Gecko) Version/13.0.3 Mobile/15E148 Safari/604.1"
162.240.153.75 - - [19/Mar/2026:11:51:30 -0300] "POST /wp-cron.php?doing_wp_cron=1773931890.6110289096832275390625 HTTP/1.1" 200 - "-" "WordPress/6.9.4; https://tarapaca.vsptdigital.cl"
113.192.47.123 - - [19/Mar/2026:11:51:29 -0300] "GET /2025/11/26/online-casino-free-bonuses-uncovering-the-21/ HTTP/1.1" 200 33558 "-" "Mozilla/5.0 (Macintosh; Intel Mac OS X 12_5) AppleWebKit/537.36 (KHTML, like Gecko) Chrome/114.0.0.0 Safari/537.36"
103.86.173.13 - - [19/Mar/2026:11:51:48 -0300] "GET /2025/10/13/the-ultimate-guide-to-sports-betting-strategies-31/ HTTP/1.1" 200 32609 "-" "Mozilla/5.0 (Macintosh; Intel Mac OS X 12_5) AppleWebKit/537.36 (KHTML, like Gecko) Chrome/114.0.0.0 Safari/537.36"
162.240.153.75 - - [19/Mar/2026:11:53:03 -0300] "POST /wp-cron.php?doing_wp_cron=1773931983.3855900764465332031250 HTTP/1.1" 200 - "-" "WordPress/6.9.4; https://tarapaca.vsptdigital.cl"
152.136.138.51 - - [19/Mar/2026:11:53:02 -0300] "GET /2026/02/17/estrategias-avanzadas-para-maximizar-tus-ganancias-15/ HTTP/1.1" 200 30297 "-" "Mozilla/5.0 (Macintosh; Intel Mac OS X 10_15_7) AppleWebKit/537.36 (KHTML, like Gecko) Chrome/144.0.0.0 Safari/537.36"
152.136.138.51 - - [19/Mar/2026:11:53:04 -0300] "GET /wp-content/plugins/contact-form-7/includes/css/styles.css?ver=5.9.3 HTTP/1.1" 200 2894 "https://tarapaca.vsptdigital.cl/2026/02/17/estrategias-avanzadas-para-maximizar-tus-ganancias-15/" "Mozilla/5.0 (Macintosh; Intel Mac OS X 10_15_7) AppleWebKit/537.36 (KHTML, like Gecko) Chrome/144.0.0.0 Safari/537.36"
152.136.138.51 - - [19/Mar/2026:11:53:04 -0300] "GET /wp-content/themes/hello-elementor/style.min.css?ver=2.9.0 HTTP/1.1" 200 5756 "https://tarapaca.vsptdigital.cl/2026/02/17/estrategias-avanzadas-para-maximizar-tus-ganancias-15/" "Mozilla/5.0 (Macintosh; Intel Mac OS X 10_15_7) AppleWebKit/537.36 (KHTML, like Gecko) Chrome/144.0.0.0 Safari/537.36"
152.136.138.51 - - [19/Mar/2026:11:53:04 -0300] "GET /wp-content/plugins/woocommerce/assets/css/woocommerce-layout.css?ver=8.7.2 HTTP/1.1" 200 17688 "https://tarapaca.vsptdigital.cl/2026/02/17/estrategias-avanzadas-para-maximizar-tus-ganancias-15/" "Mozilla/5.0 (Macintosh; Intel Mac OS X 10_15_7) AppleWebKit/537.36 (KHTML, like Gecko) Chrome/144.0.0.0 Safari/537.36"
152.136.138.51 - - [19/Mar/2026:11:53:04 -0300] "GET /wp-content/plugins/winwheel4wp/assets/winwheel4wp.css?ver=1669909447 HTTP/1.1" 200 4354 "https://tarapaca.vsptdigital.cl/2026/02/17/estrategias-avanzadas-para-maximizar-tus-ganancias-15/" "Mozilla/5.0 (Macintosh; Intel Mac OS X 10_15_7) AppleWebKit/537.36 (KHTML, like Gecko) Chrome/144.0.0.0 Safari/537.36"
152.136.138.51 - - [19/Mar/2026:11:53:04 -0300] "GET /wp-content/plugins/woocommerce/assets/css/woocommerce.css?ver=8.7.2 HTTP/1.1" 200 77339 "https://tarapaca.vsptdigital.cl/2026/02/17/estrategias-avanzadas-para-maximizar-tus-ganancias-15/" "Mozilla/5.0 (Macintosh; Intel Mac OS X 10_15_7) AppleWebKit/537.36 (KHTML, like Gecko) Chrome/144.0.0.0 Safari/537.36"
152.136.138.51 - - [19/Mar/2026:11:53:04 -0300] "GET /wp-includes/js/jquery/jquery-migrate.min.js?ver=3.4.1 HTTP/1.1" 200 13577 "https://tarapaca.vsptdigital.cl/2026/02/17/estrategias-avanzadas-para-maximizar-tus-ganancias-15/" "Mozilla/5.0 (Macintosh; Intel Mac OS X 10_15_7) AppleWebKit/537.36 (KHTML, like Gecko) Chrome/144.0.0.0 Safari/537.36"
152.136.138.51 - - [19/Mar/2026:11:53:05 -0300] "GET /wp-content/plugins/woocommerce/assets/js/jquery-blockui/jquery.blockUI.min.js?ver=2.7.0-wc.8.7.2 HTTP/1.1" 200 15334 "https://tarapaca.vsptdigital.cl/2026/02/17/estrategias-avanzadas-para-maximizar-tus-ganancias-15/" "Mozilla/5.0 (Macintosh; Intel Mac OS X 10_15_7) AppleWebKit/537.36 (KHTML, like Gecko) Chrome/144.0.0.0 Safari/537.36"
152.136.138.51 - - [19/Mar/2026:11:53:06 -0300] "GET /wp-content/plugins/woocommerce/assets/js/js-cookie/js.cookie.min.js?ver=2.1.4-wc.8.7.2 HTTP/1.1" 200 7418 "https://tarapaca.vsptdigital.cl/2026/02/17/estrategias-avanzadas-para-maximizar-tus-ganancias-15/" "Mozilla/5.0 (Macintosh; Intel Mac OS X 10_15_7) AppleWebKit/537.36 (KHTML, like Gecko) Chrome/144.0.0.0 Safari/537.36"
152.136.138.51 - - [19/Mar/2026:11:53:06 -0300] "GET /wp-content/plugins/woocommerce/assets/js/frontend/add-to-cart.min.js?ver=8.7.2 HTTP/1.1" 200 8756 "https://tarapaca.vsptdigital.cl/2026/02/17/estrategias-avanzadas-para-maximizar-tus-ganancias-15/" "Mozilla/5.0 (Macintosh; Intel Mac OS X 10_15_7) AppleWebKit/537.36 (KHTML, like Gecko) Chrome/144.0.0.0 Safari/537.36"
152.136.138.51 - - [19/Mar/2026:11:53:06 -0300] "GET /wp-content/plugins/woocommerce/assets/css/woocommerce-smallscreen.css?ver=8.7.2 HTTP/1.1" 200 7043 "https://tarapaca.vsptdigital.cl/2026/02/17/estrategias-avanzadas-para-maximizar-tus-ganancias-15/" "Mozilla/5.0 (Macintosh; Intel Mac OS X 10_15_7) AppleWebKit/537.36 (KHTML, like Gecko) Chrome/144.0.0.0 Safari/537.36"
162.240.153.75 - - [19/Mar/2026:11:56:57 -0300] "POST /wp-cron.php?doing_wp_cron=1773932217.6068129539489746093750 HTTP/1.1" 200 - "-" "WordPress/6.9.4; https://tarapaca.vsptdigital.cl"
185.156.47.14 - - [19/Mar/2026:11:56:56 -0300] "GET /wp-login.php HTTP/1.1" 200 9093 "-" "Mozilla/5.0 (Windows NT 10.0; Win64; x64) AppleWebKit/537.36 (KHTML, like Gecko) Chrome/114.0.0.0 Safari/537.36"
185.156.47.14 - - [19/Mar/2026:11:56:58 -0300] "POST /wp-login.php HTTP/1.1" 200 9546 "-" "Mozilla/5.0 (Windows NT 10.0; Win64; x64) AppleWebKit/537.36 (KHTML, like Gecko) Chrome/114.0.0.0 Safari/537.36"
162.240.153.75 - - [19/Mar/2026:11:59:05 -0300] "POST /wp-cron.php?doing_wp_cron=1773932345.9582829475402832031250 HTTP/1.1" 200 - "-" "WordPress/6.9.4; https://tarapaca.vsptdigital.cl"
141.94.76.134 - - [19/Mar/2026:11:59:04 -0300] "GET /2026/02/01/discover-the-excitement-of-mrspin9-casino-your-37/ HTTP/1.1" 200 32805 "-" "Mozilla/5.0 (Windows NT 10.0; Win64; x64) AppleWebKit/537.36 (KHTML, like Gecko) Chrome/139.0.0.0 Safari/537.36"
51.75.23.120 - - [19/Mar/2026:11:59:06 -0300] "GET /wp-content/uploads/2026/02/discover-the-excitement-of-mrspin9-casino-your-37_2.jpg HTTP/1.1" 200 12389 "-" "Mozilla/5.0 (Windows NT 10.0; Win64; x64) AppleWebKit/537.36 (KHTML, like Gecko) Chrome/139.0.0.0 Safari/537.36"
141.94.78.40 - - [19/Mar/2026:11:59:06 -0300] "GET /wp-content/uploads/2026/02/discover-the-excitement-of-mrspin9-casino-your-37_1.jpg HTTP/1.1" 200 10802 "-" "Mozilla/5.0 (Windows NT 10.0; Win64; x64) AppleWebKit/537.36 (KHTML, like Gecko) Chrome/139.0.0.0 Safari/537.36"
57.129.139.80 - - [19/Mar/2026:11:59:06 -0300] "GET /wp-json/oembed/1.0/embed?url=https://tarapaca.vsptdigital.cl/2026/02/01/discover-the-excitement-of-mrspin9-casino-your-37/ HTTP/1.1" 200 2533 "-" "Mozilla/5.0 (Windows NT 10.0; Win64; x64) AppleWebKit/537.36 (KHTML, like Gecko) Chrome/139.0.0.0 Safari/537.36"
51.77.211.137 - - [19/Mar/2026:11:59:07 -0300] "GET /wp-json/oembed/1.0/embed?url=https://tarapaca.vsptdigital.cl/2026/02/01/discover-the-excitement-of-mrspin9-casino-your-37/&format=xml HTTP/1.1" 200 2679 "-" "Mozilla/5.0 (Windows NT 10.0; Win64; x64) AppleWebKit/537.36 (KHTML, like Gecko) Chrome/139.0.0.0 Safari/537.36"
57.129.139.88 - - [19/Mar/2026:11:59:06 -0300] "GET /2026/02/01/discover-the-excitement-of-mrspin9-casino-your-37/feed/ HTTP/1.1" 200 935 "-" "Mozilla/5.0 (Windows NT 10.0; Win64; x64) AppleWebKit/537.36 (KHTML, like Gecko) Chrome/139.0.0.0 Safari/537.36"
162.240.153.75 - - [19/Mar/2026:11:59:24 -0300] "POST /wp-cron.php?doing_wp_cron=1773932364.9012289047241210937500 HTTP/1.1" 200 - "-" "WordPress/6.9.4; https://tarapaca.vsptdigital.cl"
176.228.168.74 - - [19/Mar/2026:11:59:24 -0300] "GET /2026/01/27/exploring-bdtk1-bet-the-future-of-online-betting-7/ HTTP/1.1" 200 32775 "-" "Mozilla/5.0 (Macintosh; Intel Mac OS X 12_5) AppleWebKit/537.36 (KHTML, like Gecko) Chrome/114.0.0.0 Safari/537.36"
162.240.153.75 - - [19/Mar/2026:12:01:13 -0300] "POST /wp-cron.php?doing_wp_cron=1773932473.9317491054534912109375 HTTP/1.1" 200 - "-" "WordPress/6.9.4; https://tarapaca.vsptdigital.cl"
170.106.73.216 - - [19/Mar/2026:12:01:12 -0300] "GET /2026/03/18/zagadki-i-legendy-izvestnyh-kazino-mira/ HTTP/1.1" 200 32492 "-" "Mozilla/5.0 (iPhone; CPU iPhone OS 13_2_3 like Mac OS X) AppleWebKit/605.1.15 (KHTML, like Gecko) Version/13.0.3 Mobile/15E148 Safari/604.1"
162.240.153.75 - - [19/Mar/2026:12:01:28 -0300] "POST /wp-cron.php?doing_wp_cron=1773932488.8820390701293945312500 HTTP/1.1" 200 - "-" "WordPress/6.9.4; https://tarapaca.vsptdigital.cl"
118.189.242.201 - - [19/Mar/2026:12:01:28 -0300] "GET /2025/10/12/non-gamstop-uk-casino-sites-an-in-depth-look/ HTTP/1.1" 200 32046 "https://tarapaca.vsptdigital.cl/" "Mozilla/5.0 (Macintosh; Intel Mac OS X 12_5) AppleWebKit/537.36 (KHTML, like Gecko) Chrome/114.0.0.0 Safari/537.36 Vivaldi/5.3.2679.68"
118.189.242.201 - - [19/Mar/2026:12:01:30 -0300] "GET /wp-includes/css/dist/block-library/style.min.css?ver=6.9.4 HTTP/1.1" 200 119358 "https://tarapaca.vsptdigital.cl/2025/10/12/non-gamstop-uk-casino-sites-an-in-depth-look/" "Mozilla/5.0 (Windows NT 10.0; Win64; x64) AppleWebKit/537.36 (KHTML, like Gecko) Chrome/143.0.0.0 Safari/537.36"
118.189.242.201 - - [19/Mar/2026:12:01:31 -0300] "GET /wp-content/plugins/contact-form-7/includes/css/styles.css?ver=5.9.3 HTTP/1.1" 200 2894 "https://tarapaca.vsptdigital.cl/2025/10/12/non-gamstop-uk-casino-sites-an-in-depth-look/" "Mozilla/5.0 (Windows NT 10.0; Win64; x64) AppleWebKit/537.36 (KHTML, like Gecko) Chrome/143.0.0.0 Safari/537.36"
118.189.242.201 - - [19/Mar/2026:12:01:32 -0300] "GET /wp-content/plugins/woocommerce/assets/css/woocommerce-layout.css?ver=8.7.2 HTTP/1.1" 200 17688 "https://tarapaca.vsptdigital.cl/2025/10/12/non-gamstop-uk-casino-sites-an-in-depth-look/" "Mozilla/5.0 (Windows NT 10.0; Win64; x64) AppleWebKit/537.36 (KHTML, like Gecko) Chrome/143.0.0.0 Safari/537.36"
118.189.242.201 - - [19/Mar/2026:12:01:33 -0300] "GET /wp-content/plugins/woocommerce/assets/css/woocommerce-smallscreen.css?ver=8.7.2 HTTP/1.1" 200 7043 "https://tarapaca.vsptdigital.cl/2025/10/12/non-gamstop-uk-casino-sites-an-in-depth-look/" "Mozilla/5.0 (Windows NT 10.0; Win64; x64) AppleWebKit/537.36 (KHTML, like Gecko) Chrome/143.0.0.0 Safari/537.36"
118.189.242.201 - - [19/Mar/2026:12:01:34 -0300] "GET /wp-content/plugins/woocommerce/assets/css/woocommerce.css?ver=8.7.2 HTTP/1.1" 200 77339 "https://tarapaca.vsptdigital.cl/2025/10/12/non-gamstop-uk-casino-sites-an-in-depth-look/" "Mozilla/5.0 (Windows NT 10.0; Win64; x64) AppleWebKit/537.36 (KHTML, like Gecko) Chrome/143.0.0.0 Safari/537.36"
118.189.242.201 - - [19/Mar/2026:12:01:35 -0300] "GET /wp-content/themes/hello-elementor/style.min.css?ver=2.9.0 HTTP/1.1" 200 5756 "https://tarapaca.vsptdigital.cl/2025/10/12/non-gamstop-uk-casino-sites-an-in-depth-look/" "Mozilla/5.0 (Windows NT 10.0; Win64; x64) AppleWebKit/537.36 (KHTML, like Gecko) Chrome/143.0.0.0 Safari/537.36"
118.189.242.201 - - [19/Mar/2026:12:01:36 -0300] "GET /wp-content/themes/hello-elementor/theme.min.css?ver=2.9.0 HTTP/1.1" 200 12439 "https://tarapaca.vsptdigital.cl/2025/10/12/non-gamstop-uk-casino-sites-an-in-depth-look/" "Mozilla/5.0 (Windows NT 10.0; Win64; x64) AppleWebKit/537.36 (KHTML, like Gecko) Chrome/143.0.0.0 Safari/537.36"
118.189.242.201 - - [19/Mar/2026:12:01:37 -0300] "GET /wp-content/plugins/elementor/assets/css/frontend-lite.min.css?ver=3.20.3 HTTP/1.1" 200 118630 "https://tarapaca.vsptdigital.cl/2025/10/12/non-gamstop-uk-casino-sites-an-in-depth-look/" "Mozilla/5.0 (Windows NT 10.0; Win64; x64) AppleWebKit/537.36 (KHTML, like Gecko) Chrome/143.0.0.0 Safari/537.36"
118.189.242.201 - - [19/Mar/2026:12:01:38 -0300] "GET /wp-content/uploads/elementor/css/post-5.css?ver=1705946908 HTTP/1.1" 200 1169 "https://tarapaca.vsptdigital.cl/2025/10/12/non-gamstop-uk-casino-sites-an-in-depth-look/" "Mozilla/5.0 (Windows NT 10.0; Win64; x64) AppleWebKit/537.36 (KHTML, like Gecko) Chrome/143.0.0.0 Safari/537.36"
118.189.242.201 - - [19/Mar/2026:12:01:39 -0300] "GET /wp-content/plugins/winwheel4wp/assets/winwheel4wp.css?ver=1669909447 HTTP/1.1" 200 4354 "https://tarapaca.vsptdigital.cl/2025/10/12/non-gamstop-uk-casino-sites-an-in-depth-look/" "Mozilla/5.0 (Windows NT 10.0; Win64; x64) AppleWebKit/537.36 (KHTML, like Gecko) Chrome/143.0.0.0 Safari/537.36"
118.189.242.201 - - [19/Mar/2026:12:01:39 -0300] "POST /wp-comments-post.php HTTP/1.1" 302 - "https://tarapaca.vsptdigital.cl/2025/10/12/non-gamstop-uk-casino-sites-an-in-depth-look/" "Mozilla/5.0 (Macintosh; Intel Mac OS X 12_5) AppleWebKit/537.36 (KHTML, like Gecko) Chrome/114.0.0.0 Safari/537.36 Vivaldi/5.3.2679.68"
118.189.242.201 - - [19/Mar/2026:12:01:41 -0300] "GET /2025/10/12/non-gamstop-uk-casino-sites-an-in-depth-look/?unapproved=21601&moderation-hash=21299d66315d7de824b8f29d4c655835 HTTP/1.1" 200 33964 "https://tarapaca.vsptdigital.cl/wp-comments-post.php" "Mozilla/5.0 (Macintosh; Intel Mac OS X 12_5) AppleWebKit/537.36 (KHTML, like Gecko) Chrome/114.0.0.0 Safari/537.36 Vivaldi/5.3.2679.68"
118.189.242.201 - - [19/Mar/2026:12:01:42 -0300] "GET /2025/10/12/non-gamstop-uk-casino-sites-an-in-depth-look/ HTTP/1.1" 200 32046 "-" "Mozilla/5.0 (Macintosh; Intel Mac OS X 12_5) AppleWebKit/537.36 (KHTML, like Gecko) Chrome/114.0.0.0 Safari/537.36 Vivaldi/5.3.2679.68"
162.240.153.75 - - [19/Mar/2026:12:02:39 -0300] "POST /wp-cron.php?doing_wp_cron=1773932559.5707509517669677734375 HTTP/1.1" 200 - "-" "WordPress/6.9.4; https://tarapaca.vsptdigital.cl"
49.232.219.119 - - [19/Mar/2026:12:02:38 -0300] "GET /2026/02/18/duurzame-tapijten-waarom-kiezen-voor-ecologische/ HTTP/1.1" 200 29209 "-" "Mozilla/5.0 (Windows NT 10.0; Win64; x64) AppleWebKit/537.36 (KHTML, like Gecko) Chrome/143.0.0.0 Safari/537.36"
49.232.219.119 - - [19/Mar/2026:12:02:41 -0300] "GET /wp-content/plugins/woocommerce/assets/js/frontend/add-to-cart.min.js?ver=8.7.2 HTTP/1.1" 200 8756 "https://tarapaca.vsptdigital.cl/2026/02/18/duurzame-tapijten-waarom-kiezen-voor-ecologische/" "Mozilla/5.0 (Windows NT 10.0; Win64; x64) AppleWebKit/537.36 (KHTML, like Gecko) Chrome/143.0.0.0 Safari/537.36"
49.232.219.119 - - [19/Mar/2026:12:02:41 -0300] "GET /wp-content/plugins/woocommerce/assets/js/jquery-blockui/jquery.blockUI.min.js?ver=2.7.0-wc.8.7.2 HTTP/1.1" 200 15334 "https://tarapaca.vsptdigital.cl/2026/02/18/duurzame-tapijten-waarom-kiezen-voor-ecologische/" "Mozilla/5.0 (Windows NT 10.0; Win64; x64) AppleWebKit/537.36 (KHTML, like Gecko) Chrome/143.0.0.0 Safari/537.36"
49.232.219.119 - - [19/Mar/2026:12:02:41 -0300] "GET /wp-content/plugins/woocommerce/assets/js/js-cookie/js.cookie.min.js?ver=2.1.4-wc.8.7.2 HTTP/1.1" 200 7418 "https://tarapaca.vsptdigital.cl/2026/02/18/duurzame-tapijten-waarom-kiezen-voor-ecologische/" "Mozilla/5.0 (Windows NT 10.0; Win64; x64) AppleWebKit/537.36 (KHTML, like Gecko) Chrome/143.0.0.0 Safari/537.36"
49.232.219.119 - - [19/Mar/2026:12:02:41 -0300] "GET /wp-includes/js/comment-reply.min.js?ver=6.9.4 HTTP/1.1" 200 3026 "https://tarapaca.vsptdigital.cl/2026/02/18/duurzame-tapijten-waarom-kiezen-voor-ecologische/" "Mozilla/5.0 (Windows NT 10.0; Win64; x64) AppleWebKit/537.36 (KHTML, like Gecko) Chrome/143.0.0.0 Safari/537.36"
162.240.153.75 - - [19/Mar/2026:12:04:22 -0300] "POST /wp-cron.php?doing_wp_cron=1773932662.7834460735321044921875 HTTP/1.1" 200 - "-" "WordPress/6.9.4; https://tarapaca.vsptdigital.cl"
113.192.47.123 - - [19/Mar/2026:12:04:21 -0300] "GET /2025/11/26/online-casino-free-bonuses-uncovering-the-21/ HTTP/1.1" 200 33558 "https://tarapaca.vsptdigital.cl/" "Mozilla/5.0 (X11; Linux i686; rv:114.0) Gecko/20100101 Firefox/114.0"
113.192.47.123 - - [19/Mar/2026:12:04:25 -0300] "GET /wp-admin/admin-ajax.php HTTP/1.1" 400 1 "https://tarapaca.vsptdigital.cl/2025/11/26/online-casino-free-bonuses-uncovering-the-21/" "Mozilla/5.0 (Windows NT 6.3; Win64; x64) AppleWebKit/537.36 (KHTML, like Gecko) Chrome/103.0.0.0 Safari/537.36"
113.192.47.123 - - [19/Mar/2026:12:04:27 -0300] "GET /wp-admin/admin-ajax.php?action=register HTTP/1.1" 400 1 "https://tarapaca.vsptdigital.cl/wp-admin/admin-ajax.php" "Mozilla/5.0 (Windows NT 6.3; Win64; x64) AppleWebKit/537.36 (KHTML, like Gecko) Chrome/103.0.0.0 Safari/537.36"
113.192.47.123 - - [19/Mar/2026:12:04:30 -0300] "GET /2025/11/26/online-casino-free-bonuses-uncovering-the-21/ HTTP/1.1" 200 33558 "https://tarapaca.vsptdigital.cl/2025/11/26/online-casino-free-bonuses-uncovering-the-21/" "Mozilla/5.0 (Windows NT 6.3; Win64; x64) AppleWebKit/537.36 (KHTML, like Gecko) Chrome/103.0.0.0 Safari/537.36"
118.189.242.201 - - [19/Mar/2026:12:05:16 -0300] "GET /2025/10/12/non-gamstop-uk-casino-sites-an-in-depth-look/ HTTP/1.1" 200 32046 "-" "Mozilla/5.0 (Macintosh; Intel Mac OS X 12_5) AppleWebKit/537.36 (KHTML, like Gecko) Chrome/114.0.0.0 Safari/537.36"
113.192.47.123 - - [19/Mar/2026:12:05:19 -0300] "GET /wp-content/plugins/contact-form-7/includes/css/styles.css?ver=5.9.3 HTTP/1.1" 200 2894 "https://tarapaca.vsptdigital.cl/2025/11/26/online-casino-free-bonuses-uncovering-the-21/" "Mozilla/5.0 (Windows NT 10.0; Win64; x64) AppleWebKit/537.36 (KHTML, like Gecko) Chrome/143.0.0.0 Safari/537.36"
113.192.47.123 - - [19/Mar/2026:12:05:20 -0300] "GET /wp-content/plugins/woocommerce/assets/css/woocommerce-layout.css?ver=8.7.2 HTTP/1.1" 200 17688 "https://tarapaca.vsptdigital.cl/2025/11/26/online-casino-free-bonuses-uncovering-the-21/" "Mozilla/5.0 (Windows NT 10.0; Win64; x64) AppleWebKit/537.36 (KHTML, like Gecko) Chrome/143.0.0.0 Safari/537.36"
113.192.47.123 - - [19/Mar/2026:12:05:26 -0300] "GET /wp-content/plugins/woocommerce/assets/css/woocommerce-smallscreen.css?ver=8.7.2 HTTP/1.1" 200 7043 "https://tarapaca.vsptdigital.cl/2025/11/26/online-casino-free-bonuses-uncovering-the-21/" "Mozilla/5.0 (Windows NT 10.0; Win64; x64) AppleWebKit/537.36 (KHTML, like Gecko) Chrome/143.0.0.0 Safari/537.36"
113.192.47.123 - - [19/Mar/2026:12:05:28 -0300] "GET /wp-content/plugins/woocommerce/assets/css/woocommerce.css?ver=8.7.2 HTTP/1.1" 200 77339 "https://tarapaca.vsptdigital.cl/2025/11/26/online-casino-free-bonuses-uncovering-the-21/" "Mozilla/5.0 (Windows NT 10.0; Win64; x64) AppleWebKit/537.36 (KHTML, like Gecko) Chrome/143.0.0.0 Safari/537.36"
113.192.47.123 - - [19/Mar/2026:12:05:31 -0300] "GET /wp-content/themes/hello-elementor/style.min.css?ver=2.9.0 HTTP/1.1" 200 5756 "https://tarapaca.vsptdigital.cl/2025/11/26/online-casino-free-bonuses-uncovering-the-21/" "Mozilla/5.0 (Windows NT 10.0; Win64; x64) AppleWebKit/537.36 (KHTML, like Gecko) Chrome/143.0.0.0 Safari/537.36"
113.192.47.123 - - [19/Mar/2026:12:05:32 -0300] "GET /wp-content/themes/hello-elementor/theme.min.css?ver=2.9.0 HTTP/1.1" 200 12439 "https://tarapaca.vsptdigital.cl/2025/11/26/online-casino-free-bonuses-uncovering-the-21/" "Mozilla/5.0 (Windows NT 10.0; Win64; x64) AppleWebKit/537.36 (KHTML, like Gecko) Chrome/143.0.0.0 Safari/537.36"
113.192.47.123 - - [19/Mar/2026:12:05:37 -0300] "GET /wp-content/plugins/elementor/assets/css/frontend-lite.min.css?ver=3.20.3 HTTP/1.1" 200 118630 "https://tarapaca.vsptdigital.cl/2025/11/26/online-casino-free-bonuses-uncovering-the-21/" "Mozilla/5.0 (Windows NT 10.0; Win64; x64) AppleWebKit/537.36 (KHTML, like Gecko) Chrome/143.0.0.0 Safari/537.36"
113.192.47.123 - - [19/Mar/2026:12:05:54 -0300] "GET /wp-content/uploads/elementor/css/post-5.css?ver=1705946908 HTTP/1.1" 200 1169 "https://tarapaca.vsptdigital.cl/2025/11/26/online-casino-free-bonuses-uncovering-the-21/" "Mozilla/5.0 (Windows NT 10.0; Win64; x64) AppleWebKit/537.36 (KHTML, like Gecko) Chrome/143.0.0.0 Safari/537.36"
113.192.47.123 - - [19/Mar/2026:12:05:59 -0300] "GET /wp-content/plugins/winwheel4wp/assets/winwheel4wp.css?ver=1669909447 HTTP/1.1" 200 4354 "https://tarapaca.vsptdigital.cl/2025/11/26/online-casino-free-bonuses-uncovering-the-21/" "Mozilla/5.0 (Windows NT 10.0; Win64; x64) AppleWebKit/537.36 (KHTML, like Gecko) Chrome/143.0.0.0 Safari/537.36"
162.240.153.75 - - [19/Mar/2026:12:06:05 -0300] "POST /wp-cron.php?doing_wp_cron=1773932765.4148349761962890625000 HTTP/1.1" 200 - "-" "WordPress/6.9.4; https://tarapaca.vsptdigital.cl"
113.192.47.123 - - [19/Mar/2026:12:06:02 -0300] "POST /wp-comments-post.php HTTP/1.1" 302 - "https://tarapaca.vsptdigital.cl/2025/11/26/online-casino-free-bonuses-uncovering-the-21/" "Mozilla/5.0 (Windows NT 6.3; Win64; x64) AppleWebKit/537.36 (KHTML, like Gecko) Chrome/103.0.0.0 Safari/537.36"
113.192.47.123 - - [19/Mar/2026:12:06:09 -0300] "GET /2025/11/26/online-casino-free-bonuses-uncovering-the-21/?unapproved=21602&moderation-hash=1af8d589427f17e0eea04fbab8a750f3 HTTP/1.1" 200 35152 "https://tarapaca.vsptdigital.cl/wp-comments-post.php" "Mozilla/5.0 (Windows NT 6.3; Win64; x64) AppleWebKit/537.36 (KHTML, like Gecko) Chrome/103.0.0.0 Safari/537.36"
113.192.47.123 - - [19/Mar/2026:12:06:13 -0300] "GET /2025/11/26/online-casino-free-bonuses-uncovering-the-21/ HTTP/1.1" 200 33558 "-" "Mozilla/5.0 (Windows NT 6.3; Win64; x64) AppleWebKit/537.36 (KHTML, like Gecko) Chrome/103.0.0.0 Safari/537.36"
162.240.153.75 - - [19/Mar/2026:12:09:05 -0300] "POST /wp-cron.php?doing_wp_cron=1773932945.0112159252166748046875 HTTP/1.1" 200 - "-" "WordPress/6.9.4; https://tarapaca.vsptdigital.cl"
152.136.234.143 - - [19/Mar/2026:12:09:03 -0300] "GET /2026/02/18/qumarn-psixoloji-aspektlri-pinco-casino-il-ozunuzu/ HTTP/1.1" 200 30755 "-" "Mozilla/5.0 (Windows NT 10.0; Win64; x64) AppleWebKit/537.36 (KHTML, like Gecko) Chrome/142.0.0.0 Safari/537.36"
152.136.234.143 - - [19/Mar/2026:12:09:07 -0300] "GET /wp-content/plugins/woocommerce/assets/js/jquery-blockui/jquery.blockUI.min.js?ver=2.7.0-wc.8.7.2 HTTP/1.1" 200 15334 "https://tarapaca.vsptdigital.cl/2026/02/18/qumarn-psixoloji-aspektlri-pinco-casino-il-ozunuzu/" "Mozilla/5.0 (Windows NT 10.0; Win64; x64) AppleWebKit/537.36 (KHTML, like Gecko) Chrome/142.0.0.0 Safari/537.36"
152.136.234.143 - - [19/Mar/2026:12:09:07 -0300] "GET /wp-content/plugins/contact-form-7/includes/swv/js/index.js?ver=5.9.3 HTTP/1.1" 200 17211 "https://tarapaca.vsptdigital.cl/2026/02/18/qumarn-psixoloji-aspektlri-pinco-casino-il-ozunuzu/" "Mozilla/5.0 (Windows NT 10.0; Win64; x64) AppleWebKit/537.36 (KHTML, like Gecko) Chrome/142.0.0.0 Safari/537.36"
152.136.234.143 - - [19/Mar/2026:12:09:08 -0300] "GET /wp-content/plugins/woocommerce/assets/js/frontend/add-to-cart.min.js?ver=8.7.2 HTTP/1.1" 200 8756 "https://tarapaca.vsptdigital.cl/2026/02/18/qumarn-psixoloji-aspektlri-pinco-casino-il-ozunuzu/" "Mozilla/5.0 (Windows NT 10.0; Win64; x64) AppleWebKit/537.36 (KHTML, like Gecko) Chrome/142.0.0.0 Safari/537.36"
152.136.234.143 - - [19/Mar/2026:12:09:08 -0300] "GET /wp-content/plugins/woocommerce/assets/js/js-cookie/js.cookie.min.js?ver=2.1.4-wc.8.7.2 HTTP/1.1" 200 7418 "https://tarapaca.vsptdigital.cl/2026/02/18/qumarn-psixoloji-aspektlri-pinco-casino-il-ozunuzu/" "Mozilla/5.0 (Windows NT 10.0; Win64; x64) AppleWebKit/537.36 (KHTML, like Gecko) Chrome/142.0.0.0 Safari/537.36"
152.136.234.143 - - [19/Mar/2026:12:09:06 -0300] "GET /wp-content/plugins/woocommerce/assets/css/woocommerce.css?ver=8.7.2 HTTP/1.1" 200 77339 "https://tarapaca.vsptdigital.cl/2026/02/18/qumarn-psixoloji-aspektlri-pinco-casino-il-ozunuzu/" "Mozilla/5.0 (Windows NT 10.0; Win64; x64) AppleWebKit/537.36 (KHTML, like Gecko) Chrome/142.0.0.0 Safari/537.36"
162.240.153.75 - - [19/Mar/2026:12:11:16 -0300] "POST /wp-cron.php?doing_wp_cron=1773933076.2567830085754394531250 HTTP/1.1" 200 - "-" "WordPress/6.9.4; https://tarapaca.vsptdigital.cl"
49.51.204.74 - - [19/Mar/2026:12:11:14 -0300] "GET /wp-json/oembed/1.0/embed?url=https%3A%2F%2Ftarapaca.vsptdigital.cl%2F2026%2F03%2F18%2Fzagadki-i-legendy-izvestnyh-kazino-mira%2F&format=xml HTTP/1.1" 200 3117 "-" "Mozilla/5.0 (iPhone; CPU iPhone OS 13_2_3 like Mac OS X) AppleWebKit/605.1.15 (KHTML, like Gecko) Version/13.0.3 Mobile/15E148 Safari/604.1"
162.240.153.75 - - [19/Mar/2026:12:12:48 -0300] "POST /wp-cron.php?doing_wp_cron=1773933168.1810650825500488281250 HTTP/1.1" 200 - "-" "WordPress/6.9.4; https://tarapaca.vsptdigital.cl"
130.51.20.151 - - [19/Mar/2026:12:12:46 -0300] "GET /2025/12/19/grasping-no-deposit-incentives-at-online-gambling-3/ HTTP/1.1" 200 32613 "-" "Mozilla/5.0 (Macintosh; Intel Mac OS X 12_5) AppleWebKit/537.36 (KHTML, like Gecko) Chrome/114.0.0.0 Safari/537.36"
162.240.153.75 - - [19/Mar/2026:12:14:02 -0300] "POST /wp-cron.php?doing_wp_cron=1773933242.4861240386962890625000 HTTP/1.1" 200 - "-" "WordPress/6.9.4; https://tarapaca.vsptdigital.cl"
23.158.233.122 - - [19/Mar/2026:12:14:01 -0300] "GET /2026/01/22/discover-the-thrills-of-wildwild-casino-sportsbook-3/ HTTP/1.1" 200 33481 "-" "Mozilla/5.0 (compatible; Googlebot/2.1; +http://www.google.com/bot.html)"
152.136.174.241 - - [19/Mar/2026:12:14:12 -0300] "GET /2026/02/10/the-role-of-technology-in-reshaping-gambling/ HTTP/1.1" 200 31127 "-" "Mozilla/5.0 (Windows NT 10.0; Win64; x64) AppleWebKit/537.36 (KHTML, like Gecko) Chrome/145.0.0.0 Safari/537.36"
152.136.174.241 - - [19/Mar/2026:12:14:15 -0300] "GET /wp-content/themes/hello-elementor/assets/js/hello-frontend.min.js?ver=1.0.0 HTTP/1.1" 200 7572 "https://tarapaca.vsptdigital.cl/2026/02/10/the-role-of-technology-in-reshaping-gambling/" "Mozilla/5.0 (Windows NT 10.0; Win64; x64) AppleWebKit/537.36 (KHTML, like Gecko) Chrome/145.0.0.0 Safari/537.36"
162.240.153.75 - - [19/Mar/2026:12:14:50 -0300] "POST /wp-cron.php?doing_wp_cron=1773933290.6595590114593505859375 HTTP/1.1" 200 - "-" "WordPress/6.9.4; https://tarapaca.vsptdigital.cl"
46.8.23.45 - - [19/Mar/2026:12:14:49 -0300] "GET /2026/01/15/discover-unique-living-spaces-with-ulu-homes/ HTTP/1.1" 200 31105 "-" "Mozilla/5.0 (Macintosh; Intel Mac OS X 12_5) AppleWebKit/537.36 (KHTML, like Gecko) Chrome/114.0.0.0 Safari/537.36"
116.11.94.168 - - [19/Mar/2026:12:14:54 -0300] "POST /wp-comments-post.php HTTP/1.1" 302 - "-" "Mozilla/5.0 (Windows NT 10.0; Win64; x64) AppleWebKit/537.36 (KHTML, like Gecko) Chrome/108.0.0.0 Safari/537.36 Edg/108.0.1462.46"
116.11.94.168 - - [19/Mar/2026:12:14:58 -0300] "GET /2025/12/18/up-x-onlajn-kazino-otzyvy-igrokov-3801-2/?unapproved=21603&moderation-hash=afb416a3290103fdeab7f9ab1f90d8ac HTTP/1.1" 200 41120 "-" "Mozilla/5.0 (Windows NT 10.0; Win64; x64) AppleWebKit/537.36 (KHTML, like Gecko) Chrome/108.0.0.0 Safari/537.36 Edg/108.0.1462.46"
162.240.153.75 - - [19/Mar/2026:12:18:10 -0300] "POST /wp-cron.php?doing_wp_cron=1773933490.3754780292510986328125 HTTP/1.1" 200 - "-" "WordPress/6.9.4; https://tarapaca.vsptdigital.cl"
3.92.189.146 - - [19/Mar/2026:12:18:09 -0300] "GET /_ignition/execute-solution HTTP/1.1" 404 22401 "-" "Mozilla/5.0 (Windows; U; Windows NT 6.0; en-US) AppleWebKit/528.16 (KHTML, like Gecko) Version/4.0 Safari/528.16"
162.240.153.75 - - [19/Mar/2026:12:19:46 -0300] "POST /wp-cron.php?doing_wp_cron=1773933586.9340960979461669921875 HTTP/1.1" 200 - "-" "WordPress/6.9.4; https://tarapaca.vsptdigital.cl"
89.38.224.229 - - [19/Mar/2026:12:19:45 -0300] "POST /xmlrpc.php HTTP/1.1" 200 416 "-" "Mozilla/5.0 (Windows NT 10.0; Win64; x64) AppleWebKit/537.36 (KHTML, like Gecko) Chrome/114.0.0.0 Safari/537.36"
89.38.224.229 - - [19/Mar/2026:12:19:53 -0300] "POST /xmlrpc.php HTTP/1.1" 200 416 "-" "Mozilla/5.0 (Windows NT 10.0; Win64; x64) AppleWebKit/537.36 (KHTML, like Gecko) Chrome/114.0.0.0 Safari/537.36"
162.240.153.75 - - [19/Mar/2026:12:21:19 -0300] "POST /wp-cron.php?doing_wp_cron=1773933679.7405669689178466796875 HTTP/1.1" 200 - "-" "WordPress/6.9.4; https://tarapaca.vsptdigital.cl"
109.248.142.162 - - [19/Mar/2026:12:21:18 -0300] "GET /2025/10/16/discover-the-exciting-world-of-1xbet-online-casino-3/ HTTP/1.1" 200 32359 "-" "Mozilla/5.0 (Macintosh; Intel Mac OS X 12_5) AppleWebKit/537.36 (KHTML, like Gecko) Chrome/114.0.0.0 Safari/537.36"
162.240.153.75 - - [19/Mar/2026:12:25:04 -0300] "POST /wp-cron.php?doing_wp_cron=1773933904.7214510440826416015625 HTTP/1.1" 200 - "-" "WordPress/6.9.4; https://tarapaca.vsptdigital.cl"
109.248.142.162 - - [19/Mar/2026:12:25:03 -0300] "GET /2025/10/16/discover-the-exciting-world-of-1xbet-online-casino-3/ HTTP/1.1" 200 32359 "-" "Mozilla/5.0 (Macintosh; Intel Mac OS X 12_5) AppleWebKit/537.36 (KHTML, like Gecko) Chrome/114.0.0.0 Safari/537.36"
162.240.153.75 - - [19/Mar/2026:12:26:51 -0300] "POST /wp-cron.php?doing_wp_cron=1773934011.7255098819732666015625 HTTP/1.1" 200 - "-" "WordPress/6.9.4; https://tarapaca.vsptdigital.cl"
130.51.20.151 - - [19/Mar/2026:12:26:50 -0300] "GET /2026/01/26/download-1xbet-app-for-a-superior-betting/ HTTP/1.1" 200 31411 "https://tarapaca.vsptdigital.cl/" "Mozilla/5.0 (X11; Linux x86_64) AppleWebKit/537.36 (KHTML, like Gecko) Chrome/114.0.0.0 Safari/537.36 OPR/89.0.4447.51"
130.51.20.151 - - [19/Mar/2026:12:26:52 -0300] "POST /wp-comments-post.php HTTP/1.1" 302 - "https://tarapaca.vsptdigital.cl/2026/01/26/download-1xbet-app-for-a-superior-betting/" "Mozilla/5.0 (X11; Linux x86_64) AppleWebKit/537.36 (KHTML, like Gecko) Chrome/114.0.0.0 Safari/537.36 OPR/89.0.4447.51"
130.51.20.151 - - [19/Mar/2026:12:26:53 -0300] "GET /2026/01/26/download-1xbet-app-for-a-superior-betting/?unapproved=21604&moderation-hash=788b295a4a7f05135aea6a6ac642db59 HTTP/1.1" 200 33037 "https://tarapaca.vsptdigital.cl/wp-comments-post.php" "Mozilla/5.0 (X11; Linux x86_64) AppleWebKit/537.36 (KHTML, like Gecko) Chrome/114.0.0.0 Safari/537.36 OPR/89.0.4447.51"
130.51.20.151 - - [19/Mar/2026:12:26:53 -0300] "GET /2026/01/26/download-1xbet-app-for-a-superior-betting/ HTTP/1.1" 200 31411 "-" "Mozilla/5.0 (X11; Linux x86_64) AppleWebKit/537.36 (KHTML, like Gecko) Chrome/114.0.0.0 Safari/537.36 OPR/89.0.4447.51"
162.240.153.75 - - [19/Mar/2026:12:27:42 -0300] "POST /wp-cron.php?doing_wp_cron=1773934062.9066159725189208984375 HTTP/1.1" 200 - "-" "WordPress/6.9.4; https://tarapaca.vsptdigital.cl"
130.51.20.151 - - [19/Mar/2026:12:27:41 -0300] "GET /2026/01/26/download-1xbet-app-for-a-superior-betting/ HTTP/1.1" 200 31411 "-" "Mozilla/5.0 (Macintosh; Intel Mac OS X 12_5) AppleWebKit/537.36 (KHTML, like Gecko) Chrome/114.0.0.0 Safari/537.36"
171.234.8.189 - - [19/Mar/2026:12:27:52 -0300] "GET /2026/01/06/mastering-bonuses-a-comprehensive-guide-on-how-to/ HTTP/1.1" 200 32880 "https://tarapaca.vsptdigital.cl/" "Mozilla/5.0 (Windows NT 10.0) AppleWebKit/537.36 (KHTML, like Gecko) Chrome/114.0.0.0 Safari/537.36"
171.234.8.189 - - [19/Mar/2026:12:28:01 -0300] "GET /wp-includes/css/dist/block-library/style.min.css?ver=6.9.4 HTTP/1.1" 200 119358 "https://tarapaca.vsptdigital.cl/2026/01/06/mastering-bonuses-a-comprehensive-guide-on-how-to/" "Mozilla/5.0 (Windows NT 10.0; Win64; x64) AppleWebKit/537.36 (KHTML, like Gecko) Chrome/143.0.0.0 Safari/537.36"
171.234.8.189 - - [19/Mar/2026:12:28:05 -0300] "GET /wp-content/plugins/contact-form-7/includes/css/styles.css?ver=5.9.3 HTTP/1.1" 200 2894 "https://tarapaca.vsptdigital.cl/2026/01/06/mastering-bonuses-a-comprehensive-guide-on-how-to/" "Mozilla/5.0 (Windows NT 10.0; Win64; x64) AppleWebKit/537.36 (KHTML, like Gecko) Chrome/143.0.0.0 Safari/537.36"
171.234.8.189 - - [19/Mar/2026:12:28:05 -0300] "GET /wp-content/plugins/woocommerce/assets/css/woocommerce-layout.css?ver=8.7.2 HTTP/1.1" 200 17688 "https://tarapaca.vsptdigital.cl/2026/01/06/mastering-bonuses-a-comprehensive-guide-on-how-to/" "Mozilla/5.0 (Windows NT 10.0; Win64; x64) AppleWebKit/537.36 (KHTML, like Gecko) Chrome/143.0.0.0 Safari/537.36"
171.234.8.189 - - [19/Mar/2026:12:28:22 -0300] "GET /wp-content/plugins/woocommerce/assets/css/woocommerce.css?ver=8.7.2 HTTP/1.1" 200 77339 "https://tarapaca.vsptdigital.cl/2026/01/06/mastering-bonuses-a-comprehensive-guide-on-how-to/" "Mozilla/5.0 (Windows NT 10.0; Win64; x64) AppleWebKit/537.36 (KHTML, like Gecko) Chrome/143.0.0.0 Safari/537.36"
171.234.8.189 - - [19/Mar/2026:12:28:44 -0300] "GET /wp-content/themes/hello-elementor/theme.min.css?ver=2.9.0 HTTP/1.1" 200 12439 "https://tarapaca.vsptdigital.cl/2026/01/06/mastering-bonuses-a-comprehensive-guide-on-how-to/" "Mozilla/5.0 (Windows NT 10.0; Win64; x64) AppleWebKit/537.36 (KHTML, like Gecko) Chrome/143.0.0.0 Safari/537.36"
171.234.8.189 - - [19/Mar/2026:12:28:52 -0300] "GET /wp-content/plugins/elementor/assets/css/frontend-lite.min.css?ver=3.20.3 HTTP/1.1" 200 118630 "https://tarapaca.vsptdigital.cl/2026/01/06/mastering-bonuses-a-comprehensive-guide-on-how-to/" "Mozilla/5.0 (Windows NT 10.0; Win64; x64) AppleWebKit/537.36 (KHTML, like Gecko) Chrome/143.0.0.0 Safari/537.36"
171.234.8.189 - - [19/Mar/2026:12:29:13 -0300] "GET /wp-content/uploads/elementor/css/post-5.css?ver=1705946908 HTTP/1.1" 200 1169 "https://tarapaca.vsptdigital.cl/2026/01/06/mastering-bonuses-a-comprehensive-guide-on-how-to/" "Mozilla/5.0 (Windows NT 10.0; Win64; x64) AppleWebKit/537.36 (KHTML, like Gecko) Chrome/143.0.0.0 Safari/537.36"
171.234.8.189 - - [19/Mar/2026:12:29:17 -0300] "GET /wp-content/plugins/winwheel4wp/assets/winwheel4wp.css?ver=1669909447 HTTP/1.1" 200 4354 "https://tarapaca.vsptdigital.cl/2026/01/06/mastering-bonuses-a-comprehensive-guide-on-how-to/" "Mozilla/5.0 (Windows NT 10.0; Win64; x64) AppleWebKit/537.36 (KHTML, like Gecko) Chrome/143.0.0.0 Safari/537.36"
162.240.153.75 - - [19/Mar/2026:12:29:20 -0300] "POST /wp-cron.php?doing_wp_cron=1773934160.1036388874053955078125 HTTP/1.1" 200 - "-" "WordPress/6.9.4; https://tarapaca.vsptdigital.cl"
171.234.8.189 - - [19/Mar/2026:12:29:18 -0300] "POST /wp-comments-post.php HTTP/1.1" 302 - "https://tarapaca.vsptdigital.cl/2026/01/06/mastering-bonuses-a-comprehensive-guide-on-how-to/" "Mozilla/5.0 (Windows NT 10.0) AppleWebKit/537.36 (KHTML, like Gecko) Chrome/114.0.0.0 Safari/537.36"
171.234.8.189 - - [19/Mar/2026:12:29:21 -0300] "GET /2026/01/06/mastering-bonuses-a-comprehensive-guide-on-how-to/?unapproved=21605&moderation-hash=34d42a5a87576643b103c62b0fd5790b HTTP/1.1" 200 66727 "https://tarapaca.vsptdigital.cl/wp-comments-post.php" "Mozilla/5.0 (Windows NT 10.0) AppleWebKit/537.36 (KHTML, like Gecko) Chrome/114.0.0.0 Safari/537.36"
171.234.8.189 - - [19/Mar/2026:12:29:24 -0300] "GET /2026/01/06/mastering-bonuses-a-comprehensive-guide-on-how-to/ HTTP/1.1" 200 32880 "-" "Mozilla/5.0 (Windows NT 10.0) AppleWebKit/537.36 (KHTML, like Gecko) Chrome/114.0.0.0 Safari/537.36"
162.240.153.75 - - [19/Mar/2026:12:30:40 -0300] "POST /wp-cron.php?doing_wp_cron=1773934240.2852931022644042968750 HTTP/1.1" 200 - "-" "WordPress/6.9.4; https://tarapaca.vsptdigital.cl"
107.152.32.177 - - [19/Mar/2026:12:30:39 -0300] "GET /2026/01/09/exploring-online-casinos-not-registered-with-4/ HTTP/1.1" 200 32380 "https://tarapaca.vsptdigital.cl/" "Mozilla/5.0 (Macintosh; Intel Mac OS X 12_5) AppleWebKit/537.36 (KHTML, like Gecko) Chrome/114.0.0.0 Safari/537.36 Vivaldi/5.3.2679.68"
107.152.32.177 - - [19/Mar/2026:12:30:43 -0300] "POST /wp-comments-post.php HTTP/1.1" 302 - "https://tarapaca.vsptdigital.cl/2026/01/09/exploring-online-casinos-not-registered-with-4/" "Mozilla/5.0 (Macintosh; Intel Mac OS X 12_5) AppleWebKit/537.36 (KHTML, like Gecko) Chrome/114.0.0.0 Safari/537.36 Vivaldi/5.3.2679.68"
107.152.32.177 - - [19/Mar/2026:12:30:44 -0300] "GET /2026/01/09/exploring-online-casinos-not-registered-with-4/?unapproved=21606&moderation-hash=7a854db5c82a0fd5e9c94d1d74e32634 HTTP/1.1" 200 34029 "https://tarapaca.vsptdigital.cl/wp-comments-post.php" "Mozilla/5.0 (Macintosh; Intel Mac OS X 12_5) AppleWebKit/537.36 (KHTML, like Gecko) Chrome/114.0.0.0 Safari/537.36 Vivaldi/5.3.2679.68"
107.152.32.177 - - [19/Mar/2026:12:30:46 -0300] "GET /2026/01/09/exploring-online-casinos-not-registered-with-4/ HTTP/1.1" 200 32380 "-" "Mozilla/5.0 (Macintosh; Intel Mac OS X 12_5) AppleWebKit/537.36 (KHTML, like Gecko) Chrome/114.0.0.0 Safari/537.36 Vivaldi/5.3.2679.68"
162.240.153.75 - - [19/Mar/2026:12:32:07 -0300] "POST /wp-cron.php?doing_wp_cron=1773934327.3572189807891845703125 HTTP/1.1" 200 - "-" "WordPress/6.9.4; https://tarapaca.vsptdigital.cl"
106.215.197.109 - - [19/Mar/2026:12:32:06 -0300] "GET /2026/01/20/pochemu-strimery-vybirajut-dragon-money-2/ HTTP/1.1" 200 36401 "-" "Mozilla/5.0 (Macintosh; Intel Mac OS X 12_5) AppleWebKit/537.36 (KHTML, like Gecko) Chrome/114.0.0.0 Safari/537.36"
162.240.153.75 - - [19/Mar/2026:12:32:22 -0300] "POST /wp-cron.php?doing_wp_cron=1773934342.9730188846588134765625 HTTP/1.1" 200 - "-" "WordPress/6.9.4; https://tarapaca.vsptdigital.cl"
172.86.66.156 - - [19/Mar/2026:12:32:22 -0300] "GET /2025/10/13/discover-casino-sites-not-on-gamstop-758185907/ HTTP/1.1" 200 32542 "-" "Mozilla/5.0 (Macintosh; Intel Mac OS X 12_5) AppleWebKit/537.36 (KHTML, like Gecko) Chrome/114.0.0.0 Safari/537.36"
162.240.153.75 - - [19/Mar/2026:12:33:22 -0300] "POST /wp-cron.php?doing_wp_cron=1773934402.3593130111694335937500 HTTP/1.1" 200 - "-" "WordPress/6.9.4; https://tarapaca.vsptdigital.cl"
5.196.78.175 - - [19/Mar/2026:12:33:21 -0300] "GET /2026/01/15/exploring-sportsbooks-not-on-gamstop-options-for/ HTTP/1.1" 200 33315 "https://tarapaca.vsptdigital.cl/" "Mozilla/5.0 (Windows NT 10.0; Win64; x64) AppleWebKit/537.36 (KHTML, like Gecko) Chrome/114.0.0.0 YaBrowser/22.7.0 Yowser/2.5 Safari/537.36"
162.240.153.75 - - [19/Mar/2026:12:33:28 -0300] "POST /wp-cron.php?doing_wp_cron=1773934408.8177061080932617187500 HTTP/1.1" 200 - "-" "WordPress/6.9.4; https://tarapaca.vsptdigital.cl"
5.196.78.175 - - [19/Mar/2026:12:33:28 -0300] "GET /wp-admin/admin-ajax.php HTTP/1.1" 400 1 "https://tarapaca.vsptdigital.cl/2026/01/15/exploring-sportsbooks-not-on-gamstop-options-for/" "Mozilla/5.0 (Windows NT 6.3; Win64; x64) AppleWebKit/537.36 (KHTML, like Gecko) Chrome/103.0.0.0 Safari/537.36"
5.196.78.175 - - [19/Mar/2026:12:33:29 -0300] "GET /wp-admin/admin-ajax.php?action=register HTTP/1.1" 400 1 "https://tarapaca.vsptdigital.cl/wp-admin/admin-ajax.php" "Mozilla/5.0 (Windows NT 6.3; Win64; x64) AppleWebKit/537.36 (KHTML, like Gecko) Chrome/103.0.0.0 Safari/537.36"
5.196.78.175 - - [19/Mar/2026:12:33:30 -0300] "GET /2026/01/15/exploring-sportsbooks-not-on-gamstop-options-for/ HTTP/1.1" 200 33315 "https://tarapaca.vsptdigital.cl/2026/01/15/exploring-sportsbooks-not-on-gamstop-options-for/" "Mozilla/5.0 (Windows NT 6.3; Win64; x64) AppleWebKit/537.36 (KHTML, like Gecko) Chrome/103.0.0.0 Safari/537.36"
5.196.78.175 - - [19/Mar/2026:12:33:32 -0300] "POST /wp-comments-post.php HTTP/1.1" 302 - "https://tarapaca.vsptdigital.cl/2026/01/15/exploring-sportsbooks-not-on-gamstop-options-for/" "Mozilla/5.0 (Windows NT 6.3; Win64; x64) AppleWebKit/537.36 (KHTML, like Gecko) Chrome/103.0.0.0 Safari/537.36"
5.196.78.175 - - [19/Mar/2026:12:33:33 -0300] "GET /2026/01/15/exploring-sportsbooks-not-on-gamstop-options-for/?unapproved=21607&moderation-hash=164a4adb065db36b7a7c8daefdf805cf HTTP/1.1" 200 34908 "https://tarapaca.vsptdigital.cl/wp-comments-post.php" "Mozilla/5.0 (Windows NT 6.3; Win64; x64) AppleWebKit/537.36 (KHTML, like Gecko) Chrome/103.0.0.0 Safari/537.36"
5.196.78.175 - - [19/Mar/2026:12:33:34 -0300] "GET /2026/01/15/exploring-sportsbooks-not-on-gamstop-options-for/ HTTP/1.1" 200 33315 "-" "Mozilla/5.0 (Windows NT 6.3; Win64; x64) AppleWebKit/537.36 (KHTML, like Gecko) Chrome/103.0.0.0 Safari/537.36"
162.240.153.75 - - [19/Mar/2026:12:34:21 -0300] "POST /wp-cron.php?doing_wp_cron=1773934461.9675290584564208984375 HTTP/1.1" 200 - "-" "WordPress/6.9.4; https://tarapaca.vsptdigital.cl"
171.234.8.189 - - [19/Mar/2026:12:34:20 -0300] "GET /2026/01/06/mastering-bonuses-a-comprehensive-guide-on-how-to/ HTTP/1.1" 200 32880 "-" "Mozilla/5.0 (Macintosh; Intel Mac OS X 12_5) AppleWebKit/537.36 (KHTML, like Gecko) Chrome/114.0.0.0 Safari/537.36"
162.240.153.75 - - [19/Mar/2026:12:37:24 -0300] "POST /wp-cron.php?doing_wp_cron=1773934644.3861720561981201171875 HTTP/1.1" 200 - "-" "WordPress/6.9.4; https://tarapaca.vsptdigital.cl"
107.152.32.177 - - [19/Mar/2026:12:37:23 -0300] "GET /2026/01/09/exploring-online-casinos-not-registered-with-4/ HTTP/1.1" 200 32380 "-" "Mozilla/5.0 (Macintosh; Intel Mac OS X 12_5) AppleWebKit/537.36 (KHTML, like Gecko) Chrome/114.0.0.0 Safari/537.36"
5.196.78.175 - - [19/Mar/2026:12:38:08 -0300] "GET /2026/01/15/exploring-sportsbooks-not-on-gamstop-options-for/ HTTP/1.1" 200 33315 "-" "Mozilla/5.0 (Macintosh; Intel Mac OS X 12_5) AppleWebKit/537.36 (KHTML, like Gecko) Chrome/114.0.0.0 Safari/537.36"
162.240.153.75 - - [19/Mar/2026:12:38:28 -0300] "POST /wp-cron.php?doing_wp_cron=1773934708.2100460529327392578125 HTTP/1.1" 200 - "-" "WordPress/6.9.4; https://tarapaca.vsptdigital.cl"
96.9.213.132 - - [19/Mar/2026:12:38:27 -0300] "GET /2025/11/03/aha-gesichtspeeling-von-dm-die-revolutionare/ HTTP/1.1" 200 31650 "-" "Mozilla/5.0 (Macintosh; Intel Mac OS X 12_5) AppleWebKit/537.36 (KHTML, like Gecko) Chrome/114.0.0.0 Safari/537.36"
135.181.180.59 - - [19/Mar/2026:12:39:36 -0300] "GET /robots.txt HTTP/1.1" 200 1916 "-" "Mozilla/5.0 (compatible; MJ12bot/v1.4.8; http://mj12bot.com/)"
162.240.153.75 - - [19/Mar/2026:12:41:21 -0300] "POST /wp-cron.php?doing_wp_cron=1773934881.9080049991607666015625 HTTP/1.1" 200 - "-" "WordPress/6.9.4; https://tarapaca.vsptdigital.cl"
3.235.215.92 - - [19/Mar/2026:12:41:20 -0300] "GET /2026/03/16/zakonodatelnye-aspekty-azartnyh-igr-v-pinco-chto/ HTTP/1.1" 200 33256 "-" "Mozilla/5.0 AppleWebKit/537.36 (KHTML, like Gecko; compatible; Amazonbot/0.1; +https://developer.amazon.com/support/amazonbot) Chrome/119.0.6045.214 Safari/537.36"
3.221.156.96 - - [19/Mar/2026:12:41:26 -0300] "GET /2026/03/16/zakonodatelnye-aspekty-azartnyh-igr-v-pinco-chto/%3Cdiv%20class=%22video-container%22%3E%3Ciframe%20src=%22https:/cdn.pixabay.com/video/2021/10/11/91679-629172633_medium.mp4%22%20frameborder=%220%22%20allowfullscreen%3E%3C/iframe%3E%3C/div%3E HTTP/1.1" 404 22401 "-" "Mozilla/5.0 AppleWebKit/537.36 (KHTML, like Gecko; compatible; Amazonbot/0.1; +https://developer.amazon.com/support/amazonbot) Chrome/119.0.6045.214 Safari/537.36"
162.240.153.75 - - [19/Mar/2026:12:45:42 -0300] "POST /wp-cron.php?doing_wp_cron=1773935142.9722540378570556640625 HTTP/1.1" 200 - "-" "WordPress/6.9.4; https://tarapaca.vsptdigital.cl"
49.232.159.114 - - [19/Mar/2026:12:45:41 -0300] "GET /2026/02/01/1-ought-i-score-free-spins-without-put-needed-in-the-fresh-new-united-kingdom/ HTTP/1.1" 200 28926 "-" "Mozilla/5.0 (Windows NT 10.0; Win64; x64) AppleWebKit/537.36 (KHTML, like Gecko) Chrome/144.0.0.0 Safari/537.36"
49.232.159.114 - - [19/Mar/2026:12:45:43 -0300] "GET /wp-content/plugins/winwheel4wp/assets/winwheel4wp.js?ver=1669909447 HTTP/1.1" 200 11867 "https://tarapaca.vsptdigital.cl/2026/02/01/1-ought-i-score-free-spins-without-put-needed-in-the-fresh-new-united-kingdom/" "Mozilla/5.0 (Windows NT 10.0; Win64; x64) AppleWebKit/537.36 (KHTML, like Gecko) Chrome/144.0.0.0 Safari/537.36"
49.232.159.114 - - [19/Mar/2026:12:45:44 -0300] "GET /wp-content/plugins/winwheel4wp/assets/winwheel4wp.css?ver=1669909447 HTTP/1.1" 200 4354 "https://tarapaca.vsptdigital.cl/2026/02/01/1-ought-i-score-free-spins-without-put-needed-in-the-fresh-new-united-kingdom/" "Mozilla/5.0 (Windows NT 10.0; Win64; x64) AppleWebKit/537.36 (KHTML, like Gecko) Chrome/144.0.0.0 Safari/537.36"
49.232.159.114 - - [19/Mar/2026:12:45:44 -0300] "GET /wp-content/plugins/woocommerce/assets/js/frontend/order-attribution.min.js?ver=8.7.2 HTTP/1.1" 200 7207 "https://tarapaca.vsptdigital.cl/2026/02/01/1-ought-i-score-free-spins-without-put-needed-in-the-fresh-new-united-kingdom/" "Mozilla/5.0 (Windows NT 10.0; Win64; x64) AppleWebKit/537.36 (KHTML, like Gecko) Chrome/144.0.0.0 Safari/537.36"
