File: /home/vspt/access-logs/tarapaca.vsptdigital.cl-ssl_log
162.240.153.75 - - [19/Mar/2026:09:16:17 -0300] "POST /wp-cron.php?doing_wp_cron=1773922577.8355000019073486328125 HTTP/1.1" 200 - "-" "WordPress/6.9.4; https://tarapaca.vsptdigital.cl"
57.141.6.46 - - [19/Mar/2026:09:16:16 -0300] "GET /wp-json/oembed/1.0/embed?url=https%3A%2F%2Ftarapaca.vsptdigital.cl%2F2026%2F03%2F18%2Festrategias-efectivas-para-ganar-en-el-juego%2F HTTP/1.1" 200 2429 "-" "meta-externalagent/1.1 (+https://developers.facebook.com/docs/sharing/webmasters/crawler)"
162.240.153.75 - - [19/Mar/2026:09:17:10 -0300] "POST /wp-cron.php?doing_wp_cron=1773922630.2290420532226562500000 HTTP/1.1" 200 - "-" "WordPress/6.9.4; https://tarapaca.vsptdigital.cl"
98.98.21.215 - - [19/Mar/2026:09:17:08 -0300] "POST /xmlrpc.php HTTP/1.1" 200 416 "-" "Mozilla/5.0 (Windows NT 10.0; Win64; x64) AppleWebKit/537.36 (KHTML, like Gecko) Chrome/114.0.0.0 Safari/537.36"
98.98.21.215 - - [19/Mar/2026:09:17:10 -0300] "POST /xmlrpc.php HTTP/1.1" 200 416 "-" "Mozilla/5.0 (Windows NT 10.0; Win64; x64) AppleWebKit/537.36 (KHTML, like Gecko) Chrome/114.0.0.0 Safari/537.36"
162.240.153.75 - - [19/Mar/2026:09:18:57 -0300] "POST /wp-cron.php?doing_wp_cron=1773922737.7725059986114501953125 HTTP/1.1" 200 - "-" "WordPress/6.9.4; https://tarapaca.vsptdigital.cl"
130.51.23.22 - - [19/Mar/2026:09:18:56 -0300] "GET /2025/09/23/como-apostar-en-el-apueston/ HTTP/1.1" 200 31629 "https://tarapaca.vsptdigital.cl/" "Mozilla/5.0 (Macintosh; Intel Mac OS X 12_5) AppleWebKit/537.36 (KHTML, like Gecko) Chrome/114.0.0.0 Safari/537.36"
160.250.186.93 - - [19/Mar/2026:09:18:58 -0300] "GET /2025/11/26/online-casino-free-bonuses-uncovering-the-21/ HTTP/1.1" 200 33558 "https://tarapaca.vsptdigital.cl/" "Mozilla/5.0 (Macintosh; Intel Mac OS X 12_5) AppleWebKit/537.36 (KHTML, like Gecko) Chrome/114.0.0.0 Safari/537.36 OPR/89.0.4447.51"
160.250.186.93 - - [19/Mar/2026:09:18:59 -0300] "GET /wp-includes/css/dist/block-library/style.min.css?ver=6.9.4 HTTP/1.1" 200 119358 "https://tarapaca.vsptdigital.cl/2025/11/26/online-casino-free-bonuses-uncovering-the-21/" "Mozilla/5.0 (Windows NT 10.0; Win64; x64) AppleWebKit/537.36 (KHTML, like Gecko) Chrome/143.0.0.0 Safari/537.36"
160.250.186.93 - - [19/Mar/2026:09:19:01 -0300] "GET /wp-content/plugins/contact-form-7/includes/css/styles.css?ver=5.9.3 HTTP/1.1" 200 2894 "https://tarapaca.vsptdigital.cl/2025/11/26/online-casino-free-bonuses-uncovering-the-21/" "Mozilla/5.0 (Windows NT 10.0; Win64; x64) AppleWebKit/537.36 (KHTML, like Gecko) Chrome/143.0.0.0 Safari/537.36"
130.51.23.22 - - [19/Mar/2026:09:19:01 -0300] "GET /wp-includes/css/dist/block-library/style.min.css?ver=6.9.4 HTTP/1.1" 200 119358 "https://tarapaca.vsptdigital.cl/2025/09/23/como-apostar-en-el-apueston/" "Mozilla/5.0 (Windows NT 10.0; Win64; x64) AppleWebKit/537.36 (KHTML, like Gecko) Chrome/143.0.0.0 Safari/537.36"
160.250.186.93 - - [19/Mar/2026:09:19:01 -0300] "GET /wp-content/plugins/woocommerce/assets/css/woocommerce-layout.css?ver=8.7.2 HTTP/1.1" 200 17688 "https://tarapaca.vsptdigital.cl/2025/11/26/online-casino-free-bonuses-uncovering-the-21/" "Mozilla/5.0 (Windows NT 10.0; Win64; x64) AppleWebKit/537.36 (KHTML, like Gecko) Chrome/143.0.0.0 Safari/537.36"
160.250.186.93 - - [19/Mar/2026:09:19:02 -0300] "GET /wp-content/plugins/woocommerce/assets/css/woocommerce-smallscreen.css?ver=8.7.2 HTTP/1.1" 200 7043 "https://tarapaca.vsptdigital.cl/2025/11/26/online-casino-free-bonuses-uncovering-the-21/" "Mozilla/5.0 (Windows NT 10.0; Win64; x64) AppleWebKit/537.36 (KHTML, like Gecko) Chrome/143.0.0.0 Safari/537.36"
130.51.23.22 - - [19/Mar/2026:09:19:03 -0300] "GET /wp-content/plugins/contact-form-7/includes/css/styles.css?ver=5.9.3 HTTP/1.1" 200 2894 "https://tarapaca.vsptdigital.cl/2025/09/23/como-apostar-en-el-apueston/" "Mozilla/5.0 (Windows NT 10.0; Win64; x64) AppleWebKit/537.36 (KHTML, like Gecko) Chrome/143.0.0.0 Safari/537.36"
160.250.186.93 - - [19/Mar/2026:09:19:03 -0300] "GET /wp-content/plugins/woocommerce/assets/css/woocommerce.css?ver=8.7.2 HTTP/1.1" 200 77339 "https://tarapaca.vsptdigital.cl/2025/11/26/online-casino-free-bonuses-uncovering-the-21/" "Mozilla/5.0 (Windows NT 10.0; Win64; x64) AppleWebKit/537.36 (KHTML, like Gecko) Chrome/143.0.0.0 Safari/537.36"
130.51.23.22 - - [19/Mar/2026:09:19:03 -0300] "GET /wp-content/plugins/woocommerce/assets/css/woocommerce-layout.css?ver=8.7.2 HTTP/1.1" 200 17688 "https://tarapaca.vsptdigital.cl/2025/09/23/como-apostar-en-el-apueston/" "Mozilla/5.0 (Windows NT 10.0; Win64; x64) AppleWebKit/537.36 (KHTML, like Gecko) Chrome/143.0.0.0 Safari/537.36"
160.250.186.93 - - [19/Mar/2026:09:19:04 -0300] "GET /wp-content/themes/hello-elementor/style.min.css?ver=2.9.0 HTTP/1.1" 200 5756 "https://tarapaca.vsptdigital.cl/2025/11/26/online-casino-free-bonuses-uncovering-the-21/" "Mozilla/5.0 (Windows NT 10.0; Win64; x64) AppleWebKit/537.36 (KHTML, like Gecko) Chrome/143.0.0.0 Safari/537.36"
130.51.23.22 - - [19/Mar/2026:09:19:04 -0300] "GET /wp-content/plugins/woocommerce/assets/css/woocommerce-smallscreen.css?ver=8.7.2 HTTP/1.1" 200 7043 "https://tarapaca.vsptdigital.cl/2025/09/23/como-apostar-en-el-apueston/" "Mozilla/5.0 (Windows NT 10.0; Win64; x64) AppleWebKit/537.36 (KHTML, like Gecko) Chrome/143.0.0.0 Safari/537.36"
130.51.23.22 - - [19/Mar/2026:09:19:04 -0300] "GET /wp-content/plugins/woocommerce/assets/css/woocommerce.css?ver=8.7.2 HTTP/1.1" 200 77339 "https://tarapaca.vsptdigital.cl/2025/09/23/como-apostar-en-el-apueston/" "Mozilla/5.0 (Windows NT 10.0; Win64; x64) AppleWebKit/537.36 (KHTML, like Gecko) Chrome/143.0.0.0 Safari/537.36"
160.250.186.93 - - [19/Mar/2026:09:19:05 -0300] "GET /wp-content/themes/hello-elementor/theme.min.css?ver=2.9.0 HTTP/1.1" 200 12439 "https://tarapaca.vsptdigital.cl/2025/11/26/online-casino-free-bonuses-uncovering-the-21/" "Mozilla/5.0 (Windows NT 10.0; Win64; x64) AppleWebKit/537.36 (KHTML, like Gecko) Chrome/143.0.0.0 Safari/537.36"
130.51.23.22 - - [19/Mar/2026:09:19:06 -0300] "GET /wp-content/themes/hello-elementor/style.min.css?ver=2.9.0 HTTP/1.1" 200 5756 "https://tarapaca.vsptdigital.cl/2025/09/23/como-apostar-en-el-apueston/" "Mozilla/5.0 (Windows NT 10.0; Win64; x64) AppleWebKit/537.36 (KHTML, like Gecko) Chrome/143.0.0.0 Safari/537.36"
130.51.23.22 - - [19/Mar/2026:09:19:06 -0300] "GET /wp-content/themes/hello-elementor/theme.min.css?ver=2.9.0 HTTP/1.1" 200 12439 "https://tarapaca.vsptdigital.cl/2025/09/23/como-apostar-en-el-apueston/" "Mozilla/5.0 (Windows NT 10.0; Win64; x64) AppleWebKit/537.36 (KHTML, like Gecko) Chrome/143.0.0.0 Safari/537.36"
160.250.186.93 - - [19/Mar/2026:09:19:06 -0300] "GET /wp-content/plugins/elementor/assets/css/frontend-lite.min.css?ver=3.20.3 HTTP/1.1" 200 118630 "https://tarapaca.vsptdigital.cl/2025/11/26/online-casino-free-bonuses-uncovering-the-21/" "Mozilla/5.0 (Windows NT 10.0; Win64; x64) AppleWebKit/537.36 (KHTML, like Gecko) Chrome/143.0.0.0 Safari/537.36"
130.51.23.22 - - [19/Mar/2026:09:19:07 -0300] "GET /wp-content/plugins/elementor/assets/css/frontend-lite.min.css?ver=3.20.3 HTTP/1.1" 200 118630 "https://tarapaca.vsptdigital.cl/2025/09/23/como-apostar-en-el-apueston/" "Mozilla/5.0 (Windows NT 10.0; Win64; x64) AppleWebKit/537.36 (KHTML, like Gecko) Chrome/143.0.0.0 Safari/537.36"
160.250.186.93 - - [19/Mar/2026:09:19:07 -0300] "GET /wp-content/uploads/elementor/css/post-5.css?ver=1705946908 HTTP/1.1" 200 1169 "https://tarapaca.vsptdigital.cl/2025/11/26/online-casino-free-bonuses-uncovering-the-21/" "Mozilla/5.0 (Windows NT 10.0; Win64; x64) AppleWebKit/537.36 (KHTML, like Gecko) Chrome/143.0.0.0 Safari/537.36"
160.250.186.93 - - [19/Mar/2026:09:19:08 -0300] "GET /wp-content/plugins/winwheel4wp/assets/winwheel4wp.css?ver=1669909447 HTTP/1.1" 200 4354 "https://tarapaca.vsptdigital.cl/2025/11/26/online-casino-free-bonuses-uncovering-the-21/" "Mozilla/5.0 (Windows NT 10.0; Win64; x64) AppleWebKit/537.36 (KHTML, like Gecko) Chrome/143.0.0.0 Safari/537.36"
130.51.23.22 - - [19/Mar/2026:09:19:09 -0300] "GET /wp-content/uploads/elementor/css/post-5.css?ver=1705946908 HTTP/1.1" 200 1169 "https://tarapaca.vsptdigital.cl/2025/09/23/como-apostar-en-el-apueston/" "Mozilla/5.0 (Windows NT 10.0; Win64; x64) AppleWebKit/537.36 (KHTML, like Gecko) Chrome/143.0.0.0 Safari/537.36"
130.51.23.22 - - [19/Mar/2026:09:19:09 -0300] "GET /wp-content/plugins/winwheel4wp/assets/winwheel4wp.css?ver=1669909447 HTTP/1.1" 200 4354 "https://tarapaca.vsptdigital.cl/2025/09/23/como-apostar-en-el-apueston/" "Mozilla/5.0 (Windows NT 10.0; Win64; x64) AppleWebKit/537.36 (KHTML, like Gecko) Chrome/143.0.0.0 Safari/537.36"
160.250.186.93 - - [19/Mar/2026:09:19:09 -0300] "POST /wp-comments-post.php HTTP/1.1" 302 - "https://tarapaca.vsptdigital.cl/2025/11/26/online-casino-free-bonuses-uncovering-the-21/" "Mozilla/5.0 (Macintosh; Intel Mac OS X 12_5) AppleWebKit/537.36 (KHTML, like Gecko) Chrome/114.0.0.0 Safari/537.36 OPR/89.0.4447.51"
130.51.23.22 - - [19/Mar/2026:09:19:09 -0300] "POST /wp-comments-post.php HTTP/1.1" 302 - "https://tarapaca.vsptdigital.cl/2025/09/23/como-apostar-en-el-apueston/" "Mozilla/5.0 (Macintosh; Intel Mac OS X 12_5) AppleWebKit/537.36 (KHTML, like Gecko) Chrome/114.0.0.0 Safari/537.36"
160.250.186.93 - - [19/Mar/2026:09:19:10 -0300] "GET /2025/11/26/online-casino-free-bonuses-uncovering-the-21/?unapproved=21586&moderation-hash=004ef5f89dab309a4862a7b590f9a02d HTTP/1.1" 200 35310 "https://tarapaca.vsptdigital.cl/wp-comments-post.php" "Mozilla/5.0 (Macintosh; Intel Mac OS X 12_5) AppleWebKit/537.36 (KHTML, like Gecko) Chrome/114.0.0.0 Safari/537.36 OPR/89.0.4447.51"
130.51.23.22 - - [19/Mar/2026:09:19:10 -0300] "GET /2025/09/23/como-apostar-en-el-apueston/?unapproved=21587&moderation-hash=928574c87dd3e60a50b330610cd27adb HTTP/1.1" 200 33386 "https://tarapaca.vsptdigital.cl/wp-comments-post.php" "Mozilla/5.0 (Macintosh; Intel Mac OS X 12_5) AppleWebKit/537.36 (KHTML, like Gecko) Chrome/114.0.0.0 Safari/537.36"
160.250.186.93 - - [19/Mar/2026:09:19:12 -0300] "GET /2025/11/26/online-casino-free-bonuses-uncovering-the-21/ HTTP/1.1" 200 33558 "-" "Mozilla/5.0 (Macintosh; Intel Mac OS X 12_5) AppleWebKit/537.36 (KHTML, like Gecko) Chrome/114.0.0.0 Safari/537.36 OPR/89.0.4447.51"
130.51.23.22 - - [19/Mar/2026:09:19:13 -0300] "GET /2025/09/23/como-apostar-en-el-apueston/ HTTP/1.1" 200 31629 "-" "Mozilla/5.0 (Macintosh; Intel Mac OS X 12_5) AppleWebKit/537.36 (KHTML, like Gecko) Chrome/114.0.0.0 Safari/537.36"
162.240.153.75 - - [19/Mar/2026:09:20:55 -0300] "POST /wp-cron.php?doing_wp_cron=1773922855.2922499179840087890625 HTTP/1.1" 200 - "-" "WordPress/6.9.4; https://tarapaca.vsptdigital.cl"
160.250.186.93 - - [19/Mar/2026:09:20:54 -0300] "GET /2025/11/26/online-casino-free-bonuses-uncovering-the-21/ HTTP/1.1" 200 33558 "-" "Mozilla/5.0 (Macintosh; Intel Mac OS X 12_5) AppleWebKit/537.36 (KHTML, like Gecko) Chrome/114.0.0.0 Safari/537.36"
162.240.153.75 - - [19/Mar/2026:09:21:22 -0300] "POST /wp-cron.php?doing_wp_cron=1773922882.1946449279785156250000 HTTP/1.1" 200 - "-" "WordPress/6.9.4; https://tarapaca.vsptdigital.cl"
57.141.6.1 - - [19/Mar/2026:09:21:21 -0300] "GET /wp-json/oembed/1.0/embed?url=https%3A%2F%2Ftarapaca.vsptdigital.cl%2F2026%2F03%2F18%2Fconsejos-clave-para-jugar-de-forma-responsable-en%2F HTTP/1.1" 200 2475 "-" "meta-externalagent/1.1 (+https://developers.facebook.com/docs/sharing/webmasters/crawler)"
221.150.109.89 - - [19/Mar/2026:09:22:09 -0300] "GET /2025/12/30/jaya9-fa-chai-slots-unleashing-the-fun-and-fortune/ HTTP/1.1" 200 31525 "https://tarapaca.vsptdigital.cl/" "Mozilla/5.0 (Windows NT 10.0; Win64; x64) AppleWebKit/537.36 (KHTML, like Gecko) Chrome/114.0.0.0 YaBrowser/22.7.0 Yowser/2.5 Safari/537.36"
57.141.6.27 - - [19/Mar/2026:09:22:04 -0300] "GET /2026/03/18/effective-strategies-to-win-in-gambling/feed/ HTTP/1.1" 200 863 "-" "meta-externalagent/1.1 (+https://developers.facebook.com/docs/sharing/webmasters/crawler)"
221.150.109.89 - - [19/Mar/2026:09:22:11 -0300] "GET /2025/12/30/jaya9-fa-chai-slots-unleashing-the-fun-and-fortune/ HTTP/1.1" 200 31525 "https://tarapaca.vsptdigital.cl/2025/12/30/jaya9-fa-chai-slots-unleashing-the-fun-and-fortune/" "Mozilla/5.0 (Windows NT 10.0; Win64; x64) AppleWebKit/537.36 (KHTML, like Gecko) Chrome/114.0.0.0 YaBrowser/22.7.0 Yowser/2.5 Safari/537.36"
162.240.153.75 - - [19/Mar/2026:09:23:03 -0300] "POST /wp-cron.php?doing_wp_cron=1773922983.3629899024963378906250 HTTP/1.1" 200 - "-" "WordPress/6.9.4; https://tarapaca.vsptdigital.cl"
107.152.46.202 - - [19/Mar/2026:09:23:02 -0300] "GET /2025/12/19/comprehending-casino-betting-odds-one-9/ HTTP/1.1" 200 32042 "https://tarapaca.vsptdigital.cl/" "Mozilla/5.0 (Windows NT 10.0; Win64; x64) AppleWebKit/537.36 (KHTML, like Gecko) Chrome/114.0.0.0 YaBrowser/22.7.0 Yowser/2.5 Safari/537.36"
130.51.23.22 - - [19/Mar/2026:09:23:07 -0300] "GET /2025/09/23/como-apostar-en-el-apueston/ HTTP/1.1" 200 31629 "-" "Mozilla/5.0 (Macintosh; Intel Mac OS X 12_5) AppleWebKit/537.36 (KHTML, like Gecko) Chrome/114.0.0.0 Safari/537.36"
107.152.46.202 - - [19/Mar/2026:09:23:12 -0300] "POST /wp-comments-post.php HTTP/1.1" 302 - "https://tarapaca.vsptdigital.cl/2025/12/19/comprehending-casino-betting-odds-one-9/" "Mozilla/5.0 (Windows NT 10.0; Win64; x64) AppleWebKit/537.36 (KHTML, like Gecko) Chrome/114.0.0.0 YaBrowser/22.7.0 Yowser/2.5 Safari/537.36"
107.152.46.202 - - [19/Mar/2026:09:23:13 -0300] "GET /2025/12/19/comprehending-casino-betting-odds-one-9/?unapproved=21588&moderation-hash=495ae4110e55441c76df1effeed0cab0 HTTP/1.1" 200 33660 "https://tarapaca.vsptdigital.cl/wp-comments-post.php" "Mozilla/5.0 (Windows NT 10.0; Win64; x64) AppleWebKit/537.36 (KHTML, like Gecko) Chrome/114.0.0.0 YaBrowser/22.7.0 Yowser/2.5 Safari/537.36"
107.152.46.202 - - [19/Mar/2026:09:23:15 -0300] "GET /2025/12/19/comprehending-casino-betting-odds-one-9/ HTTP/1.1" 200 32042 "-" "Mozilla/5.0 (Windows NT 10.0; Win64; x64) AppleWebKit/537.36 (KHTML, like Gecko) Chrome/114.0.0.0 YaBrowser/22.7.0 Yowser/2.5 Safari/537.36"
162.240.153.75 - - [19/Mar/2026:09:23:33 -0300] "POST /wp-cron.php?doing_wp_cron=1773923013.8826239109039306640625 HTTP/1.1" 200 - "-" "WordPress/6.9.4; https://tarapaca.vsptdigital.cl"
57.141.6.40 - - [19/Mar/2026:09:23:33 -0300] "GET /?p=533902 HTTP/1.1" 301 - "-" "meta-externalagent/1.1 (+https://developers.facebook.com/docs/sharing/webmasters/crawler)"
57.141.6.21 - - [19/Mar/2026:09:23:37 -0300] "GET /?p=533920 HTTP/1.1" 301 - "-" "meta-externalagent/1.1 (+https://developers.facebook.com/docs/sharing/webmasters/crawler)"
162.240.153.75 - - [19/Mar/2026:09:24:22 -0300] "POST /wp-cron.php?doing_wp_cron=1773923062.8436689376831054687500 HTTP/1.1" 200 - "-" "WordPress/6.9.4; https://tarapaca.vsptdigital.cl"
57.141.6.68 - - [19/Mar/2026:09:24:21 -0300] "GET /?p=533916 HTTP/1.1" 301 - "-" "meta-externalagent/1.1 (+https://developers.facebook.com/docs/sharing/webmasters/crawler)"
154.195.148.244 - - [19/Mar/2026:09:24:27 -0300] "GET /2025/12/19/comprehending-casino-betting-odds-one-9/ HTTP/1.1" 200 32042 "-" "Mozilla/5.0 (Macintosh; Intel Mac OS X 12_5) AppleWebKit/537.36 (KHTML, like Gecko) Chrome/114.0.0.0 Safari/537.36"
52.204.253.129 - - [19/Mar/2026:09:24:47 -0300] "GET /2026/03/16/regulaciones-de-apuestas-lo-que-debes-saber-sobre/ HTTP/1.1" 200 30215 "-" "Mozilla/5.0 AppleWebKit/537.36 (KHTML, like Gecko; compatible; Amazonbot/0.1; +https://developer.amazon.com/support/amazonbot) Chrome/119.0.6045.214 Safari/537.36"
44.205.74.196 - - [19/Mar/2026:09:24:53 -0300] "GET /2026/03/16/understanding-the-basics-of-casino-games-for-2/ HTTP/1.1" 200 30347 "-" "Mozilla/5.0 AppleWebKit/537.36 (KHTML, like Gecko; compatible; Amazonbot/0.1; +https://developer.amazon.com/support/amazonbot) Chrome/119.0.6045.214 Safari/537.36"
162.240.153.75 - - [19/Mar/2026:09:25:37 -0300] "POST /wp-cron.php?doing_wp_cron=1773923137.9456889629364013671875 HTTP/1.1" 200 - "-" "WordPress/6.9.4; https://tarapaca.vsptdigital.cl"
107.152.46.202 - - [19/Mar/2026:09:25:36 -0300] "GET /2025/12/19/comprehending-casino-betting-odds-one-9/ HTTP/1.1" 200 32042 "-" "Mozilla/5.0 (Macintosh; Intel Mac OS X 12_5) AppleWebKit/537.36 (KHTML, like Gecko) Chrome/114.0.0.0 Safari/537.36"
159.146.40.178 - - [19/Mar/2026:09:26:17 -0300] "GET /2025/10/13/the-ultimate-guide-to-sports-betting-strategies-31/ HTTP/1.1" 200 32609 "-" "Mozilla/5.0 (compatible; Googlebot/2.1; +http://www.google.com/bot.html)"
162.240.153.75 - - [19/Mar/2026:09:26:38 -0300] "POST /wp-cron.php?doing_wp_cron=1773923198.3351318836212158203125 HTTP/1.1" 200 - "-" "WordPress/6.9.4; https://tarapaca.vsptdigital.cl"
205.147.16.119 - - [19/Mar/2026:09:26:37 -0300] "GET /2026/01/07/exploring-cosmic-spins-sister-sites-a-world-beyond/ HTTP/1.1" 200 33857 "https://tarapaca.vsptdigital.cl/" "Mozilla/5.0 (Macintosh; Intel Mac OS X 12_5) AppleWebKit/605.1.15 (KHTML, like Gecko) Version/15.4 Safari/605.1.15"
205.147.16.119 - - [19/Mar/2026:09:26:39 -0300] "GET /wp-includes/css/dist/block-library/style.min.css?ver=6.9.4 HTTP/1.1" 200 119358 "https://tarapaca.vsptdigital.cl/2026/01/07/exploring-cosmic-spins-sister-sites-a-world-beyond/" "Mozilla/5.0 (Windows NT 10.0; Win64; x64) AppleWebKit/537.36 (KHTML, like Gecko) Chrome/143.0.0.0 Safari/537.36"
205.147.16.119 - - [19/Mar/2026:09:26:40 -0300] "GET /wp-content/plugins/contact-form-7/includes/css/styles.css?ver=5.9.3 HTTP/1.1" 200 2894 "https://tarapaca.vsptdigital.cl/2026/01/07/exploring-cosmic-spins-sister-sites-a-world-beyond/" "Mozilla/5.0 (Windows NT 10.0; Win64; x64) AppleWebKit/537.36 (KHTML, like Gecko) Chrome/143.0.0.0 Safari/537.36"
205.147.16.119 - - [19/Mar/2026:09:26:40 -0300] "GET /wp-content/plugins/woocommerce/assets/css/woocommerce-layout.css?ver=8.7.2 HTTP/1.1" 200 17688 "https://tarapaca.vsptdigital.cl/2026/01/07/exploring-cosmic-spins-sister-sites-a-world-beyond/" "Mozilla/5.0 (Windows NT 10.0; Win64; x64) AppleWebKit/537.36 (KHTML, like Gecko) Chrome/143.0.0.0 Safari/537.36"
205.147.16.119 - - [19/Mar/2026:09:26:41 -0300] "GET /wp-content/plugins/woocommerce/assets/css/woocommerce-smallscreen.css?ver=8.7.2 HTTP/1.1" 200 7043 "https://tarapaca.vsptdigital.cl/2026/01/07/exploring-cosmic-spins-sister-sites-a-world-beyond/" "Mozilla/5.0 (Windows NT 10.0; Win64; x64) AppleWebKit/537.36 (KHTML, like Gecko) Chrome/143.0.0.0 Safari/537.36"
205.147.16.119 - - [19/Mar/2026:09:26:42 -0300] "GET /wp-content/plugins/woocommerce/assets/css/woocommerce.css?ver=8.7.2 HTTP/1.1" 200 77339 "https://tarapaca.vsptdigital.cl/2026/01/07/exploring-cosmic-spins-sister-sites-a-world-beyond/" "Mozilla/5.0 (Windows NT 10.0; Win64; x64) AppleWebKit/537.36 (KHTML, like Gecko) Chrome/143.0.0.0 Safari/537.36"
205.147.16.119 - - [19/Mar/2026:09:26:43 -0300] "GET /wp-content/themes/hello-elementor/style.min.css?ver=2.9.0 HTTP/1.1" 200 5756 "https://tarapaca.vsptdigital.cl/2026/01/07/exploring-cosmic-spins-sister-sites-a-world-beyond/" "Mozilla/5.0 (Windows NT 10.0; Win64; x64) AppleWebKit/537.36 (KHTML, like Gecko) Chrome/143.0.0.0 Safari/537.36"
205.147.16.119 - - [19/Mar/2026:09:26:44 -0300] "GET /wp-content/themes/hello-elementor/theme.min.css?ver=2.9.0 HTTP/1.1" 200 12439 "https://tarapaca.vsptdigital.cl/2026/01/07/exploring-cosmic-spins-sister-sites-a-world-beyond/" "Mozilla/5.0 (Windows NT 10.0; Win64; x64) AppleWebKit/537.36 (KHTML, like Gecko) Chrome/143.0.0.0 Safari/537.36"
205.147.16.119 - - [19/Mar/2026:09:26:44 -0300] "GET /wp-content/plugins/elementor/assets/css/frontend-lite.min.css?ver=3.20.3 HTTP/1.1" 200 118630 "https://tarapaca.vsptdigital.cl/2026/01/07/exploring-cosmic-spins-sister-sites-a-world-beyond/" "Mozilla/5.0 (Windows NT 10.0; Win64; x64) AppleWebKit/537.36 (KHTML, like Gecko) Chrome/143.0.0.0 Safari/537.36"
205.147.16.119 - - [19/Mar/2026:09:26:45 -0300] "GET /wp-content/uploads/elementor/css/post-5.css?ver=1705946908 HTTP/1.1" 200 1169 "https://tarapaca.vsptdigital.cl/2026/01/07/exploring-cosmic-spins-sister-sites-a-world-beyond/" "Mozilla/5.0 (Windows NT 10.0; Win64; x64) AppleWebKit/537.36 (KHTML, like Gecko) Chrome/143.0.0.0 Safari/537.36"
205.147.16.119 - - [19/Mar/2026:09:26:46 -0300] "GET /wp-content/plugins/winwheel4wp/assets/winwheel4wp.css?ver=1669909447 HTTP/1.1" 200 4354 "https://tarapaca.vsptdigital.cl/2026/01/07/exploring-cosmic-spins-sister-sites-a-world-beyond/" "Mozilla/5.0 (Windows NT 10.0; Win64; x64) AppleWebKit/537.36 (KHTML, like Gecko) Chrome/143.0.0.0 Safari/537.36"
205.147.16.119 - - [19/Mar/2026:09:26:47 -0300] "POST /wp-comments-post.php HTTP/1.1" 302 - "https://tarapaca.vsptdigital.cl/2026/01/07/exploring-cosmic-spins-sister-sites-a-world-beyond/" "Mozilla/5.0 (Macintosh; Intel Mac OS X 12_5) AppleWebKit/605.1.15 (KHTML, like Gecko) Version/15.4 Safari/605.1.15"
205.147.16.119 - - [19/Mar/2026:09:26:48 -0300] "GET /2026/01/07/exploring-cosmic-spins-sister-sites-a-world-beyond/?unapproved=21589&moderation-hash=cbf9367663195c99ff4b85e2bea90887 HTTP/1.1" 200 35422 "https://tarapaca.vsptdigital.cl/wp-comments-post.php" "Mozilla/5.0 (Macintosh; Intel Mac OS X 12_5) AppleWebKit/605.1.15 (KHTML, like Gecko) Version/15.4 Safari/605.1.15"
57.141.6.33 - - [19/Mar/2026:09:26:49 -0300] "GET /?p=533918 HTTP/1.1" 301 - "-" "meta-externalagent/1.1 (+https://developers.facebook.com/docs/sharing/webmasters/crawler)"
205.147.16.119 - - [19/Mar/2026:09:26:50 -0300] "GET /2026/01/07/exploring-cosmic-spins-sister-sites-a-world-beyond/ HTTP/1.1" 200 33857 "-" "Mozilla/5.0 (Macintosh; Intel Mac OS X 12_5) AppleWebKit/605.1.15 (KHTML, like Gecko) Version/15.4 Safari/605.1.15"
162.240.153.75 - - [19/Mar/2026:09:27:44 -0300] "POST /wp-cron.php?doing_wp_cron=1773923264.0165390968322753906250 HTTP/1.1" 200 - "-" "WordPress/6.9.4; https://tarapaca.vsptdigital.cl"
82.157.20.75 - - [19/Mar/2026:09:27:42 -0300] "GET /2026/03/05/razoblachenie-mifov-o-azartnyh-igrah-pravda-ili/ HTTP/1.1" 200 33888 "-" "Mozilla/5.0 (Windows NT 10.0; Win64; x64) AppleWebKit/537.36 (KHTML, like Gecko) Chrome/141.0.0.0 Safari/537.36"
82.157.20.75 - - [19/Mar/2026:09:27:44 -0300] "GET /wp-content/plugins/contact-form-7/includes/css/styles.css?ver=5.9.3 HTTP/1.1" 200 2894 "https://tarapaca.vsptdigital.cl/2026/03/05/razoblachenie-mifov-o-azartnyh-igrah-pravda-ili/" "Mozilla/5.0 (Windows NT 10.0; Win64; x64) AppleWebKit/537.36 (KHTML, like Gecko) Chrome/141.0.0.0 Safari/537.36"
82.157.20.75 - - [19/Mar/2026:09:27:45 -0300] "GET /wp-content/themes/hello-elementor/style.min.css?ver=2.9.0 HTTP/1.1" 200 5756 "https://tarapaca.vsptdigital.cl/2026/03/05/razoblachenie-mifov-o-azartnyh-igrah-pravda-ili/" "Mozilla/5.0 (Windows NT 10.0; Win64; x64) AppleWebKit/537.36 (KHTML, like Gecko) Chrome/141.0.0.0 Safari/537.36"
82.157.20.75 - - [19/Mar/2026:09:27:45 -0300] "GET /wp-content/uploads/elementor/css/post-5.css?ver=1705946908 HTTP/1.1" 200 1169 "https://tarapaca.vsptdigital.cl/2026/03/05/razoblachenie-mifov-o-azartnyh-igrah-pravda-ili/" "Mozilla/5.0 (Windows NT 10.0; Win64; x64) AppleWebKit/537.36 (KHTML, like Gecko) Chrome/141.0.0.0 Safari/537.36"
82.157.20.75 - - [19/Mar/2026:09:27:45 -0300] "GET /wp-content/plugins/winwheel4wp/assets/winwheel4wp.js?ver=1669909447 HTTP/1.1" 200 11867 "https://tarapaca.vsptdigital.cl/2026/03/05/razoblachenie-mifov-o-azartnyh-igrah-pravda-ili/" "Mozilla/5.0 (Windows NT 10.0; Win64; x64) AppleWebKit/537.36 (KHTML, like Gecko) Chrome/141.0.0.0 Safari/537.36"
82.157.20.75 - - [19/Mar/2026:09:27:45 -0300] "GET /wp-content/plugins/woocommerce/assets/js/frontend/add-to-cart.min.js?ver=8.7.2 HTTP/1.1" 200 8756 "https://tarapaca.vsptdigital.cl/2026/03/05/razoblachenie-mifov-o-azartnyh-igrah-pravda-ili/" "Mozilla/5.0 (Windows NT 10.0; Win64; x64) AppleWebKit/537.36 (KHTML, like Gecko) Chrome/141.0.0.0 Safari/537.36"
82.157.20.75 - - [19/Mar/2026:09:27:44 -0300] "GET /wp-includes/css/dist/block-library/style.min.css?ver=6.9.4 HTTP/1.1" 200 119358 "https://tarapaca.vsptdigital.cl/2026/03/05/razoblachenie-mifov-o-azartnyh-igrah-pravda-ili/" "Mozilla/5.0 (Windows NT 10.0; Win64; x64) AppleWebKit/537.36 (KHTML, like Gecko) Chrome/141.0.0.0 Safari/537.36"
162.240.153.75 - - [19/Mar/2026:09:28:27 -0300] "POST /wp-cron.php?doing_wp_cron=1773923307.0856640338897705078125 HTTP/1.1" 200 - "-" "WordPress/6.9.4; https://tarapaca.vsptdigital.cl"
107.152.47.63 - - [19/Mar/2026:09:28:25 -0300] "GET /2026/01/29/hawai-bet-la-apuesta-sin-limites/ HTTP/1.1" 200 30889 "-" "Mozilla/5.0 (Macintosh; Intel Mac OS X 12_5) AppleWebKit/537.36 (KHTML, like Gecko) Chrome/114.0.0.0 Safari/537.36"
57.141.6.33 - - [19/Mar/2026:09:28:43 -0300] "GET /wp-json/wp/v2/posts/533910 HTTP/1.1" 200 7035 "-" "meta-externalagent/1.1 (+https://developers.facebook.com/docs/sharing/webmasters/crawler)"
57.141.6.11 - - [19/Mar/2026:09:29:10 -0300] "GET /wp-json/wp/v2/posts/533914 HTTP/1.1" 200 6626 "-" "meta-externalagent/1.1 (+https://developers.facebook.com/docs/sharing/webmasters/crawler)"
160.250.186.93 - - [19/Mar/2026:09:29:39 -0300] "GET /2026/01/25/betwinner-la-plateforme-incontournable-pour-les-7/ HTTP/1.1" 200 33662 "https://tarapaca.vsptdigital.cl/" "Mozilla/5.0 (Windows NT 10.0) AppleWebKit/537.36 (KHTML, like Gecko) Chrome/114.0.0.0 Safari/537.36"
160.250.186.93 - - [19/Mar/2026:09:29:44 -0300] "POST /wp-comments-post.php HTTP/1.1" 302 - "https://tarapaca.vsptdigital.cl/2026/01/25/betwinner-la-plateforme-incontournable-pour-les-7/" "Mozilla/5.0 (Windows NT 10.0) AppleWebKit/537.36 (KHTML, like Gecko) Chrome/114.0.0.0 Safari/537.36"
160.250.186.93 - - [19/Mar/2026:09:29:46 -0300] "GET /2026/01/25/betwinner-la-plateforme-incontournable-pour-les-7/?unapproved=21591&moderation-hash=71d5b6853502ef5ec32c1fd21a050d3b HTTP/1.1" 200 35375 "https://tarapaca.vsptdigital.cl/wp-comments-post.php" "Mozilla/5.0 (Windows NT 10.0) AppleWebKit/537.36 (KHTML, like Gecko) Chrome/114.0.0.0 Safari/537.36"
160.250.186.93 - - [19/Mar/2026:09:29:47 -0300] "GET /2026/01/25/betwinner-la-plateforme-incontournable-pour-les-7/ HTTP/1.1" 200 33662 "-" "Mozilla/5.0 (Windows NT 10.0) AppleWebKit/537.36 (KHTML, like Gecko) Chrome/114.0.0.0 Safari/537.36"
82.156.231.129 - - [19/Mar/2026:09:30:06 -0300] "GET /2026/02/16/vpechatlenija-vysokih-stavok-v-pinco-casino-kak/ HTTP/1.1" 200 32490 "-" "Mozilla/5.0 (Macintosh; Intel Mac OS X 10_15_7) AppleWebKit/537.36 (KHTML, like Gecko) Chrome/144.0.0.0 Safari/537.36"
162.240.153.75 - - [19/Mar/2026:09:30:45 -0300] "POST /wp-cron.php?doing_wp_cron=1773923445.1692569255828857421875 HTTP/1.1" 200 - "-" "WordPress/6.9.4; https://tarapaca.vsptdigital.cl"
205.147.16.119 - - [19/Mar/2026:09:30:43 -0300] "GET /2026/01/07/exploring-cosmic-spins-sister-sites-a-world-beyond/ HTTP/1.1" 200 33857 "-" "Mozilla/5.0 (Macintosh; Intel Mac OS X 12_5) AppleWebKit/537.36 (KHTML, like Gecko) Chrome/114.0.0.0 Safari/537.36"
162.240.153.75 - - [19/Mar/2026:09:32:17 -0300] "POST /wp-cron.php?doing_wp_cron=1773923537.3338599205017089843750 HTTP/1.1" 200 - "-" "WordPress/6.9.4; https://tarapaca.vsptdigital.cl"
160.250.186.93 - - [19/Mar/2026:09:32:15 -0300] "GET /2026/01/25/betwinner-la-plateforme-incontournable-pour-les-7/ HTTP/1.1" 200 33662 "-" "Mozilla/5.0 (Macintosh; Intel Mac OS X 12_5) AppleWebKit/537.36 (KHTML, like Gecko) Chrome/114.0.0.0 Safari/537.36"
162.240.153.75 - - [19/Mar/2026:09:32:21 -0300] "POST /wp-cron.php?doing_wp_cron=1773923541.2504119873046875000000 HTTP/1.1" 200 - "-" "WordPress/6.9.4; https://tarapaca.vsptdigital.cl"
181.140.203.89 - - [19/Mar/2026:09:32:20 -0300] "GET /2026/01/15/esteroides-en-espana-situacion-legal/ HTTP/1.1" 200 26285 "-" "GuzzleHttp/7"
223.29.253.148 - - [19/Mar/2026:09:33:01 -0300] "GET /2025/11/26/online-casino-free-bonuses-uncovering-the-21/ HTTP/1.1" 200 33558 "-" "Mozilla/5.0 (Macintosh; Intel Mac OS X 12_5) AppleWebKit/537.36 (KHTML, like Gecko) Chrome/114.0.0.0 Safari/537.36"
103.139.44.59 - - [19/Mar/2026:09:33:08 -0300] "GET /2026/02/02/discover-the-exciting-world-of-new-online-betting-2/ HTTP/1.1" 200 34305 "-" "Mozilla/5.0 (Macintosh; Intel Mac OS X 12_5) AppleWebKit/537.36 (KHTML, like Gecko) Chrome/114.0.0.0 Safari/537.36"
212.90.120.167 - - [19/Mar/2026:09:33:09 -0300] "GET /2025/11/26/online-casino-free-bonuses-uncovering-the-21/ HTTP/1.1" 200 33558 "-" "Mozilla/5.0 (Macintosh; Intel Mac OS X 12_5) AppleWebKit/537.36 (KHTML, like Gecko) Chrome/114.0.0.0 Safari/537.36"
162.240.153.75 - - [19/Mar/2026:09:33:30 -0300] "POST /wp-cron.php?doing_wp_cron=1773923610.1601150035858154296875 HTTP/1.1" 200 - "-" "WordPress/6.9.4; https://tarapaca.vsptdigital.cl"
57.141.6.61 - - [19/Mar/2026:09:33:22 -0300] "GET /2026/03/18/die-historische-entwicklung-von-casinos-ein-blick-6/feed/ HTTP/1.1" 200 919 "-" "meta-externalagent/1.1 (+https://developers.facebook.com/docs/sharing/webmasters/crawler)"
159.26.104.38 - - [19/Mar/2026:09:34:09 -0300] "GET /2026/01/07/kupit-diplom-v-krasnojarske-bez-hassles/ HTTP/1.1" 200 33183 "-" "Mozilla/5.0 (Macintosh; Intel Mac OS X 12_5) AppleWebKit/537.36 (KHTML, like Gecko) Chrome/114.0.0.0 Safari/537.36"
162.240.153.75 - - [19/Mar/2026:09:37:51 -0300] "POST /wp-cron.php?doing_wp_cron=1773923871.1956739425659179687500 HTTP/1.1" 200 - "-" "WordPress/6.9.4; https://tarapaca.vsptdigital.cl"
198.177.254.157 - - [19/Mar/2026:09:37:50 -0300] "GET /2026/01/12/discover-the-best-casino-sites-not-on-gamstop-14/ HTTP/1.1" 200 32947 "-" "Mozilla/5.0 (Macintosh; Intel Mac OS X 12_5) AppleWebKit/537.36 (KHTML, like Gecko) Chrome/114.0.0.0 Safari/537.36"
57.141.6.2 - - [19/Mar/2026:09:37:56 -0300] "GET /2026/03/18/estrategias-efectivas-para-ganar-en-el-juego/feed/ HTTP/1.1" 200 893 "-" "meta-externalagent/1.1 (+https://developers.facebook.com/docs/sharing/webmasters/crawler)"
162.240.153.75 - - [19/Mar/2026:09:39:03 -0300] "POST /wp-cron.php?doing_wp_cron=1773923943.9271008968353271484375 HTTP/1.1" 200 - "-" "WordPress/6.9.4; https://tarapaca.vsptdigital.cl"
57.141.6.67 - - [19/Mar/2026:09:39:02 -0300] "GET /?p=533906 HTTP/1.1" 301 - "-" "meta-externalagent/1.1 (+https://developers.facebook.com/docs/sharing/webmasters/crawler)"
162.240.153.75 - - [19/Mar/2026:09:39:27 -0300] "POST /wp-cron.php?doing_wp_cron=1773923967.3840949535369873046875 HTTP/1.1" 200 - "-" "WordPress/6.9.4; https://tarapaca.vsptdigital.cl"
160.250.186.93 - - [19/Mar/2026:09:39:26 -0300] "GET /2025/11/26/online-casino-free-bonuses-uncovering-the-21/ HTTP/1.1" 200 33558 "https://tarapaca.vsptdigital.cl/" "Mozilla/5.0 (Windows NT 10.0; Win64; x64) AppleWebKit/537.36 (KHTML, like Gecko) Chrome/114.0.0.0 Safari/537.36 Edg/114.0.1264.71"
160.250.186.93 - - [19/Mar/2026:09:39:28 -0300] "POST /wp-comments-post.php HTTP/1.1" 302 - "https://tarapaca.vsptdigital.cl/2025/11/26/online-casino-free-bonuses-uncovering-the-21/" "Mozilla/5.0 (Windows NT 10.0; Win64; x64) AppleWebKit/537.36 (KHTML, like Gecko) Chrome/114.0.0.0 Safari/537.36 Edg/114.0.1264.71"
160.250.186.93 - - [19/Mar/2026:09:39:30 -0300] "GET /2025/11/26/online-casino-free-bonuses-uncovering-the-21/?unapproved=21592&moderation-hash=8766d6c85a21fcd31269a6afc4e616c4 HTTP/1.1" 200 35125 "https://tarapaca.vsptdigital.cl/wp-comments-post.php" "Mozilla/5.0 (Windows NT 10.0; Win64; x64) AppleWebKit/537.36 (KHTML, like Gecko) Chrome/114.0.0.0 Safari/537.36 Edg/114.0.1264.71"
160.250.186.93 - - [19/Mar/2026:09:39:31 -0300] "GET /2025/11/26/online-casino-free-bonuses-uncovering-the-21/ HTTP/1.1" 200 33558 "-" "Mozilla/5.0 (Windows NT 10.0; Win64; x64) AppleWebKit/537.36 (KHTML, like Gecko) Chrome/114.0.0.0 Safari/537.36 Edg/114.0.1264.71"
89.233.109.91 - - [19/Mar/2026:09:39:40 -0300] "GET /2025/11/26/online-casino-free-bonuses-uncovering-the-21/ HTTP/1.1" 200 33558 "-" "Mozilla/5.0 (Macintosh; Intel Mac OS X 12_5) AppleWebKit/537.36 (KHTML, like Gecko) Chrome/114.0.0.0 Safari/537.36"
82.156.131.199 - - [19/Mar/2026:09:39:41 -0300] "GET /2026/02/18/evoluzione-storica-del-gioco-d-x27-azzardo-dalle-2/ HTTP/1.1" 200 31320 "https://tarapaca.vsptdigital.cl/2026/02/18/evoluzione-storica-del-gioco-d-x27-azzardo-dalle-2/#content" "Mozilla/5.0 (Windows NT 10.0; Win64; x64) AppleWebKit/537.36 (KHTML, like Gecko) Chrome/101.0.4951.64 Safari/537.36 Edg/101.0.1210.47"
45.159.22.201 - - [19/Mar/2026:09:40:11 -0300] "GET /2026/01/26/%d9%83%d9%8a%d9%81%d9%8a%d8%a9-%d8%aa%d9%86%d8%a7%d9%88%d9%84-%d8%a3%d9%82%d8%b1%d8%a7%d8%b5-akras-mythandynon/ HTTP/1.1" 200 26307 "-" "GuzzleHttp/7"
162.240.153.75 - - [19/Mar/2026:09:40:27 -0300] "POST /wp-cron.php?doing_wp_cron=1773924027.2819139957427978515625 HTTP/1.1" 200 - "-" "WordPress/6.9.4; https://tarapaca.vsptdigital.cl"
81.70.178.194 - - [19/Mar/2026:09:40:26 -0300] "GET /2026/02/06/la-influencia-del-juego-en-la-estructura-social/ HTTP/1.1" 200 30776 "https://tarapaca.vsptdigital.cl/2026/02/06/la-influencia-del-juego-en-la-estructura-social/#respond" "Mozilla/5.0 (Macintosh; Intel Mac OS X 10_15_7) AppleWebKit/537.36 (KHTML, like Gecko) Chrome/120.0.0.0 Safari/537.36"
43.156.232.190 - - [19/Mar/2026:09:41:02 -0300] "GET /2026/03/19/mitos-y-realidades-sobre-los-casinos-descubre-la/ HTTP/1.1" 200 31553 "-" "Mozilla/5.0 (iPhone; CPU iPhone OS 13_2_3 like Mac OS X) AppleWebKit/605.1.15 (KHTML, like Gecko) Version/13.0.3 Mobile/15E148 Safari/604.1"
171.234.8.189 - - [19/Mar/2026:09:41:12 -0300] "GET /2026/01/06/mastering-bonuses-a-comprehensive-guide-on-how-to/ HTTP/1.1" 200 32880 "https://tarapaca.vsptdigital.cl/" "Mozilla/5.0 (Windows NT 10.0; Win64; x64; Xbox; Xbox One) AppleWebKit/537.36 (KHTML, like Gecko) Chrome/114.0.0.0 Safari/537.36 Edge/44.18363.8131"
171.234.8.189 - - [19/Mar/2026:09:41:14 -0300] "GET /wp-includes/css/dist/block-library/style.min.css?ver=6.9.4 HTTP/1.1" 200 119358 "https://tarapaca.vsptdigital.cl/2026/01/06/mastering-bonuses-a-comprehensive-guide-on-how-to/" "Mozilla/5.0 (Windows NT 10.0; Win64; x64) AppleWebKit/537.36 (KHTML, like Gecko) Chrome/143.0.0.0 Safari/537.36"
171.234.8.189 - - [19/Mar/2026:09:41:17 -0300] "GET /wp-content/plugins/contact-form-7/includes/css/styles.css?ver=5.9.3 HTTP/1.1" 200 2894 "https://tarapaca.vsptdigital.cl/2026/01/06/mastering-bonuses-a-comprehensive-guide-on-how-to/" "Mozilla/5.0 (Windows NT 10.0; Win64; x64) AppleWebKit/537.36 (KHTML, like Gecko) Chrome/143.0.0.0 Safari/537.36"
171.234.8.189 - - [19/Mar/2026:09:41:17 -0300] "GET /wp-content/plugins/woocommerce/assets/css/woocommerce-layout.css?ver=8.7.2 HTTP/1.1" 200 17688 "https://tarapaca.vsptdigital.cl/2026/01/06/mastering-bonuses-a-comprehensive-guide-on-how-to/" "Mozilla/5.0 (Windows NT 10.0; Win64; x64) AppleWebKit/537.36 (KHTML, like Gecko) Chrome/143.0.0.0 Safari/537.36"
171.234.8.189 - - [19/Mar/2026:09:41:36 -0300] "GET /wp-content/plugins/woocommerce/assets/css/woocommerce.css?ver=8.7.2 HTTP/1.1" 200 77339 "https://tarapaca.vsptdigital.cl/2026/01/06/mastering-bonuses-a-comprehensive-guide-on-how-to/" "Mozilla/5.0 (Windows NT 10.0; Win64; x64) AppleWebKit/537.36 (KHTML, like Gecko) Chrome/143.0.0.0 Safari/537.36"
171.234.8.189 - - [19/Mar/2026:09:41:39 -0300] "GET /wp-content/themes/hello-elementor/style.min.css?ver=2.9.0 HTTP/1.1" 200 5756 "https://tarapaca.vsptdigital.cl/2026/01/06/mastering-bonuses-a-comprehensive-guide-on-how-to/" "Mozilla/5.0 (Windows NT 10.0; Win64; x64) AppleWebKit/537.36 (KHTML, like Gecko) Chrome/143.0.0.0 Safari/537.36"
171.234.8.189 - - [19/Mar/2026:09:41:39 -0300] "GET /wp-content/themes/hello-elementor/theme.min.css?ver=2.9.0 HTTP/1.1" 200 12439 "https://tarapaca.vsptdigital.cl/2026/01/06/mastering-bonuses-a-comprehensive-guide-on-how-to/" "Mozilla/5.0 (Windows NT 10.0; Win64; x64) AppleWebKit/537.36 (KHTML, like Gecko) Chrome/143.0.0.0 Safari/537.36"
171.234.8.189 - - [19/Mar/2026:09:41:56 -0300] "GET /wp-content/uploads/elementor/css/post-5.css?ver=1705946908 HTTP/1.1" 200 1169 "https://tarapaca.vsptdigital.cl/2026/01/06/mastering-bonuses-a-comprehensive-guide-on-how-to/" "Mozilla/5.0 (Windows NT 10.0; Win64; x64) AppleWebKit/537.36 (KHTML, like Gecko) Chrome/143.0.0.0 Safari/537.36"
162.240.153.75 - - [19/Mar/2026:09:42:13 -0300] "POST /wp-cron.php?doing_wp_cron=1773924133.8885710239410400390625 HTTP/1.1" 200 - "-" "WordPress/6.9.4; https://tarapaca.vsptdigital.cl"
171.234.8.189 - - [19/Mar/2026:09:42:12 -0300] "POST /wp-comments-post.php HTTP/1.1" 302 - "https://tarapaca.vsptdigital.cl/2026/01/06/mastering-bonuses-a-comprehensive-guide-on-how-to/" "Mozilla/5.0 (Windows NT 10.0; Win64; x64; Xbox; Xbox One) AppleWebKit/537.36 (KHTML, like Gecko) Chrome/114.0.0.0 Safari/537.36 Edge/44.18363.8131"
162.240.153.75 - - [19/Mar/2026:09:42:24 -0300] "POST /wp-cron.php?doing_wp_cron=1773924144.7934141159057617187500 HTTP/1.1" 200 - "-" "WordPress/6.9.4; https://tarapaca.vsptdigital.cl"
57.141.6.18 - - [19/Mar/2026:09:42:24 -0300] "GET /wp-json/oembed/1.0/embed?url=https%3A%2F%2Ftarapaca.vsptdigital.cl%2F2026%2F03%2F18%2Feffective-strategies-to-win-in-gambling%2F HTTP/1.1" 200 2359 "-" "meta-externalagent/1.1 (+https://developers.facebook.com/docs/sharing/webmasters/crawler)"
171.234.8.189 - - [19/Mar/2026:09:42:29 -0300] "GET /2026/01/06/mastering-bonuses-a-comprehensive-guide-on-how-to/ HTTP/1.1" 200 32880 "-" "Mozilla/5.0 (Windows NT 10.0; Win64; x64; Xbox; Xbox One) AppleWebKit/537.36 (KHTML, like Gecko) Chrome/114.0.0.0 Safari/537.36 Edge/44.18363.8131"
23.158.233.124 - - [19/Mar/2026:09:42:53 -0300] "GET /2026/01/20/casino-online-anschauen-der-komplette-leitfaden-10/ HTTP/1.1" 200 32208 "-" "Mozilla/5.0 (compatible; Googlebot/2.1; +http://www.google.com/bot.html)"
162.240.153.75 - - [19/Mar/2026:09:43:35 -0300] "POST /wp-cron.php?doing_wp_cron=1773924215.1324560642242431640625 HTTP/1.1" 200 - "-" "WordPress/6.9.4; https://tarapaca.vsptdigital.cl"
160.250.186.93 - - [19/Mar/2026:09:43:33 -0300] "GET /2025/11/26/online-casino-free-bonuses-uncovering-the-21/ HTTP/1.1" 200 33558 "-" "Mozilla/5.0 (Macintosh; Intel Mac OS X 12_5) AppleWebKit/537.36 (KHTML, like Gecko) Chrome/114.0.0.0 Safari/537.36"
171.234.8.189 - - [19/Mar/2026:09:44:18 -0300] "GET /2026/01/06/mastering-bonuses-a-comprehensive-guide-on-how-to/ HTTP/1.1" 200 32880 "-" "Mozilla/5.0 (Macintosh; Intel Mac OS X 12_5) AppleWebKit/537.36 (KHTML, like Gecko) Chrome/114.0.0.0 Safari/537.36"
162.240.153.75 - - [19/Mar/2026:09:49:16 -0300] "POST /wp-cron.php?doing_wp_cron=1773924556.8246440887451171875000 HTTP/1.1" 200 - "-" "WordPress/6.9.4; https://tarapaca.vsptdigital.cl"
98.98.21.215 - - [19/Mar/2026:09:49:15 -0300] "POST /xmlrpc.php HTTP/1.1" 200 416 "-" "Mozilla/5.0 (Windows NT 10.0; Win64; x64) AppleWebKit/537.36 (KHTML, like Gecko) Chrome/114.0.0.0 Safari/537.36"
98.98.21.215 - - [19/Mar/2026:09:49:18 -0300] "POST /xmlrpc.php HTTP/1.1" 200 416 "-" "Mozilla/5.0 (Windows NT 10.0; Win64; x64) AppleWebKit/537.36 (KHTML, like Gecko) Chrome/114.0.0.0 Safari/537.36"
162.240.153.75 - - [19/Mar/2026:09:49:53 -0300] "POST /wp-cron.php?doing_wp_cron=1773924593.0012309551239013671875 HTTP/1.1" 200 - "-" "WordPress/6.9.4; https://tarapaca.vsptdigital.cl"
57.141.6.44 - - [19/Mar/2026:09:49:51 -0300] "GET /wp-json/oembed/1.0/embed?url=https%3A%2F%2Ftarapaca.vsptdigital.cl%2F2026%2F03%2F18%2Foportunidades-de-carrera-en-el-sector-farmaceutico%2F HTTP/1.1" 200 2501 "-" "meta-externalagent/1.1 (+https://developers.facebook.com/docs/sharing/webmasters/crawler)"
95.217.109.26 - - [19/Mar/2026:09:50:27 -0300] "GET /robots.txt HTTP/1.1" 200 1916 "-" "Mozilla/5.0 (compatible; MJ12bot/v1.4.8; http://mj12bot.com/)"
162.240.153.75 - - [19/Mar/2026:09:53:58 -0300] "POST /wp-cron.php?doing_wp_cron=1773924838.1306569576263427734375 HTTP/1.1" 200 - "-" "WordPress/6.9.4; https://tarapaca.vsptdigital.cl"
118.189.242.201 - - [19/Mar/2026:09:53:56 -0300] "GET /2025/10/12/non-gamstop-uk-casino-sites-an-in-depth-look/ HTTP/1.1" 200 32046 "-" "Mozilla/5.0 (Macintosh; Intel Mac OS X 12_5) AppleWebKit/537.36 (KHTML, like Gecko) Chrome/114.0.0.0 Safari/537.36"
162.240.153.75 - - [19/Mar/2026:09:54:25 -0300] "POST /wp-cron.php?doing_wp_cron=1773924865.9749391078948974609375 HTTP/1.1" 200 - "-" "WordPress/6.9.4; https://tarapaca.vsptdigital.cl"
43.143.199.237 - - [19/Mar/2026:09:54:25 -0300] "GET /2026/02/11/la-psicologia-detras-de-las-decisiones-en-los/ HTTP/1.1" 200 34514 "https://tarapaca.vsptdigital.cl/2026/02/11/la-psicologia-detras-de-las-decisiones-en-los/#respond" "Mozilla/5.0 (Macintosh; Intel Mac OS X 10_15_7) AppleWebKit/537.36 (KHTML, like Gecko) Chrome/123.0.0.0 Safari/537.36"
130.51.20.151 - - [19/Mar/2026:09:54:31 -0300] "GET /2026/01/10/reputable-casinos-not-using-gamstop-256821748/ HTTP/1.1" 200 33096 "-" "Mozilla/5.0 (Macintosh; Intel Mac OS X 12_5) AppleWebKit/537.36 (KHTML, like Gecko) Chrome/114.0.0.0 Safari/537.36"
119.23.78.59 - - [19/Mar/2026:09:55:00 -0300] "GET /2026/02/02/discover-the-exciting-world-of-new-online-betting-2/ HTTP/1.1" 200 34305 "https://tarapaca.vsptdigital.cl/" "Mozilla/5.0 (Macintosh; Intel Mac OS X 12_5) AppleWebKit/537.36 (KHTML, like Gecko) Chrome/114.0.0.0 Safari/537.36 Edg/114.0.1264.71"
119.23.78.59 - - [19/Mar/2026:09:55:04 -0300] "GET /wp-admin/admin-ajax.php HTTP/1.1" 400 1 "https://tarapaca.vsptdigital.cl/2026/02/02/discover-the-exciting-world-of-new-online-betting-2/" "Mozilla/5.0 (Windows NT 6.3; Win64; x64) AppleWebKit/537.36 (KHTML, like Gecko) Chrome/103.0.0.0 Safari/537.36"
119.23.78.59 - - [19/Mar/2026:09:55:05 -0300] "GET /wp-admin/admin-ajax.php?action=register HTTP/1.1" 400 1 "https://tarapaca.vsptdigital.cl/wp-admin/admin-ajax.php" "Mozilla/5.0 (Windows NT 6.3; Win64; x64) AppleWebKit/537.36 (KHTML, like Gecko) Chrome/103.0.0.0 Safari/537.36"
162.240.153.75 - - [19/Mar/2026:09:57:26 -0300] "POST /wp-cron.php?doing_wp_cron=1773925046.1321880817413330078125 HTTP/1.1" 200 - "-" "WordPress/6.9.4; https://tarapaca.vsptdigital.cl"
57.141.6.31 - - [19/Mar/2026:09:57:18 -0300] "GET /2026/03/18/oportunidades-de-carrera-en-el-sector-farmaceutico/feed/ HTTP/1.1" 200 913 "-" "meta-externalagent/1.1 (+https://developers.facebook.com/docs/sharing/webmasters/crawler)"
162.240.153.75 - - [19/Mar/2026:09:58:49 -0300] "POST /wp-cron.php?doing_wp_cron=1773925129.3407330513000488281250 HTTP/1.1" 200 - "-" "WordPress/6.9.4; https://tarapaca.vsptdigital.cl"
161.97.176.209 - - [19/Mar/2026:09:58:48 -0300] "GET /2026/03/19/gambling-i-kulturen-en-djupdykning-i-svenska/ HTTP/1.1" 200 30009 "-" "Mozilla/5.0 (X11; Linux x86_64) AppleWebKit/537.36 (KHTML, like Gecko) Chrome/120.0.0.0 Safari/537.36"
161.97.176.209 - - [19/Mar/2026:09:58:49 -0300] "GET /wp-includes/css/dist/block-library/style.min.css?ver=6.9.4 HTTP/1.1" 200 119358 "https://tarapaca.vsptdigital.cl/2026/03/19/gambling-i-kulturen-en-djupdykning-i-svenska/" "Mozilla/5.0 (X11; Linux x86_64) AppleWebKit/537.36 (KHTML, like Gecko) Chrome/120.0.0.0 Safari/537.36"
161.97.176.209 - - [19/Mar/2026:09:58:49 -0300] "GET /wp-content/plugins/contact-form-7/includes/css/styles.css?ver=5.9.3 HTTP/1.1" 200 2894 "https://tarapaca.vsptdigital.cl/2026/03/19/gambling-i-kulturen-en-djupdykning-i-svenska/" "Mozilla/5.0 (X11; Linux x86_64) AppleWebKit/537.36 (KHTML, like Gecko) Chrome/120.0.0.0 Safari/537.36"
161.97.176.209 - - [19/Mar/2026:09:58:49 -0300] "GET /wp-content/plugins/woocommerce/assets/css/woocommerce-layout.css?ver=8.7.2 HTTP/1.1" 200 17688 "https://tarapaca.vsptdigital.cl/2026/03/19/gambling-i-kulturen-en-djupdykning-i-svenska/" "Mozilla/5.0 (X11; Linux x86_64) AppleWebKit/537.36 (KHTML, like Gecko) Chrome/120.0.0.0 Safari/537.36"
161.97.176.209 - - [19/Mar/2026:09:58:49 -0300] "GET /wp-content/plugins/woocommerce/assets/css/woocommerce.css?ver=8.7.2 HTTP/1.1" 200 77339 "https://tarapaca.vsptdigital.cl/2026/03/19/gambling-i-kulturen-en-djupdykning-i-svenska/" "Mozilla/5.0 (X11; Linux x86_64) AppleWebKit/537.36 (KHTML, like Gecko) Chrome/120.0.0.0 Safari/537.36"
161.97.176.209 - - [19/Mar/2026:09:58:49 -0300] "GET /wp-content/themes/hello-elementor/theme.min.css?ver=2.9.0 HTTP/1.1" 200 12439 "https://tarapaca.vsptdigital.cl/2026/03/19/gambling-i-kulturen-en-djupdykning-i-svenska/" "Mozilla/5.0 (X11; Linux x86_64) AppleWebKit/537.36 (KHTML, like Gecko) Chrome/120.0.0.0 Safari/537.36"
161.97.176.209 - - [19/Mar/2026:09:58:49 -0300] "GET /wp-content/themes/hello-elementor/style.min.css?ver=2.9.0 HTTP/1.1" 200 5756 "https://tarapaca.vsptdigital.cl/2026/03/19/gambling-i-kulturen-en-djupdykning-i-svenska/" "Mozilla/5.0 (X11; Linux x86_64) AppleWebKit/537.36 (KHTML, like Gecko) Chrome/120.0.0.0 Safari/537.36"
161.97.176.209 - - [19/Mar/2026:09:58:50 -0300] "GET /wp-content/uploads/elementor/css/post-5.css?ver=1705946908 HTTP/1.1" 200 1169 "https://tarapaca.vsptdigital.cl/2026/03/19/gambling-i-kulturen-en-djupdykning-i-svenska/" "Mozilla/5.0 (X11; Linux x86_64) AppleWebKit/537.36 (KHTML, like Gecko) Chrome/120.0.0.0 Safari/537.36"
161.97.176.209 - - [19/Mar/2026:09:58:50 -0300] "GET /wp-content/plugins/winwheel4wp/assets/winwheel4wp.css?ver=1669909447 HTTP/1.1" 200 4354 "https://tarapaca.vsptdigital.cl/2026/03/19/gambling-i-kulturen-en-djupdykning-i-svenska/" "Mozilla/5.0 (X11; Linux x86_64) AppleWebKit/537.36 (KHTML, like Gecko) Chrome/120.0.0.0 Safari/537.36"
161.97.176.209 - - [19/Mar/2026:09:58:50 -0300] "GET /wp-includes/js/jquery/jquery.min.js?ver=3.7.1 HTTP/1.1" 200 87553 "https://tarapaca.vsptdigital.cl/2026/03/19/gambling-i-kulturen-en-djupdykning-i-svenska/" "Mozilla/5.0 (X11; Linux x86_64) AppleWebKit/537.36 (KHTML, like Gecko) Chrome/120.0.0.0 Safari/537.36"
161.97.176.209 - - [19/Mar/2026:09:58:50 -0300] "GET /wp-includes/js/jquery/jquery-migrate.min.js?ver=3.4.1 HTTP/1.1" 200 13577 "https://tarapaca.vsptdigital.cl/2026/03/19/gambling-i-kulturen-en-djupdykning-i-svenska/" "Mozilla/5.0 (X11; Linux x86_64) AppleWebKit/537.36 (KHTML, like Gecko) Chrome/120.0.0.0 Safari/537.36"
161.97.176.209 - - [19/Mar/2026:09:58:50 -0300] "GET /wp-content/plugins/winwheel4wp/assets/winwheel4wp.js?ver=1669909447 HTTP/1.1" 200 11867 "https://tarapaca.vsptdigital.cl/2026/03/19/gambling-i-kulturen-en-djupdykning-i-svenska/" "Mozilla/5.0 (X11; Linux x86_64) AppleWebKit/537.36 (KHTML, like Gecko) Chrome/120.0.0.0 Safari/537.36"
161.97.176.209 - - [19/Mar/2026:09:58:50 -0300] "GET /wp-content/plugins/contact-form-7/includes/swv/js/index.js?ver=5.9.3 HTTP/1.1" 200 17211 "https://tarapaca.vsptdigital.cl/2026/03/19/gambling-i-kulturen-en-djupdykning-i-svenska/" "Mozilla/5.0 (X11; Linux x86_64) AppleWebKit/537.36 (KHTML, like Gecko) Chrome/120.0.0.0 Safari/537.36"
161.97.176.209 - - [19/Mar/2026:09:58:50 -0300] "GET /wp-content/plugins/contact-form-7/includes/js/index.js?ver=5.9.3 HTTP/1.1" 200 18752 "https://tarapaca.vsptdigital.cl/2026/03/19/gambling-i-kulturen-en-djupdykning-i-svenska/" "Mozilla/5.0 (X11; Linux x86_64) AppleWebKit/537.36 (KHTML, like Gecko) Chrome/120.0.0.0 Safari/537.36"
161.97.176.209 - - [19/Mar/2026:09:58:49 -0300] "GET /wp-content/plugins/elementor/assets/css/frontend-lite.min.css?ver=3.20.3 HTTP/1.1" 200 118630 "https://tarapaca.vsptdigital.cl/2026/03/19/gambling-i-kulturen-en-djupdykning-i-svenska/" "Mozilla/5.0 (X11; Linux x86_64) AppleWebKit/537.36 (KHTML, like Gecko) Chrome/120.0.0.0 Safari/537.36"
161.97.176.209 - - [19/Mar/2026:09:58:50 -0300] "GET /wp-content/plugins/woocommerce/assets/js/sourcebuster/sourcebuster.min.js?ver=8.7.2 HTTP/1.1" 200 20198 "https://tarapaca.vsptdigital.cl/2026/03/19/gambling-i-kulturen-en-djupdykning-i-svenska/" "Mozilla/5.0 (X11; Linux x86_64) AppleWebKit/537.36 (KHTML, like Gecko) Chrome/120.0.0.0 Safari/537.36"
161.97.176.209 - - [19/Mar/2026:09:58:50 -0300] "GET /wp-content/plugins/woocommerce/assets/js/frontend/order-attribution.min.js?ver=8.7.2 HTTP/1.1" 200 7207 "https://tarapaca.vsptdigital.cl/2026/03/19/gambling-i-kulturen-en-djupdykning-i-svenska/" "Mozilla/5.0 (X11; Linux x86_64) AppleWebKit/537.36 (KHTML, like Gecko) Chrome/120.0.0.0 Safari/537.36"
161.97.176.209 - - [19/Mar/2026:09:58:50 -0300] "GET /wp-content/themes/hello-elementor/assets/js/hello-frontend.min.js?ver=1.0.0 HTTP/1.1" 200 7572 "https://tarapaca.vsptdigital.cl/2026/03/19/gambling-i-kulturen-en-djupdykning-i-svenska/" "Mozilla/5.0 (X11; Linux x86_64) AppleWebKit/537.36 (KHTML, like Gecko) Chrome/120.0.0.0 Safari/537.36"
161.97.176.209 - - [19/Mar/2026:09:58:50 -0300] "GET /wp-content/plugins/woocommerce/assets/js/jquery-blockui/jquery.blockUI.min.js?ver=2.7.0-wc.8.7.2 HTTP/1.1" 200 15334 "https://tarapaca.vsptdigital.cl/2026/03/19/gambling-i-kulturen-en-djupdykning-i-svenska/" "Mozilla/5.0 (X11; Linux x86_64) AppleWebKit/537.36 (KHTML, like Gecko) Chrome/120.0.0.0 Safari/537.36"
161.97.176.209 - - [19/Mar/2026:09:58:50 -0300] "GET /wp-includes/js/comment-reply.min.js?ver=6.9.4 HTTP/1.1" 200 3026 "https://tarapaca.vsptdigital.cl/2026/03/19/gambling-i-kulturen-en-djupdykning-i-svenska/" "Mozilla/5.0 (X11; Linux x86_64) AppleWebKit/537.36 (KHTML, like Gecko) Chrome/120.0.0.0 Safari/537.36"
161.97.176.209 - - [19/Mar/2026:09:58:50 -0300] "GET /wp-content/plugins/woocommerce/assets/js/js-cookie/js.cookie.min.js?ver=2.1.4-wc.8.7.2 HTTP/1.1" 200 7418 "https://tarapaca.vsptdigital.cl/2026/03/19/gambling-i-kulturen-en-djupdykning-i-svenska/" "Mozilla/5.0 (X11; Linux x86_64) AppleWebKit/537.36 (KHTML, like Gecko) Chrome/120.0.0.0 Safari/537.36"
161.97.176.209 - - [19/Mar/2026:09:58:50 -0300] "GET /wp-content/plugins/woocommerce/assets/js/frontend/add-to-cart.min.js?ver=8.7.2 HTTP/1.1" 200 8756 "https://tarapaca.vsptdigital.cl/2026/03/19/gambling-i-kulturen-en-djupdykning-i-svenska/" "Mozilla/5.0 (X11; Linux x86_64) AppleWebKit/537.36 (KHTML, like Gecko) Chrome/120.0.0.0 Safari/537.36"
161.97.176.209 - - [19/Mar/2026:09:58:50 -0300] "GET /wp-content/plugins/woocommerce/assets/js/frontend/woocommerce.min.js?ver=8.7.2 HTTP/1.1" 200 7837 "https://tarapaca.vsptdigital.cl/2026/03/19/gambling-i-kulturen-en-djupdykning-i-svenska/" "Mozilla/5.0 (X11; Linux x86_64) AppleWebKit/537.36 (KHTML, like Gecko) Chrome/120.0.0.0 Safari/537.36"
161.97.176.209 - - [19/Mar/2026:09:58:50 -0300] "GET /wp-content/plugins/woocommerce/assets/css/woocommerce-smallscreen.css?ver=8.7.2 HTTP/1.1" 200 7043 "https://tarapaca.vsptdigital.cl/2026/03/19/gambling-i-kulturen-en-djupdykning-i-svenska/" "Mozilla/5.0 (X11; Linux x86_64) AppleWebKit/537.36 (KHTML, like Gecko) Chrome/120.0.0.0 Safari/537.36"
