136.243.220.209 - - [19/Mar/2026:13:30:27 -0300] "GET /wp-sitemap.xml HTTP/1.1" 404 21204 "-" "Mozilla/5.0 (compatible; DataForSeoBot/1.0; +https://dataforseo.com/dataforseo-bot)"
194.165.16.5 - - [19/Mar/2026:13:30:57 -0300] "GET /wp-login.php HTTP/1.1" 200 9184 "-" "Mozilla/5.0 (Windows NT 10.0; Win64; x64; rv:127.0) Gecko/20100101 Firefox/127.0"
162.240.153.75 - - [19/Mar/2026:13:30:59 -0300] "POST /wp-cron.php?doing_wp_cron=1773937859.3727250099182128906250 HTTP/1.1" 200 - "-" "WordPress/6.9.4; https://tiendamolina.vsptdigital.cl"
194.165.16.5 - - [19/Mar/2026:13:30:58 -0300] "POST /xmlrpc.php HTTP/1.1" 200 179 "-" "Mozilla/5.0 (Windows NT 10.0; Win64; x64) AppleWebKit/537.36 (KHTML, like Gecko) Chrome/124.0.6367.207 Safari/537.36"
194.165.16.5 - - [19/Mar/2026:13:30:59 -0300] "POST /xmlrpc.php HTTP/1.1" 200 6795 "-" "Mozilla/5.0 (Windows NT 10.0; Win64; x64; rv:127.0) Gecko/20100101 Firefox/127.0"
14.178.10.112 - - [19/Mar/2026:13:31:43 -0300] "GET /2025/11/17/vivre-des-paris-sportifs-en-france/ HTTP/1.1" 200 28523 "https://tiendamolina.vsptdigital.cl/" "Mozilla/5.0 (Windows NT 10.0; Win64; x64; rv:114.0) Gecko/20100101 Firefox/114.0"
14.178.10.112 - - [19/Mar/2026:13:31:45 -0300] "POST /wp-comments-post.php HTTP/1.1" 302 - "https://tiendamolina.vsptdigital.cl/2025/11/17/vivre-des-paris-sportifs-en-france/" "Mozilla/5.0 (Windows NT 10.0; Win64; x64; rv:114.0) Gecko/20100101 Firefox/114.0"
165.231.35.91 - - [19/Mar/2026:13:31:46 -0300] "GET /2025/12/08/jaxx-sportwetten-online-wetten-app-herunterladen/ HTTP/1.1" 200 28917 "-" "Mozilla/5.0 (Macintosh; Intel Mac OS X 12_5) AppleWebKit/537.36 (KHTML, like Gecko) Chrome/114.0.0.0 Safari/537.36"
14.178.10.112 - - [19/Mar/2026:13:31:46 -0300] "GET /2025/11/17/vivre-des-paris-sportifs-en-france/?unapproved=17932&moderation-hash=e27aef2263e76d5c4b883b437fa6e168 HTTP/1.1" 200 30170 "https://tiendamolina.vsptdigital.cl/wp-comments-post.php" "Mozilla/5.0 (Windows NT 10.0; Win64; x64; rv:114.0) Gecko/20100101 Firefox/114.0"
14.178.10.112 - - [19/Mar/2026:13:31:48 -0300] "GET /2025/11/17/vivre-des-paris-sportifs-en-france/ HTTP/1.1" 200 28523 "-" "Mozilla/5.0 (Windows NT 10.0; Win64; x64; rv:114.0) Gecko/20100101 Firefox/114.0"
14.178.10.112 - - [19/Mar/2026:13:35:44 -0300] "GET /2025/11/17/vivre-des-paris-sportifs-en-france/ HTTP/1.1" 200 28523 "-" "Mozilla/5.0 (Macintosh; Intel Mac OS X 12_5) AppleWebKit/537.36 (KHTML, like Gecko) Chrome/114.0.0.0 Safari/537.36"
46.8.222.190 - - [19/Mar/2026:13:36:16 -0300] "GET /2026/03/03/jonh-vegas-casino-no-deposit-bonus-codes-for-free/ HTTP/1.1" 200 28857 "-" "Mozilla/5.0 (Macintosh; Intel Mac OS X 12_5) AppleWebKit/537.36 (KHTML, like Gecko) Chrome/114.0.0.0 Safari/537.36"
136.243.220.209 - - [19/Mar/2026:13:36:48 -0300] "GET /2025/11/15/walkover-tennis-paris-sportif/ HTTP/1.1" 200 28385 "-" "Mozilla/5.0 (compatible; DataForSeoBot/1.0; +https://dataforseo.com/dataforseo-bot)"
136.243.220.209 - - [19/Mar/2026:13:36:52 -0300] "GET /2025/12/02/voir-le-hockey-en-direct-gratuit-2/ HTTP/1.1" 200 28835 "-" "Mozilla/5.0 (compatible; DataForSeoBot/1.0; +https://dataforseo.com/dataforseo-bot)"
104.194.152.141 - - [19/Mar/2026:13:37:01 -0300] "GET /2025/12/03/interwetten-gutschein-code-2025/ HTTP/1.1" 200 28658 "https://tiendamolina.vsptdigital.cl/" "Mozilla/5.0 (Windows NT 10.0) AppleWebKit/537.36 (KHTML, like Gecko) Chrome/114.0.0.0 Safari/537.36"
104.194.152.141 - - [19/Mar/2026:13:37:02 -0300] "POST /wp-comments-post.php HTTP/1.1" 302 - "https://tiendamolina.vsptdigital.cl/2025/12/03/interwetten-gutschein-code-2025/" "Mozilla/5.0 (Windows NT 10.0) AppleWebKit/537.36 (KHTML, like Gecko) Chrome/114.0.0.0 Safari/537.36"
104.194.152.141 - - [19/Mar/2026:13:37:04 -0300] "GET /2025/12/03/interwetten-gutschein-code-2025/?unapproved=17933&moderation-hash=c85e31da2b0947f89cfe1ad7f24f6da5 HTTP/1.1" 200 30420 "https://tiendamolina.vsptdigital.cl/wp-comments-post.php" "Mozilla/5.0 (Windows NT 10.0) AppleWebKit/537.36 (KHTML, like Gecko) Chrome/114.0.0.0 Safari/537.36"
104.194.152.141 - - [19/Mar/2026:13:37:05 -0300] "GET /2025/12/03/interwetten-gutschein-code-2025/ HTTP/1.1" 200 28658 "-" "Mozilla/5.0 (compatible; Googlebot/2.1; +http://www.google.com/bot.html)"
154.21.239.136 - - [19/Mar/2026:13:37:17 -0300] "GET /2026/03/11/jb-casino-login-app-sign-up/ HTTP/1.1" 200 27998 "https://tiendamolina.vsptdigital.cl/" "Mozilla/5.0 (X11; Linux x86_64) AppleWebKit/537.36 (KHTML, like Gecko) Chrome/114.0.0.0 Safari/537.36"
154.21.239.136 - - [19/Mar/2026:13:37:18 -0300] "GET /wp-includes/css/dist/block-library/style.min.css?ver=6.9.4 HTTP/1.1" 200 119358 "https://tiendamolina.vsptdigital.cl/2026/03/11/jb-casino-login-app-sign-up/" "Mozilla/5.0 (Windows NT 10.0; Win64; x64) AppleWebKit/537.36 (KHTML, like Gecko) Chrome/143.0.0.0 Safari/537.36"
154.21.239.136 - - [19/Mar/2026:13:37:19 -0300] "GET /wp-content/plugins/contact-form-7/includes/css/styles.css?ver=6.0.1 HTTP/1.1" 200 2894 "https://tiendamolina.vsptdigital.cl/2026/03/11/jb-casino-login-app-sign-up/" "Mozilla/5.0 (Windows NT 10.0; Win64; x64) AppleWebKit/537.36 (KHTML, like Gecko) Chrome/143.0.0.0 Safari/537.36"
154.21.239.136 - - [19/Mar/2026:13:37:19 -0300] "GET /wp-content/themes/hello-elementor/style.min.css?ver=3.1.1 HTTP/1.1" 200 5501 "https://tiendamolina.vsptdigital.cl/2026/03/11/jb-casino-login-app-sign-up/" "Mozilla/5.0 (Windows NT 10.0; Win64; x64) AppleWebKit/537.36 (KHTML, like Gecko) Chrome/143.0.0.0 Safari/537.36"
154.21.239.136 - - [19/Mar/2026:13:37:19 -0300] "GET /wp-content/themes/hello-elementor/theme.min.css?ver=3.1.1 HTTP/1.1" 200 5146 "https://tiendamolina.vsptdigital.cl/2026/03/11/jb-casino-login-app-sign-up/" "Mozilla/5.0 (Windows NT 10.0; Win64; x64) AppleWebKit/537.36 (KHTML, like Gecko) Chrome/143.0.0.0 Safari/537.36"
154.21.239.136 - - [19/Mar/2026:13:37:19 -0300] "GET /wp-content/themes/hello-elementor/header-footer.min.css?ver=3.1.1 HTTP/1.1" 200 7212 "https://tiendamolina.vsptdigital.cl/2026/03/11/jb-casino-login-app-sign-up/" "Mozilla/5.0 (Windows NT 10.0; Win64; x64) AppleWebKit/537.36 (KHTML, like Gecko) Chrome/143.0.0.0 Safari/537.36"
154.21.239.136 - - [19/Mar/2026:13:37:19 -0300] "GET /wp-content/plugins/elementor/assets/css/frontend.min.css?ver=3.25.11 HTTP/1.1" 200 60575 "https://tiendamolina.vsptdigital.cl/2026/03/11/jb-casino-login-app-sign-up/" "Mozilla/5.0 (Windows NT 10.0; Win64; x64) AppleWebKit/537.36 (KHTML, like Gecko) Chrome/143.0.0.0 Safari/537.36"
154.21.239.136 - - [19/Mar/2026:13:37:19 -0300] "GET /wp-content/uploads/elementor/css/post-5.css?ver=1734013235 HTTP/1.1" 200 1372 "https://tiendamolina.vsptdigital.cl/2026/03/11/jb-casino-login-app-sign-up/" "Mozilla/5.0 (Windows NT 10.0; Win64; x64) AppleWebKit/537.36 (KHTML, like Gecko) Chrome/143.0.0.0 Safari/537.36"
154.21.239.136 - - [19/Mar/2026:13:37:19 -0300] "GET /wp-content/plugins/elementor/assets/lib/eicons/css/elementor-icons.min.css?ver=5.34.0 HTTP/1.1" 200 20060 "https://tiendamolina.vsptdigital.cl/2026/03/11/jb-casino-login-app-sign-up/" "Mozilla/5.0 (Windows NT 10.0; Win64; x64) AppleWebKit/537.36 (KHTML, like Gecko) Chrome/143.0.0.0 Safari/537.36"
154.21.239.136 - - [19/Mar/2026:13:37:19 -0300] "GET /wp-content/plugins/elementor/assets/lib/swiper/v8/css/swiper.min.css?ver=8.4.5 HTTP/1.1" 200 16471 "https://tiendamolina.vsptdigital.cl/2026/03/11/jb-casino-login-app-sign-up/" "Mozilla/5.0 (Windows NT 10.0; Win64; x64) AppleWebKit/537.36 (KHTML, like Gecko) Chrome/143.0.0.0 Safari/537.36"
154.21.239.136 - - [19/Mar/2026:13:37:20 -0300] "GET /wp-content/plugins/elementor/assets/css/conditionals/e-swiper.min.css?ver=3.25.11 HTTP/1.1" 200 10260 "https://tiendamolina.vsptdigital.cl/2026/03/11/jb-casino-login-app-sign-up/" "Mozilla/5.0 (Windows NT 10.0; Win64; x64) AppleWebKit/537.36 (KHTML, like Gecko) Chrome/143.0.0.0 Safari/537.36"
154.21.239.136 - - [19/Mar/2026:13:37:20 -0300] "GET /wp-content/plugins/elementor-pro/assets/css/frontend.min.css?ver=3.7.1 HTTP/1.1" 200 480945 "https://tiendamolina.vsptdigital.cl/2026/03/11/jb-casino-login-app-sign-up/" "Mozilla/5.0 (Windows NT 10.0; Win64; x64) AppleWebKit/537.36 (KHTML, like Gecko) Chrome/143.0.0.0 Safari/537.36"
154.21.239.136 - - [19/Mar/2026:13:37:20 -0300] "POST /wp-comments-post.php HTTP/1.1" 302 - "https://tiendamolina.vsptdigital.cl/2026/03/11/jb-casino-login-app-sign-up/" "Mozilla/5.0 (X11; Linux x86_64) AppleWebKit/537.36 (KHTML, like Gecko) Chrome/114.0.0.0 Safari/537.36"
154.21.239.136 - - [19/Mar/2026:13:37:21 -0300] "GET /2026/03/11/jb-casino-login-app-sign-up/?unapproved=17934&moderation-hash=64c8ed96eebd02960e9545732ed668fa HTTP/1.1" 200 29568 "https://tiendamolina.vsptdigital.cl/wp-comments-post.php" "Mozilla/5.0 (X11; Linux x86_64) AppleWebKit/537.36 (KHTML, like Gecko) Chrome/114.0.0.0 Safari/537.36"
154.21.239.136 - - [19/Mar/2026:13:37:22 -0300] "GET /2026/03/11/jb-casino-login-app-sign-up/ HTTP/1.1" 200 27998 "-" "Mozilla/5.0 (X11; Linux x86_64) AppleWebKit/537.36 (KHTML, like Gecko) Chrome/114.0.0.0 Safari/537.36"
104.194.152.141 - - [19/Mar/2026:13:38:41 -0300] "GET /2025/12/03/interwetten-gutschein-code-2025/ HTTP/1.1" 200 28658 "-" "Mozilla/5.0 (compatible; Googlebot/2.1; +http://www.google.com/bot.html)"
107.175.141.186 - - [19/Mar/2026:13:39:22 -0300] "GET /2025/12/03/interwetten-gutschein-code-2025/ HTTP/1.1" 200 28658 "https://tiendamolina.vsptdigital.cl/" "Mozilla/5.0 (Macintosh; Intel Mac OS X 12_5) AppleWebKit/537.36 (KHTML, like Gecko) Chrome/114.0.0.0 Safari/537.36 OPR/89.0.4447.51"
107.175.141.186 - - [19/Mar/2026:13:39:31 -0300] "GET /wp-login.php?action=register HTTP/1.1" 302 - "https://tiendamolina.vsptdigital.cl/2025/12/03/interwetten-gutschein-code-2025/" "Mozilla/5.0 (Windows NT 6.3; Win64; x64) AppleWebKit/537.36 (KHTML, like Gecko) Chrome/103.0.0.0 Safari/537.36"
107.175.141.186 - - [19/Mar/2026:13:39:32 -0300] "GET /wp-login.php?registration=disabled HTTP/1.1" 200 9387 "https://tiendamolina.vsptdigital.cl/wp-login.php?action=register" "Mozilla/5.0 (Windows NT 6.3; Win64; x64) AppleWebKit/537.36 (KHTML, like Gecko) Chrome/103.0.0.0 Safari/537.36"
154.21.239.136 - - [19/Mar/2026:13:42:05 -0300] "GET /2026/03/11/jb-casino-login-app-sign-up/ HTTP/1.1" 200 27998 "-" "Mozilla/5.0 (Macintosh; Intel Mac OS X 12_5) AppleWebKit/537.36 (KHTML, like Gecko) Chrome/114.0.0.0 Safari/537.36"
198.23.170.185 - - [19/Mar/2026:13:43:13 -0300] "GET /2025/12/03/interwetten-gutschein-code-2025/ HTTP/1.1" 200 28658 "https://tiendamolina.vsptdigital.cl/" "Mozilla/5.0 (X11; Linux i686; rv:114.0) Gecko/20100101 Firefox/114.0"
198.23.170.185 - - [19/Mar/2026:13:43:20 -0300] "GET /wp-login.php?action=register HTTP/1.1" 302 - "https://tiendamolina.vsptdigital.cl/2025/12/03/interwetten-gutschein-code-2025/" "Mozilla/5.0 (Windows NT 6.3; Win64; x64) AppleWebKit/537.36 (KHTML, like Gecko) Chrome/103.0.0.0 Safari/537.36"
198.23.170.185 - - [19/Mar/2026:13:43:21 -0300] "GET /wp-login.php?registration=disabled HTTP/1.1" 200 9387 "https://tiendamolina.vsptdigital.cl/wp-login.php?action=register" "Mozilla/5.0 (Windows NT 6.3; Win64; x64) AppleWebKit/537.36 (KHTML, like Gecko) Chrome/103.0.0.0 Safari/537.36"
165.140.118.5 - - [19/Mar/2026:13:47:04 -0300] "GET /2026/01/21/interwetten-app/ HTTP/1.1" 200 28270 "https://tiendamolina.vsptdigital.cl/" "Mozilla/5.0 (Windows NT 10.0; Win64; x64; rv:114.0) Gecko/20100101 Firefox/114.0"
165.140.118.5 - - [19/Mar/2026:13:47:08 -0300] "GET /wp-login.php?action=register HTTP/1.1" 302 - "https://tiendamolina.vsptdigital.cl/2026/01/21/interwetten-app/" "Mozilla/5.0 (Windows NT 6.3; Win64; x64) AppleWebKit/537.36 (KHTML, like Gecko) Chrome/103.0.0.0 Safari/537.36"
165.140.118.5 - - [19/Mar/2026:13:47:08 -0300] "GET /wp-login.php?registration=disabled HTTP/1.1" 200 9387 "https://tiendamolina.vsptdigital.cl/wp-login.php?action=register" "Mozilla/5.0 (Windows NT 6.3; Win64; x64) AppleWebKit/537.36 (KHTML, like Gecko) Chrome/103.0.0.0 Safari/537.36"
172.81.133.213 - - [19/Mar/2026:13:47:27 -0300] "GET /2025/10/23/Ziskove-Sloty-Hry-Zdarma-Bez-Registrace-Bez/ HTTP/1.1" 200 28791 "-" "Mozilla/5.0 (Macintosh; Intel Mac OS X 12_5) AppleWebKit/537.36 (KHTML, like Gecko) Chrome/114.0.0.0 Safari/537.36"
194.165.16.5 - - [19/Mar/2026:13:47:59 -0300] "GET /wp-login.php HTTP/1.1" 200 9184 "-" "Mozilla/5.0 (Windows NT 10.0; Win64; x64; rv:127.0) Gecko/20100101 Firefox/127.0"
162.240.153.75 - - [19/Mar/2026:13:48:00 -0300] "POST /wp-cron.php?doing_wp_cron=1773938880.9897639751434326171875 HTTP/1.1" 200 - "-" "WordPress/6.9.4; https://tiendamolina.vsptdigital.cl"
194.165.16.5 - - [19/Mar/2026:13:48:00 -0300] "POST /xmlrpc.php HTTP/1.1" 200 179 "-" "Mozilla/5.0 (Windows NT 10.0; Win64; x64) AppleWebKit/537.36 (KHTML, like Gecko) Chrome/124.0.6367.207 Safari/537.36"
194.165.16.5 - - [19/Mar/2026:13:48:01 -0300] "POST /xmlrpc.php HTTP/1.1" 200 6945 "-" "Mozilla/5.0 (Windows NT 10.0; Win64; x64) AppleWebKit/537.36 (KHTML, like Gecko) Chrome/124.0.6367.207 Safari/537.36"
159.26.104.38 - - [19/Mar/2026:13:53:36 -0300] "GET /2025/10/27/wunderino-de/ HTTP/1.1" 200 27825 "https://tiendamolina.vsptdigital.cl/" "Mozilla/5.0 (Windows NT 10.0; Win64; x64) AppleWebKit/537.36 (KHTML, like Gecko) Chrome/114.0.0.0 Safari/537.36 Vivaldi/5.3.2679.68"
159.26.104.38 - - [19/Mar/2026:13:53:40 -0300] "GET /wp-login.php?action=register HTTP/1.1" 302 - "https://tiendamolina.vsptdigital.cl/2025/10/27/wunderino-de/" "Mozilla/5.0 (Windows NT 6.3; Win64; x64) AppleWebKit/537.36 (KHTML, like Gecko) Chrome/103.0.0.0 Safari/537.36"
159.26.104.38 - - [19/Mar/2026:13:53:41 -0300] "GET /wp-login.php?registration=disabled HTTP/1.1" 200 9387 "https://tiendamolina.vsptdigital.cl/wp-login.php?action=register" "Mozilla/5.0 (Windows NT 6.3; Win64; x64) AppleWebKit/537.36 (KHTML, like Gecko) Chrome/103.0.0.0 Safari/537.36"
118.189.242.201 - - [19/Mar/2026:13:54:40 -0300] "GET /2026/02/02/pornichet-casino-100-free-spins-bonus-2026/ HTTP/1.1" 200 28016 "-" "Mozilla/5.0 (Macintosh; Intel Mac OS X 12_5) AppleWebKit/537.36 (KHTML, like Gecko) Chrome/114.0.0.0 Safari/537.36 Edg/114.0.1264.71"
196.242.114.57 - - [19/Mar/2026:13:55:50 -0300] "GET /2025/10/31/wanabet-app-apuestas-deportivas/ HTTP/1.1" 200 28667 "-" "Mozilla/5.0 (compatible; Googlebot/2.1; +http://www.google.com/bot.html)"
74.7.227.181 - - [19/Mar/2026:13:56:30 -0300] "GET / HTTP/1.1" 200 55517 "https://run4theroses.com" "Mozilla/5.0 AppleWebKit/537.36 (KHTML, like Gecko; compatible; GPTBot/1.3; +https://openai.com/gptbot)"
74.7.175.169 - - [19/Mar/2026:13:56:30 -0300] "GET /robots.txt HTTP/1.1" 200 67 "-" "Mozilla/5.0 (Macintosh; Intel Mac OS X 10_15_7) AppleWebKit/537.36 (KHTML, like Gecko) Chrome/131.0.0.0 Safari/537.36; compatible; OAI-SearchBot/1.3; robots.txt; +https://openai.com/searchbot"
74.7.227.181 - - [19/Mar/2026:13:56:33 -0300] "GET /wp-content/uploads/elementor/css/post-5.css?ver=1734013235 HTTP/1.1" 200 1372 "https://tiendamolina.vsptdigital.cl/" "Mozilla/5.0 AppleWebKit/537.36 (KHTML, like Gecko; compatible; GPTBot/1.3; +https://openai.com/gptbot)"
74.7.227.181 - - [19/Mar/2026:13:56:35 -0300] "GET /wp-content/themes/hello-elementor/theme.min.css?ver=3.1.1 HTTP/1.1" 200 5146 "https://tiendamolina.vsptdigital.cl/" "Mozilla/5.0 AppleWebKit/537.36 (KHTML, like Gecko; compatible; GPTBot/1.3; +https://openai.com/gptbot)"
74.7.227.181 - - [19/Mar/2026:13:56:38 -0300] "GET /wp-content/plugins/elementor/assets/css/widget-image.min.css?ver=3.25.11 HTTP/1.1" 200 254 "https://tiendamolina.vsptdigital.cl/" "Mozilla/5.0 AppleWebKit/537.36 (KHTML, like Gecko; compatible; GPTBot/1.3; +https://openai.com/gptbot)"
74.7.227.181 - - [19/Mar/2026:13:56:40 -0300] "GET /wp-content/plugins/elementor-pro/assets/js/frontend.min.js?ver=3.7.1 HTTP/1.1" 200 21034 "https://tiendamolina.vsptdigital.cl/" "Mozilla/5.0 AppleWebKit/537.36 (KHTML, like Gecko; compatible; GPTBot/1.3; +https://openai.com/gptbot)"
74.7.227.181 - - [19/Mar/2026:13:56:42 -0300] "GET /wp-includes/js/dist/hooks.min.js?ver=dd5603f07f9220ed27f1 HTTP/1.1" 200 5661 "https://tiendamolina.vsptdigital.cl/" "Mozilla/5.0 AppleWebKit/537.36 (KHTML, like Gecko; compatible; GPTBot/1.3; +https://openai.com/gptbot)"
74.7.227.181 - - [19/Mar/2026:13:56:44 -0300] "GET /wp-content/plugins/contact-form-7/includes/js/index.js?ver=6.0.1 HTTP/1.1" 200 13452 "https://tiendamolina.vsptdigital.cl/" "Mozilla/5.0 AppleWebKit/537.36 (KHTML, like Gecko; compatible; GPTBot/1.3; +https://openai.com/gptbot)"
74.7.227.181 - - [19/Mar/2026:13:56:46 -0300] "GET /wp-json/oembed/1.0/embed?url=https%3A%2F%2Ftiendamolina.vsptdigital.cl%2F HTTP/1.1" 200 2176 "https://tiendamolina.vsptdigital.cl/" "Mozilla/5.0 AppleWebKit/537.36 (KHTML, like Gecko; compatible; GPTBot/1.3; +https://openai.com/gptbot)"
74.7.227.181 - - [19/Mar/2026:13:56:47 -0300] "GET /wp-content/plugins/elementor/assets/css/widget-heading.min.css?ver=3.25.11 HTTP/1.1" 200 600 "https://tiendamolina.vsptdigital.cl/" "Mozilla/5.0 AppleWebKit/537.36 (KHTML, like Gecko; compatible; GPTBot/1.3; +https://openai.com/gptbot)"
74.7.227.181 - - [19/Mar/2026:13:56:49 -0300] "GET /wp-content/plugins/elementor/assets/js/frontend.min.js?ver=3.25.11 HTTP/1.1" 200 44127 "https://tiendamolina.vsptdigital.cl/" "Mozilla/5.0 AppleWebKit/537.36 (KHTML, like Gecko; compatible; GPTBot/1.3; +https://openai.com/gptbot)"
74.7.227.181 - - [19/Mar/2026:13:56:50 -0300] "GET /wp-content/plugins/elementor/assets/js/frontend-modules.min.js?ver=3.25.11 HTTP/1.1" 200 54824 "https://tiendamolina.vsptdigital.cl/" "Mozilla/5.0 AppleWebKit/537.36 (KHTML, like Gecko; compatible; GPTBot/1.3; +https://openai.com/gptbot)"
74.7.227.181 - - [19/Mar/2026:13:56:51 -0300] "GET /wp-content/plugins/elementor-pro/modules/lottie/assets/animations/default.json HTTP/1.1" 200 112811 "https://tiendamolina.vsptdigital.cl/" "Mozilla/5.0 AppleWebKit/537.36 (KHTML, like Gecko; compatible; GPTBot/1.3; +https://openai.com/gptbot)"
74.7.227.181 - - [19/Mar/2026:13:56:52 -0300] "GET /xmlrpc.php?rsd HTTP/1.1" 200 876 "https://tiendamolina.vsptdigital.cl/" "Mozilla/5.0 AppleWebKit/537.36 (KHTML, like Gecko; compatible; GPTBot/1.3; +https://openai.com/gptbot)"
74.7.227.181 - - [19/Mar/2026:13:56:53 -0300] "GET /home-new/feed/ HTTP/1.1" 200 761 "https://tiendamolina.vsptdigital.cl/" "Mozilla/5.0 AppleWebKit/537.36 (KHTML, like Gecko; compatible; GPTBot/1.3; +https://openai.com/gptbot)"
74.7.227.181 - - [19/Mar/2026:13:56:54 -0300] "GET /comments/feed/ HTTP/1.1" 200 1818 "https://tiendamolina.vsptdigital.cl/" "Mozilla/5.0 AppleWebKit/537.36 (KHTML, like Gecko; compatible; GPTBot/1.3; +https://openai.com/gptbot)"
74.7.227.181 - - [19/Mar/2026:13:56:54 -0300] "GET /wp-json/wp/v2/pages/296 HTTP/1.1" 200 32470 "https://tiendamolina.vsptdigital.cl/" "Mozilla/5.0 AppleWebKit/537.36 (KHTML, like Gecko; compatible; GPTBot/1.3; +https://openai.com/gptbot)"
74.7.227.181 - - [19/Mar/2026:13:56:55 -0300] "GET /wp-includes/js/jquery/jquery.min.js?ver=3.7.1 HTTP/1.1" 200 87553 "https://tiendamolina.vsptdigital.cl/" "Mozilla/5.0 AppleWebKit/537.36 (KHTML, like Gecko; compatible; GPTBot/1.3; +https://openai.com/gptbot)"
74.7.227.181 - - [19/Mar/2026:13:56:56 -0300] "GET /wp-includes/js/jquery/jquery-migrate.min.js?ver=3.4.1 HTTP/1.1" 200 13577 "https://tiendamolina.vsptdigital.cl/" "Mozilla/5.0 AppleWebKit/537.36 (KHTML, like Gecko; compatible; GPTBot/1.3; +https://openai.com/gptbot)"
89.213.229.128 - - [19/Mar/2026:13:56:56 -0300] "GET /2026/03/03/jonh-vegas-casino-no-deposit-bonus-codes-for-free/ HTTP/1.1" 200 28857 "https://tiendamolina.vsptdigital.cl/" "Mozilla/5.0 (X11; Linux x86_64) AppleWebKit/537.36 (KHTML, like Gecko) Chrome/114.0.0.0 Safari/537.36 Vivaldi/5.3.2679.68"
74.7.227.181 - - [19/Mar/2026:13:56:56 -0300] "GET /wp-includes/js/dist/i18n.min.js?ver=c26c3dc7bed366793375 HTTP/1.1" 200 5314 "https://tiendamolina.vsptdigital.cl/" "Mozilla/5.0 AppleWebKit/537.36 (KHTML, like Gecko; compatible; GPTBot/1.3; +https://openai.com/gptbot)"
74.7.227.181 - - [19/Mar/2026:13:56:57 -0300] "GET /wp-content/themes/hello-elementor/assets/js/hello-frontend.min.js?ver=3.1.1 HTTP/1.1" 200 2749 "https://tiendamolina.vsptdigital.cl/" "Mozilla/5.0 AppleWebKit/537.36 (KHTML, like Gecko; compatible; GPTBot/1.3; +https://openai.com/gptbot)"
74.7.227.181 - - [19/Mar/2026:13:56:57 -0300] "GET /wp-content/plugins/elementor-pro/assets/js/webpack-pro.runtime.min.js?ver=3.7.1 HTTP/1.1" 200 5161 "https://tiendamolina.vsptdigital.cl/" "Mozilla/5.0 AppleWebKit/537.36 (KHTML, like Gecko; compatible; GPTBot/1.3; +https://openai.com/gptbot)"
74.7.227.181 - - [19/Mar/2026:13:56:58 -0300] "GET /wp-content/plugins/contact-form-7/includes/swv/js/index.js?ver=6.0.1 HTTP/1.1" 200 12512 "https://tiendamolina.vsptdigital.cl/" "Mozilla/5.0 AppleWebKit/537.36 (KHTML, like Gecko; compatible; GPTBot/1.3; +https://openai.com/gptbot)"
74.7.227.181 - - [19/Mar/2026:13:56:59 -0300] "GET /wp-json/oembed/1.0/embed?format=xml&url=https%3A%2F%2Ftiendamolina.vsptdigital.cl%2F HTTP/1.1" 200 2330 "https://tiendamolina.vsptdigital.cl/" "Mozilla/5.0 AppleWebKit/537.36 (KHTML, like Gecko; compatible; GPTBot/1.3; +https://openai.com/gptbot)"
74.7.227.181 - - [19/Mar/2026:13:56:59 -0300] "GET /wp-content/themes/hello-elementor/header-footer.min.css?ver=3.1.1 HTTP/1.1" 200 7212 "https://tiendamolina.vsptdigital.cl/" "Mozilla/5.0 AppleWebKit/537.36 (KHTML, like Gecko; compatible; GPTBot/1.3; +https://openai.com/gptbot)"
74.7.227.181 - - [19/Mar/2026:13:57:00 -0300] "GET /wp-content/plugins/elementor/assets/css/conditionals/e-swiper.min.css?ver=3.25.11 HTTP/1.1" 200 10260 "https://tiendamolina.vsptdigital.cl/" "Mozilla/5.0 AppleWebKit/537.36 (KHTML, like Gecko; compatible; GPTBot/1.3; +https://openai.com/gptbot)"
74.7.227.181 - - [19/Mar/2026:13:57:00 -0300] "GET /wp-content/plugins/elementor/assets/css/frontend.min.css?ver=3.25.11 HTTP/1.1" 200 60575 "https://tiendamolina.vsptdigital.cl/" "Mozilla/5.0 AppleWebKit/537.36 (KHTML, like Gecko; compatible; GPTBot/1.3; +https://openai.com/gptbot)"
74.7.227.181 - - [19/Mar/2026:13:57:01 -0300] "GET /wp-content/plugins/contact-form-7/includes/css/styles.css?ver=6.0.1 HTTP/1.1" 200 2894 "https://tiendamolina.vsptdigital.cl/" "Mozilla/5.0 AppleWebKit/537.36 (KHTML, like Gecko; compatible; GPTBot/1.3; +https://openai.com/gptbot)"
74.7.227.181 - - [19/Mar/2026:13:57:01 -0300] "GET /wp-content/plugins/elementor/assets/lib/swiper/v8/css/swiper.min.css?ver=8.4.5 HTTP/1.1" 200 16471 "https://tiendamolina.vsptdigital.cl/" "Mozilla/5.0 AppleWebKit/537.36 (KHTML, like Gecko; compatible; GPTBot/1.3; +https://openai.com/gptbot)"
74.7.227.181 - - [19/Mar/2026:13:57:02 -0300] "GET /wp-content/plugins/elementor/assets/css/widget-text-editor.min.css?ver=3.25.11 HTTP/1.1" 200 704 "https://tiendamolina.vsptdigital.cl/" "Mozilla/5.0 AppleWebKit/537.36 (KHTML, like Gecko; compatible; GPTBot/1.3; +https://openai.com/gptbot)"
89.213.229.128 - - [19/Mar/2026:13:57:02 -0300] "GET /wp-includes/css/dist/block-library/style.min.css?ver=6.9.4 HTTP/1.1" 200 119358 "https://tiendamolina.vsptdigital.cl/2026/03/03/jonh-vegas-casino-no-deposit-bonus-codes-for-free/" "Mozilla/5.0 (Windows NT 10.0; Win64; x64) AppleWebKit/537.36 (KHTML, like Gecko) Chrome/143.0.0.0 Safari/537.36"
74.7.227.181 - - [19/Mar/2026:13:57:02 -0300] "GET /author/samuel/ HTTP/1.1" 200 22528 "https://tiendamolina.vsptdigital.cl/wp-json/oembed/1.0/embed?format=xml&url=https%3A%2F%2Ftiendamolina.vsptdigital.cl%2F" "Mozilla/5.0 AppleWebKit/537.36 (KHTML, like Gecko; compatible; GPTBot/1.3; +https://openai.com/gptbot)"
74.7.227.181 - - [19/Mar/2026:13:57:03 -0300] "GET /wp-json/wp/v2/users/1 HTTP/1.1" 200 794 "https://tiendamolina.vsptdigital.cl/author/samuel/" "Mozilla/5.0 AppleWebKit/537.36 (KHTML, like Gecko; compatible; GPTBot/1.3; +https://openai.com/gptbot)"
74.7.227.181 - - [19/Mar/2026:13:57:04 -0300] "GET /author/samuel/feed/ HTTP/1.1" 200 1810 "https://tiendamolina.vsptdigital.cl/author/samuel/" "Mozilla/5.0 AppleWebKit/537.36 (KHTML, like Gecko; compatible; GPTBot/1.3; +https://openai.com/gptbot)"
74.7.227.181 - - [19/Mar/2026:13:57:05 -0300] "GET /2022/05/31/hola-mundo/ HTTP/1.1" 200 27372 "https://tiendamolina.vsptdigital.cl/author/samuel/" "Mozilla/5.0 AppleWebKit/537.36 (KHTML, like Gecko; compatible; GPTBot/1.3; +https://openai.com/gptbot)"
74.7.227.181 - - [19/Mar/2026:13:57:06 -0300] "GET /?p=1 HTTP/1.1" 301 - "https://tiendamolina.vsptdigital.cl/2022/05/31/hola-mundo/" "Mozilla/5.0 AppleWebKit/537.36 (KHTML, like Gecko; compatible; GPTBot/1.3; +https://openai.com/gptbot)"
74.7.227.181 - - [19/Mar/2026:13:57:06 -0300] "GET /2022/05/31/hola-mundo/ HTTP/1.1" 200 27372 "https://tiendamolina.vsptdigital.cl/?p=1" "Mozilla/5.0 AppleWebKit/537.36 (KHTML, like Gecko; compatible; GPTBot/1.3; +https://openai.com/gptbot)"
74.7.227.181 - - [19/Mar/2026:13:57:07 -0300] "GET /wp-json/oembed/1.0/embed?url=https%3A%2F%2Ftiendamolina.vsptdigital.cl%2F2022%2F05%2F31%2Fhola-mundo%2F HTTP/1.1" 200 2255 "https://tiendamolina.vsptdigital.cl/2022/05/31/hola-mundo/" "Mozilla/5.0 AppleWebKit/537.36 (KHTML, like Gecko; compatible; GPTBot/1.3; +https://openai.com/gptbot)"
89.213.229.128 - - [19/Mar/2026:13:57:08 -0300] "GET /wp-content/plugins/contact-form-7/includes/css/styles.css?ver=6.0.1 HTTP/1.1" 200 2894 "https://tiendamolina.vsptdigital.cl/2026/03/03/jonh-vegas-casino-no-deposit-bonus-codes-for-free/" "Mozilla/5.0 (Windows NT 10.0; Win64; x64) AppleWebKit/537.36 (KHTML, like Gecko) Chrome/143.0.0.0 Safari/537.36"
74.7.227.181 - - [19/Mar/2026:13:57:08 -0300] "GET /wp-json/wp/v2/posts/1 HTTP/1.1" 200 2098 "https://tiendamolina.vsptdigital.cl/2022/05/31/hola-mundo/" "Mozilla/5.0 AppleWebKit/537.36 (KHTML, like Gecko; compatible; GPTBot/1.3; +https://openai.com/gptbot)"
74.7.227.181 - - [19/Mar/2026:13:57:08 -0300] "GET /wp-json/oembed/1.0/embed?format=xml&url=https%3A%2F%2Ftiendamolina.vsptdigital.cl%2F2022%2F05%2F31%2Fhola-mundo%2F HTTP/1.1" 200 2401 "https://tiendamolina.vsptdigital.cl/2022/05/31/hola-mundo/" "Mozilla/5.0 AppleWebKit/537.36 (KHTML, like Gecko; compatible; GPTBot/1.3; +https://openai.com/gptbot)"
74.7.227.181 - - [19/Mar/2026:13:57:09 -0300] "GET /2022/05/31/hola-mundo/feed/ HTTP/1.1" 200 1828 "https://tiendamolina.vsptdigital.cl/2022/05/31/hola-mundo/" "Mozilla/5.0 AppleWebKit/537.36 (KHTML, like Gecko; compatible; GPTBot/1.3; +https://openai.com/gptbot)"
89.213.229.128 - - [19/Mar/2026:13:57:10 -0300] "GET /wp-content/themes/hello-elementor/style.min.css?ver=3.1.1 HTTP/1.1" 200 5501 "https://tiendamolina.vsptdigital.cl/2026/03/03/jonh-vegas-casino-no-deposit-bonus-codes-for-free/" "Mozilla/5.0 (Windows NT 10.0; Win64; x64) AppleWebKit/537.36 (KHTML, like Gecko) Chrome/143.0.0.0 Safari/537.36"
89.213.229.128 - - [19/Mar/2026:13:57:11 -0300] "GET /wp-content/themes/hello-elementor/theme.min.css?ver=3.1.1 HTTP/1.1" 200 5146 "https://tiendamolina.vsptdigital.cl/2026/03/03/jonh-vegas-casino-no-deposit-bonus-codes-for-free/" "Mozilla/5.0 (Windows NT 10.0; Win64; x64) AppleWebKit/537.36 (KHTML, like Gecko) Chrome/143.0.0.0 Safari/537.36"
89.213.229.128 - - [19/Mar/2026:13:57:13 -0300] "GET /wp-content/themes/hello-elementor/header-footer.min.css?ver=3.1.1 HTTP/1.1" 200 7212 "https://tiendamolina.vsptdigital.cl/2026/03/03/jonh-vegas-casino-no-deposit-bonus-codes-for-free/" "Mozilla/5.0 (Windows NT 10.0; Win64; x64) AppleWebKit/537.36 (KHTML, like Gecko) Chrome/143.0.0.0 Safari/537.36"
89.213.229.128 - - [19/Mar/2026:13:57:15 -0300] "GET /wp-content/plugins/elementor/assets/css/frontend.min.css?ver=3.25.11 HTTP/1.1" 200 60575 "https://tiendamolina.vsptdigital.cl/2026/03/03/jonh-vegas-casino-no-deposit-bonus-codes-for-free/" "Mozilla/5.0 (Windows NT 10.0; Win64; x64) AppleWebKit/537.36 (KHTML, like Gecko) Chrome/143.0.0.0 Safari/537.36"
89.213.229.128 - - [19/Mar/2026:13:57:17 -0300] "GET /wp-content/uploads/elementor/css/post-5.css?ver=1734013235 HTTP/1.1" 200 1372 "https://tiendamolina.vsptdigital.cl/2026/03/03/jonh-vegas-casino-no-deposit-bonus-codes-for-free/" "Mozilla/5.0 (Windows NT 10.0; Win64; x64) AppleWebKit/537.36 (KHTML, like Gecko) Chrome/143.0.0.0 Safari/537.36"
89.213.229.128 - - [19/Mar/2026:13:57:21 -0300] "GET /wp-content/plugins/elementor/assets/lib/eicons/css/elementor-icons.min.css?ver=5.34.0 HTTP/1.1" 200 20060 "https://tiendamolina.vsptdigital.cl/2026/03/03/jonh-vegas-casino-no-deposit-bonus-codes-for-free/" "Mozilla/5.0 (Windows NT 10.0; Win64; x64) AppleWebKit/537.36 (KHTML, like Gecko) Chrome/143.0.0.0 Safari/537.36"
89.213.229.128 - - [19/Mar/2026:13:57:24 -0300] "GET /wp-content/plugins/elementor/assets/lib/swiper/v8/css/swiper.min.css?ver=8.4.5 HTTP/1.1" 200 16471 "https://tiendamolina.vsptdigital.cl/2026/03/03/jonh-vegas-casino-no-deposit-bonus-codes-for-free/" "Mozilla/5.0 (Windows NT 10.0; Win64; x64) AppleWebKit/537.36 (KHTML, like Gecko) Chrome/143.0.0.0 Safari/537.36"
89.213.229.128 - - [19/Mar/2026:13:57:26 -0300] "GET /wp-content/plugins/elementor/assets/css/conditionals/e-swiper.min.css?ver=3.25.11 HTTP/1.1" 200 10260 "https://tiendamolina.vsptdigital.cl/2026/03/03/jonh-vegas-casino-no-deposit-bonus-codes-for-free/" "Mozilla/5.0 (Windows NT 10.0; Win64; x64) AppleWebKit/537.36 (KHTML, like Gecko) Chrome/143.0.0.0 Safari/537.36"
89.213.229.128 - - [19/Mar/2026:13:57:27 -0300] "GET /wp-content/plugins/elementor-pro/assets/css/frontend.min.css?ver=3.7.1 HTTP/1.1" 200 480945 "https://tiendamolina.vsptdigital.cl/2026/03/03/jonh-vegas-casino-no-deposit-bonus-codes-for-free/" "Mozilla/5.0 (Windows NT 10.0; Win64; x64) AppleWebKit/537.36 (KHTML, like Gecko) Chrome/143.0.0.0 Safari/537.36"
89.213.229.128 - - [19/Mar/2026:13:57:33 -0300] "POST /wp-comments-post.php HTTP/1.1" 302 - "https://tiendamolina.vsptdigital.cl/2026/03/03/jonh-vegas-casino-no-deposit-bonus-codes-for-free/" "Mozilla/5.0 (X11; Linux x86_64) AppleWebKit/537.36 (KHTML, like Gecko) Chrome/114.0.0.0 Safari/537.36 Vivaldi/5.3.2679.68"
89.213.229.128 - - [19/Mar/2026:13:57:36 -0300] "GET /2026/03/03/jonh-vegas-casino-no-deposit-bonus-codes-for-free/?unapproved=17935&moderation-hash=32f0ee00cdfbf088c325f1160258dbc1 HTTP/1.1" 200 30608 "https://tiendamolina.vsptdigital.cl/wp-comments-post.php" "Mozilla/5.0 (X11; Linux x86_64) AppleWebKit/537.36 (KHTML, like Gecko) Chrome/114.0.0.0 Safari/537.36 Vivaldi/5.3.2679.68"
89.213.229.128 - - [19/Mar/2026:13:57:38 -0300] "GET /2026/03/03/jonh-vegas-casino-no-deposit-bonus-codes-for-free/ HTTP/1.1" 200 28857 "-" "Mozilla/5.0 (compatible; Googlebot/2.1; +http://www.google.com/bot.html)"
89.213.229.128 - - [19/Mar/2026:13:59:31 -0300] "GET /2026/03/03/jonh-vegas-casino-no-deposit-bonus-codes-for-free/ HTTP/1.1" 200 28857 "-" "Mozilla/5.0 (compatible; Googlebot/2.1; +http://www.google.com/bot.html)"
82.215.96.111 - - [19/Mar/2026:13:59:58 -0300] "GET /2025/10/24/xtip-cloppenburg/ HTTP/1.1" 200 27798 "-" "Mozilla/5.0 (Windows NT 6.3; Win64; x64) AppleWebKit/537.36 (KHTML, like Gecko) Chrome/98.0.4758.81 Safari/537.36"
69.63.184.13 - - [19/Mar/2026:14:03:39 -0300] "GET /robots.txt HTTP/1.1" 200 67 "-" "facebookexternalhit/1.1 (+http://www.facebook.com/externalhit_uatext.php)"
69.63.184.115 - - [19/Mar/2026:14:03:40 -0300] "GET /robots.txt HTTP/1.1" 200 67 "-" "facebookexternalhit/1.1 (+http://www.facebook.com/externalhit_uatext.php)"
57.141.6.15 - - [19/Mar/2026:14:03:42 -0300] "GET /2026/03/17/grand-hotel-casino-no-deposit-bonus-codes-for-free/ HTTP/1.1" 200 28490 "-" "meta-externalagent/1.1 (+https://developers.facebook.com/docs/sharing/webmasters/crawler)"
57.141.6.66 - - [19/Mar/2026:14:03:58 -0300] "GET /2026/03/17/grand-hotel-casino-no-deposit-bonus-codes-for-free/feed/ HTTP/1.1" 200 930 "-" "meta-externalagent/1.1 (+https://developers.facebook.com/docs/sharing/webmasters/crawler)"
57.141.6.10 - - [19/Mar/2026:14:04:00 -0300] "GET /wp-json/wp/v2/posts/4047 HTTP/1.1" 200 6113 "-" "meta-externalagent/1.1 (+https://developers.facebook.com/docs/sharing/webmasters/crawler)"
57.141.6.46 - - [19/Mar/2026:14:04:01 -0300] "GET /?p=4047 HTTP/1.1" 301 - "-" "meta-externalagent/1.1 (+https://developers.facebook.com/docs/sharing/webmasters/crawler)"
57.141.6.16 - - [19/Mar/2026:14:04:07 -0300] "GET /wp-json/oembed/1.0/embed?url=https%3A%2F%2Ftiendamolina.vsptdigital.cl%2F2026%2F03%2F17%2Fgrand-hotel-casino-no-deposit-bonus-codes-for-free%2F HTTP/1.1" 200 2471 "-" "meta-externalagent/1.1 (+https://developers.facebook.com/docs/sharing/webmasters/crawler)"
194.165.16.5 - - [19/Mar/2026:14:04:44 -0300] "GET /wp-login.php HTTP/1.1" 200 9184 "-" "Mozilla/5.0 (Windows NT 10.0; Win64; x64; rv:127.0) Gecko/20100101 Firefox/127.0"
162.240.153.75 - - [19/Mar/2026:14:04:47 -0300] "POST /wp-cron.php?doing_wp_cron=1773939887.1444330215454101562500 HTTP/1.1" 200 - "-" "WordPress/6.9.4; https://tiendamolina.vsptdigital.cl"
194.165.16.5 - - [19/Mar/2026:14:04:46 -0300] "POST /xmlrpc.php HTTP/1.1" 200 179 "-" "Mozilla/5.0 (Windows NT 10.0; Win64; x64; rv:127.0) Gecko/20100101 Firefox/127.0"
194.165.16.5 - - [19/Mar/2026:14:04:47 -0300] "POST /xmlrpc.php HTTP/1.1" 200 6188 "-" "Mozilla/5.0 (Macintosh; Intel Mac OS X 13_5) AppleWebKit/605.1.15 (KHTML, like Gecko) Version/17.5 Safari/605.1.15"
118.189.242.201 - - [19/Mar/2026:14:05:22 -0300] "GET /2026/01/19/handicap-sin-empate-nba/ HTTP/1.1" 200 28405 "-" "Mozilla/5.0 (Macintosh; Intel Mac OS X 12_5) AppleWebKit/537.36 (KHTML, like Gecko) Chrome/114.0.0.0 Safari/537.36 Edg/114.0.1264.71"
107.172.232.191 - - [19/Mar/2026:14:05:44 -0300] "GET /2025/12/30/hockey-sobre-hielo-equipamiento/ HTTP/1.1" 200 28463 "https://tiendamolina.vsptdigital.cl/" "Mozilla/5.0 (X11; Ubuntu; Linux i686; rv:114.0) Gecko/20100101 Firefox/114.0"
107.172.232.191 - - [19/Mar/2026:14:05:49 -0300] "GET /wp-login.php?action=register HTTP/1.1" 302 - "https://tiendamolina.vsptdigital.cl/2025/12/30/hockey-sobre-hielo-equipamiento/" "Mozilla/5.0 (Windows NT 6.3; Win64; x64) AppleWebKit/537.36 (KHTML, like Gecko) Chrome/103.0.0.0 Safari/537.36"
107.172.232.191 - - [19/Mar/2026:14:05:51 -0300] "GET /wp-login.php?registration=disabled HTTP/1.1" 200 9387 "https://tiendamolina.vsptdigital.cl/wp-login.php?action=register" "Mozilla/5.0 (Windows NT 6.3; Win64; x64) AppleWebKit/537.36 (KHTML, like Gecko) Chrome/103.0.0.0 Safari/537.36"
90.75.189.166 - - [19/Mar/2026:14:05:59 -0300] "GET /2026/02/27/imd-sevilla-resultados/ HTTP/1.1" 200 28870 "-" "Mozilla/5.0 (Macintosh; Intel Mac OS X 12_5) AppleWebKit/537.36 (KHTML, like Gecko) Chrome/114.0.0.0 Safari/537.36"
14.178.10.112 - - [19/Mar/2026:14:06:54 -0300] "GET /2025/10/31/wanabet-app-apuestas-deportivas/ HTTP/1.1" 200 28667 "https://tiendamolina.vsptdigital.cl/" "Mozilla/5.0 (X11; Linux x86_64) AppleWebKit/537.36 (KHTML, like Gecko) Chrome/114.0.0.0 Safari/537.36 OPR/89.0.4447.51"
14.178.10.112 - - [19/Mar/2026:14:06:56 -0300] "POST /wp-comments-post.php HTTP/1.1" 302 - "https://tiendamolina.vsptdigital.cl/2025/10/31/wanabet-app-apuestas-deportivas/" "Mozilla/5.0 (X11; Linux x86_64) AppleWebKit/537.36 (KHTML, like Gecko) Chrome/114.0.0.0 Safari/537.36 OPR/89.0.4447.51"
14.178.10.112 - - [19/Mar/2026:14:06:58 -0300] "GET /2025/10/31/wanabet-app-apuestas-deportivas/?unapproved=17936&moderation-hash=fc72d3596ea2014657a7add38c43c4ec HTTP/1.1" 200 30259 "https://tiendamolina.vsptdigital.cl/wp-comments-post.php" "Mozilla/5.0 (X11; Linux x86_64) AppleWebKit/537.36 (KHTML, like Gecko) Chrome/114.0.0.0 Safari/537.36 OPR/89.0.4447.51"
14.178.10.112 - - [19/Mar/2026:14:06:59 -0300] "GET /2025/10/31/wanabet-app-apuestas-deportivas/ HTTP/1.1" 200 28667 "-" "Mozilla/5.0 (X11; Linux x86_64) AppleWebKit/537.36 (KHTML, like Gecko) Chrome/114.0.0.0 Safari/537.36 OPR/89.0.4447.51"
162.212.152.67 - - [19/Mar/2026:14:07:04 -0300] "GET / HTTP/1.1" 200 55517 "-" "Mozilla/5.0 (Macintosh; Intel Mac OS X 12_5) AppleWebKit/537.36 (KHTML, like Gecko) Chrome/114.0.0.0 Safari/537.36 OPR/89.0.4447.51"
162.212.152.67 - - [19/Mar/2026:14:07:06 -0300] "GET /wp-content/uploads/2026/01/OFERTAS-ENERO-2026-VSPT-.pdf HTTP/1.1" 200 305761 "https://tiendamolina.vsptdigital.cl" "Mozilla/5.0 (Macintosh; Intel Mac OS X 12_5) AppleWebKit/537.36 (KHTML, like Gecko) Chrome/114.0.0.0 Safari/537.36 OPR/89.0.4447.51"
92.249.13.243 - - [19/Mar/2026:14:07:11 -0300] "GET /2026/03/03/jonh-vegas-casino-no-deposit-bonus-codes-for-free/ HTTP/1.1" 200 28857 "-" "Mozilla/5.0 (Macintosh; Intel Mac OS X 12_5) AppleWebKit/537.36 (KHTML, like Gecko) Chrome/114.0.0.0 Safari/537.36"
168.91.35.153 - - [19/Mar/2026:14:07:14 -0300] "GET /2026/03/11/jb-casino-login-app-sign-up/ HTTP/1.1" 200 27998 "-" "Mozilla/5.0 (compatible; Googlebot/2.1; +http://www.google.com/bot.html)"
103.122.3.28 - - [19/Mar/2026:14:08:57 -0300] "GET /2026/02/02/katajanokan-casino-review-and-free-chips-bonus/ HTTP/1.1" 200 28770 "https://tiendamolina.vsptdigital.cl/" "Mozilla/5.0 (Windows NT 10.0; Win64; x64) AppleWebKit/537.36 (KHTML, like Gecko) Chrome/114.0.0.0 Safari/537.36"
14.178.10.112 - - [19/Mar/2026:14:13:01 -0300] "GET /2025/10/31/wanabet-app-apuestas-deportivas/ HTTP/1.1" 200 28667 "-" "Mozilla/5.0 (Macintosh; Intel Mac OS X 12_5) AppleWebKit/537.36 (KHTML, like Gecko) Chrome/114.0.0.0 Safari/537.36 Edg/114.0.1264.71"
95.5.106.126 - - [19/Mar/2026:14:18:22 -0300] "GET /2025/05/11/colorplay-casino-login-app-sign-up/ HTTP/1.1" 200 28888 "-" "Mozilla/5.0 (Macintosh; Intel Mac OS X 12_5) AppleWebKit/537.36 (KHTML, like Gecko) Chrome/114.0.0.0 Safari/537.36"
103.177.168.13 - - [19/Mar/2026:14:18:29 -0300] "GET /2025/10/29/william-hill-bono-bienvenida-20-euros-gratis/ HTTP/1.1" 200 28407 "https://tiendamolina.vsptdigital.cl/" "Mozilla/5.0 (X11; Ubuntu; Linux x86_64; rv:114.0) Gecko/20100101 Firefox/114.0"
103.177.168.13 - - [19/Mar/2026:14:18:32 -0300] "POST /wp-comments-post.php HTTP/1.1" 302 - "https://tiendamolina.vsptdigital.cl/2025/10/29/william-hill-bono-bienvenida-20-euros-gratis/" "Mozilla/5.0 (X11; Ubuntu; Linux x86_64; rv:114.0) Gecko/20100101 Firefox/114.0"
103.177.168.13 - - [19/Mar/2026:14:18:35 -0300] "GET /2025/10/29/william-hill-bono-bienvenida-20-euros-gratis/ HTTP/1.1" 200 28407 "-" "Mozilla/5.0 (X11; Ubuntu; Linux x86_64; rv:114.0) Gecko/20100101 Firefox/114.0"
45.86.200.141 - - [19/Mar/2026:14:19:40 -0300] "GET /2026/03/03/jonh-vegas-casino-no-deposit-bonus-codes-for-free/ HTTP/1.1" 200 28857 "-" "Mozilla/5.0 (Macintosh; Intel Mac OS X 12_5) AppleWebKit/537.36 (KHTML, like Gecko) Chrome/114.0.0.0 Safari/537.36"
162.240.153.75 - - [19/Mar/2026:14:22:04 -0300] "POST /wp-cron.php?doing_wp_cron=1773940924.7473831176757812500000 HTTP/1.1" 200 - "-" "WordPress/6.9.4; https://tiendamolina.vsptdigital.cl"
107.152.46.252 - - [19/Mar/2026:14:22:03 -0300] "GET /2026/02/27/imd-sevilla-resultados/ HTTP/1.1" 200 28870 "https://tiendamolina.vsptdigital.cl/" "Mozilla/5.0 (X11; Linux i686; rv:114.0) Gecko/20100101 Firefox/114.0"
107.152.46.252 - - [19/Mar/2026:14:22:07 -0300] "POST /wp-comments-post.php HTTP/1.1" 302 - "https://tiendamolina.vsptdigital.cl/2026/02/27/imd-sevilla-resultados/" "Mozilla/5.0 (X11; Linux i686; rv:114.0) Gecko/20100101 Firefox/114.0"
107.152.46.252 - - [19/Mar/2026:14:22:08 -0300] "GET /2026/02/27/imd-sevilla-resultados/?unapproved=17938&moderation-hash=6082d03458b62006c5d68932a4b86cfe HTTP/1.1" 200 30475 "https://tiendamolina.vsptdigital.cl/wp-comments-post.php" "Mozilla/5.0 (X11; Linux i686; rv:114.0) Gecko/20100101 Firefox/114.0"
107.152.46.252 - - [19/Mar/2026:14:22:09 -0300] "GET /2026/02/27/imd-sevilla-resultados/ HTTP/1.1" 200 28870 "-" "Mozilla/5.0 (X11; Linux i686; rv:114.0) Gecko/20100101 Firefox/114.0"
194.165.16.5 - - [19/Mar/2026:14:22:11 -0300] "GET /wp-login.php HTTP/1.1" 200 9184 "-" "Mozilla/5.0 (Macintosh; Intel Mac OS X 13_5) AppleWebKit/605.1.15 (KHTML, like Gecko) Version/17.5 Safari/605.1.15"
162.240.153.75 - - [19/Mar/2026:14:22:12 -0300] "POST /wp-cron.php?doing_wp_cron=1773940932.9287350177764892578125 HTTP/1.1" 200 - "-" "WordPress/6.9.4; https://tiendamolina.vsptdigital.cl"
194.165.16.5 - - [19/Mar/2026:14:22:12 -0300] "POST /xmlrpc.php HTTP/1.1" 200 179 "-" "Mozilla/5.0 (Windows NT 10.0; Win64; x64) AppleWebKit/537.36 (KHTML, like Gecko) Chrome/124.0.6367.207 Safari/537.36"
194.165.16.5 - - [19/Mar/2026:14:22:13 -0300] "POST /xmlrpc.php HTTP/1.1" 200 5963 "-" "Mozilla/5.0 (Windows NT 10.0; Win64; x64; rv:127.0) Gecko/20100101 Firefox/127.0"
203.175.97.89 - - [19/Mar/2026:14:23:35 -0300] "GET /2026/03/11/jb-casino-login-app-sign-up/ HTTP/1.1" 200 27998 "https://tiendamolina.vsptdigital.cl/" "Mozilla/5.0 (Windows NT 10.0; WOW64) AppleWebKit/537.36 (KHTML, like Gecko) Chrome/114.0.0.0 Safari/537.36"
203.175.97.89 - - [19/Mar/2026:14:23:37 -0300] "POST /wp-comments-post.php HTTP/1.1" 302 - "https://tiendamolina.vsptdigital.cl/2026/03/11/jb-casino-login-app-sign-up/" "Mozilla/5.0 (Windows NT 10.0; WOW64) AppleWebKit/537.36 (KHTML, like Gecko) Chrome/114.0.0.0 Safari/537.36"
203.175.97.89 - - [19/Mar/2026:14:23:39 -0300] "GET /2026/03/11/jb-casino-login-app-sign-up/?unapproved=17939&moderation-hash=07fcb1ddbcaf482b360147bdcf61cb8d HTTP/1.1" 200 29516 "https://tiendamolina.vsptdigital.cl/wp-comments-post.php" "Mozilla/5.0 (Windows NT 10.0; WOW64) AppleWebKit/537.36 (KHTML, like Gecko) Chrome/114.0.0.0 Safari/537.36"
203.175.97.89 - - [19/Mar/2026:14:23:40 -0300] "GET /2026/03/11/jb-casino-login-app-sign-up/ HTTP/1.1" 200 27998 "-" "Mozilla/5.0 (Windows NT 10.0; WOW64) AppleWebKit/537.36 (KHTML, like Gecko) Chrome/114.0.0.0 Safari/537.36"
103.177.168.13 - - [19/Mar/2026:14:23:50 -0300] "GET /2025/10/29/william-hill-bono-bienvenida-20-euros-gratis/ HTTP/1.1" 200 28407 "-" "Mozilla/5.0 (Macintosh; Intel Mac OS X 12_5) AppleWebKit/537.36 (KHTML, like Gecko) Chrome/114.0.0.0 Safari/537.36"
107.152.46.252 - - [19/Mar/2026:14:26:54 -0300] "GET /2026/02/27/imd-sevilla-resultados/ HTTP/1.1" 200 28870 "-" "Mozilla/5.0 (Macintosh; Intel Mac OS X 12_5) AppleWebKit/537.36 (KHTML, like Gecko) Chrome/114.0.0.0 Safari/537.36"
157.15.39.114 - - [19/Mar/2026:14:28:48 -0300] "GET /2026/03/11/jb-casino-login-app-sign-up/ HTTP/1.1" 200 27998 "-" "Mozilla/5.0 (Macintosh; Intel Mac OS X 12_5) AppleWebKit/537.36 (KHTML, like Gecko) Chrome/114.0.0.0 Safari/537.36 Edg/114.0.1264.71"
212.34.139.201 - - [19/Mar/2026:14:28:52 -0300] "GET /2025/10/27/wunderino-de/ HTTP/1.1" 200 27825 "-" "Mozilla/5.0 (Macintosh; Intel Mac OS X 12_5) AppleWebKit/537.36 (KHTML, like Gecko) Chrome/114.0.0.0 Safari/537.36"
113.187.204.167 - - [19/Mar/2026:14:30:07 -0300] "GET /2026/01/13/herramientas-apuestas-deportivas-mexico/ HTTP/1.1" 200 28576 "-" "Mozilla/5.0 (Windows NT 10.0; ) AppleWebKit/537.36 (KHTML, like Gecko) Chrome/82.0.4085.4 Safari/537.36"
107.152.46.252 - - [19/Mar/2026:14:30:24 -0300] "GET /2025/10/30/william-hill-bono-primera-apuesta-apuestas/ HTTP/1.1" 200 28565 "https://tiendamolina.vsptdigital.cl/" "Mozilla/5.0 (Windows NT 10.0; Win64; x64) AppleWebKit/537.36 (KHTML, like Gecko) Chrome/114.0.0.0 Safari/537.36"
107.152.46.252 - - [19/Mar/2026:14:30:27 -0300] "POST /wp-comments-post.php HTTP/1.1" 302 - "https://tiendamolina.vsptdigital.cl/2025/10/30/william-hill-bono-primera-apuesta-apuestas/" "Mozilla/5.0 (Windows NT 10.0; Win64; x64) AppleWebKit/537.36 (KHTML, like Gecko) Chrome/114.0.0.0 Safari/537.36"
107.152.46.252 - - [19/Mar/2026:14:30:28 -0300] "GET /2025/10/30/william-hill-bono-primera-apuesta-apuestas/?unapproved=17940&moderation-hash=c9e7d3ea38523fee3a073a9364332849 HTTP/1.1" 200 30280 "https://tiendamolina.vsptdigital.cl/wp-comments-post.php" "Mozilla/5.0 (Windows NT 10.0; Win64; x64) AppleWebKit/537.36 (KHTML, like Gecko) Chrome/114.0.0.0 Safari/537.36"
107.152.46.252 - - [19/Mar/2026:14:30:29 -0300] "GET /2025/10/30/william-hill-bono-primera-apuesta-apuestas/ HTTP/1.1" 200 28565 "-" "Mozilla/5.0 (Windows NT 10.0; Win64; x64) AppleWebKit/537.36 (KHTML, like Gecko) Chrome/114.0.0.0 Safari/537.36"
51.68.236.70 - - [19/Mar/2026:14:30:55 -0300] "GET /robots.txt HTTP/1.1" 200 67 "-" "Mozilla/5.0 (compatible; MJ12bot/v2.0.5; http://mj12bot.com/)"
51.68.236.70 - - [19/Mar/2026:14:30:56 -0300] "GET / HTTP/1.1" 200 55517 "-" "Mozilla/5.0 (compatible; MJ12bot/v2.0.5; http://mj12bot.com/)"
185.191.171.16 - - [19/Mar/2026:14:31:51 -0300] "GET /robots.txt HTTP/1.1" 200 67 "-" "Mozilla/5.0 (compatible; SemrushBot/7~bl; +http://www.semrush.com/bot.html)"
185.191.171.19 - - [19/Mar/2026:14:31:52 -0300] "GET /2026/03/16/johnny-cash-slot/ HTTP/1.1" 200 29263 "-" "Mozilla/5.0 (compatible; SemrushBot/7~bl; +http://www.semrush.com/bot.html)"
14.178.10.112 - - [19/Mar/2026:14:32:29 -0300] "GET /2025/12/03/interwetten-gutschein-code-2025/ HTTP/1.1" 200 28658 "https://tiendamolina.vsptdigital.cl/" "Mozilla/5.0 (Macintosh; Intel Mac OS X 12_5) AppleWebKit/537.36 (KHTML, like Gecko) Chrome/114.0.0.0 YaBrowser/22.7.0 Yowser/2.5 Safari/537.36"
14.178.10.112 - - [19/Mar/2026:14:32:31 -0300] "POST /wp-comments-post.php HTTP/1.1" 302 - "https://tiendamolina.vsptdigital.cl/2025/12/03/interwetten-gutschein-code-2025/" "Mozilla/5.0 (Macintosh; Intel Mac OS X 12_5) AppleWebKit/537.36 (KHTML, like Gecko) Chrome/114.0.0.0 YaBrowser/22.7.0 Yowser/2.5 Safari/537.36"
14.178.10.112 - - [19/Mar/2026:14:32:32 -0300] "GET /2025/12/03/interwetten-gutschein-code-2025/?unapproved=17941&moderation-hash=88f64f9d7a24555aeb17f387639ed71b HTTP/1.1" 200 30159 "https://tiendamolina.vsptdigital.cl/wp-comments-post.php" "Mozilla/5.0 (Macintosh; Intel Mac OS X 12_5) AppleWebKit/537.36 (KHTML, like Gecko) Chrome/114.0.0.0 YaBrowser/22.7.0 Yowser/2.5 Safari/537.36"
14.178.10.112 - - [19/Mar/2026:14:32:34 -0300] "GET /2025/12/03/interwetten-gutschein-code-2025/ HTTP/1.1" 200 28658 "-" "Mozilla/5.0 (Macintosh; Intel Mac OS X 12_5) AppleWebKit/537.36 (KHTML, like Gecko) Chrome/114.0.0.0 YaBrowser/22.7.0 Yowser/2.5 Safari/537.36"
14.178.10.112 - - [19/Mar/2026:14:35:06 -0300] "GET /2025/12/03/interwetten-gutschein-code-2025/ HTTP/1.1" 200 28658 "-" "Mozilla/5.0 (Macintosh; Intel Mac OS X 12_5) AppleWebKit/537.36 (KHTML, like Gecko) Chrome/114.0.0.0 Safari/537.36 Edg/114.0.1264.71"
103.87.56.59 - - [19/Mar/2026:14:35:20 -0300] "GET /2025/11/11/vivre-des-paris-sportifs-basket-2/ HTTP/1.1" 200 28393 "https://tiendamolina.vsptdigital.cl/" "Mozilla/5.0 (Macintosh; Intel Mac OS X 12.5; rv:114.0) Gecko/20100101 Firefox/114.0"
103.87.56.59 - - [19/Mar/2026:14:35:28 -0300] "GET /wp-login.php?action=register HTTP/1.1" 302 - "https://tiendamolina.vsptdigital.cl/2025/11/11/vivre-des-paris-sportifs-basket-2/" "Mozilla/5.0 (Windows NT 6.3; Win64; x64) AppleWebKit/537.36 (KHTML, like Gecko) Chrome/103.0.0.0 Safari/537.36"
103.87.56.59 - - [19/Mar/2026:14:35:30 -0300] "GET /wp-login.php?registration=disabled HTTP/1.1" 200 9387 "https://tiendamolina.vsptdigital.cl/wp-login.php?action=register" "Mozilla/5.0 (Windows NT 6.3; Win64; x64) AppleWebKit/537.36 (KHTML, like Gecko) Chrome/103.0.0.0 Safari/537.36"
107.152.46.252 - - [19/Mar/2026:14:35:52 -0300] "GET /2025/10/30/william-hill-bono-primera-apuesta-apuestas/ HTTP/1.1" 200 28565 "-" "Mozilla/5.0 (Macintosh; Intel Mac OS X 12_5) AppleWebKit/537.36 (KHTML, like Gecko) Chrome/114.0.0.0 Safari/537.36"
23.19.248.66 - - [19/Mar/2026:14:37:30 -0300] "GET /2025/12/01/winamax-apuestas-deportivas-online/ HTTP/1.1" 200 28101 "https://tiendamolina.vsptdigital.cl/" "Mozilla/5.0 (X11; Fedora; Linux x86_64; rv:114.0) Gecko/20100101 Firefox/114.0"
23.19.248.66 - - [19/Mar/2026:14:37:43 -0300] "GET /wp-includes/css/dist/block-library/style.min.css?ver=6.9.4 HTTP/1.1" 200 119358 "https://tiendamolina.vsptdigital.cl/2025/12/01/winamax-apuestas-deportivas-online/" "Mozilla/5.0 (Windows NT 10.0; Win64; x64) AppleWebKit/537.36 (KHTML, like Gecko) Chrome/143.0.0.0 Safari/537.36"
113.164.50.44 - - [19/Mar/2026:14:37:55 -0300] "GET /2026/01/19/hockey-partidos-hoy/ HTTP/1.1" 200 28934 "-" "Mozilla/5.0 (Windows NT 6.1; WOW64) AppleWebKit/537.36 (KHTML, like Gecko) Chrome/100.0.4896.127 Safari/537.36"
23.19.248.66 - - [19/Mar/2026:14:38:17 -0300] "GET /wp-content/plugins/contact-form-7/includes/css/styles.css?ver=6.0.1 HTTP/1.1" 200 2894 "https://tiendamolina.vsptdigital.cl/2025/12/01/winamax-apuestas-deportivas-online/" "Mozilla/5.0 (Windows NT 10.0; Win64; x64) AppleWebKit/537.36 (KHTML, like Gecko) Chrome/143.0.0.0 Safari/537.36"
23.19.248.66 - - [19/Mar/2026:14:38:22 -0300] "GET /wp-content/themes/hello-elementor/style.min.css?ver=3.1.1 HTTP/1.1" 200 5501 "https://tiendamolina.vsptdigital.cl/2025/12/01/winamax-apuestas-deportivas-online/" "Mozilla/5.0 (Windows NT 10.0; Win64; x64) AppleWebKit/537.36 (KHTML, like Gecko) Chrome/143.0.0.0 Safari/537.36"
23.19.248.66 - - [19/Mar/2026:14:38:27 -0300] "GET /wp-content/themes/hello-elementor/theme.min.css?ver=3.1.1 HTTP/1.1" 200 5146 "https://tiendamolina.vsptdigital.cl/2025/12/01/winamax-apuestas-deportivas-online/" "Mozilla/5.0 (Windows NT 10.0; Win64; x64) AppleWebKit/537.36 (KHTML, like Gecko) Chrome/143.0.0.0 Safari/537.36"
23.19.248.66 - - [19/Mar/2026:14:38:32 -0300] "GET /wp-content/themes/hello-elementor/header-footer.min.css?ver=3.1.1 HTTP/1.1" 200 7212 "https://tiendamolina.vsptdigital.cl/2025/12/01/winamax-apuestas-deportivas-online/" "Mozilla/5.0 (Windows NT 10.0; Win64; x64) AppleWebKit/537.36 (KHTML, like Gecko) Chrome/143.0.0.0 Safari/537.36"
23.19.248.66 - - [19/Mar/2026:14:38:37 -0300] "GET /wp-content/plugins/elementor/assets/css/frontend.min.css?ver=3.25.11 HTTP/1.1" 200 60575 "https://tiendamolina.vsptdigital.cl/2025/12/01/winamax-apuestas-deportivas-online/" "Mozilla/5.0 (Windows NT 10.0; Win64; x64) AppleWebKit/537.36 (KHTML, like Gecko) Chrome/143.0.0.0 Safari/537.36"
23.19.248.66 - - [19/Mar/2026:14:39:00 -0300] "GET /wp-content/uploads/elementor/css/post-5.css?ver=1734013235 HTTP/1.1" 200 1372 "https://tiendamolina.vsptdigital.cl/2025/12/01/winamax-apuestas-deportivas-online/" "Mozilla/5.0 (Windows NT 10.0; Win64; x64) AppleWebKit/537.36 (KHTML, like Gecko) Chrome/143.0.0.0 Safari/537.36"
23.19.248.66 - - [19/Mar/2026:14:39:05 -0300] "GET /wp-content/plugins/elementor/assets/lib/eicons/css/elementor-icons.min.css?ver=5.34.0 HTTP/1.1" 200 20060 "https://tiendamolina.vsptdigital.cl/2025/12/01/winamax-apuestas-deportivas-online/" "Mozilla/5.0 (Windows NT 10.0; Win64; x64) AppleWebKit/537.36 (KHTML, like Gecko) Chrome/143.0.0.0 Safari/537.36"
