HEX
Server: Apache
System: Linux vps-1289444.devslamantis.cl 3.10.0-1160.80.1.el7.x86_64 #1 SMP Tue Nov 8 15:48:59 UTC 2022 x86_64
User: vspt (1013)
PHP: 7.4.33
Disabled: NONE
Upload Files
File: /home/vspt/access-logs/tiendamolina.vsptdigital.cl-ssl_log
172.93.212.221 - - [19/Mar/2026:09:13:09 -0300] "GET /2025/10/23/Ziskove-Sloty-Hry-Zdarma-Bez-Registrace-Bez/ HTTP/1.1" 200 28791 "-" "Mozilla/5.0 (Macintosh; Intel Mac OS X 12_5) AppleWebKit/537.36 (KHTML, like Gecko) Chrome/114.0.0.0 Safari/537.36"
194.165.16.5 - - [19/Mar/2026:09:15:26 -0300] "GET /wp-login.php HTTP/1.1" 200 9184 "-" "Mozilla/5.0 (Macintosh; Intel Mac OS X 13_5) AppleWebKit/605.1.15 (KHTML, like Gecko) Version/17.5 Safari/605.1.15"
162.240.153.75 - - [19/Mar/2026:09:15:28 -0300] "POST /wp-cron.php?doing_wp_cron=1773922528.4262850284576416015625 HTTP/1.1" 200 - "-" "WordPress/6.9.4; https://tiendamolina.vsptdigital.cl"
194.165.16.5 - - [19/Mar/2026:09:15:27 -0300] "POST /xmlrpc.php HTTP/1.1" 200 179 "-" "Mozilla/5.0 (Macintosh; Intel Mac OS X 13_5) AppleWebKit/605.1.15 (KHTML, like Gecko) Version/17.5 Safari/605.1.15"
194.165.16.5 - - [19/Mar/2026:09:15:29 -0300] "POST /xmlrpc.php HTTP/1.1" 200 6266 "-" "Mozilla/5.0 (Windows NT 10.0; Win64; x64; rv:127.0) Gecko/20100101 Firefox/127.0"
27.50.29.178 - - [19/Mar/2026:09:16:46 -0300] "GET /2026/03/03/jonh-vegas-casino-no-deposit-bonus-codes-for-free/ HTTP/1.1" 200 28857 "-" "Mozilla/5.0 (Macintosh; Intel Mac OS X 12_5) AppleWebKit/537.36 (KHTML, like Gecko) Chrome/114.0.0.0 Safari/537.36"
159.138.4.43 - - [19/Mar/2026:09:17:51 -0300] "GET /2026/02/02/jetx-casino-no-deposit-bonus-codes-for-free-spins/ HTTP/1.1" 200 29181 "https://tiendamolina.vsptdigital.cl/2026/02/02/jetx-casino-no-deposit-bonus-codes-for-free-spins/" "Mozilla/5.0 (Windows NT 10.0; Win64; x64) AppleWebKit/537.36 (KHTML, like Gecko) Chrome/101.0.4951.64 Safari/537.36 Edg/101.0.1210.47"
144.217.67.195 - - [19/Mar/2026:09:18:27 -0300] "GET /2026/03/10/joo-casino-bonus-code/ HTTP/1.1" 200 27968 "https://tiendamolina.vsptdigital.cl/" "Mozilla/5.0 (Macintosh; Intel Mac OS X 12_5) AppleWebKit/537.36 (KHTML, like Gecko) Chrome/114.0.0.0 Safari/537.36"
144.217.67.195 - - [19/Mar/2026:09:18:31 -0300] "GET /wp-login.php?action=register HTTP/1.1" 302 - "https://tiendamolina.vsptdigital.cl/2026/03/10/joo-casino-bonus-code/" "Mozilla/5.0 (Windows NT 6.3; Win64; x64) AppleWebKit/537.36 (KHTML, like Gecko) Chrome/103.0.0.0 Safari/537.36"
144.217.67.195 - - [19/Mar/2026:09:18:31 -0300] "GET /wp-login.php?registration=disabled HTTP/1.1" 200 9387 "https://tiendamolina.vsptdigital.cl/wp-login.php?action=register" "Mozilla/5.0 (Windows NT 6.3; Win64; x64) AppleWebKit/537.36 (KHTML, like Gecko) Chrome/103.0.0.0 Safari/537.36"
162.240.153.75 - - [19/Mar/2026:09:22:47 -0300] "POST /wp-cron.php?doing_wp_cron=1773922967.4415969848632812500000 HTTP/1.1" 200 - "-" "WordPress/6.9.4; https://tiendamolina.vsptdigital.cl"
193.93.230.59 - - [19/Mar/2026:09:22:46 -0300] "GET /2026/02/09/italien-fuball-hosen/ HTTP/1.1" 200 27688 "-" "Mozilla/5.0 (Macintosh; Intel Mac OS X 12_5) AppleWebKit/537.36 (KHTML, like Gecko) Chrome/114.0.0.0 Safari/537.36"
49.13.174.1 - - [19/Mar/2026:09:26:50 -0300] "GET /2026/01/20/interwetten-recension/ HTTP/1.1" 200 28212 "-" "Mozilla/5.0 (Macintosh; Intel Mac OS X 12_5) AppleWebKit/537.36 (KHTML, like Gecko) Chrome/114.0.0.0 Safari/537.36"
185.238.231.142 - - [19/Mar/2026:09:27:00 -0300] "GET /2026/03/10/joo-casino-bonus-code/ HTTP/1.1" 200 27968 "https://tiendamolina.vsptdigital.cl/" "Mozilla/5.0 (X11; Ubuntu; Linux x86_64; rv:114.0) Gecko/20100101 Firefox/114.0"
185.238.231.130 - - [19/Mar/2026:09:27:07 -0300] "GET /wp-login.php?action=register HTTP/1.1" 302 - "https://tiendamolina.vsptdigital.cl/2026/03/10/joo-casino-bonus-code/" "Mozilla/5.0 (Windows NT 6.3; Win64; x64) AppleWebKit/537.36 (KHTML, like Gecko) Chrome/103.0.0.0 Safari/537.36"
185.238.231.22 - - [19/Mar/2026:09:27:08 -0300] "GET /wp-login.php?registration=disabled HTTP/1.1" 200 9387 "https://tiendamolina.vsptdigital.cl/wp-login.php?action=register" "Mozilla/5.0 (Windows NT 6.3; Win64; x64) AppleWebKit/537.36 (KHTML, like Gecko) Chrome/103.0.0.0 Safari/537.36"
107.152.46.252 - - [19/Mar/2026:09:27:19 -0300] "GET /2025/10/30/william-hill-bono-primera-apuesta-apuestas/ HTTP/1.1" 200 28565 "https://tiendamolina.vsptdigital.cl/" "Mozilla/5.0 (X11; Fedora; Linux x86_64; rv:114.0) Gecko/20100101 Firefox/114.0"
107.152.46.252 - - [19/Mar/2026:09:27:24 -0300] "POST /wp-comments-post.php HTTP/1.1" 302 - "https://tiendamolina.vsptdigital.cl/2025/10/30/william-hill-bono-primera-apuesta-apuestas/" "Mozilla/5.0 (X11; Fedora; Linux x86_64; rv:114.0) Gecko/20100101 Firefox/114.0"
107.152.46.252 - - [19/Mar/2026:09:27:25 -0300] "GET /2025/10/30/william-hill-bono-primera-apuesta-apuestas/?unapproved=17906&moderation-hash=f6487cd40154a5e52cca86495e5f7d19 HTTP/1.1" 200 30140 "https://tiendamolina.vsptdigital.cl/wp-comments-post.php" "Mozilla/5.0 (X11; Fedora; Linux x86_64; rv:114.0) Gecko/20100101 Firefox/114.0"
107.152.46.252 - - [19/Mar/2026:09:27:27 -0300] "GET /2025/10/30/william-hill-bono-primera-apuesta-apuestas/ HTTP/1.1" 200 28565 "-" "Mozilla/5.0 (X11; Fedora; Linux x86_64; rv:114.0) Gecko/20100101 Firefox/114.0"
85.208.96.194 - - [19/Mar/2026:09:27:29 -0300] "GET /robots.txt HTTP/1.1" 200 67 "-" "Mozilla/5.0 (compatible; SemrushBot/7~bl; +http://www.semrush.com/bot.html)"
85.208.96.204 - - [19/Mar/2026:09:27:30 -0300] "GET /2026/03/12/joker-room-sign-up/ HTTP/1.1" 200 28285 "-" "Mozilla/5.0 (compatible; SemrushBot/7~bl; +http://www.semrush.com/bot.html)"
104.28.156.61 - - [19/Mar/2026:09:28:34 -0300] "GET /2026/03/16/harrahs-casino-bonus-codes-2026/ HTTP/1.1" 200 28448 "https://tiendamolina.vsptdigital.cl/" "Mozilla/5.0 (X11; Ubuntu; Linux i686; rv:114.0) Gecko/20100101 Firefox/114.0"
104.28.156.61 - - [19/Mar/2026:09:28:36 -0300] "GET /wp-includes/css/dist/block-library/style.min.css?ver=6.9.4 HTTP/1.1" 200 119358 "https://tiendamolina.vsptdigital.cl/2026/03/16/harrahs-casino-bonus-codes-2026/" "Mozilla/5.0 (Windows NT 10.0; Win64; x64) AppleWebKit/537.36 (KHTML, like Gecko) Chrome/143.0.0.0 Safari/537.36"
104.28.156.61 - - [19/Mar/2026:09:28:37 -0300] "GET /wp-content/plugins/contact-form-7/includes/css/styles.css?ver=6.0.1 HTTP/1.1" 200 2894 "https://tiendamolina.vsptdigital.cl/2026/03/16/harrahs-casino-bonus-codes-2026/" "Mozilla/5.0 (Windows NT 10.0; Win64; x64) AppleWebKit/537.36 (KHTML, like Gecko) Chrome/143.0.0.0 Safari/537.36"
104.28.156.61 - - [19/Mar/2026:09:28:38 -0300] "GET /wp-content/themes/hello-elementor/style.min.css?ver=3.1.1 HTTP/1.1" 200 5501 "https://tiendamolina.vsptdigital.cl/2026/03/16/harrahs-casino-bonus-codes-2026/" "Mozilla/5.0 (Windows NT 10.0; Win64; x64) AppleWebKit/537.36 (KHTML, like Gecko) Chrome/143.0.0.0 Safari/537.36"
104.28.156.61 - - [19/Mar/2026:09:28:39 -0300] "GET /wp-content/themes/hello-elementor/theme.min.css?ver=3.1.1 HTTP/1.1" 200 5146 "https://tiendamolina.vsptdigital.cl/2026/03/16/harrahs-casino-bonus-codes-2026/" "Mozilla/5.0 (Windows NT 10.0; Win64; x64) AppleWebKit/537.36 (KHTML, like Gecko) Chrome/143.0.0.0 Safari/537.36"
104.28.156.61 - - [19/Mar/2026:09:28:39 -0300] "GET /wp-content/themes/hello-elementor/header-footer.min.css?ver=3.1.1 HTTP/1.1" 200 7212 "https://tiendamolina.vsptdigital.cl/2026/03/16/harrahs-casino-bonus-codes-2026/" "Mozilla/5.0 (Windows NT 10.0; Win64; x64) AppleWebKit/537.36 (KHTML, like Gecko) Chrome/143.0.0.0 Safari/537.36"
104.28.156.61 - - [19/Mar/2026:09:28:40 -0300] "GET /wp-content/plugins/elementor/assets/css/frontend.min.css?ver=3.25.11 HTTP/1.1" 200 60575 "https://tiendamolina.vsptdigital.cl/2026/03/16/harrahs-casino-bonus-codes-2026/" "Mozilla/5.0 (Windows NT 10.0; Win64; x64) AppleWebKit/537.36 (KHTML, like Gecko) Chrome/143.0.0.0 Safari/537.36"
104.28.156.61 - - [19/Mar/2026:09:28:41 -0300] "GET /wp-content/uploads/elementor/css/post-5.css?ver=1734013235 HTTP/1.1" 200 1372 "https://tiendamolina.vsptdigital.cl/2026/03/16/harrahs-casino-bonus-codes-2026/" "Mozilla/5.0 (Windows NT 10.0; Win64; x64) AppleWebKit/537.36 (KHTML, like Gecko) Chrome/143.0.0.0 Safari/537.36"
104.28.156.61 - - [19/Mar/2026:09:28:41 -0300] "GET /wp-content/plugins/elementor/assets/lib/eicons/css/elementor-icons.min.css?ver=5.34.0 HTTP/1.1" 200 20060 "https://tiendamolina.vsptdigital.cl/2026/03/16/harrahs-casino-bonus-codes-2026/" "Mozilla/5.0 (Windows NT 10.0; Win64; x64) AppleWebKit/537.36 (KHTML, like Gecko) Chrome/143.0.0.0 Safari/537.36"
104.28.156.61 - - [19/Mar/2026:09:28:42 -0300] "GET /wp-content/plugins/elementor/assets/lib/swiper/v8/css/swiper.min.css?ver=8.4.5 HTTP/1.1" 200 16471 "https://tiendamolina.vsptdigital.cl/2026/03/16/harrahs-casino-bonus-codes-2026/" "Mozilla/5.0 (Windows NT 10.0; Win64; x64) AppleWebKit/537.36 (KHTML, like Gecko) Chrome/143.0.0.0 Safari/537.36"
104.28.156.61 - - [19/Mar/2026:09:28:43 -0300] "GET /wp-content/plugins/elementor/assets/css/conditionals/e-swiper.min.css?ver=3.25.11 HTTP/1.1" 200 10260 "https://tiendamolina.vsptdigital.cl/2026/03/16/harrahs-casino-bonus-codes-2026/" "Mozilla/5.0 (Windows NT 10.0; Win64; x64) AppleWebKit/537.36 (KHTML, like Gecko) Chrome/143.0.0.0 Safari/537.36"
104.28.156.61 - - [19/Mar/2026:09:28:43 -0300] "GET /wp-content/plugins/elementor-pro/assets/css/frontend.min.css?ver=3.7.1 HTTP/1.1" 200 480945 "https://tiendamolina.vsptdigital.cl/2026/03/16/harrahs-casino-bonus-codes-2026/" "Mozilla/5.0 (Windows NT 10.0; Win64; x64) AppleWebKit/537.36 (KHTML, like Gecko) Chrome/143.0.0.0 Safari/537.36"
104.28.156.61 - - [19/Mar/2026:09:28:45 -0300] "POST /wp-comments-post.php HTTP/1.1" 302 - "https://tiendamolina.vsptdigital.cl/2026/03/16/harrahs-casino-bonus-codes-2026/" "Mozilla/5.0 (X11; Ubuntu; Linux i686; rv:114.0) Gecko/20100101 Firefox/114.0"
104.28.156.61 - - [19/Mar/2026:09:28:46 -0300] "GET /2026/03/16/harrahs-casino-bonus-codes-2026/?unapproved=17907&moderation-hash=5fcb1e7fb2dacd050e3496d588f869ec HTTP/1.1" 200 30155 "https://tiendamolina.vsptdigital.cl/wp-comments-post.php" "Mozilla/5.0 (X11; Ubuntu; Linux i686; rv:114.0) Gecko/20100101 Firefox/114.0"
104.28.156.61 - - [19/Mar/2026:09:28:47 -0300] "GET /2026/03/16/harrahs-casino-bonus-codes-2026/ HTTP/1.1" 200 28448 "-" "Mozilla/5.0 (X11; Ubuntu; Linux i686; rv:114.0) Gecko/20100101 Firefox/114.0"
31.56.177.209 - - [19/Mar/2026:09:29:19 -0300] "GET / HTTP/1.1" 200 55517 "-" "Mozilla/5.0 (X11; Ubuntu; Linux i686; rv:114.0) Gecko/20100101 Firefox/114.0"
31.56.177.209 - - [19/Mar/2026:09:29:23 -0300] "GET /wp-content/uploads/2026/01/OFERTAS-ENERO-2026-VSPT-.pdf HTTP/1.1" 200 305761 "https://tiendamolina.vsptdigital.cl" "Mozilla/5.0 (X11; Ubuntu; Linux i686; rv:114.0) Gecko/20100101 Firefox/114.0"
102.165.54.187 - - [19/Mar/2026:09:30:04 -0300] "GET /2025/10/29/william-hill-bono-bienvenida-20-euros-gratis/ HTTP/1.1" 200 28407 "https://tiendamolina.vsptdigital.cl/" "Mozilla/5.0 (Windows NT 10.0; Win64; x64) AppleWebKit/537.36 (KHTML, like Gecko) Chrome/114.0.0.0 Safari/537.36"
160.250.186.93 - - [19/Mar/2026:09:30:12 -0300] "GET /2026/03/17/how-does-blackjack-work-at-a-casino/ HTTP/1.1" 200 26917 "https://tiendamolina.vsptdigital.cl/" "Mozilla/5.0 (Windows NT 10.0; WOW64) AppleWebKit/537.36 (KHTML, like Gecko) Chrome/114.0.0.0 YaBrowser/22.7.0 Yowser/2.5 Safari/537.36"
160.250.186.93 - - [19/Mar/2026:09:30:14 -0300] "GET /wp-includes/css/dist/block-library/style.min.css?ver=6.9.4 HTTP/1.1" 200 119358 "https://tiendamolina.vsptdigital.cl/2026/03/17/how-does-blackjack-work-at-a-casino/" "Mozilla/5.0 (Windows NT 10.0; Win64; x64) AppleWebKit/537.36 (KHTML, like Gecko) Chrome/143.0.0.0 Safari/537.36"
102.165.54.187 - - [19/Mar/2026:09:30:14 -0300] "GET /wp-login.php?action=register HTTP/1.1" 302 - "https://tiendamolina.vsptdigital.cl/2025/10/29/william-hill-bono-bienvenida-20-euros-gratis/" "Mozilla/5.0 (Windows NT 6.3; Win64; x64) AppleWebKit/537.36 (KHTML, like Gecko) Chrome/103.0.0.0 Safari/537.36"
160.250.186.93 - - [19/Mar/2026:09:30:15 -0300] "GET /wp-content/plugins/contact-form-7/includes/css/styles.css?ver=6.0.1 HTTP/1.1" 200 2894 "https://tiendamolina.vsptdigital.cl/2026/03/17/how-does-blackjack-work-at-a-casino/" "Mozilla/5.0 (Windows NT 10.0; Win64; x64) AppleWebKit/537.36 (KHTML, like Gecko) Chrome/143.0.0.0 Safari/537.36"
160.250.186.93 - - [19/Mar/2026:09:30:16 -0300] "GET /wp-content/themes/hello-elementor/style.min.css?ver=3.1.1 HTTP/1.1" 200 5501 "https://tiendamolina.vsptdigital.cl/2026/03/17/how-does-blackjack-work-at-a-casino/" "Mozilla/5.0 (Windows NT 10.0; Win64; x64) AppleWebKit/537.36 (KHTML, like Gecko) Chrome/143.0.0.0 Safari/537.36"
160.250.186.93 - - [19/Mar/2026:09:30:17 -0300] "GET /wp-content/themes/hello-elementor/theme.min.css?ver=3.1.1 HTTP/1.1" 200 5146 "https://tiendamolina.vsptdigital.cl/2026/03/17/how-does-blackjack-work-at-a-casino/" "Mozilla/5.0 (Windows NT 10.0; Win64; x64) AppleWebKit/537.36 (KHTML, like Gecko) Chrome/143.0.0.0 Safari/537.36"
102.165.54.187 - - [19/Mar/2026:09:30:17 -0300] "GET /wp-login.php?registration=disabled HTTP/1.1" 200 9387 "https://tiendamolina.vsptdigital.cl/wp-login.php?action=register" "Mozilla/5.0 (Windows NT 6.3; Win64; x64) AppleWebKit/537.36 (KHTML, like Gecko) Chrome/103.0.0.0 Safari/537.36"
160.250.186.93 - - [19/Mar/2026:09:30:17 -0300] "GET /wp-content/themes/hello-elementor/header-footer.min.css?ver=3.1.1 HTTP/1.1" 200 7212 "https://tiendamolina.vsptdigital.cl/2026/03/17/how-does-blackjack-work-at-a-casino/" "Mozilla/5.0 (Windows NT 10.0; Win64; x64) AppleWebKit/537.36 (KHTML, like Gecko) Chrome/143.0.0.0 Safari/537.36"
38.240.55.159 - - [19/Mar/2026:09:30:17 -0300] "GET /2026/03/02/jilievo-casino-no-deposit-bonus-codes-for-free/ HTTP/1.1" 200 29165 "https://tiendamolina.vsptdigital.cl/" "Mozilla/5.0 (Windows NT 10.0; Win64; x64) AppleWebKit/537.36 (KHTML, like Gecko) Chrome/114.0.0.0 YaBrowser/22.7.0 Yowser/2.5 Safari/537.36"
160.250.186.93 - - [19/Mar/2026:09:30:18 -0300] "GET /wp-content/plugins/elementor/assets/css/frontend.min.css?ver=3.25.11 HTTP/1.1" 200 60575 "https://tiendamolina.vsptdigital.cl/2026/03/17/how-does-blackjack-work-at-a-casino/" "Mozilla/5.0 (Windows NT 10.0; Win64; x64) AppleWebKit/537.36 (KHTML, like Gecko) Chrome/143.0.0.0 Safari/537.36"
160.250.186.93 - - [19/Mar/2026:09:30:19 -0300] "GET /wp-content/uploads/elementor/css/post-5.css?ver=1734013235 HTTP/1.1" 200 1372 "https://tiendamolina.vsptdigital.cl/2026/03/17/how-does-blackjack-work-at-a-casino/" "Mozilla/5.0 (Windows NT 10.0; Win64; x64) AppleWebKit/537.36 (KHTML, like Gecko) Chrome/143.0.0.0 Safari/537.36"
160.250.186.93 - - [19/Mar/2026:09:30:20 -0300] "GET /wp-content/plugins/elementor/assets/lib/eicons/css/elementor-icons.min.css?ver=5.34.0 HTTP/1.1" 200 20060 "https://tiendamolina.vsptdigital.cl/2026/03/17/how-does-blackjack-work-at-a-casino/" "Mozilla/5.0 (Windows NT 10.0; Win64; x64) AppleWebKit/537.36 (KHTML, like Gecko) Chrome/143.0.0.0 Safari/537.36"
160.250.186.93 - - [19/Mar/2026:09:30:21 -0300] "GET /wp-content/plugins/elementor/assets/lib/swiper/v8/css/swiper.min.css?ver=8.4.5 HTTP/1.1" 200 16471 "https://tiendamolina.vsptdigital.cl/2026/03/17/how-does-blackjack-work-at-a-casino/" "Mozilla/5.0 (Windows NT 10.0; Win64; x64) AppleWebKit/537.36 (KHTML, like Gecko) Chrome/143.0.0.0 Safari/537.36"
160.250.186.93 - - [19/Mar/2026:09:30:21 -0300] "GET /wp-content/plugins/elementor/assets/css/conditionals/e-swiper.min.css?ver=3.25.11 HTTP/1.1" 200 10260 "https://tiendamolina.vsptdigital.cl/2026/03/17/how-does-blackjack-work-at-a-casino/" "Mozilla/5.0 (Windows NT 10.0; Win64; x64) AppleWebKit/537.36 (KHTML, like Gecko) Chrome/143.0.0.0 Safari/537.36"
160.250.186.93 - - [19/Mar/2026:09:30:22 -0300] "GET /wp-content/plugins/elementor-pro/assets/css/frontend.min.css?ver=3.7.1 HTTP/1.1" 200 480945 "https://tiendamolina.vsptdigital.cl/2026/03/17/how-does-blackjack-work-at-a-casino/" "Mozilla/5.0 (Windows NT 10.0; Win64; x64) AppleWebKit/537.36 (KHTML, like Gecko) Chrome/143.0.0.0 Safari/537.36"
160.250.186.93 - - [19/Mar/2026:09:30:25 -0300] "POST /wp-comments-post.php HTTP/1.1" 302 - "https://tiendamolina.vsptdigital.cl/2026/03/17/how-does-blackjack-work-at-a-casino/" "Mozilla/5.0 (Windows NT 10.0; WOW64) AppleWebKit/537.36 (KHTML, like Gecko) Chrome/114.0.0.0 YaBrowser/22.7.0 Yowser/2.5 Safari/537.36"
160.250.186.93 - - [19/Mar/2026:09:30:26 -0300] "GET /2026/03/17/how-does-blackjack-work-at-a-casino/?unapproved=17908&moderation-hash=64a3d0725c57142e9b8f5e177f8507a2 HTTP/1.1" 200 28534 "https://tiendamolina.vsptdigital.cl/wp-comments-post.php" "Mozilla/5.0 (Windows NT 10.0; WOW64) AppleWebKit/537.36 (KHTML, like Gecko) Chrome/114.0.0.0 YaBrowser/22.7.0 Yowser/2.5 Safari/537.36"
160.250.186.93 - - [19/Mar/2026:09:30:28 -0300] "GET /2026/03/17/how-does-blackjack-work-at-a-casino/ HTTP/1.1" 200 26917 "-" "Mozilla/5.0 (Windows NT 10.0; WOW64) AppleWebKit/537.36 (KHTML, like Gecko) Chrome/114.0.0.0 YaBrowser/22.7.0 Yowser/2.5 Safari/537.36"
160.250.186.93 - - [19/Mar/2026:09:32:16 -0300] "GET /2026/03/17/how-does-blackjack-work-at-a-casino/ HTTP/1.1" 200 26917 "-" "Mozilla/5.0 (Macintosh; Intel Mac OS X 12_5) AppleWebKit/537.36 (KHTML, like Gecko) Chrome/114.0.0.0 Safari/537.36"
194.165.16.5 - - [19/Mar/2026:09:32:33 -0300] "GET /wp-login.php HTTP/1.1" 200 9184 "-" "Mozilla/5.0 (Windows NT 10.0; Win64; x64) AppleWebKit/537.36 (KHTML, like Gecko) Chrome/124.0.6367.207 Safari/537.36"
162.240.153.75 - - [19/Mar/2026:09:32:35 -0300] "POST /wp-cron.php?doing_wp_cron=1773923555.4010848999023437500000 HTTP/1.1" 200 - "-" "WordPress/6.9.4; https://tiendamolina.vsptdigital.cl"
194.165.16.5 - - [19/Mar/2026:09:32:34 -0300] "POST /xmlrpc.php HTTP/1.1" 200 179 "-" "Mozilla/5.0 (Windows NT 10.0; Win64; x64; rv:127.0) Gecko/20100101 Firefox/127.0"
194.165.16.5 - - [19/Mar/2026:09:32:36 -0300] "POST /xmlrpc.php HTTP/1.1" 200 6737 "-" "Mozilla/5.0 (Windows NT 10.0; Win64; x64) AppleWebKit/537.36 (KHTML, like Gecko) Chrome/124.0.6367.207 Safari/537.36"
107.152.46.252 - - [19/Mar/2026:09:32:51 -0300] "GET /2025/10/30/william-hill-bono-primera-apuesta-apuestas/ HTTP/1.1" 200 28565 "-" "Mozilla/5.0 (Macintosh; Intel Mac OS X 12_5) AppleWebKit/537.36 (KHTML, like Gecko) Chrome/114.0.0.0 Safari/537.36"
104.28.156.61 - - [19/Mar/2026:09:33:53 -0300] "GET /2026/03/16/harrahs-casino-bonus-codes-2026/ HTTP/1.1" 200 28448 "-" "Mozilla/5.0 (Macintosh; Intel Mac OS X 12_5) AppleWebKit/537.36 (KHTML, like Gecko) Chrome/114.0.0.0 Safari/537.36"
14.166.35.143 - - [19/Mar/2026:09:35:16 -0300] "GET /2025/10/24/x-betting-tips-2/ HTTP/1.1" 200 27688 "-" "Mozilla/5.0 (Macintosh; Intel Mac OS X 10_11_6) AppleWebKit/537.36 (KHTML, like Gecko) Brave Chrome/86.0.4240.75 Safari/537.36"
103.87.56.59 - - [19/Mar/2026:09:35:18 -0300] "GET / HTTP/1.1" 200 55517 "-" "Mozilla/5.0 (Windows NT 10.0) AppleWebKit/537.36 (KHTML, like Gecko) Chrome/114.0.0.0 Safari/537.36"
103.87.56.59 - - [19/Mar/2026:09:35:27 -0300] "GET /wp-login.php?action=register HTTP/1.1" 302 - "https://tiendamolina.vsptdigital.cl/" "Mozilla/5.0 (Windows NT 6.3; Win64; x64) AppleWebKit/537.36 (KHTML, like Gecko) Chrome/103.0.0.0 Safari/537.36"
103.87.56.59 - - [19/Mar/2026:09:35:29 -0300] "GET /wp-login.php?registration=disabled HTTP/1.1" 200 9387 "https://tiendamolina.vsptdigital.cl/wp-login.php?action=register" "Mozilla/5.0 (Windows NT 6.3; Win64; x64) AppleWebKit/537.36 (KHTML, like Gecko) Chrome/103.0.0.0 Safari/537.36"
193.93.230.59 - - [19/Mar/2026:09:35:44 -0300] "GET /2026/02/09/italien-fuball-hosen/ HTTP/1.1" 200 27688 "-" "Mozilla/5.0 (Macintosh; Intel Mac OS X 12_5) AppleWebKit/537.36 (KHTML, like Gecko) Chrome/114.0.0.0 Safari/537.36"
167.253.48.231 - - [19/Mar/2026:09:37:45 -0300] "GET /2025/12/01/william-hill-cupon-de-50-euros-apuestas-deportivas-2/ HTTP/1.1" 200 28823 "https://tiendamolina.vsptdigital.cl/" "Mozilla/5.0 (X11; Linux x86_64) AppleWebKit/537.36 (KHTML, like Gecko) Chrome/114.0.0.0 Safari/537.36 OPR/89.0.4447.51"
194.156.92.237 - - [19/Mar/2026:09:42:49 -0300] "GET /2026/03/10/joo-casino-bonus-code/ HTTP/1.1" 200 27968 "https://tiendamolina.vsptdigital.cl/" "Mozilla/5.0 (X11; Ubuntu; Linux i686; rv:114.0) Gecko/20100101 Firefox/114.0"
84.54.53.236 - - [19/Mar/2026:09:42:52 -0300] "GET /wp-login.php?action=register HTTP/1.1" 302 - "https://tiendamolina.vsptdigital.cl/2026/03/10/joo-casino-bonus-code/" "Mozilla/5.0 (Windows NT 6.3; Win64; x64) AppleWebKit/537.36 (KHTML, like Gecko) Chrome/103.0.0.0 Safari/537.36"
109.248.138.189 - - [19/Mar/2026:09:42:54 -0300] "GET /wp-login.php?registration=disabled HTTP/1.1" 200 9387 "https://tiendamolina.vsptdigital.cl/wp-login.php?action=register" "Mozilla/5.0 (Windows NT 6.3; Win64; x64) AppleWebKit/537.36 (KHTML, like Gecko) Chrome/103.0.0.0 Safari/537.36"
119.8.41.184 - - [19/Mar/2026:09:43:07 -0300] "GET /2026/03/02/joe-fortune-online-casino/ HTTP/1.1" 200 28864 "-" "Mozilla/5.0 (Macintosh; Intel Mac OS X 10_15_7) AppleWebKit/537.36 (KHTML, like Gecko) Chrome/141.0.0.0 Safari/537.36"
119.8.41.184 - - [19/Mar/2026:09:43:09 -0300] "GET /wp-includes/css/dist/block-library/style.min.css?ver=6.9.4 HTTP/1.1" 200 119358 "https://tiendamolina.vsptdigital.cl/2026/03/02/joe-fortune-online-casino/" "Mozilla/5.0 (Macintosh; Intel Mac OS X 10_15_7) AppleWebKit/537.36 (KHTML, like Gecko) Chrome/141.0.0.0 Safari/537.36"
119.8.41.184 - - [19/Mar/2026:09:43:09 -0300] "GET /wp-content/plugins/contact-form-7/includes/css/styles.css?ver=6.0.1 HTTP/1.1" 200 2894 "https://tiendamolina.vsptdigital.cl/2026/03/02/joe-fortune-online-casino/" "Mozilla/5.0 (Macintosh; Intel Mac OS X 10_15_7) AppleWebKit/537.36 (KHTML, like Gecko) Chrome/141.0.0.0 Safari/537.36"
119.8.41.184 - - [19/Mar/2026:09:43:09 -0300] "GET /wp-content/themes/hello-elementor/header-footer.min.css?ver=3.1.1 HTTP/1.1" 200 7212 "https://tiendamolina.vsptdigital.cl/2026/03/02/joe-fortune-online-casino/" "Mozilla/5.0 (Macintosh; Intel Mac OS X 10_15_7) AppleWebKit/537.36 (KHTML, like Gecko) Chrome/141.0.0.0 Safari/537.36"
119.8.41.184 - - [19/Mar/2026:09:43:09 -0300] "GET /wp-content/uploads/elementor/css/post-5.css?ver=1734013235 HTTP/1.1" 200 1372 "https://tiendamolina.vsptdigital.cl/2026/03/02/joe-fortune-online-casino/" "Mozilla/5.0 (Macintosh; Intel Mac OS X 10_15_7) AppleWebKit/537.36 (KHTML, like Gecko) Chrome/141.0.0.0 Safari/537.36"
119.8.41.184 - - [19/Mar/2026:09:43:09 -0300] "GET /wp-content/themes/hello-elementor/theme.min.css?ver=3.1.1 HTTP/1.1" 200 5146 "https://tiendamolina.vsptdigital.cl/2026/03/02/joe-fortune-online-casino/" "Mozilla/5.0 (Macintosh; Intel Mac OS X 10_15_7) AppleWebKit/537.36 (KHTML, like Gecko) Chrome/141.0.0.0 Safari/537.36"
119.8.41.184 - - [19/Mar/2026:09:43:09 -0300] "GET /wp-content/plugins/elementor/assets/css/frontend.min.css?ver=3.25.11 HTTP/1.1" 200 60575 "https://tiendamolina.vsptdigital.cl/2026/03/02/joe-fortune-online-casino/" "Mozilla/5.0 (Macintosh; Intel Mac OS X 10_15_7) AppleWebKit/537.36 (KHTML, like Gecko) Chrome/141.0.0.0 Safari/537.36"
119.8.41.184 - - [19/Mar/2026:09:43:09 -0300] "GET /wp-content/plugins/elementor/assets/css/conditionals/e-swiper.min.css?ver=3.25.11 HTTP/1.1" 200 10260 "https://tiendamolina.vsptdigital.cl/2026/03/02/joe-fortune-online-casino/" "Mozilla/5.0 (Macintosh; Intel Mac OS X 10_15_7) AppleWebKit/537.36 (KHTML, like Gecko) Chrome/141.0.0.0 Safari/537.36"
119.8.41.184 - - [19/Mar/2026:09:43:09 -0300] "GET /wp-content/plugins/elementor/assets/lib/swiper/v8/css/swiper.min.css?ver=8.4.5 HTTP/1.1" 200 16471 "https://tiendamolina.vsptdigital.cl/2026/03/02/joe-fortune-online-casino/" "Mozilla/5.0 (Macintosh; Intel Mac OS X 10_15_7) AppleWebKit/537.36 (KHTML, like Gecko) Chrome/141.0.0.0 Safari/537.36"
119.8.41.184 - - [19/Mar/2026:09:43:09 -0300] "GET /wp-includes/js/dist/hooks.min.js?ver=dd5603f07f9220ed27f1 HTTP/1.1" 200 5661 "https://tiendamolina.vsptdigital.cl/2026/03/02/joe-fortune-online-casino/" "Mozilla/5.0 (Macintosh; Intel Mac OS X 10_15_7) AppleWebKit/537.36 (KHTML, like Gecko) Chrome/141.0.0.0 Safari/537.36"
119.8.41.184 - - [19/Mar/2026:09:43:09 -0300] "GET /wp-includes/js/dist/i18n.min.js?ver=c26c3dc7bed366793375 HTTP/1.1" 200 5314 "https://tiendamolina.vsptdigital.cl/2026/03/02/joe-fortune-online-casino/" "Mozilla/5.0 (Macintosh; Intel Mac OS X 10_15_7) AppleWebKit/537.36 (KHTML, like Gecko) Chrome/141.0.0.0 Safari/537.36"
119.8.41.184 - - [19/Mar/2026:09:43:09 -0300] "GET /wp-content/themes/hello-elementor/assets/js/hello-frontend.min.js?ver=3.1.1 HTTP/1.1" 200 2749 "https://tiendamolina.vsptdigital.cl/2026/03/02/joe-fortune-online-casino/" "Mozilla/5.0 (Macintosh; Intel Mac OS X 10_15_7) AppleWebKit/537.36 (KHTML, like Gecko) Chrome/141.0.0.0 Safari/537.36"
119.8.41.184 - - [19/Mar/2026:09:43:09 -0300] "GET /wp-content/plugins/contact-form-7/includes/js/index.js?ver=6.0.1 HTTP/1.1" 200 13452 "https://tiendamolina.vsptdigital.cl/2026/03/02/joe-fortune-online-casino/" "Mozilla/5.0 (Macintosh; Intel Mac OS X 10_15_7) AppleWebKit/537.36 (KHTML, like Gecko) Chrome/141.0.0.0 Safari/537.36"
119.8.41.184 - - [19/Mar/2026:09:43:10 -0300] "GET /wp-content/plugins/contact-form-7/includes/swv/js/index.js?ver=6.0.1 HTTP/1.1" 200 12512 "https://tiendamolina.vsptdigital.cl/2026/03/02/joe-fortune-online-casino/" "Mozilla/5.0 (Macintosh; Intel Mac OS X 10_15_7) AppleWebKit/537.36 (KHTML, like Gecko) Chrome/141.0.0.0 Safari/537.36"
119.8.41.184 - - [19/Mar/2026:09:43:10 -0300] "GET /wp-includes/js/comment-reply.min.js?ver=6.9.4 HTTP/1.1" 200 3026 "https://tiendamolina.vsptdigital.cl/2026/03/02/joe-fortune-online-casino/" "Mozilla/5.0 (Macintosh; Intel Mac OS X 10_15_7) AppleWebKit/537.36 (KHTML, like Gecko) Chrome/141.0.0.0 Safari/537.36"
119.8.41.184 - - [19/Mar/2026:09:43:09 -0300] "GET /wp-content/plugins/elementor-pro/assets/css/frontend.min.css?ver=3.7.1 HTTP/1.1" 200 480945 "https://tiendamolina.vsptdigital.cl/2026/03/02/joe-fortune-online-casino/" "Mozilla/5.0 (Macintosh; Intel Mac OS X 10_15_7) AppleWebKit/537.36 (KHTML, like Gecko) Chrome/141.0.0.0 Safari/537.36"
54.39.0.57 - - [19/Mar/2026:09:43:19 -0300] "GET /robots.txt HTTP/1.1" 200 67 "-" "Mozilla/5.0 (compatible; AhrefsBot/7.0; +http://ahrefs.com/robot/)"
51.222.168.172 - - [19/Mar/2026:09:43:21 -0300] "GET /2026/03/04/johny-cash-pokies/ HTTP/1.1" 200 27633 "-" "Mozilla/5.0 (compatible; AhrefsBot/7.0; +http://ahrefs.com/robot/)"
77.83.185.58 - - [19/Mar/2026:09:43:30 -0300] "GET /2026/03/11/jb-casino-login-app-sign-up/ HTTP/1.1" 200 27998 "-" "Mozilla/5.0 (Macintosh; Intel Mac OS X 12_5) AppleWebKit/537.36 (KHTML, like Gecko) Chrome/114.0.0.0 Safari/537.36"
186.219.146.127 - - [19/Mar/2026:09:46:19 -0300] "GET /2025/12/11/jackpot50-bonuscode-sportwetten-ohne-einzahlung/ HTTP/1.1" 200 28540 "-" "Mozilla/5.0 (Windows NT 10.0; WOW64) AppleWebKit/537.36 (KHTML, like Gecko) Chrome/79.0.3945.130 Safari/537.36 AOLShield/79.0.3945.5"
119.8.236.160 - - [19/Mar/2026:09:48:32 -0300] "GET /2026/02/02/portoroz-casino-login-app-sign-up/ HTTP/1.1" 200 28920 "-" "Mozilla/5.0 (Windows NT 10.0; Win64; x64) AppleWebKit/537.36 (KHTML, like Gecko) Chrome/144.0.0.0 Safari/537.36"
119.8.236.160 - - [19/Mar/2026:09:48:34 -0300] "GET /wp-includes/js/comment-reply.min.js?ver=6.9.4 HTTP/1.1" 200 3026 "https://tiendamolina.vsptdigital.cl/2026/02/02/portoroz-casino-login-app-sign-up/" "Mozilla/5.0 (Windows NT 10.0; Win64; x64) AppleWebKit/537.36 (KHTML, like Gecko) Chrome/144.0.0.0 Safari/537.36"
193.93.230.59 - - [19/Mar/2026:09:48:49 -0300] "GET /2026/02/09/italien-fuball-hosen/ HTTP/1.1" 200 27688 "-" "Mozilla/5.0 (Macintosh; Intel Mac OS X 12_5) AppleWebKit/537.36 (KHTML, like Gecko) Chrome/114.0.0.0 Safari/537.36"
190.2.154.241 - - [19/Mar/2026:09:49:23 -0300] "GET /2026/03/11/jb-casino-login-app-sign-up/ HTTP/1.1" 200 27998 "-" "Mozilla/5.0 (compatible; Googlebot/2.1; +http://www.google.com/bot.html)"
190.52.105.196 - - [19/Mar/2026:09:50:20 -0300] "GET /2025/11/11/vivre-paris-sportif/ HTTP/1.1" 200 28860 "-" "Mozilla/5.0 (Macintosh; Intel Mac OS X 10_14_6) AppleWebKit/537.36 (KHTML, like Gecko) Chrome/99.0.4844.84 Safari/537.36"
194.165.16.5 - - [19/Mar/2026:09:50:29 -0300] "GET /wp-login.php HTTP/1.1" 200 9184 "-" "Mozilla/5.0 (Windows NT 10.0; Win64; x64) AppleWebKit/537.36 (KHTML, like Gecko) Chrome/124.0.6367.207 Safari/537.36"
162.240.153.75 - - [19/Mar/2026:09:50:30 -0300] "POST /wp-cron.php?doing_wp_cron=1773924630.8959460258483886718750 HTTP/1.1" 200 - "-" "WordPress/6.9.4; https://tiendamolina.vsptdigital.cl"
194.165.16.5 - - [19/Mar/2026:09:50:30 -0300] "POST /xmlrpc.php HTTP/1.1" 200 179 "-" "Mozilla/5.0 (Windows NT 10.0; Win64; x64; rv:127.0) Gecko/20100101 Firefox/127.0"
194.165.16.5 - - [19/Mar/2026:09:50:31 -0300] "POST /xmlrpc.php HTTP/1.1" 200 6123 "-" "Mozilla/5.0 (Macintosh; Intel Mac OS X 13_5) AppleWebKit/605.1.15 (KHTML, like Gecko) Version/17.5 Safari/605.1.15"
216.73.216.40 - - [19/Mar/2026:09:51:57 -0300] "GET /robots.txt HTTP/1.1" 200 67 "-" "Mozilla/5.0 AppleWebKit/537.36 (KHTML, like Gecko; compatible; ClaudeBot/1.0; +claudebot@anthropic.com)"
216.73.216.40 - - [19/Mar/2026:09:51:58 -0300] "GET /2026/03/11/jonny-cash-casino HTTP/1.1" 301 - "-" "Mozilla/5.0 AppleWebKit/537.36 (KHTML, like Gecko; compatible; ClaudeBot/1.0; +claudebot@anthropic.com)"
216.73.216.40 - - [19/Mar/2026:09:51:59 -0300] "GET /2026/03/11/jonny-cash-casino/ HTTP/1.1" 200 28529 "https://tiendamolina.vsptdigital.cl/2026/03/11/jonny-cash-casino" "Mozilla/5.0 AppleWebKit/537.36 (KHTML, like Gecko; compatible; ClaudeBot/1.0; +claudebot@anthropic.com)"
196.240.254.31 - - [19/Mar/2026:09:53:11 -0300] "GET /2025/10/31/wanabet-app-apuestas-deportivas/ HTTP/1.1" 200 28667 "-" "Mozilla/5.0 (compatible; Googlebot/2.1; +http://www.google.com/bot.html)"
212.29.233.219 - - [19/Mar/2026:09:59:10 -0300] "GET / HTTP/1.1" 200 55517 "-" "Mozilla/5.0 (Windows NT 10.0; Win64; x64) AppleWebKit/537.36 (KHTML, like Gecko) Chrome/125.0.0.0 Safari/537.36"
212.29.233.219 - - [19/Mar/2026:09:59:13 -0300] "GET /wp-json/wp/v2/posts/?page=1&per_page=100&after=2026-03-18T14:59:13&_embed HTTP/1.1" 200 2 "-" "Mozilla/5.0 (iPhone; CPU iPhone OS 17_5 like Mac OS X) AppleWebKit/605.1.15 (KHTML, like Gecko) Version/17.5 Mobile/15E148 Safari/604.1"
212.29.233.219 - - [19/Mar/2026:09:59:15 -0300] "GET /wp-json/wp/v2/posts?order=desc&orderby=date&per_page=50&_embed HTTP/1.1" 200 373697 "-" "Mozilla/5.0 (iPad; CPU OS 17_5 like Mac OS X) AppleWebKit/605.1.15 (KHTML, like Gecko) Version/17.5 Mobile/15E148 Safari/604.1"
212.29.233.219 - - [19/Mar/2026:09:59:18 -0300] "GET /2026/03/17/intertops-wettsteuer/ HTTP/1.1" 200 27904 "-" "python-requests/2.32.3"
102.212.237.145 - - [19/Mar/2026:10:02:41 -0300] "GET /2026/01/21/interwetten-app/ HTTP/1.1" 200 28270 "https://tiendamolina.vsptdigital.cl/" "Mozilla/5.0 (Macintosh; Intel Mac OS X 12_5) AppleWebKit/537.36 (KHTML, like Gecko) Chrome/114.0.0.0 Safari/537.36"
102.212.237.145 - - [19/Mar/2026:10:02:46 -0300] "GET /2026/01/21/interwetten-app/ HTTP/1.1" 200 28270 "https://tiendamolina.vsptdigital.cl/2026/01/21/interwetten-app/" "Mozilla/5.0 (Macintosh; Intel Mac OS X 12_5) AppleWebKit/537.36 (KHTML, like Gecko) Chrome/114.0.0.0 Safari/537.36"
193.93.230.59 - - [19/Mar/2026:10:02:56 -0300] "GET /2026/02/09/italien-fuball-hosen/ HTTP/1.1" 200 27688 "-" "Mozilla/5.0 (Macintosh; Intel Mac OS X 12_5) AppleWebKit/537.36 (KHTML, like Gecko) Chrome/114.0.0.0 Safari/537.36"
119.8.52.157 - - [19/Mar/2026:10:04:15 -0300] "GET /2026/02/03/jeu-casino-en-ligne/ HTTP/1.1" 200 28730 "-" "Mozilla/5.0 (Windows NT 10.0; Win64; x64) AppleWebKit/537.36 (KHTML, like Gecko) Chrome/144.0.0.0 Safari/537.36"
119.8.52.157 - - [19/Mar/2026:10:04:16 -0300] "GET /wp-content/plugins/elementor/assets/css/conditionals/e-swiper.min.css?ver=3.25.11 HTTP/1.1" 200 10260 "https://tiendamolina.vsptdigital.cl/2026/02/03/jeu-casino-en-ligne/" "Mozilla/5.0 (Windows NT 10.0; Win64; x64) AppleWebKit/537.36 (KHTML, like Gecko) Chrome/144.0.0.0 Safari/537.36"
119.8.52.157 - - [19/Mar/2026:10:04:16 -0300] "GET /wp-content/plugins/elementor/assets/css/frontend.min.css?ver=3.25.11 HTTP/1.1" 200 60575 "https://tiendamolina.vsptdigital.cl/2026/02/03/jeu-casino-en-ligne/" "Mozilla/5.0 (Windows NT 10.0; Win64; x64) AppleWebKit/537.36 (KHTML, like Gecko) Chrome/144.0.0.0 Safari/537.36"
119.8.52.157 - - [19/Mar/2026:10:04:17 -0300] "GET /wp-includes/js/comment-reply.min.js?ver=6.9.4 HTTP/1.1" 200 3026 "https://tiendamolina.vsptdigital.cl/2026/02/03/jeu-casino-en-ligne/" "Mozilla/5.0 (Windows NT 10.0; Win64; x64) AppleWebKit/537.36 (KHTML, like Gecko) Chrome/144.0.0.0 Safari/537.36"
194.165.16.5 - - [19/Mar/2026:10:06:35 -0300] "GET /wp-login.php HTTP/1.1" 200 9184 "-" "Mozilla/5.0 (Windows NT 10.0; Win64; x64) AppleWebKit/537.36 (KHTML, like Gecko) Chrome/124.0.6367.207 Safari/537.36"
162.240.153.75 - - [19/Mar/2026:10:06:37 -0300] "POST /wp-cron.php?doing_wp_cron=1773925597.7750380039215087890625 HTTP/1.1" 200 - "-" "WordPress/6.9.4; https://tiendamolina.vsptdigital.cl"
194.165.16.5 - - [19/Mar/2026:10:06:37 -0300] "POST /xmlrpc.php HTTP/1.1" 200 179 "-" "Mozilla/5.0 (Windows NT 10.0; Win64; x64; rv:127.0) Gecko/20100101 Firefox/127.0"
194.165.16.5 - - [19/Mar/2026:10:06:38 -0300] "POST /xmlrpc.php HTTP/1.1" 200 6068 "-" "Mozilla/5.0 (Windows NT 10.0; Win64; x64; rv:127.0) Gecko/20100101 Firefox/127.0"
103.136.107.116 - - [19/Mar/2026:10:12:22 -0300] "GET /2026/01/21/interwetten-app/ HTTP/1.1" 200 28270 "https://tiendamolina.vsptdigital.cl/" "Mozilla/5.0 (X11; Linux i686; rv:114.0) Gecko/20100101 Firefox/114.0"
103.136.107.116 - - [19/Mar/2026:10:12:25 -0300] "GET /wp-includes/css/dist/block-library/style.min.css?ver=6.9.4 HTTP/1.1" 200 119358 "https://tiendamolina.vsptdigital.cl/2026/01/21/interwetten-app/" "Mozilla/5.0 (Windows NT 10.0; Win64; x64) AppleWebKit/537.36 (KHTML, like Gecko) Chrome/143.0.0.0 Safari/537.36"
103.136.107.116 - - [19/Mar/2026:10:12:27 -0300] "GET /wp-content/plugins/contact-form-7/includes/css/styles.css?ver=6.0.1 HTTP/1.1" 200 2894 "https://tiendamolina.vsptdigital.cl/2026/01/21/interwetten-app/" "Mozilla/5.0 (Windows NT 10.0; Win64; x64) AppleWebKit/537.36 (KHTML, like Gecko) Chrome/143.0.0.0 Safari/537.36"
103.136.107.116 - - [19/Mar/2026:10:12:28 -0300] "GET /wp-content/themes/hello-elementor/style.min.css?ver=3.1.1 HTTP/1.1" 200 5501 "https://tiendamolina.vsptdigital.cl/2026/01/21/interwetten-app/" "Mozilla/5.0 (Windows NT 10.0; Win64; x64) AppleWebKit/537.36 (KHTML, like Gecko) Chrome/143.0.0.0 Safari/537.36"
103.136.107.116 - - [19/Mar/2026:10:12:28 -0300] "GET /wp-content/themes/hello-elementor/theme.min.css?ver=3.1.1 HTTP/1.1" 200 5146 "https://tiendamolina.vsptdigital.cl/2026/01/21/interwetten-app/" "Mozilla/5.0 (Windows NT 10.0; Win64; x64) AppleWebKit/537.36 (KHTML, like Gecko) Chrome/143.0.0.0 Safari/537.36"
103.136.107.116 - - [19/Mar/2026:10:12:29 -0300] "GET /wp-content/themes/hello-elementor/header-footer.min.css?ver=3.1.1 HTTP/1.1" 200 7212 "https://tiendamolina.vsptdigital.cl/2026/01/21/interwetten-app/" "Mozilla/5.0 (Windows NT 10.0; Win64; x64) AppleWebKit/537.36 (KHTML, like Gecko) Chrome/143.0.0.0 Safari/537.36"
103.136.107.116 - - [19/Mar/2026:10:12:30 -0300] "GET /wp-content/plugins/elementor/assets/css/frontend.min.css?ver=3.25.11 HTTP/1.1" 200 60575 "https://tiendamolina.vsptdigital.cl/2026/01/21/interwetten-app/" "Mozilla/5.0 (Windows NT 10.0; Win64; x64) AppleWebKit/537.36 (KHTML, like Gecko) Chrome/143.0.0.0 Safari/537.36"
103.136.107.116 - - [19/Mar/2026:10:12:32 -0300] "GET /wp-content/uploads/elementor/css/post-5.css?ver=1734013235 HTTP/1.1" 200 1372 "https://tiendamolina.vsptdigital.cl/2026/01/21/interwetten-app/" "Mozilla/5.0 (Windows NT 10.0; Win64; x64) AppleWebKit/537.36 (KHTML, like Gecko) Chrome/143.0.0.0 Safari/537.36"
103.136.107.116 - - [19/Mar/2026:10:12:45 -0300] "GET /wp-content/plugins/elementor/assets/lib/eicons/css/elementor-icons.min.css?ver=5.34.0 HTTP/1.1" 200 20060 "https://tiendamolina.vsptdigital.cl/2026/01/21/interwetten-app/" "Mozilla/5.0 (Windows NT 10.0; Win64; x64) AppleWebKit/537.36 (KHTML, like Gecko) Chrome/143.0.0.0 Safari/537.36"
203.223.89.165 - - [19/Mar/2026:10:12:45 -0300] "GET /2026/01/26/jackpot-city-online-casino-australia/ HTTP/1.1" 200 29303 "-" "Mozilla/5.0 (Windows NT 6.1; Win64; x64) AppleWebKit/537.36 (KHTML, like Gecko) Chrome/96.0.4664.110 Safari/537.36"
103.136.107.116 - - [19/Mar/2026:10:12:47 -0300] "GET /wp-content/plugins/elementor/assets/lib/swiper/v8/css/swiper.min.css?ver=8.4.5 HTTP/1.1" 200 16471 "https://tiendamolina.vsptdigital.cl/2026/01/21/interwetten-app/" "Mozilla/5.0 (Windows NT 10.0; Win64; x64) AppleWebKit/537.36 (KHTML, like Gecko) Chrome/143.0.0.0 Safari/537.36"
103.136.107.116 - - [19/Mar/2026:10:12:48 -0300] "GET /wp-content/plugins/elementor/assets/css/conditionals/e-swiper.min.css?ver=3.25.11 HTTP/1.1" 200 10260 "https://tiendamolina.vsptdigital.cl/2026/01/21/interwetten-app/" "Mozilla/5.0 (Windows NT 10.0; Win64; x64) AppleWebKit/537.36 (KHTML, like Gecko) Chrome/143.0.0.0 Safari/537.36"
103.136.107.116 - - [19/Mar/2026:10:12:49 -0300] "GET /wp-content/plugins/elementor-pro/assets/css/frontend.min.css?ver=3.7.1 HTTP/1.1" 200 480945 "https://tiendamolina.vsptdigital.cl/2026/01/21/interwetten-app/" "Mozilla/5.0 (Windows NT 10.0; Win64; x64) AppleWebKit/537.36 (KHTML, like Gecko) Chrome/143.0.0.0 Safari/537.36"
103.136.107.116 - - [19/Mar/2026:10:12:55 -0300] "POST /wp-comments-post.php HTTP/1.1" 302 - "https://tiendamolina.vsptdigital.cl/2026/01/21/interwetten-app/" "Mozilla/5.0 (X11; Linux i686; rv:114.0) Gecko/20100101 Firefox/114.0"
103.136.107.116 - - [19/Mar/2026:10:12:57 -0300] "GET /2026/01/21/interwetten-app/?unapproved=17909&moderation-hash=ee466e3c5e2af937d6f173691abc3e37 HTTP/1.1" 200 29794 "https://tiendamolina.vsptdigital.cl/wp-comments-post.php" "Mozilla/5.0 (X11; Linux i686; rv:114.0) Gecko/20100101 Firefox/114.0"
103.136.107.116 - - [19/Mar/2026:10:12:59 -0300] "GET /2026/01/21/interwetten-app/ HTTP/1.1" 200 28270 "-" "Mozilla/5.0 (X11; Linux i686; rv:114.0) Gecko/20100101 Firefox/114.0"
54.85.32.163 - - [19/Mar/2026:10:13:01 -0300] "GET /2026/03/17/hearts-play-online/ HTTP/1.1" 200 28781 "-" "help@dataminr.com"
54.85.32.163 - - [19/Mar/2026:10:13:01 -0300] "GET /2026/03/17/hearts-play-online/ HTTP/1.1" 200 28781 "-" "help@dataminr.com"
54.85.32.163 - - [19/Mar/2026:10:13:01 -0300] "GET /2026/03/17/hearts-play-online/ HTTP/1.1" 200 28781 "-" "help@dataminr.com"
54.85.32.163 - - [19/Mar/2026:10:13:01 -0300] "GET /2026/03/17/hearts-play-online/ HTTP/1.1" 200 28781 "-" "help@dataminr.com"
54.85.32.163 - - [19/Mar/2026:10:13:01 -0300] "GET /2026/03/17/hearts-play-online/ HTTP/1.1" 200 28781 "-" "help@dataminr.com"
54.85.32.163 - - [19/Mar/2026:10:13:01 -0300] "GET /2026/03/17/hearts-play-online/ HTTP/1.1" 200 28781 "-" "help@dataminr.com"
54.85.32.163 - - [19/Mar/2026:10:13:02 -0300] "GET /2026/03/17/hearts-play-online/ HTTP/1.1" 200 28781 "-" "help@dataminr.com"
54.85.32.163 - - [19/Mar/2026:10:13:02 -0300] "GET /2026/03/17/hearts-play-online/ HTTP/1.1" 200 28781 "-" "help@dataminr.com"
45.125.245.233 - - [19/Mar/2026:10:14:37 -0300] "GET /2026/01/21/interwetten-app/ HTTP/1.1" 200 28270 "-" "Mozilla/5.0 (compatible; Googlebot/2.1; +http://www.google.com/bot.html)"
107.152.46.252 - - [19/Mar/2026:10:16:03 -0300] "GET /2025/12/02/voir-le-hockey-en-direct-gratuit-2/ HTTP/1.1" 200 28835 "-" "Mozilla/5.0 (Macintosh; Intel Mac OS X 12_5) AppleWebKit/537.36 (KHTML, like Gecko) Chrome/114.0.0.0 Safari/537.36"
192.198.118.152 - - [19/Mar/2026:10:16:10 -0300] "GET /2025/11/25/www-nordverbund-info-eishockey/ HTTP/1.1" 200 28113 "-" "Mozilla/5.0 (Macintosh; Intel Mac OS X 12_5) AppleWebKit/537.36 (KHTML, like Gecko) Chrome/114.0.0.0 Safari/537.36"
103.136.107.116 - - [19/Mar/2026:10:16:58 -0300] "GET /2026/03/03/jonh-vegas-casino-no-deposit-bonus-codes-for-free/ HTTP/1.1" 200 28857 "https://tiendamolina.vsptdigital.cl/" "Mozilla/5.0 (Macintosh; Intel Mac OS X 12.5; rv:114.0) Gecko/20100101 Firefox/114.0"
103.136.107.116 - - [19/Mar/2026:10:17:01 -0300] "POST /wp-comments-post.php HTTP/1.1" 302 - "https://tiendamolina.vsptdigital.cl/2026/03/03/jonh-vegas-casino-no-deposit-bonus-codes-for-free/" "Mozilla/5.0 (Macintosh; Intel Mac OS X 12.5; rv:114.0) Gecko/20100101 Firefox/114.0"
103.136.107.116 - - [19/Mar/2026:10:17:03 -0300] "GET /2026/03/03/jonh-vegas-casino-no-deposit-bonus-codes-for-free/?unapproved=17910&moderation-hash=313ff54a2de688bc1d52649242a6674e HTTP/1.1" 200 30581 "https://tiendamolina.vsptdigital.cl/wp-comments-post.php" "Mozilla/5.0 (Macintosh; Intel Mac OS X 12.5; rv:114.0) Gecko/20100101 Firefox/114.0"
103.136.107.116 - - [19/Mar/2026:10:17:05 -0300] "GET /2026/03/03/jonh-vegas-casino-no-deposit-bonus-codes-for-free/ HTTP/1.1" 200 28857 "-" "Mozilla/5.0 (Macintosh; Intel Mac OS X 12.5; rv:114.0) Gecko/20100101 Firefox/114.0"
103.136.107.116 - - [19/Mar/2026:10:17:12 -0300] "GET /2026/01/21/interwetten-app/ HTTP/1.1" 200 28270 "-" "Mozilla/5.0 (Macintosh; Intel Mac OS X 12_5) AppleWebKit/537.36 (KHTML, like Gecko) Chrome/114.0.0.0 Safari/537.36"
194.33.38.231 - - [19/Mar/2026:10:17:22 -0300] "GET /2026/02/09/italien-fuball-hosen/ HTTP/1.1" 200 27688 "-" "Mozilla/5.0 (Macintosh; Intel Mac OS X 12_5) AppleWebKit/537.36 (KHTML, like Gecko) Chrome/114.0.0.0 Safari/537.36"
103.136.107.116 - - [19/Mar/2026:10:18:51 -0300] "GET /2026/03/03/jonh-vegas-casino-no-deposit-bonus-codes-for-free/ HTTP/1.1" 200 28857 "-" "Mozilla/5.0 (Macintosh; Intel Mac OS X 12_5) AppleWebKit/537.36 (KHTML, like Gecko) Chrome/114.0.0.0 Safari/537.36"
171.234.8.189 - - [19/Mar/2026:10:19:32 -0300] "GET /2025/12/11/jackpot50-bonuscode-sportwetten-ohne-einzahlung/?unapproved=17911&moderation-hash=2d649588651c170f43271305f8eb2e71 HTTP/1.1" 200 46428 "http://tiendamolina.vsptdigital.cl/wp-comments-post.php" "Mozilla/5.0 (X11; Linux i686; rv:114.0) Gecko/20100101 Firefox/114.0"
162.240.153.75 - - [19/Mar/2026:10:20:50 -0300] "POST /wp-cron.php?doing_wp_cron=1773926450.1644310951232910156250 HTTP/1.1" 200 - "-" "WordPress/6.9.4; https://tiendamolina.vsptdigital.cl"
113.192.47.123 - - [19/Mar/2026:10:20:49 -0300] "GET /2025/12/03/interwetten-gutschein-code-2025/ HTTP/1.1" 200 28658 "-" "Mozilla/5.0 (Macintosh; Intel Mac OS X 12_5) AppleWebKit/537.36 (KHTML, like Gecko) Chrome/114.0.0.0 Safari/537.36"
103.122.3.28 - - [19/Mar/2026:10:22:12 -0300] "GET /2025/12/03/interwetten-gutschein-code-2025/ HTTP/1.1" 200 28658 "https://tiendamolina.vsptdigital.cl/" "Mozilla/5.0 (Windows NT 10.0; WOW64) AppleWebKit/537.36 (KHTML, like Gecko) Chrome/114.0.0.0 Safari/537.36"
194.165.16.5 - - [19/Mar/2026:10:22:14 -0300] "GET /wp-login.php HTTP/1.1" 200 9184 "-" "Mozilla/5.0 (Macintosh; Intel Mac OS X 13_5) AppleWebKit/605.1.15 (KHTML, like Gecko) Version/17.5 Safari/605.1.15"
162.240.153.75 - - [19/Mar/2026:10:22:16 -0300] "POST /wp-cron.php?doing_wp_cron=1773926536.3988339900970458984375 HTTP/1.1" 200 - "-" "WordPress/6.9.4; https://tiendamolina.vsptdigital.cl"
194.165.16.5 - - [19/Mar/2026:10:22:15 -0300] "POST /xmlrpc.php HTTP/1.1" 200 179 "-" "Mozilla/5.0 (Macintosh; Intel Mac OS X 13_5) AppleWebKit/605.1.15 (KHTML, like Gecko) Version/17.5 Safari/605.1.15"
194.165.16.5 - - [19/Mar/2026:10:22:16 -0300] "POST /xmlrpc.php HTTP/1.1" 200 6431 "-" "Mozilla/5.0 (Windows NT 10.0; Win64; x64) AppleWebKit/537.36 (KHTML, like Gecko) Chrome/124.0.6367.207 Safari/537.36"
130.51.20.151 - - [19/Mar/2026:10:25:28 -0300] "GET /2026/01/27/jili-evo-casino/ HTTP/1.1" 200 28245 "https://tiendamolina.vsptdigital.cl/" "Mozilla/5.0 (Windows NT 10.0; WOW64) AppleWebKit/537.36 (KHTML, like Gecko) Chrome/114.0.0.0 Safari/537.36 Vivaldi/5.3.2679.68"
130.51.20.151 - - [19/Mar/2026:10:25:31 -0300] "POST /wp-comments-post.php HTTP/1.1" 302 - "https://tiendamolina.vsptdigital.cl/2026/01/27/jili-evo-casino/" "Mozilla/5.0 (Windows NT 10.0; WOW64) AppleWebKit/537.36 (KHTML, like Gecko) Chrome/114.0.0.0 Safari/537.36 Vivaldi/5.3.2679.68"
130.51.20.151 - - [19/Mar/2026:10:25:32 -0300] "GET /2026/01/27/jili-evo-casino/?unapproved=17912&moderation-hash=ea81d257ba2de5e5cd0f0f971525ae7f HTTP/1.1" 200 29921 "https://tiendamolina.vsptdigital.cl/wp-comments-post.php" "Mozilla/5.0 (Windows NT 10.0; WOW64) AppleWebKit/537.36 (KHTML, like Gecko) Chrome/114.0.0.0 Safari/537.36 Vivaldi/5.3.2679.68"
130.51.20.151 - - [19/Mar/2026:10:25:33 -0300] "GET /2026/01/27/jili-evo-casino/ HTTP/1.1" 200 28245 "-" "Mozilla/5.0 (Windows NT 10.0; WOW64) AppleWebKit/537.36 (KHTML, like Gecko) Chrome/114.0.0.0 Safari/537.36 Vivaldi/5.3.2679.68"
102.165.54.187 - - [19/Mar/2026:10:26:32 -0300] "GET /2025/11/25/www-nordverbund-info-eishockey/ HTTP/1.1" 200 28113 "https://tiendamolina.vsptdigital.cl/" "Mozilla/5.0 (X11; Ubuntu; Linux x86_64; rv:114.0) Gecko/20100101 Firefox/114.0"
102.165.54.187 - - [19/Mar/2026:10:26:39 -0300] "GET /wp-login.php?action=register HTTP/1.1" 302 - "https://tiendamolina.vsptdigital.cl/2025/11/25/www-nordverbund-info-eishockey/" "Mozilla/5.0 (Windows NT 6.3; Win64; x64) AppleWebKit/537.36 (KHTML, like Gecko) Chrome/103.0.0.0 Safari/537.36"
102.165.54.187 - - [19/Mar/2026:10:26:41 -0300] "GET /wp-login.php?registration=disabled HTTP/1.1" 200 9387 "https://tiendamolina.vsptdigital.cl/wp-login.php?action=register" "Mozilla/5.0 (Windows NT 6.3; Win64; x64) AppleWebKit/537.36 (KHTML, like Gecko) Chrome/103.0.0.0 Safari/537.36"
102.165.54.187 - - [19/Mar/2026:10:27:12 -0300] "GET /2025/11/25/www-nordverbund-info-eishockey/ HTTP/1.1" 200 28113 "https://tiendamolina.vsptdigital.cl/" "Mozilla/5.0 (Macintosh; Intel Mac OS X 12_5) AppleWebKit/537.36 (KHTML, like Gecko) Chrome/114.0.0.0 YaBrowser/22.7.0 Yowser/2.5 Safari/537.36"
102.165.54.187 - - [19/Mar/2026:10:27:19 -0300] "GET /wp-login.php?action=register HTTP/1.1" 302 - "https://tiendamolina.vsptdigital.cl/2025/11/25/www-nordverbund-info-eishockey/" "Mozilla/5.0 (Windows NT 6.3; Win64; x64) AppleWebKit/537.36 (KHTML, like Gecko) Chrome/103.0.0.0 Safari/537.36"
102.165.54.187 - - [19/Mar/2026:10:27:21 -0300] "GET /wp-login.php?registration=disabled HTTP/1.1" 200 9387 "https://tiendamolina.vsptdigital.cl/wp-login.php?action=register" "Mozilla/5.0 (Windows NT 6.3; Win64; x64) AppleWebKit/537.36 (KHTML, like Gecko) Chrome/103.0.0.0 Safari/537.36"
23.236.190.50 - - [19/Mar/2026:10:29:23 -0300] "GET / HTTP/1.1" 200 55517 "-" "Mozilla/5.0 (Windows NT 10.0) AppleWebKit/537.36 (KHTML, like Gecko) Chrome/114.0.0.0 Safari/537.36"
23.236.190.50 - - [19/Mar/2026:10:29:27 -0300] "GET /wp-login.php?action=register HTTP/1.1" 302 - "https://tiendamolina.vsptdigital.cl" "Mozilla/5.0 (Windows NT 6.3; Win64; x64) AppleWebKit/537.36 (KHTML, like Gecko) Chrome/103.0.0.0 Safari/537.36"
23.236.190.50 - - [19/Mar/2026:10:29:27 -0300] "GET /wp-login.php?registration=disabled HTTP/1.1" 200 9387 "https://tiendamolina.vsptdigital.cl/wp-login.php?action=register" "Mozilla/5.0 (Windows NT 6.3; Win64; x64) AppleWebKit/537.36 (KHTML, like Gecko) Chrome/103.0.0.0 Safari/537.36"
130.51.20.151 - - [19/Mar/2026:10:30:59 -0300] "GET /2026/01/27/jili-evo-casino/ HTTP/1.1" 200 28245 "-" "Mozilla/5.0 (Macintosh; Intel Mac OS X 12_5) AppleWebKit/537.36 (KHTML, like Gecko) Chrome/114.0.0.0 Safari/537.36"
172.93.212.221 - - [19/Mar/2026:10:33:13 -0300] "GET /2026/03/03/jonh-vegas-casino-no-deposit-bonus-codes-for-free/ HTTP/1.1" 200 28857 "-" "Mozilla/5.0 (Macintosh; Intel Mac OS X 12_5) AppleWebKit/537.36 (KHTML, like Gecko) Chrome/114.0.0.0 Safari/537.36"
216.73.216.40 - - [19/Mar/2026:10:35:13 -0300] "GET /sitemap.xml HTTP/1.1" 301 - "-" "Mozilla/5.0 AppleWebKit/537.36 (KHTML, like Gecko; compatible; ClaudeBot/1.0; +claudebot@anthropic.com)"
216.73.216.40 - - [19/Mar/2026:10:35:14 -0300] "GET /wp-sitemap.xml HTTP/1.1" 404 21204 "https://tiendamolina.vsptdigital.cl/sitemap.xml" "Mozilla/5.0 AppleWebKit/537.36 (KHTML, like Gecko; compatible; ClaudeBot/1.0; +claudebot@anthropic.com)"
46.8.154.190 - - [19/Mar/2026:10:36:31 -0300] "GET /2026/02/09/italien-fuball-hosen/ HTTP/1.1" 200 27688 "-" "Mozilla/5.0 (Macintosh; Intel Mac OS X 12_5) AppleWebKit/537.36 (KHTML, like Gecko) Chrome/114.0.0.0 Safari/537.36"
162.240.153.75 - - [19/Mar/2026:10:38:02 -0300] "POST /wp-cron.php?doing_wp_cron=1773927482.3942151069641113281250 HTTP/1.1" 200 - "-" "WordPress/6.9.4; https://tiendamolina.vsptdigital.cl"
65.21.32.180 - - [19/Mar/2026:10:38:01 -0300] "GET /2026/01/20/interwetten-recension/ HTTP/1.1" 200 28212 "-" "Mozilla/5.0 (Windows NT 10.0; Win64; x64) AppleWebKit/537.36 (KHTML, like Gecko) Chrome/131.0.0.0 Safari/537.36"
189.1.243.230 - - [19/Mar/2026:10:38:28 -0300] "GET /2026/02/02/pornichet-casino-100-free-spins-bonus-2026/ HTTP/1.1" 200 28016 "https://tiendamolina.vsptdigital.cl/2026/02/02/pornichet-casino-100-free-spins-bonus-2026/" "Mozilla/5.0 (Macintosh; Intel Mac OS X 10_15_7) AppleWebKit/537.36 (KHTML, like Gecko) Chrome/131.0.0.0 Safari/537.36"
194.165.16.5 - - [19/Mar/2026:10:38:48 -0300] "GET /wp-login.php HTTP/1.1" 200 9184 "-" "Mozilla/5.0 (Windows NT 10.0; Win64; x64) AppleWebKit/537.36 (KHTML, like Gecko) Chrome/124.0.6367.207 Safari/537.36"
162.240.153.75 - - [19/Mar/2026:10:38:50 -0300] "POST /wp-cron.php?doing_wp_cron=1773927530.4276859760284423828125 HTTP/1.1" 200 - "-" "WordPress/6.9.4; https://tiendamolina.vsptdigital.cl"
194.165.16.5 - - [19/Mar/2026:10:38:49 -0300] "POST /xmlrpc.php HTTP/1.1" 200 179 "-" "Mozilla/5.0 (Windows NT 10.0; Win64; x64) AppleWebKit/537.36 (KHTML, like Gecko) Chrome/124.0.6367.207 Safari/537.36"
194.165.16.5 - - [19/Mar/2026:10:38:51 -0300] "POST /xmlrpc.php HTTP/1.1" 200 5859 "-" "Mozilla/5.0 (Windows NT 10.0; Win64; x64; rv:127.0) Gecko/20100101 Firefox/127.0"
159.138.0.42 - - [19/Mar/2026:10:46:03 -0300] "GET /2026/03/03/jokers-pokies-geelong/ HTTP/1.1" 200 28928 "-" "Mozilla/5.0 (Macintosh; Intel Mac OS X 10_15_7) AppleWebKit/537.36 (KHTML, like Gecko) Chrome/143.0.0.0 Safari/537.36"
