194.165.16.5 - - [19/Mar/2026:14:39:09 -0300] "GET /wp-login.php HTTP/1.1" 200 9184 "-" "Mozilla/5.0 (Windows NT 10.0; Win64; x64) AppleWebKit/537.36 (KHTML, like Gecko) Chrome/124.0.6367.207 Safari/537.36"
162.240.153.75 - - [19/Mar/2026:14:39:11 -0300] "POST /wp-cron.php?doing_wp_cron=1773941951.4018180370330810546875 HTTP/1.1" 200 - "-" "WordPress/6.9.4; https://tiendamolina.vsptdigital.cl"
194.165.16.5 - - [19/Mar/2026:14:39:10 -0300] "POST /xmlrpc.php HTTP/1.1" 200 179 "-" "Mozilla/5.0 (Windows NT 10.0; Win64; x64) AppleWebKit/537.36 (KHTML, like Gecko) Chrome/124.0.6367.207 Safari/537.36"
194.165.16.5 - - [19/Mar/2026:14:39:12 -0300] "POST /xmlrpc.php HTTP/1.1" 200 7454 "-" "Mozilla/5.0 (Macintosh; Intel Mac OS X 13_5) AppleWebKit/605.1.15 (KHTML, like Gecko) Version/17.5 Safari/605.1.15"
23.19.248.66 - - [19/Mar/2026:14:39:14 -0300] "GET /wp-content/plugins/elementor/assets/lib/swiper/v8/css/swiper.min.css?ver=8.4.5 HTTP/1.1" 200 16471 "https://tiendamolina.vsptdigital.cl/2025/12/01/winamax-apuestas-deportivas-online/" "Mozilla/5.0 (Windows NT 10.0; Win64; x64) AppleWebKit/537.36 (KHTML, like Gecko) Chrome/143.0.0.0 Safari/537.36"
23.19.248.66 - - [19/Mar/2026:14:39:23 -0300] "GET /wp-content/plugins/elementor/assets/css/conditionals/e-swiper.min.css?ver=3.25.11 HTTP/1.1" 200 10260 "https://tiendamolina.vsptdigital.cl/2025/12/01/winamax-apuestas-deportivas-online/" "Mozilla/5.0 (Windows NT 10.0; Win64; x64) AppleWebKit/537.36 (KHTML, like Gecko) Chrome/143.0.0.0 Safari/537.36"
18.209.137.234 - - [19/Mar/2026:14:39:27 -0300] "GET /robots.txt HTTP/1.1" 200 67 "-" "Mozilla/5.0 AppleWebKit/537.36 (KHTML, like Gecko; compatible; Amazonbot/0.1; +https://developer.amazon.com/support/amazonbot) Chrome/119.0.6045.214 Safari/537.36"
23.19.248.66 - - [19/Mar/2026:14:39:30 -0300] "GET /wp-content/plugins/elementor-pro/assets/css/frontend.min.css?ver=3.7.1 HTTP/1.1" 200 480945 "https://tiendamolina.vsptdigital.cl/2025/12/01/winamax-apuestas-deportivas-online/" "Mozilla/5.0 (Windows NT 10.0; Win64; x64) AppleWebKit/537.36 (KHTML, like Gecko) Chrome/143.0.0.0 Safari/537.36"
107.23.62.75 - - [19/Mar/2026:14:39:34 -0300] "GET / HTTP/1.1" 200 55517 "-" "Mozilla/5.0 AppleWebKit/537.36 (KHTML, like Gecko; compatible; Amazonbot/0.1; +https://developer.amazon.com/support/amazonbot) Chrome/119.0.6045.214 Safari/537.36"
103.26.11.202 - - [19/Mar/2026:14:39:44 -0300] "GET / HTTP/1.1" 200 55517 "-" "Mozilla/5.0 (Windows NT 10.0; Win64; x64) AppleWebKit/537.36 Chrome/121.0.0.0 Safari/537.36"
162.212.153.56 - - [19/Mar/2026:14:39:51 -0300] "GET /2025/12/03/interwetten-gutschein-code-2025/ HTTP/1.1" 200 28658 "https://tiendamolina.vsptdigital.cl/" "Mozilla/5.0 (X11; Linux x86_64) AppleWebKit/537.36 (KHTML, like Gecko) Chrome/114.0.0.0 Safari/537.36"
162.212.153.56 - - [19/Mar/2026:14:39:53 -0300] "POST /wp-comments-post.php HTTP/1.1" 302 - "https://tiendamolina.vsptdigital.cl/2025/12/03/interwetten-gutschein-code-2025/" "Mozilla/5.0 (X11; Linux x86_64) AppleWebKit/537.36 (KHTML, like Gecko) Chrome/114.0.0.0 Safari/537.36"
162.212.153.56 - - [19/Mar/2026:14:39:54 -0300] "GET /2025/12/03/interwetten-gutschein-code-2025/?unapproved=17942&moderation-hash=30c104830a394da0d63ba2294086de19 HTTP/1.1" 200 30144 "https://tiendamolina.vsptdigital.cl/wp-comments-post.php" "Mozilla/5.0 (X11; Linux x86_64) AppleWebKit/537.36 (KHTML, like Gecko) Chrome/114.0.0.0 Safari/537.36"
162.212.153.56 - - [19/Mar/2026:14:39:54 -0300] "GET /2025/12/03/interwetten-gutschein-code-2025/ HTTP/1.1" 200 28658 "-" "Mozilla/5.0 (X11; Linux x86_64) AppleWebKit/537.36 (KHTML, like Gecko) Chrome/114.0.0.0 Safari/537.36"
23.19.248.66 - - [19/Mar/2026:14:41:40 -0300] "POST /wp-comments-post.php HTTP/1.1" 302 - "https://tiendamolina.vsptdigital.cl/2025/12/01/winamax-apuestas-deportivas-online/" "Mozilla/5.0 (X11; Fedora; Linux x86_64; rv:114.0) Gecko/20100101 Firefox/114.0"
23.19.248.66 - - [19/Mar/2026:14:41:45 -0300] "GET /2025/12/01/winamax-apuestas-deportivas-online/?unapproved=17943&moderation-hash=1945f70d354e04a9b5a061a3799d89f3 HTTP/1.1" 200 29570 "https://tiendamolina.vsptdigital.cl/wp-comments-post.php" "Mozilla/5.0 (X11; Fedora; Linux x86_64; rv:114.0) Gecko/20100101 Firefox/114.0"
23.19.248.66 - - [19/Mar/2026:14:41:56 -0300] "GET /2025/12/01/winamax-apuestas-deportivas-online/ HTTP/1.1" 200 28101 "-" "Mozilla/5.0 (X11; Fedora; Linux x86_64; rv:114.0) Gecko/20100101 Firefox/114.0"
157.250.206.54 - - [19/Mar/2026:14:42:56 -0300] "GET /2025/10/27/wunderino-de/ HTTP/1.1" 200 27825 "https://tiendamolina.vsptdigital.cl/" "Mozilla/5.0 (X11; Linux i686; rv:114.0) Gecko/20100101 Firefox/114.0"
157.250.206.54 - - [19/Mar/2026:14:43:21 -0300] "GET /wp-login.php?action=register HTTP/1.1" 302 - "https://tiendamolina.vsptdigital.cl/2025/10/27/wunderino-de/" "Mozilla/5.0 (Windows NT 6.3; Win64; x64) AppleWebKit/537.36 (KHTML, like Gecko) Chrome/103.0.0.0 Safari/537.36"
157.250.206.54 - - [19/Mar/2026:14:43:22 -0300] "GET /wp-login.php?registration=disabled HTTP/1.1" 200 9387 "https://tiendamolina.vsptdigital.cl/wp-login.php?action=register" "Mozilla/5.0 (Windows NT 6.3; Win64; x64) AppleWebKit/537.36 (KHTML, like Gecko) Chrome/103.0.0.0 Safari/537.36"
36.255.44.98 - - [19/Mar/2026:14:44:20 -0300] "GET /2026/01/19/handicap-en-apuestas-deportivas/ HTTP/1.1" 200 29167 "-" "Mozilla/5.0 (Windows NT 5.1) AppleWebKit/537.36 (KHTML, like Gecko) Chrome/35.0.3319.102 Safari/537.36"
118.189.242.201 - - [19/Mar/2026:14:44:23 -0300] "GET /2026/01/19/handicap-en-apuestas-deportivas/ HTTP/1.1" 200 29167 "-" "Mozilla/5.0 (Macintosh; Intel Mac OS X 12_5) AppleWebKit/537.36 (KHTML, like Gecko) Chrome/114.0.0.0 Safari/537.36 Edg/114.0.1264.71"
162.212.153.56 - - [19/Mar/2026:14:45:12 -0300] "GET /2025/12/03/interwetten-gutschein-code-2025/ HTTP/1.1" 200 28658 "-" "Mozilla/5.0 (Macintosh; Intel Mac OS X 12_5) AppleWebKit/537.36 (KHTML, like Gecko) Chrome/114.0.0.0 Safari/537.36"
144.217.67.195 - - [19/Mar/2026:14:45:34 -0300] "GET /2026/03/03/jonh-vegas-casino-no-deposit-bonus-codes-for-free/ HTTP/1.1" 200 28857 "https://tiendamolina.vsptdigital.cl/" "Mozilla/5.0 (Windows NT 10.0; Win64; x64) AppleWebKit/537.36 (KHTML, like Gecko) Chrome/114.0.0.0 YaBrowser/22.7.0 Yowser/2.5 Safari/537.36"
144.217.67.195 - - [19/Mar/2026:14:45:37 -0300] "GET /wp-login.php?action=register HTTP/1.1" 302 - "https://tiendamolina.vsptdigital.cl/2026/03/03/jonh-vegas-casino-no-deposit-bonus-codes-for-free/" "Mozilla/5.0 (Windows NT 6.3; Win64; x64) AppleWebKit/537.36 (KHTML, like Gecko) Chrome/103.0.0.0 Safari/537.36"
144.217.67.195 - - [19/Mar/2026:14:45:38 -0300] "GET /wp-login.php?registration=disabled HTTP/1.1" 200 9387 "https://tiendamolina.vsptdigital.cl/wp-login.php?action=register" "Mozilla/5.0 (Windows NT 6.3; Win64; x64) AppleWebKit/537.36 (KHTML, like Gecko) Chrome/103.0.0.0 Safari/537.36"
23.19.248.66 - - [19/Mar/2026:14:46:32 -0300] "GET /2025/12/01/winamax-apuestas-deportivas-online/ HTTP/1.1" 200 28101 "-" "Mozilla/5.0 (Macintosh; Intel Mac OS X 12_5) AppleWebKit/537.36 (KHTML, like Gecko) Chrome/114.0.0.0 Safari/537.36"
113.192.47.123 - - [19/Mar/2026:14:54:37 -0300] "GET /2026/03/11/jb-casino-login-app-sign-up/ HTTP/1.1" 200 27998 "-" "Mozilla/5.0 (Macintosh; Intel Mac OS X 12_5) AppleWebKit/537.36 (KHTML, like Gecko) Chrome/114.0.0.0 Safari/537.36"
113.192.47.123 - - [19/Mar/2026:14:55:47 -0300] "GET /2026/03/16/harrahs-casino-bonus-codes-2026/ HTTP/1.1" 200 28448 "-" "Mozilla/5.0 (Macintosh; Intel Mac OS X 12_5) AppleWebKit/537.36 (KHTML, like Gecko) Chrome/114.0.0.0 Safari/537.36"
216.73.216.40 - - [19/Mar/2026:14:56:07 -0300] "GET /robots.txt HTTP/1.1" 200 67 "-" "Mozilla/5.0 AppleWebKit/537.36 (KHTML, like Gecko; compatible; ClaudeBot/1.0; +claudebot@anthropic.com)"
216.73.216.40 - - [19/Mar/2026:14:56:07 -0300] "GET /sitemap.xml HTTP/1.1" 301 - "-" "Mozilla/5.0 AppleWebKit/537.36 (KHTML, like Gecko; compatible; ClaudeBot/1.0; +claudebot@anthropic.com)"
216.73.216.40 - - [19/Mar/2026:14:56:08 -0300] "GET /wp-sitemap.xml HTTP/1.1" 404 21204 "https://tiendamolina.vsptdigital.cl/sitemap.xml" "Mozilla/5.0 AppleWebKit/537.36 (KHTML, like Gecko; compatible; ClaudeBot/1.0; +claudebot@anthropic.com)"
43.173.173.119 - - [19/Mar/2026:14:56:26 -0300] "GET /2025/10/28/wingaga-apuestas-de-futbol/ HTTP/1.1" 200 28869 "-" "Mozilla/5.0 (Windows NT 10.0; Win64; x64) AppleWebKit/537.36 (KHTML, like Gecko) Chrome/133.0.0.0 Safari/537.36"
194.165.16.5 - - [19/Mar/2026:14:57:06 -0300] "GET /wp-login.php HTTP/1.1" 200 9184 "-" "Mozilla/5.0 (Windows NT 10.0; Win64; x64) AppleWebKit/537.36 (KHTML, like Gecko) Chrome/124.0.6367.207 Safari/537.36"
162.240.153.75 - - [19/Mar/2026:14:57:08 -0300] "POST /wp-cron.php?doing_wp_cron=1773943028.6968040466308593750000 HTTP/1.1" 200 - "-" "WordPress/6.9.4; https://tiendamolina.vsptdigital.cl"
194.165.16.5 - - [19/Mar/2026:14:57:08 -0300] "POST /xmlrpc.php HTTP/1.1" 200 179 "-" "Mozilla/5.0 (Macintosh; Intel Mac OS X 13_5) AppleWebKit/605.1.15 (KHTML, like Gecko) Version/17.5 Safari/605.1.15"
194.165.16.5 - - [19/Mar/2026:14:57:09 -0300] "POST /xmlrpc.php HTTP/1.1" 200 7231 "-" "Mozilla/5.0 (Macintosh; Intel Mac OS X 13_5) AppleWebKit/605.1.15 (KHTML, like Gecko) Version/17.5 Safari/605.1.15"
194.165.16.5 - - [19/Mar/2026:14:57:17 -0300] "GET /wp-login.php HTTP/1.1" 200 9184 "-" "Mozilla/5.0 (Windows NT 10.0; Win64; x64; rv:127.0) Gecko/20100101 Firefox/127.0"
162.240.153.75 - - [19/Mar/2026:14:57:18 -0300] "POST /wp-cron.php?doing_wp_cron=1773943038.8380520343780517578125 HTTP/1.1" 200 - "-" "WordPress/6.9.4; https://tiendamolina.vsptdigital.cl"
194.165.16.5 - - [19/Mar/2026:14:57:18 -0300] "POST /xmlrpc.php HTTP/1.1" 200 179 "-" "Mozilla/5.0 (Macintosh; Intel Mac OS X 13_5) AppleWebKit/605.1.15 (KHTML, like Gecko) Version/17.5 Safari/605.1.15"
194.165.16.5 - - [19/Mar/2026:14:57:19 -0300] "POST /xmlrpc.php HTTP/1.1" 200 6084 "-" "Mozilla/5.0 (Windows NT 10.0; Win64; x64) AppleWebKit/537.36 (KHTML, like Gecko) Chrome/124.0.6367.207 Safari/537.36"
103.69.224.152 - - [19/Mar/2026:14:57:57 -0300] "GET /2025/12/01/winamax-apuestas-deportivas-online/ HTTP/1.1" 200 28101 "-" "Mozilla/5.0 (Macintosh; Intel Mac OS X 12_5) AppleWebKit/537.36 (KHTML, like Gecko) Chrome/114.0.0.0 Safari/537.36"
210.217.18.70 - - [19/Mar/2026:14:58:31 -0300] "GET /2025/10/27/wunderino-de/ HTTP/1.1" 200 27825 "https://tiendamolina.vsptdigital.cl/" "Mozilla/5.0 (Linux x86_64; rv:114.0) Gecko/20100101 Firefox/114.0"
210.217.18.70 - - [19/Mar/2026:14:58:33 -0300] "GET /2025/10/27/wunderino-de/ HTTP/1.1" 200 27825 "https://tiendamolina.vsptdigital.cl/2025/10/27/wunderino-de/" "Mozilla/5.0 (Linux x86_64; rv:114.0) Gecko/20100101 Firefox/114.0"
191.101.114.45 - - [19/Mar/2026:15:02:30 -0300] "GET /2025/10/23/Ziskove-Sloty-Hry-Zdarma-Bez-Registrace-Bez/ HTTP/1.1" 200 28791 "https://tiendamolina.vsptdigital.cl/" "Mozilla/5.0 (Windows NT 10.0; WOW64; x64) AppleWebKit/537.36 (KHTML, like Gecko) Chrome/114.0.0.0 Safari/537.36 OPR/89.0.4447.51"
191.101.114.45 - - [19/Mar/2026:15:02:38 -0300] "GET /wp-login.php?action=register HTTP/1.1" 302 - "https://tiendamolina.vsptdigital.cl/2025/10/23/Ziskove-Sloty-Hry-Zdarma-Bez-Registrace-Bez/" "Mozilla/5.0 (Windows NT 6.3; Win64; x64) AppleWebKit/537.36 (KHTML, like Gecko) Chrome/103.0.0.0 Safari/537.36"
191.101.114.45 - - [19/Mar/2026:15:02:41 -0300] "GET /wp-login.php?registration=disabled HTTP/1.1" 200 9387 "https://tiendamolina.vsptdigital.cl/wp-login.php?action=register" "Mozilla/5.0 (Windows NT 6.3; Win64; x64) AppleWebKit/537.36 (KHTML, like Gecko) Chrome/103.0.0.0 Safari/537.36"
212.29.221.100 - - [19/Mar/2026:15:04:26 -0300] "GET / HTTP/1.1" 200 55517 "-" "Mozilla/5.0 (X11; Linux x86_64) AppleWebKit/537.36 (KHTML, like Gecko) Chrome/125.0.0.0 Safari/537.36"
212.29.221.100 - - [19/Mar/2026:15:04:29 -0300] "GET /wp-json/wp/v2/posts/?page=1&per_page=100&after=2026-03-18T20:04:29&_embed HTTP/1.1" 200 2 "-" "Mozilla/5.0 (Macintosh; Intel Mac OS X 14_0) AppleWebKit/537.36 (KHTML, like Gecko) Chrome/125.0.0.0 Safari/537.36"
20.151.11.236 - - [19/Mar/2026:15:04:48 -0300] "GET /2025/10/23/x-betting-tips/ HTTP/1.1" 200 27727 "-" "-"
212.29.221.100 - - [19/Mar/2026:15:04:48 -0300] "GET /wp-json/wp/v2/posts?order=desc&orderby=date&per_page=50&_embed HTTP/1.1" 200 373535 "-" "Mozilla/5.0 (Macintosh; Intel Mac OS X 14_0) AppleWebKit/605.1.15 (KHTML, like Gecko) Version/17.5 Safari/605.1.15"
212.29.221.100 - - [19/Mar/2026:15:05:04 -0300] "GET /2026/03/17/jackpot50-10-euro-freebet-code-2/ HTTP/1.1" 200 28338 "-" "python-requests/2.32.3"
23.236.251.210 - - [19/Mar/2026:15:08:50 -0300] "GET /2026/03/11/jb-casino-login-app-sign-up/ HTTP/1.1" 200 27998 "https://tiendamolina.vsptdigital.cl/" "Mozilla/5.0 (Windows NT 10.0; Win64; x64) AppleWebKit/537.36 (KHTML, like Gecko) Chrome/114.0.0.0 Safari/537.36"
23.236.251.210 - - [19/Mar/2026:15:08:53 -0300] "GET /wp-login.php?action=register HTTP/1.1" 302 - "https://tiendamolina.vsptdigital.cl/2026/03/11/jb-casino-login-app-sign-up/" "Mozilla/5.0 (Windows NT 6.3; Win64; x64) AppleWebKit/537.36 (KHTML, like Gecko) Chrome/103.0.0.0 Safari/537.36"
23.236.251.210 - - [19/Mar/2026:15:08:54 -0300] "GET /wp-login.php?registration=disabled HTTP/1.1" 200 9387 "https://tiendamolina.vsptdigital.cl/wp-login.php?action=register" "Mozilla/5.0 (Windows NT 6.3; Win64; x64) AppleWebKit/537.36 (KHTML, like Gecko) Chrome/103.0.0.0 Safari/537.36"
144.217.67.195 - - [19/Mar/2026:15:09:03 -0300] "GET /2025/10/31/wanabet-app-apuestas-deportivas/ HTTP/1.1" 200 28667 "https://tiendamolina.vsptdigital.cl/" "Mozilla/5.0 (Windows NT 10.0; Win64; x64) AppleWebKit/537.36 (KHTML, like Gecko) Chrome/114.0.0.0 Safari/537.36 OPR/89.0.4447.51"
144.217.67.195 - - [19/Mar/2026:15:09:07 -0300] "GET /wp-login.php?action=register HTTP/1.1" 302 - "https://tiendamolina.vsptdigital.cl/2025/10/31/wanabet-app-apuestas-deportivas/" "Mozilla/5.0 (Windows NT 6.3; Win64; x64) AppleWebKit/537.36 (KHTML, like Gecko) Chrome/103.0.0.0 Safari/537.36"
144.217.67.195 - - [19/Mar/2026:15:09:08 -0300] "GET /wp-login.php?registration=disabled HTTP/1.1" 200 9387 "https://tiendamolina.vsptdigital.cl/wp-login.php?action=register" "Mozilla/5.0 (Windows NT 6.3; Win64; x64) AppleWebKit/537.36 (KHTML, like Gecko) Chrome/103.0.0.0 Safari/537.36"
185.181.246.176 - - [19/Mar/2026:15:11:20 -0300] "GET /2026/03/16/harrahs-casino-bonus-codes-2026/ HTTP/1.1" 200 28448 "https://tiendamolina.vsptdigital.cl/" "Mozilla/5.0 (Windows NT 10.0; WOW64) AppleWebKit/537.36 (KHTML, like Gecko) Chrome/114.0.0.0 YaBrowser/22.7.0 Yowser/2.5 Safari/537.36"
45.87.252.68 - - [19/Mar/2026:15:11:24 -0300] "GET /wp-login.php?action=register HTTP/1.1" 302 - "https://tiendamolina.vsptdigital.cl/2026/03/16/harrahs-casino-bonus-codes-2026/" "Mozilla/5.0 (Windows NT 6.3; Win64; x64) AppleWebKit/537.36 (KHTML, like Gecko) Chrome/103.0.0.0 Safari/537.36"
194.156.92.237 - - [19/Mar/2026:15:11:26 -0300] "GET /wp-login.php?registration=disabled HTTP/1.1" 200 9387 "https://tiendamolina.vsptdigital.cl/wp-login.php?action=register" "Mozilla/5.0 (Windows NT 6.3; Win64; x64) AppleWebKit/537.36 (KHTML, like Gecko) Chrome/103.0.0.0 Safari/537.36"
23.108.45.134 - - [19/Mar/2026:15:11:59 -0300] "GET /2026/01/21/interwetten-app/ HTTP/1.1" 200 28270 "-" "Mozilla/5.0 (compatible; Googlebot/2.1; +http://www.google.com/bot.html)"
160.250.186.93 - - [19/Mar/2026:15:12:32 -0300] "GET /2026/03/11/jb-casino-login-app-sign-up/ HTTP/1.1" 200 27998 "-" "Mozilla/5.0 (Macintosh; Intel Mac OS X 12_5) AppleWebKit/537.36 (KHTML, like Gecko) Chrome/114.0.0.0 Safari/537.36"
100.30.5.6 - - [19/Mar/2026:15:13:50 -0300] "GET /robots.txt HTTP/1.1" 200 67 "-" "Mozilla/5.0 (Macintosh; Intel Mac OS X 10_10_1) AppleWebKit/600.2.5 (KHTML, like Gecko) Version/8.0.2 Safari/600.2.5 (Gort)"
194.165.16.5 - - [19/Mar/2026:15:14:10 -0300] "GET /wp-login.php HTTP/1.1" 200 9184 "-" "Mozilla/5.0 (Macintosh; Intel Mac OS X 13_5) AppleWebKit/605.1.15 (KHTML, like Gecko) Version/17.5 Safari/605.1.15"
162.240.153.75 - - [19/Mar/2026:15:14:11 -0300] "POST /wp-cron.php?doing_wp_cron=1773944051.8437030315399169921875 HTTP/1.1" 200 - "-" "WordPress/6.9.4; https://tiendamolina.vsptdigital.cl"
194.165.16.5 - - [19/Mar/2026:15:14:11 -0300] "POST /xmlrpc.php HTTP/1.1" 200 179 "-" "Mozilla/5.0 (Macintosh; Intel Mac OS X 13_5) AppleWebKit/605.1.15 (KHTML, like Gecko) Version/17.5 Safari/605.1.15"
194.165.16.5 - - [19/Mar/2026:15:14:12 -0300] "POST /xmlrpc.php HTTP/1.1" 200 6471 "-" "Mozilla/5.0 (Windows NT 10.0; Win64; x64) AppleWebKit/537.36 (KHTML, like Gecko) Chrome/124.0.6367.207 Safari/537.36"
14.178.10.112 - - [19/Mar/2026:15:14:29 -0300] "GET /2026/01/21/interwetten-app/ HTTP/1.1" 200 28270 "-" "Mozilla/5.0 (Macintosh; Intel Mac OS X 12_5) AppleWebKit/537.36 (KHTML, like Gecko) Chrome/114.0.0.0 Safari/537.36 Edg/114.0.1264.71"
57.141.6.30 - - [19/Mar/2026:15:19:29 -0300] "GET /wp-content/uploads/2026/01/OFERTAS-ENERO-2026-VSPT-.pdf HTTP/1.1" 200 305761 "-" "meta-externalagent/1.1 (+https://developers.facebook.com/docs/sharing/webmasters/crawler)"
57.141.6.59 - - [19/Mar/2026:15:19:33 -0300] "GET /wp-content/uploads/2026/01/OFERTAS-ENERO-2026-VSPT-.pdf HTTP/1.1" 200 305761 "-" "meta-externalagent/1.1 (+https://developers.facebook.com/docs/sharing/webmasters/crawler)"
162.240.153.75 - - [19/Mar/2026:15:23:17 -0300] "POST /wp-cron.php?doing_wp_cron=1773944597.4757399559020996093750 HTTP/1.1" 200 - "-" "WordPress/6.9.4; https://tiendamolina.vsptdigital.cl"
172.81.133.213 - - [19/Mar/2026:15:23:16 -0300] "GET /2025/10/30/william-hill-bono-primera-apuesta-apuestas/ HTTP/1.1" 200 28565 "https://tiendamolina.vsptdigital.cl/" "Mozilla/5.0 (Macintosh; Intel Mac OS X 12_5) AppleWebKit/537.36 (KHTML, like Gecko) Chrome/114.0.0.0 Safari/537.36 Vivaldi/5.3.2679.68"
172.81.133.213 - - [19/Mar/2026:15:23:17 -0300] "GET /wp-includes/css/dist/block-library/style.min.css?ver=6.9.4 HTTP/1.1" 200 119358 "https://tiendamolina.vsptdigital.cl/2025/10/30/william-hill-bono-primera-apuesta-apuestas/" "Mozilla/5.0 (Windows NT 10.0; Win64; x64) AppleWebKit/537.36 (KHTML, like Gecko) Chrome/143.0.0.0 Safari/537.36"
172.81.133.213 - - [19/Mar/2026:15:23:18 -0300] "GET /wp-content/plugins/contact-form-7/includes/css/styles.css?ver=6.0.1 HTTP/1.1" 200 2894 "https://tiendamolina.vsptdigital.cl/2025/10/30/william-hill-bono-primera-apuesta-apuestas/" "Mozilla/5.0 (Windows NT 10.0; Win64; x64) AppleWebKit/537.36 (KHTML, like Gecko) Chrome/143.0.0.0 Safari/537.36"
172.81.133.213 - - [19/Mar/2026:15:23:18 -0300] "GET /wp-content/themes/hello-elementor/style.min.css?ver=3.1.1 HTTP/1.1" 200 5501 "https://tiendamolina.vsptdigital.cl/2025/10/30/william-hill-bono-primera-apuesta-apuestas/" "Mozilla/5.0 (Windows NT 10.0; Win64; x64) AppleWebKit/537.36 (KHTML, like Gecko) Chrome/143.0.0.0 Safari/537.36"
172.81.133.213 - - [19/Mar/2026:15:23:18 -0300] "GET /wp-content/themes/hello-elementor/theme.min.css?ver=3.1.1 HTTP/1.1" 200 5146 "https://tiendamolina.vsptdigital.cl/2025/10/30/william-hill-bono-primera-apuesta-apuestas/" "Mozilla/5.0 (Windows NT 10.0; Win64; x64) AppleWebKit/537.36 (KHTML, like Gecko) Chrome/143.0.0.0 Safari/537.36"
172.81.133.213 - - [19/Mar/2026:15:23:18 -0300] "GET /wp-content/themes/hello-elementor/header-footer.min.css?ver=3.1.1 HTTP/1.1" 200 7212 "https://tiendamolina.vsptdigital.cl/2025/10/30/william-hill-bono-primera-apuesta-apuestas/" "Mozilla/5.0 (Windows NT 10.0; Win64; x64) AppleWebKit/537.36 (KHTML, like Gecko) Chrome/143.0.0.0 Safari/537.36"
172.81.133.213 - - [19/Mar/2026:15:23:18 -0300] "GET /wp-content/plugins/elementor/assets/css/frontend.min.css?ver=3.25.11 HTTP/1.1" 200 60575 "https://tiendamolina.vsptdigital.cl/2025/10/30/william-hill-bono-primera-apuesta-apuestas/" "Mozilla/5.0 (Windows NT 10.0; Win64; x64) AppleWebKit/537.36 (KHTML, like Gecko) Chrome/143.0.0.0 Safari/537.36"
172.81.133.213 - - [19/Mar/2026:15:23:18 -0300] "GET /wp-content/uploads/elementor/css/post-5.css?ver=1734013235 HTTP/1.1" 200 1372 "https://tiendamolina.vsptdigital.cl/2025/10/30/william-hill-bono-primera-apuesta-apuestas/" "Mozilla/5.0 (Windows NT 10.0; Win64; x64) AppleWebKit/537.36 (KHTML, like Gecko) Chrome/143.0.0.0 Safari/537.36"
172.81.133.213 - - [19/Mar/2026:15:23:19 -0300] "GET /wp-content/plugins/elementor/assets/lib/eicons/css/elementor-icons.min.css?ver=5.34.0 HTTP/1.1" 200 20060 "https://tiendamolina.vsptdigital.cl/2025/10/30/william-hill-bono-primera-apuesta-apuestas/" "Mozilla/5.0 (Windows NT 10.0; Win64; x64) AppleWebKit/537.36 (KHTML, like Gecko) Chrome/143.0.0.0 Safari/537.36"
172.81.133.213 - - [19/Mar/2026:15:23:19 -0300] "GET /wp-content/plugins/elementor/assets/lib/swiper/v8/css/swiper.min.css?ver=8.4.5 HTTP/1.1" 200 16471 "https://tiendamolina.vsptdigital.cl/2025/10/30/william-hill-bono-primera-apuesta-apuestas/" "Mozilla/5.0 (Windows NT 10.0; Win64; x64) AppleWebKit/537.36 (KHTML, like Gecko) Chrome/143.0.0.0 Safari/537.36"
172.81.133.213 - - [19/Mar/2026:15:23:19 -0300] "GET /wp-content/plugins/elementor/assets/css/conditionals/e-swiper.min.css?ver=3.25.11 HTTP/1.1" 200 10260 "https://tiendamolina.vsptdigital.cl/2025/10/30/william-hill-bono-primera-apuesta-apuestas/" "Mozilla/5.0 (Windows NT 10.0; Win64; x64) AppleWebKit/537.36 (KHTML, like Gecko) Chrome/143.0.0.0 Safari/537.36"
172.81.133.213 - - [19/Mar/2026:15:23:19 -0300] "GET /wp-content/plugins/elementor-pro/assets/css/frontend.min.css?ver=3.7.1 HTTP/1.1" 200 480945 "https://tiendamolina.vsptdigital.cl/2025/10/30/william-hill-bono-primera-apuesta-apuestas/" "Mozilla/5.0 (Windows NT 10.0; Win64; x64) AppleWebKit/537.36 (KHTML, like Gecko) Chrome/143.0.0.0 Safari/537.36"
172.81.133.213 - - [19/Mar/2026:15:23:20 -0300] "POST /wp-comments-post.php HTTP/1.1" 302 - "https://tiendamolina.vsptdigital.cl/2025/10/30/william-hill-bono-primera-apuesta-apuestas/" "Mozilla/5.0 (Macintosh; Intel Mac OS X 12_5) AppleWebKit/537.36 (KHTML, like Gecko) Chrome/114.0.0.0 Safari/537.36 Vivaldi/5.3.2679.68"
172.81.133.213 - - [19/Mar/2026:15:23:21 -0300] "GET /2025/10/30/william-hill-bono-primera-apuesta-apuestas/?unapproved=17944&moderation-hash=170cd5da50328e90334acc7659d1e4b3 HTTP/1.1" 200 30091 "https://tiendamolina.vsptdigital.cl/wp-comments-post.php" "Mozilla/5.0 (Macintosh; Intel Mac OS X 12_5) AppleWebKit/537.36 (KHTML, like Gecko) Chrome/114.0.0.0 Safari/537.36 Vivaldi/5.3.2679.68"
172.81.133.213 - - [19/Mar/2026:15:23:21 -0300] "GET /2025/10/30/william-hill-bono-primera-apuesta-apuestas/ HTTP/1.1" 200 28565 "-" "Mozilla/5.0 (Macintosh; Intel Mac OS X 12_5) AppleWebKit/537.36 (KHTML, like Gecko) Chrome/114.0.0.0 Safari/537.36 Vivaldi/5.3.2679.68"
85.208.96.210 - - [19/Mar/2026:15:26:46 -0300] "GET /2025/05/11/colorplay-casino-login-app-sign-up/ HTTP/1.1" 200 28888 "-" "Mozilla/5.0 (compatible; SemrushBot/7~bl; +http://www.semrush.com/bot.html)"
172.81.133.213 - - [19/Mar/2026:15:26:51 -0300] "GET /2025/10/30/william-hill-bono-primera-apuesta-apuestas/ HTTP/1.1" 200 28565 "-" "Mozilla/5.0 (Macintosh; Intel Mac OS X 12_5) AppleWebKit/537.36 (KHTML, like Gecko) Chrome/114.0.0.0 Safari/537.36"
172.86.76.182 - - [19/Mar/2026:15:27:00 -0300] "GET /2026/03/02/casino-wars-strategy/ HTTP/1.1" 200 28592 "https://tiendamolina.vsptdigital.cl/" "Mozilla/5.0 (Windows NT 10.0; Win64; x64; rv:114.0) Gecko/20100101 Firefox/114.0"
172.86.76.182 - - [19/Mar/2026:15:27:02 -0300] "GET /wp-includes/css/dist/block-library/style.min.css?ver=6.9.4 HTTP/1.1" 200 119358 "https://tiendamolina.vsptdigital.cl/2026/03/02/casino-wars-strategy/" "Mozilla/5.0 (Windows NT 10.0; Win64; x64) AppleWebKit/537.36 (KHTML, like Gecko) Chrome/143.0.0.0 Safari/537.36"
172.86.76.182 - - [19/Mar/2026:15:27:04 -0300] "GET /wp-content/plugins/contact-form-7/includes/css/styles.css?ver=6.0.1 HTTP/1.1" 200 2894 "https://tiendamolina.vsptdigital.cl/2026/03/02/casino-wars-strategy/" "Mozilla/5.0 (Windows NT 10.0; Win64; x64) AppleWebKit/537.36 (KHTML, like Gecko) Chrome/143.0.0.0 Safari/537.36"
172.86.76.182 - - [19/Mar/2026:15:27:04 -0300] "GET /wp-content/themes/hello-elementor/style.min.css?ver=3.1.1 HTTP/1.1" 200 5501 "https://tiendamolina.vsptdigital.cl/2026/03/02/casino-wars-strategy/" "Mozilla/5.0 (Windows NT 10.0; Win64; x64) AppleWebKit/537.36 (KHTML, like Gecko) Chrome/143.0.0.0 Safari/537.36"
172.86.76.182 - - [19/Mar/2026:15:27:05 -0300] "GET /wp-content/themes/hello-elementor/theme.min.css?ver=3.1.1 HTTP/1.1" 200 5146 "https://tiendamolina.vsptdigital.cl/2026/03/02/casino-wars-strategy/" "Mozilla/5.0 (Windows NT 10.0; Win64; x64) AppleWebKit/537.36 (KHTML, like Gecko) Chrome/143.0.0.0 Safari/537.36"
172.86.76.182 - - [19/Mar/2026:15:27:06 -0300] "GET /wp-content/themes/hello-elementor/header-footer.min.css?ver=3.1.1 HTTP/1.1" 200 7212 "https://tiendamolina.vsptdigital.cl/2026/03/02/casino-wars-strategy/" "Mozilla/5.0 (Windows NT 10.0; Win64; x64) AppleWebKit/537.36 (KHTML, like Gecko) Chrome/143.0.0.0 Safari/537.36"
172.86.76.182 - - [19/Mar/2026:15:27:07 -0300] "GET /wp-content/plugins/elementor/assets/css/frontend.min.css?ver=3.25.11 HTTP/1.1" 200 60575 "https://tiendamolina.vsptdigital.cl/2026/03/02/casino-wars-strategy/" "Mozilla/5.0 (Windows NT 10.0; Win64; x64) AppleWebKit/537.36 (KHTML, like Gecko) Chrome/143.0.0.0 Safari/537.36"
172.86.76.182 - - [19/Mar/2026:15:27:08 -0300] "GET /wp-content/uploads/elementor/css/post-5.css?ver=1734013235 HTTP/1.1" 200 1372 "https://tiendamolina.vsptdigital.cl/2026/03/02/casino-wars-strategy/" "Mozilla/5.0 (Windows NT 10.0; Win64; x64) AppleWebKit/537.36 (KHTML, like Gecko) Chrome/143.0.0.0 Safari/537.36"
172.86.76.182 - - [19/Mar/2026:15:27:09 -0300] "GET /wp-content/plugins/elementor/assets/lib/eicons/css/elementor-icons.min.css?ver=5.34.0 HTTP/1.1" 200 20060 "https://tiendamolina.vsptdigital.cl/2026/03/02/casino-wars-strategy/" "Mozilla/5.0 (Windows NT 10.0; Win64; x64) AppleWebKit/537.36 (KHTML, like Gecko) Chrome/143.0.0.0 Safari/537.36"
172.86.76.182 - - [19/Mar/2026:15:27:10 -0300] "GET /wp-content/plugins/elementor/assets/lib/swiper/v8/css/swiper.min.css?ver=8.4.5 HTTP/1.1" 200 16471 "https://tiendamolina.vsptdigital.cl/2026/03/02/casino-wars-strategy/" "Mozilla/5.0 (Windows NT 10.0; Win64; x64) AppleWebKit/537.36 (KHTML, like Gecko) Chrome/143.0.0.0 Safari/537.36"
172.86.76.182 - - [19/Mar/2026:15:27:11 -0300] "GET /wp-content/plugins/elementor/assets/css/conditionals/e-swiper.min.css?ver=3.25.11 HTTP/1.1" 200 10260 "https://tiendamolina.vsptdigital.cl/2026/03/02/casino-wars-strategy/" "Mozilla/5.0 (Windows NT 10.0; Win64; x64) AppleWebKit/537.36 (KHTML, like Gecko) Chrome/143.0.0.0 Safari/537.36"
172.86.76.182 - - [19/Mar/2026:15:27:11 -0300] "GET /wp-content/plugins/elementor-pro/assets/css/frontend.min.css?ver=3.7.1 HTTP/1.1" 200 480945 "https://tiendamolina.vsptdigital.cl/2026/03/02/casino-wars-strategy/" "Mozilla/5.0 (Windows NT 10.0; Win64; x64) AppleWebKit/537.36 (KHTML, like Gecko) Chrome/143.0.0.0 Safari/537.36"
172.86.76.182 - - [19/Mar/2026:15:27:14 -0300] "POST /wp-comments-post.php HTTP/1.1" 302 - "https://tiendamolina.vsptdigital.cl/2026/03/02/casino-wars-strategy/" "Mozilla/5.0 (Windows NT 10.0; Win64; x64; rv:114.0) Gecko/20100101 Firefox/114.0"
172.86.76.182 - - [19/Mar/2026:15:27:16 -0300] "GET /2026/03/02/casino-wars-strategy/?unapproved=17945&moderation-hash=93364121f68f1356ce7fdf218e50369b HTTP/1.1" 200 30091 "https://tiendamolina.vsptdigital.cl/wp-comments-post.php" "Mozilla/5.0 (Windows NT 10.0; Win64; x64; rv:114.0) Gecko/20100101 Firefox/114.0"
172.86.76.182 - - [19/Mar/2026:15:27:17 -0300] "GET /2026/03/02/casino-wars-strategy/ HTTP/1.1" 200 28592 "-" "Mozilla/5.0 (Windows NT 10.0; Win64; x64; rv:114.0) Gecko/20100101 Firefox/114.0"
160.187.120.244 - - [19/Mar/2026:15:29:33 -0300] "GET /2026/03/10/joo-casino-bonus-code/ HTTP/1.1" 200 27968 "https://tiendamolina.vsptdigital.cl/" "Mozilla/5.0 (Windows NT 10.0; Win64; x64; Xbox; Xbox One) AppleWebKit/537.36 (KHTML, like Gecko) Chrome/114.0.0.0 Safari/537.36 Edge/44.18363.8131"
160.187.120.244 - - [19/Mar/2026:15:29:35 -0300] "POST /wp-comments-post.php HTTP/1.1" 302 - "https://tiendamolina.vsptdigital.cl/2026/03/10/joo-casino-bonus-code/" "Mozilla/5.0 (Windows NT 10.0; Win64; x64; Xbox; Xbox One) AppleWebKit/537.36 (KHTML, like Gecko) Chrome/114.0.0.0 Safari/537.36 Edge/44.18363.8131"
160.187.120.244 - - [19/Mar/2026:15:29:36 -0300] "GET /2026/03/10/joo-casino-bonus-code/?unapproved=17946&moderation-hash=659628913349316cde3322aa9b453651 HTTP/1.1" 200 29597 "https://tiendamolina.vsptdigital.cl/wp-comments-post.php" "Mozilla/5.0 (Windows NT 10.0; Win64; x64; Xbox; Xbox One) AppleWebKit/537.36 (KHTML, like Gecko) Chrome/114.0.0.0 Safari/537.36 Edge/44.18363.8131"
160.187.120.244 - - [19/Mar/2026:15:29:38 -0300] "GET /2026/03/10/joo-casino-bonus-code/ HTTP/1.1" 200 27968 "-" "Mozilla/5.0 (Windows NT 10.0; Win64; x64; Xbox; Xbox One) AppleWebKit/537.36 (KHTML, like Gecko) Chrome/114.0.0.0 Safari/537.36 Edge/44.18363.8131"
172.86.76.182 - - [19/Mar/2026:15:32:00 -0300] "GET /2026/03/02/casino-wars-strategy/ HTTP/1.1" 200 28592 "-" "Mozilla/5.0 (Macintosh; Intel Mac OS X 12_5) AppleWebKit/537.36 (KHTML, like Gecko) Chrome/114.0.0.0 Safari/537.36"
194.165.16.5 - - [19/Mar/2026:15:33:33 -0300] "GET /wp-login.php HTTP/1.1" 200 9184 "-" "Mozilla/5.0 (Windows NT 10.0; Win64; x64) AppleWebKit/537.36 (KHTML, like Gecko) Chrome/124.0.6367.207 Safari/537.36"
162.240.153.75 - - [19/Mar/2026:15:33:35 -0300] "POST /wp-cron.php?doing_wp_cron=1773945215.4001131057739257812500 HTTP/1.1" 200 - "-" "WordPress/6.9.4; https://tiendamolina.vsptdigital.cl"
194.165.16.5 - - [19/Mar/2026:15:33:34 -0300] "POST /xmlrpc.php HTTP/1.1" 200 179 "-" "Mozilla/5.0 (Windows NT 10.0; Win64; x64; rv:127.0) Gecko/20100101 Firefox/127.0"
194.165.16.5 - - [19/Mar/2026:15:33:36 -0300] "POST /xmlrpc.php HTTP/1.1" 200 7376 "-" "Mozilla/5.0 (Windows NT 10.0; Win64; x64; rv:127.0) Gecko/20100101 Firefox/127.0"
162.240.153.75 - - [19/Mar/2026:15:34:19 -0300] "POST /wp-cron.php?doing_wp_cron=1773945259.7658040523529052734375 HTTP/1.1" 200 - "-" "WordPress/6.9.4; https://tiendamolina.vsptdigital.cl"
88.198.25.144 - - [19/Mar/2026:15:34:18 -0300] "GET /2026/02/27/imd-sevilla-resultados/ HTTP/1.1" 200 28870 "-" "Mozilla/5.0 (Macintosh; Intel Mac OS X 12_5) AppleWebKit/537.36 (KHTML, like Gecko) Chrome/114.0.0.0 Safari/537.36"
57.141.6.51 - - [19/Mar/2026:15:35:43 -0300] "GET /2026/03/17/hearts-play-online/ HTTP/1.1" 200 28781 "-" "meta-externalagent/1.1 (+https://developers.facebook.com/docs/sharing/webmasters/crawler)"
57.141.6.4 - - [19/Mar/2026:15:35:48 -0300] "GET /2026/03/17/hearts-play-online/ HTTP/1.1" 200 28781 "-" "meta-externalagent/1.1 (+https://developers.facebook.com/docs/sharing/webmasters/crawler)"
57.141.6.21 - - [19/Mar/2026:15:36:00 -0300] "GET /wp-json/oembed/1.0/embed?url=https%3A%2F%2Ftiendamolina.vsptdigital.cl%2F2026%2F03%2F17%2Fhearts-play-online%2F HTTP/1.1" 200 2278 "-" "meta-externalagent/1.1 (+https://developers.facebook.com/docs/sharing/webmasters/crawler)"
57.141.6.16 - - [19/Mar/2026:15:36:02 -0300] "GET /2026/03/17/hearts-play-online/feed/ HTTP/1.1" 200 823 "-" "meta-externalagent/1.1 (+https://developers.facebook.com/docs/sharing/webmasters/crawler)"
57.141.6.30 - - [19/Mar/2026:15:36:03 -0300] "GET /?p=4049 HTTP/1.1" 301 - "-" "meta-externalagent/1.1 (+https://developers.facebook.com/docs/sharing/webmasters/crawler)"
57.141.6.64 - - [19/Mar/2026:15:36:05 -0300] "GET /wp-json/wp/v2/posts/4049 HTTP/1.1" 200 6588 "-" "meta-externalagent/1.1 (+https://developers.facebook.com/docs/sharing/webmasters/crawler)"
57.141.6.74 - - [19/Mar/2026:15:36:11 -0300] "GET /wp-json/wp/v2/posts/4049 HTTP/1.1" 200 6588 "-" "meta-externalagent/1.1 (+https://developers.facebook.com/docs/sharing/webmasters/crawler)"
192.126.159.228 - - [19/Mar/2026:15:36:27 -0300] "GET /2025/12/03/interwetten-gutschein-code-2025/ HTTP/1.1" 200 28658 "https://tiendamolina.vsptdigital.cl/" "Mozilla/5.0 (Windows NT 10.0; Win64; x64) AppleWebKit/537.36 (KHTML, like Gecko) Chrome/114.0.0.0 Safari/537.36 OPR/89.0.4447.51"
192.126.159.228 - - [19/Mar/2026:15:36:29 -0300] "GET /2025/12/03/interwetten-gutschein-code-2025/ HTTP/1.1" 200 28658 "https://tiendamolina.vsptdigital.cl/2025/12/03/interwetten-gutschein-code-2025/" "Mozilla/5.0 (Windows NT 10.0; Win64; x64) AppleWebKit/537.36 (KHTML, like Gecko) Chrome/114.0.0.0 Safari/537.36 OPR/89.0.4447.51"
192.126.238.252 - - [19/Mar/2026:15:36:44 -0300] "GET /2026/03/17/hearts-play-online/ HTTP/1.1" 200 28781 "https://tiendamolina.vsptdigital.cl/" "Mozilla/5.0 (X11; Linux x86_64) AppleWebKit/537.36 (KHTML, like Gecko) Chrome/114.0.0.0 Safari/537.36 OPR/89.0.4447.51"
50.116.50.73 - - [19/Mar/2026:15:36:58 -0300] "GET /2026/03/17/hearts-play-online/ HTTP/1.1" 421 322 "-" "Mozilla/5.0 (Windows NT 6.1; rv:1.9) Gecko/20100101 Firefox/4.0"
151.247.39.158 - - [19/Mar/2026:15:38:36 -0300] "GET /2026/03/11/jb-casino-login-app-sign-up/ HTTP/1.1" 200 27998 "-" "Mozilla/5.0 (compatible; Googlebot/2.1; +http://www.google.com/bot.html)"
34.245.142.73 - - [19/Mar/2026:15:43:34 -0300] "GET /2026/03/17/guide-make-money-online-gambling-australia/ HTTP/1.1" 200 28194 "-" "Mozilla/5.0 (Macintosh; Intel Mac OS X 10_15_7) AppleWebKit/537.36 (KHTML, like Gecko) Chrome/118.0.0.0 Safari/537.36"
50.116.50.73 - - [19/Mar/2026:15:47:00 -0300] "GET /2026/03/17/hearts-play-online/ HTTP/1.1" 421 322 "-" "Mozilla/5.0 (X11; Arch Linux i686; rv:2.0) Gecko/20110321 Firefox/4.0"
218.152.33.179 - - [19/Mar/2026:15:48:40 -0300] "GET / HTTP/1.1" 200 55517 "-" "Mozilla/5.0 (Windows NT 10.0; WOW64; x64) AppleWebKit/537.36 (KHTML, like Gecko) Chrome/114.0.0.0 Safari/537.36 OPR/89.0.4447.51"
218.152.33.179 - - [19/Mar/2026:15:48:44 -0300] "GET /wp-login.php?action=register HTTP/1.1" 302 - "https://tiendamolina.vsptdigital.cl/" "Mozilla/5.0 (Windows NT 6.3; Win64; x64) AppleWebKit/537.36 (KHTML, like Gecko) Chrome/103.0.0.0 Safari/537.36"
218.152.33.179 - - [19/Mar/2026:15:48:46 -0300] "GET /wp-login.php?registration=disabled HTTP/1.1" 200 9387 "https://tiendamolina.vsptdigital.cl/wp-login.php?action=register" "Mozilla/5.0 (Windows NT 6.3; Win64; x64) AppleWebKit/537.36 (KHTML, like Gecko) Chrome/103.0.0.0 Safari/537.36"
23.19.248.148 - - [19/Mar/2026:15:48:48 -0300] "GET /2025/12/03/interwetten-gutschein-code-2025/ HTTP/1.1" 200 28658 "https://tiendamolina.vsptdigital.cl/" "Mozilla/5.0 (Windows NT 10.0; Win64; x64) AppleWebKit/537.36 (KHTML, like Gecko) Chrome/114.0.0.0 YaBrowser/22.7.0 Yowser/2.5 Safari/537.36"
23.19.248.148 - - [19/Mar/2026:15:48:57 -0300] "POST /wp-comments-post.php HTTP/1.1" 302 - "https://tiendamolina.vsptdigital.cl/2025/12/03/interwetten-gutschein-code-2025/" "Mozilla/5.0 (Windows NT 10.0; Win64; x64) AppleWebKit/537.36 (KHTML, like Gecko) Chrome/114.0.0.0 YaBrowser/22.7.0 Yowser/2.5 Safari/537.36"
23.19.248.148 - - [19/Mar/2026:15:49:00 -0300] "GET /2025/12/03/interwetten-gutschein-code-2025/?unapproved=17947&moderation-hash=917e73dd6a5006f9113723f72f85dfe8 HTTP/1.1" 200 30480 "https://tiendamolina.vsptdigital.cl/wp-comments-post.php" "Mozilla/5.0 (Windows NT 10.0; Win64; x64) AppleWebKit/537.36 (KHTML, like Gecko) Chrome/114.0.0.0 YaBrowser/22.7.0 Yowser/2.5 Safari/537.36"
109.172.84.96 - - [19/Mar/2026:15:49:02 -0300] "GET /2026/03/11/jb-casino-login-app-sign-up/ HTTP/1.1" 200 27998 "-" "Mozilla/5.0 (Macintosh; Intel Mac OS X 12_5) AppleWebKit/537.36 (KHTML, like Gecko) Chrome/114.0.0.0 Safari/537.36"
23.19.248.148 - - [19/Mar/2026:15:49:08 -0300] "GET /2025/12/03/interwetten-gutschein-code-2025/ HTTP/1.1" 200 28658 "-" "Mozilla/5.0 (Windows NT 10.0; Win64; x64) AppleWebKit/537.36 (KHTML, like Gecko) Chrome/114.0.0.0 YaBrowser/22.7.0 Yowser/2.5 Safari/537.36"
194.165.16.5 - - [19/Mar/2026:15:50:19 -0300] "GET /wp-login.php HTTP/1.1" 200 9184 "-" "Mozilla/5.0 (Macintosh; Intel Mac OS X 13_5) AppleWebKit/605.1.15 (KHTML, like Gecko) Version/17.5 Safari/605.1.15"
162.240.153.75 - - [19/Mar/2026:15:50:22 -0300] "POST /wp-cron.php?doing_wp_cron=1773946222.1804239749908447265625 HTTP/1.1" 200 - "-" "WordPress/6.9.4; https://tiendamolina.vsptdigital.cl"
194.165.16.5 - - [19/Mar/2026:15:50:21 -0300] "POST /xmlrpc.php HTTP/1.1" 200 179 "-" "Mozilla/5.0 (Macintosh; Intel Mac OS X 13_5) AppleWebKit/605.1.15 (KHTML, like Gecko) Version/17.5 Safari/605.1.15"
194.165.16.5 - - [19/Mar/2026:15:50:22 -0300] "POST /xmlrpc.php HTTP/1.1" 200 6495 "-" "Mozilla/5.0 (Macintosh; Intel Mac OS X 13_5) AppleWebKit/605.1.15 (KHTML, like Gecko) Version/17.5 Safari/605.1.15"
216.73.216.40 - - [19/Mar/2026:15:51:00 -0300] "GET /2026/03/17/grand-hotel-casino-no-deposit-bonus-codes-for-free HTTP/1.1" 301 - "-" "Mozilla/5.0 AppleWebKit/537.36 (KHTML, like Gecko; compatible; ClaudeBot/1.0; +claudebot@anthropic.com)"
216.73.216.40 - - [19/Mar/2026:15:51:01 -0300] "GET /2026/03/17/grand-hotel-casino-no-deposit-bonus-codes-for-free/ HTTP/1.1" 200 28490 "https://tiendamolina.vsptdigital.cl/2026/03/17/grand-hotel-casino-no-deposit-bonus-codes-for-free" "Mozilla/5.0 AppleWebKit/537.36 (KHTML, like Gecko; compatible; ClaudeBot/1.0; +claudebot@anthropic.com)"
93.127.133.160 - - [19/Mar/2026:15:53:05 -0300] "GET /2026/03/17/hearts-play-online/ HTTP/1.1" 200 28781 "https://tiendamolina.vsptdigital.cl/" "Mozilla/5.0 (Windows NT 10.0; WOW64; x64) AppleWebKit/537.36 (KHTML, like Gecko) Chrome/114.0.0.0 Safari/537.36 OPR/89.0.4447.51"
172.86.76.182 - - [19/Mar/2026:15:54:05 -0300] "GET /2026/03/02/casino-wars-strategy/ HTTP/1.1" 200 28592 "https://tiendamolina.vsptdigital.cl/" "Mozilla/5.0 (Macintosh; Intel Mac OS X 12_5) AppleWebKit/537.36 (KHTML, like Gecko) Chrome/114.0.0.0 Safari/537.36 Edg/114.0.1264.71"
172.86.76.182 - - [19/Mar/2026:15:54:07 -0300] "POST /wp-comments-post.php HTTP/1.1" 302 - "https://tiendamolina.vsptdigital.cl/2026/03/02/casino-wars-strategy/" "Mozilla/5.0 (Macintosh; Intel Mac OS X 12_5) AppleWebKit/537.36 (KHTML, like Gecko) Chrome/114.0.0.0 Safari/537.36 Edg/114.0.1264.71"
172.86.76.182 - - [19/Mar/2026:15:54:09 -0300] "GET /2026/03/02/casino-wars-strategy/?unapproved=17948&moderation-hash=d216e53ad0729b2c64f7921ee04f6393 HTTP/1.1" 200 30202 "https://tiendamolina.vsptdigital.cl/wp-comments-post.php" "Mozilla/5.0 (Macintosh; Intel Mac OS X 12_5) AppleWebKit/537.36 (KHTML, like Gecko) Chrome/114.0.0.0 Safari/537.36 Edg/114.0.1264.71"
172.86.76.182 - - [19/Mar/2026:15:54:10 -0300] "GET /2026/03/02/casino-wars-strategy/ HTTP/1.1" 200 28592 "-" "Mozilla/5.0 (Macintosh; Intel Mac OS X 12_5) AppleWebKit/537.36 (KHTML, like Gecko) Chrome/114.0.0.0 Safari/537.36 Edg/114.0.1264.71"
196.196.254.71 - - [19/Mar/2026:15:56:30 -0300] "GET /2025/12/03/interwetten-gutschein-code-2025/ HTTP/1.1" 200 28658 "-" "Mozilla/5.0 (Macintosh; Intel Mac OS X 12_5) AppleWebKit/537.36 (KHTML, like Gecko) Chrome/114.0.0.0 Safari/537.36"
212.34.139.201 - - [19/Mar/2026:15:56:39 -0300] "GET /2025/12/30/hockey-sobre-hielo-equipamiento/ HTTP/1.1" 200 28463 "-" "Mozilla/5.0 (Macintosh; Intel Mac OS X 12_5) AppleWebKit/537.36 (KHTML, like Gecko) Chrome/114.0.0.0 Safari/537.36"
191.101.118.35 - - [19/Mar/2026:15:57:07 -0300] "GET /2026/02/27/imd-sevilla-resultados/ HTTP/1.1" 200 28870 "https://tiendamolina.vsptdigital.cl/" "Mozilla/5.0 (Macintosh; Intel Mac OS X 12_5) AppleWebKit/537.36 (KHTML, like Gecko) Chrome/114.0.0.0 Safari/537.36 Vivaldi/5.3.2679.68"
191.101.118.35 - - [19/Mar/2026:15:57:28 -0300] "GET /wp-login.php?action=register HTTP/1.1" 302 - "https://tiendamolina.vsptdigital.cl/2026/02/27/imd-sevilla-resultados/" "Mozilla/5.0 (Windows NT 6.3; Win64; x64) AppleWebKit/537.36 (KHTML, like Gecko) Chrome/103.0.0.0 Safari/537.36"
191.101.118.35 - - [19/Mar/2026:15:57:30 -0300] "GET /wp-login.php?registration=disabled HTTP/1.1" 200 9387 "https://tiendamolina.vsptdigital.cl/wp-login.php?action=register" "Mozilla/5.0 (Windows NT 6.3; Win64; x64) AppleWebKit/537.36 (KHTML, like Gecko) Chrome/103.0.0.0 Safari/537.36"
172.86.76.182 - - [19/Mar/2026:15:57:35 -0300] "GET /2026/03/02/casino-wars-strategy/ HTTP/1.1" 200 28592 "-" "Mozilla/5.0 (Macintosh; Intel Mac OS X 12_5) AppleWebKit/537.36 (KHTML, like Gecko) Chrome/114.0.0.0 Safari/537.36"
102.210.28.18 - - [19/Mar/2026:15:58:10 -0300] "GET /2026/02/02/casso-casino-100-free-spins-bonus-2026/ HTTP/1.1" 200 27986 "-" "Mozilla/5.0 (Macintosh; Intel Mac OS X 10_15_5) AppleWebKit/537.36 (KHTML, like Gecko) Chrome/90.0.4430.93 Safari/537.36"
107.150.65.135 - - [19/Mar/2026:15:58:47 -0300] "GET /2025/10/31/wanabet-app-apuestas-deportivas/ HTTP/1.1" 200 28667 "-" "Mozilla/5.0 (compatible; Googlebot/2.1; +http://www.google.com/bot.html)"
107.152.46.252 - - [19/Mar/2026:16:02:41 -0300] "GET /2025/12/30/hockey-sobre-hielo-equipamiento/ HTTP/1.1" 200 28463 "-" "Mozilla/5.0 (Macintosh; Intel Mac OS X 12_5) AppleWebKit/537.36 (KHTML, like Gecko) Chrome/114.0.0.0 Safari/537.36"
194.165.16.5 - - [19/Mar/2026:16:05:34 -0300] "GET /wp-login.php HTTP/1.1" 200 9184 "-" "Mozilla/5.0 (Macintosh; Intel Mac OS X 13_5) AppleWebKit/605.1.15 (KHTML, like Gecko) Version/17.5 Safari/605.1.15"
162.240.153.75 - - [19/Mar/2026:16:05:36 -0300] "POST /wp-cron.php?doing_wp_cron=1773947136.3390500545501708984375 HTTP/1.1" 200 - "-" "WordPress/6.9.4; https://tiendamolina.vsptdigital.cl"
194.165.16.5 - - [19/Mar/2026:16:05:35 -0300] "POST /xmlrpc.php HTTP/1.1" 200 179 "-" "Mozilla/5.0 (Windows NT 10.0; Win64; x64) AppleWebKit/537.36 (KHTML, like Gecko) Chrome/124.0.6367.207 Safari/537.36"
194.165.16.5 - - [19/Mar/2026:16:05:37 -0300] "POST /xmlrpc.php HTTP/1.1" 200 6526 "-" "Mozilla/5.0 (Macintosh; Intel Mac OS X 13_5) AppleWebKit/605.1.15 (KHTML, like Gecko) Version/17.5 Safari/605.1.15"
192.171.88.141 - - [19/Mar/2026:16:05:51 -0300] "GET /2026/03/03/jonh-vegas-casino-no-deposit-bonus-codes-for-free/ HTTP/1.1" 200 28857 "-" "Mozilla/5.0 (compatible; Googlebot/2.1; +http://www.google.com/bot.html)"
194.165.16.5 - - [19/Mar/2026:16:06:25 -0300] "GET /wp-login.php HTTP/1.1" 200 9184 "-" "Mozilla/5.0 (Macintosh; Intel Mac OS X 13_5) AppleWebKit/605.1.15 (KHTML, like Gecko) Version/17.5 Safari/605.1.15"
162.240.153.75 - - [19/Mar/2026:16:06:28 -0300] "POST /wp-cron.php?doing_wp_cron=1773947188.1361498832702636718750 HTTP/1.1" 200 - "-" "WordPress/6.9.4; https://tiendamolina.vsptdigital.cl"
194.165.16.5 - - [19/Mar/2026:16:06:27 -0300] "POST /xmlrpc.php HTTP/1.1" 200 179 "-" "Mozilla/5.0 (Windows NT 10.0; Win64; x64) AppleWebKit/537.36 (KHTML, like Gecko) Chrome/124.0.6367.207 Safari/537.36"
194.165.16.5 - - [19/Mar/2026:16:06:28 -0300] "POST /xmlrpc.php HTTP/1.1" 200 7005 "-" "Mozilla/5.0 (Macintosh; Intel Mac OS X 13_5) AppleWebKit/605.1.15 (KHTML, like Gecko) Version/17.5 Safari/605.1.15"
23.95.99.90 - - [19/Mar/2026:16:08:39 -0300] "GET /2026/03/03/jonh-vegas-casino-no-deposit-bonus-codes-for-free/ HTTP/1.1" 200 28857 "https://tiendamolina.vsptdigital.cl/" "Mozilla/5.0 (Windows NT 10.0; Win64; x64; Xbox; Xbox One) AppleWebKit/537.36 (KHTML, like Gecko) Chrome/114.0.0.0 Safari/537.36 Edge/44.18363.8131"
23.95.99.90 - - [19/Mar/2026:16:08:46 -0300] "GET /wp-login.php?action=register HTTP/1.1" 302 - "https://tiendamolina.vsptdigital.cl/2026/03/03/jonh-vegas-casino-no-deposit-bonus-codes-for-free/" "Mozilla/5.0 (Windows NT 6.3; Win64; x64) AppleWebKit/537.36 (KHTML, like Gecko) Chrome/103.0.0.0 Safari/537.36"
23.95.99.90 - - [19/Mar/2026:16:08:47 -0300] "GET /wp-login.php?registration=disabled HTTP/1.1" 200 9387 "https://tiendamolina.vsptdigital.cl/wp-login.php?action=register" "Mozilla/5.0 (Windows NT 6.3; Win64; x64) AppleWebKit/537.36 (KHTML, like Gecko) Chrome/103.0.0.0 Safari/537.36"
172.93.212.221 - - [19/Mar/2026:16:09:13 -0300] "GET /2026/02/27/imd-sevilla-resultados/ HTTP/1.1" 200 28870 "-" "Mozilla/5.0 (Macintosh; Intel Mac OS X 12_5) AppleWebKit/537.36 (KHTML, like Gecko) Chrome/114.0.0.0 Safari/537.36"
218.234.149.4 - - [19/Mar/2026:16:11:20 -0300] "GET /2026/03/16/harrahs-casino-bonus-codes-2026/ HTTP/1.1" 200 28448 "https://tiendamolina.vsptdigital.cl/" "Mozilla/5.0 (Windows NT 10.0; Win64; x64; Xbox; Xbox One) AppleWebKit/537.36 (KHTML, like Gecko) Chrome/114.0.0.0 Safari/537.36 Edge/44.18363.8131"
218.234.149.4 - - [19/Mar/2026:16:11:23 -0300] "GET /2026/03/16/harrahs-casino-bonus-codes-2026/ HTTP/1.1" 200 28448 "https://tiendamolina.vsptdigital.cl/2026/03/16/harrahs-casino-bonus-codes-2026/" "Mozilla/5.0 (Windows NT 10.0; Win64; x64; Xbox; Xbox One) AppleWebKit/537.36 (KHTML, like Gecko) Chrome/114.0.0.0 Safari/537.36 Edge/44.18363.8131"
207.47.253.243 - - [19/Mar/2026:16:12:05 -0300] "GET /2026/03/03/jonh-vegas-casino-no-deposit-bonus-codes-for-free/ HTTP/1.1" 200 28857 "https://tiendamolina.vsptdigital.cl/" "Mozilla/5.0 (Linux x86_64; rv:114.0) Gecko/20100101 Firefox/114.0"
118.189.242.201 - - [19/Mar/2026:16:12:38 -0300] "GET /2026/03/04/jackpot-spin-pay-real-money/ HTTP/1.1" 200 29191 "-" "Mozilla/5.0 (Macintosh; Intel Mac OS X 12_5) AppleWebKit/537.36 (KHTML, like Gecko) Chrome/114.0.0.0 Safari/537.36 Edg/114.0.1264.71"
185.192.21.36 - - [19/Mar/2026:16:12:44 -0300] "POST /xmlrpc.php HTTP/1.1" 200 1611 "-" "Mozilla/5.0 (X11; Linux i686) AppleWebKit/537.36 (KHTML, like Gecko) Chrome/114.0.0.0 Safari/537.36 Vivaldi/5.3.2679.68"
162.240.153.75 - - [19/Mar/2026:16:12:46 -0300] "POST /wp-cron.php?doing_wp_cron=1773947566.1779649257659912109375 HTTP/1.1" 200 - "-" "WordPress/6.9.4; https://tiendamolina.vsptdigital.cl"
185.192.21.36 - - [19/Mar/2026:16:12:45 -0300] "POST /xmlrpc.php HTTP/1.1" 200 179 "-" "Mozilla/5.0 (X11; Linux i686) AppleWebKit/537.36 (KHTML, like Gecko) Chrome/114.0.0.0 Safari/537.36 Vivaldi/5.3.2679.68"
185.192.21.36 - - [19/Mar/2026:16:12:46 -0300] "POST /xmlrpc.php HTTP/1.1" 200 5318 "-" "Mozilla/5.0 (X11; Linux i686) AppleWebKit/537.36 (KHTML, like Gecko) Chrome/114.0.0.0 Safari/537.36 Vivaldi/5.3.2679.68"
159.26.104.38 - - [19/Mar/2026:16:13:50 -0300] "GET /2026/02/09/interwetten-einzahlungsmethoden/ HTTP/1.1" 200 27726 "https://tiendamolina.vsptdigital.cl/" "Mozilla/5.0 (X11; Ubuntu; Linux x86_64; rv:114.0) Gecko/20100101 Firefox/114.0"
159.26.104.38 - - [19/Mar/2026:16:13:53 -0300] "GET /wp-login.php?action=register HTTP/1.1" 302 - "https://tiendamolina.vsptdigital.cl/2026/02/09/interwetten-einzahlungsmethoden/" "Mozilla/5.0 (Windows NT 6.3; Win64; x64) AppleWebKit/537.36 (KHTML, like Gecko) Chrome/103.0.0.0 Safari/537.36"
159.26.104.38 - - [19/Mar/2026:16:13:54 -0300] "GET /wp-login.php?registration=disabled HTTP/1.1" 200 9387 "https://tiendamolina.vsptdigital.cl/wp-login.php?action=register" "Mozilla/5.0 (Windows NT 6.3; Win64; x64) AppleWebKit/537.36 (KHTML, like Gecko) Chrome/103.0.0.0 Safari/537.36"
185.192.21.32 - - [19/Mar/2026:16:14:49 -0300] "POST /xmlrpc.php HTTP/1.1" 200 1611 "-" "Mozilla/5.0 (Windows NT 10.0; WOW64; x64) AppleWebKit/537.36 (KHTML, like Gecko) Chrome/114.0.0.0 Safari/537.36 OPR/89.0.4447.51"
162.240.153.75 - - [19/Mar/2026:16:14:53 -0300] "POST /wp-cron.php?doing_wp_cron=1773947693.1601860523223876953125 HTTP/1.1" 200 - "-" "WordPress/6.9.4; https://tiendamolina.vsptdigital.cl"
185.192.21.32 - - [19/Mar/2026:16:14:52 -0300] "POST /xmlrpc.php HTTP/1.1" 200 179 "-" "Mozilla/5.0 (Windows NT 10.0; WOW64; x64) AppleWebKit/537.36 (KHTML, like Gecko) Chrome/114.0.0.0 Safari/537.36 OPR/89.0.4447.51"
185.192.21.32 - - [19/Mar/2026:16:14:54 -0300] "POST /xmlrpc.php HTTP/1.1" 200 5807 "-" "Mozilla/5.0 (Windows NT 10.0; WOW64; x64) AppleWebKit/537.36 (KHTML, like Gecko) Chrome/114.0.0.0 Safari/537.36 OPR/89.0.4447.51"
14.178.10.112 - - [19/Mar/2026:16:17:47 -0300] "GET /2026/01/21/interwetten-app/ HTTP/1.1" 200 28270 "-" "Mozilla/5.0 (Macintosh; Intel Mac OS X 12_5) AppleWebKit/537.36 (KHTML, like Gecko) Chrome/114.0.0.0 Safari/537.36 Edg/114.0.1264.71"
212.34.148.156 - - [19/Mar/2026:16:17:55 -0300] "GET /2025/10/27/www-tipico-com/ HTTP/1.1" 200 27540 "https://tiendamolina.vsptdigital.cl/" "Mozilla/5.0 (X11; Linux i686) AppleWebKit/537.36 (KHTML, like Gecko) Chrome/114.0.0.0 Safari/537.36 Vivaldi/5.3.2679.68"
212.34.148.156 - - [19/Mar/2026:16:17:57 -0300] "GET /wp-includes/css/dist/block-library/style.min.css?ver=6.9.4 HTTP/1.1" 200 119358 "https://tiendamolina.vsptdigital.cl/2025/10/27/www-tipico-com/" "Mozilla/5.0 (Windows NT 10.0; Win64; x64) AppleWebKit/537.36 (KHTML, like Gecko) Chrome/143.0.0.0 Safari/537.36"
212.34.148.156 - - [19/Mar/2026:16:17:58 -0300] "GET /wp-content/plugins/contact-form-7/includes/css/styles.css?ver=6.0.1 HTTP/1.1" 200 2894 "https://tiendamolina.vsptdigital.cl/2025/10/27/www-tipico-com/" "Mozilla/5.0 (Windows NT 10.0; Win64; x64) AppleWebKit/537.36 (KHTML, like Gecko) Chrome/143.0.0.0 Safari/537.36"
212.34.148.156 - - [19/Mar/2026:16:17:58 -0300] "GET /wp-content/themes/hello-elementor/style.min.css?ver=3.1.1 HTTP/1.1" 200 5501 "https://tiendamolina.vsptdigital.cl/2025/10/27/www-tipico-com/" "Mozilla/5.0 (Windows NT 10.0; Win64; x64) AppleWebKit/537.36 (KHTML, like Gecko) Chrome/143.0.0.0 Safari/537.36"
212.34.148.156 - - [19/Mar/2026:16:17:58 -0300] "GET /wp-content/themes/hello-elementor/theme.min.css?ver=3.1.1 HTTP/1.1" 200 5146 "https://tiendamolina.vsptdigital.cl/2025/10/27/www-tipico-com/" "Mozilla/5.0 (Windows NT 10.0; Win64; x64) AppleWebKit/537.36 (KHTML, like Gecko) Chrome/143.0.0.0 Safari/537.36"
212.34.148.156 - - [19/Mar/2026:16:17:59 -0300] "GET /wp-content/themes/hello-elementor/header-footer.min.css?ver=3.1.1 HTTP/1.1" 200 7212 "https://tiendamolina.vsptdigital.cl/2025/10/27/www-tipico-com/" "Mozilla/5.0 (Windows NT 10.0; Win64; x64) AppleWebKit/537.36 (KHTML, like Gecko) Chrome/143.0.0.0 Safari/537.36"
212.34.148.156 - - [19/Mar/2026:16:17:59 -0300] "GET /wp-content/plugins/elementor/assets/css/frontend.min.css?ver=3.25.11 HTTP/1.1" 200 60575 "https://tiendamolina.vsptdigital.cl/2025/10/27/www-tipico-com/" "Mozilla/5.0 (Windows NT 10.0; Win64; x64) AppleWebKit/537.36 (KHTML, like Gecko) Chrome/143.0.0.0 Safari/537.36"
212.34.148.156 - - [19/Mar/2026:16:18:00 -0300] "GET /wp-content/uploads/elementor/css/post-5.css?ver=1734013235 HTTP/1.1" 200 1372 "https://tiendamolina.vsptdigital.cl/2025/10/27/www-tipico-com/" "Mozilla/5.0 (Windows NT 10.0; Win64; x64) AppleWebKit/537.36 (KHTML, like Gecko) Chrome/143.0.0.0 Safari/537.36"
