159.138.0.42 - - [19/Mar/2026:10:46:05 -0300] "GET /wp-includes/css/dist/block-library/style.min.css?ver=6.9.4 HTTP/1.1" 200 119358 "https://tiendamolina.vsptdigital.cl/2026/03/03/jokers-pokies-geelong/" "Mozilla/5.0 (Macintosh; Intel Mac OS X 10_15_7) AppleWebKit/537.36 (KHTML, like Gecko) Chrome/143.0.0.0 Safari/537.36"
159.138.0.42 - - [19/Mar/2026:10:46:06 -0300] "GET /wp-content/plugins/contact-form-7/includes/css/styles.css?ver=6.0.1 HTTP/1.1" 200 2894 "https://tiendamolina.vsptdigital.cl/2026/03/03/jokers-pokies-geelong/" "Mozilla/5.0 (Macintosh; Intel Mac OS X 10_15_7) AppleWebKit/537.36 (KHTML, like Gecko) Chrome/143.0.0.0 Safari/537.36"
159.138.0.42 - - [19/Mar/2026:10:46:06 -0300] "GET /wp-content/plugins/elementor/assets/lib/eicons/css/elementor-icons.min.css?ver=5.34.0 HTTP/1.1" 200 20060 "https://tiendamolina.vsptdigital.cl/2026/03/03/jokers-pokies-geelong/" "Mozilla/5.0 (Macintosh; Intel Mac OS X 10_15_7) AppleWebKit/537.36 (KHTML, like Gecko) Chrome/143.0.0.0 Safari/537.36"
159.138.0.42 - - [19/Mar/2026:10:46:06 -0300] "GET /wp-content/themes/hello-elementor/header-footer.min.css?ver=3.1.1 HTTP/1.1" 200 7212 "https://tiendamolina.vsptdigital.cl/2026/03/03/jokers-pokies-geelong/" "Mozilla/5.0 (Macintosh; Intel Mac OS X 10_15_7) AppleWebKit/537.36 (KHTML, like Gecko) Chrome/143.0.0.0 Safari/537.36"
159.138.0.42 - - [19/Mar/2026:10:46:06 -0300] "GET /wp-content/plugins/elementor/assets/css/conditionals/e-swiper.min.css?ver=3.25.11 HTTP/1.1" 200 10260 "https://tiendamolina.vsptdigital.cl/2026/03/03/jokers-pokies-geelong/" "Mozilla/5.0 (Macintosh; Intel Mac OS X 10_15_7) AppleWebKit/537.36 (KHTML, like Gecko) Chrome/143.0.0.0 Safari/537.36"
159.138.0.42 - - [19/Mar/2026:10:46:06 -0300] "GET /wp-includes/js/dist/i18n.min.js?ver=c26c3dc7bed366793375 HTTP/1.1" 200 5314 "https://tiendamolina.vsptdigital.cl/2026/03/03/jokers-pokies-geelong/" "Mozilla/5.0 (Macintosh; Intel Mac OS X 10_15_7) AppleWebKit/537.36 (KHTML, like Gecko) Chrome/143.0.0.0 Safari/537.36"
159.138.0.42 - - [19/Mar/2026:10:46:06 -0300] "GET /wp-includes/js/dist/hooks.min.js?ver=dd5603f07f9220ed27f1 HTTP/1.1" 200 5661 "https://tiendamolina.vsptdigital.cl/2026/03/03/jokers-pokies-geelong/" "Mozilla/5.0 (Macintosh; Intel Mac OS X 10_15_7) AppleWebKit/537.36 (KHTML, like Gecko) Chrome/143.0.0.0 Safari/537.36"
159.138.0.42 - - [19/Mar/2026:10:46:06 -0300] "GET /wp-content/plugins/contact-form-7/includes/js/index.js?ver=6.0.1 HTTP/1.1" 200 13452 "https://tiendamolina.vsptdigital.cl/2026/03/03/jokers-pokies-geelong/" "Mozilla/5.0 (Macintosh; Intel Mac OS X 10_15_7) AppleWebKit/537.36 (KHTML, like Gecko) Chrome/143.0.0.0 Safari/537.36"
159.138.0.42 - - [19/Mar/2026:10:46:06 -0300] "GET /wp-includes/js/comment-reply.min.js?ver=6.9.4 HTTP/1.1" 200 3026 "https://tiendamolina.vsptdigital.cl/2026/03/03/jokers-pokies-geelong/" "Mozilla/5.0 (Macintosh; Intel Mac OS X 10_15_7) AppleWebKit/537.36 (KHTML, like Gecko) Chrome/143.0.0.0 Safari/537.36"
159.138.0.42 - - [19/Mar/2026:10:46:06 -0300] "GET /wp-content/plugins/contact-form-7/includes/swv/js/index.js?ver=6.0.1 HTTP/1.1" 200 12512 "https://tiendamolina.vsptdigital.cl/2026/03/03/jokers-pokies-geelong/" "Mozilla/5.0 (Macintosh; Intel Mac OS X 10_15_7) AppleWebKit/537.36 (KHTML, like Gecko) Chrome/143.0.0.0 Safari/537.36"
94.74.111.152 - - [19/Mar/2026:10:46:48 -0300] "GET /2026/03/10/joker-room-casino-australia/ HTTP/1.1" 200 28565 "https://Tiendamolina.vsptdigital.cl/2026/03/10/joker-room-casino-australia/#respond" "Mozilla/5.0 (Macintosh; Intel Mac OS X 10_15_7) AppleWebKit/537.36 (KHTML, like Gecko) Chrome/123.0.0.0 Safari/537.36"
162.240.153.75 - - [19/Mar/2026:10:50:02 -0300] "POST /wp-cron.php?doing_wp_cron=1773928202.3786609172821044921875 HTTP/1.1" 200 - "-" "WordPress/6.9.4; https://tiendamolina.vsptdigital.cl"
23.104.184.49 - - [19/Mar/2026:10:50:01 -0300] "GET /2026/03/16/harrahs-casino-bonus-codes-2026/ HTTP/1.1" 200 28448 "https://tiendamolina.vsptdigital.cl/" "Mozilla/5.0 (Windows NT 10.0; WOW64; x64) AppleWebKit/537.36 (KHTML, like Gecko) Chrome/114.0.0.0 Safari/537.36 OPR/89.0.4447.51"
23.104.184.49 - - [19/Mar/2026:10:50:11 -0300] "GET /wp-login.php?action=register HTTP/1.1" 302 - "https://tiendamolina.vsptdigital.cl/2026/03/16/harrahs-casino-bonus-codes-2026/" "Mozilla/5.0 (Windows NT 6.3; Win64; x64) AppleWebKit/537.36 (KHTML, like Gecko) Chrome/103.0.0.0 Safari/537.36"
23.104.184.49 - - [19/Mar/2026:10:50:12 -0300] "GET /wp-login.php?registration=disabled HTTP/1.1" 200 9387 "https://tiendamolina.vsptdigital.cl/wp-login.php?action=register" "Mozilla/5.0 (Windows NT 6.3; Win64; x64) AppleWebKit/537.36 (KHTML, like Gecko) Chrome/103.0.0.0 Safari/537.36"
85.90.208.149 - - [19/Mar/2026:10:51:50 -0300] "POST /xmlrpc.php HTTP/1.1" 200 1611 "-" "Mozilla/5.0 (Windows NT 10.0; Win64; x64) AppleWebKit/537.36 (KHTML, like Gecko) Chrome/108.0.0.0 Safari/537.36"
162.240.153.75 - - [19/Mar/2026:10:51:53 -0300] "POST /wp-cron.php?doing_wp_cron=1773928313.6553170680999755859375 HTTP/1.1" 200 - "-" "WordPress/6.9.4; https://tiendamolina.vsptdigital.cl"
85.90.208.149 - - [19/Mar/2026:10:51:53 -0300] "POST /xmlrpc.php HTTP/1.1" 200 179 "-" "Mozilla/5.0 (Windows NT 10.0; Win64; x64) AppleWebKit/537.36 (KHTML, like Gecko) Chrome/108.0.0.0 Safari/537.36"
85.90.208.149 - - [19/Mar/2026:10:51:54 -0300] "POST /xmlrpc.php HTTP/1.1" 200 6505 "-" "Mozilla/5.0 (Windows NT 10.0; Win64; x64) AppleWebKit/537.36 (KHTML, like Gecko) Chrome/108.0.0.0 Safari/537.36"
51.68.236.69 - - [19/Mar/2026:10:52:00 -0300] "GET /robots.txt HTTP/1.1" 200 67 "-" "Mozilla/5.0 (compatible; MJ12bot/v2.0.5; http://mj12bot.com/)"
51.68.236.69 - - [19/Mar/2026:10:52:01 -0300] "GET / HTTP/1.1" 200 55517 "-" "Mozilla/5.0 (compatible; MJ12bot/v2.0.5; http://mj12bot.com/)"
212.47.73.90 - - [19/Mar/2026:10:52:08 -0300] "GET /2026/03/17/highest-paying-slots-online/ HTTP/1.1" 200 28109 "-" "Mozilla/5.0 (compatible; Googlebot/2.1; +http://www.google.com/bot.html)"
92.63.224.146 - - [19/Mar/2026:10:54:06 -0300] "POST /xmlrpc.php HTTP/1.1" 200 1611 "-" "Mozilla/5.0 (Windows NT 10.0; Win64; x64) AppleWebKit/537.36 (KHTML, like Gecko) Chrome/79.0.3945.130 Safari/537.36 OPR/66.0.3515.103"
47.79.51.12 - - [19/Mar/2026:10:54:08 -0300] "GET /2025/11/17/vivre-des-paris-sportifs-pronostics/ HTTP/1.1" 200 28190 "-" "Mozilla/5.0 (Macintosh; Intel Mac OS X 10_15_7) AppleWebKit/537.36 (KHTML, like Gecko) Chrome/146.0.0.0 Safari/537.36"
162.240.153.75 - - [19/Mar/2026:10:54:10 -0300] "POST /wp-cron.php?doing_wp_cron=1773928450.6205239295959472656250 HTTP/1.1" 200 - "-" "WordPress/6.9.4; https://tiendamolina.vsptdigital.cl"
92.63.224.146 - - [19/Mar/2026:10:54:10 -0300] "POST /xmlrpc.php HTTP/1.1" 200 179 "-" "Mozilla/5.0 (Windows NT 10.0; Win64; x64) AppleWebKit/537.36 (KHTML, like Gecko) Chrome/79.0.3945.130 Safari/537.36 OPR/66.0.3515.103"
92.63.224.146 - - [19/Mar/2026:10:54:13 -0300] "POST /xmlrpc.php HTTP/1.1" 200 5252 "-" "Mozilla/5.0 (Windows NT 10.0; Win64; x64) AppleWebKit/537.36 (KHTML, like Gecko) Chrome/79.0.3945.130 Safari/537.36 OPR/66.0.3515.103"
191.118.11.254 - - [19/Mar/2026:10:54:53 -0300] "GET /2025/12/02/pari-basket-liste-longue-vendredi-samedi/ HTTP/1.1" 200 29167 "-" "Mozilla/5.0 (Windows NT 10.0; Win64; x64) AppleWebKit/537.36 (KHTML, like Gecko) Chrome/92.0.4515.159 Safari/537.36"
45.135.33.217 - - [19/Mar/2026:10:55:09 -0300] "GET /2026/02/09/italien-fuball-hosen/ HTTP/1.1" 200 27688 "-" "Mozilla/5.0 (Macintosh; Intel Mac OS X 12_5) AppleWebKit/537.36 (KHTML, like Gecko) Chrome/114.0.0.0 Safari/537.36"
92.63.224.151 - - [19/Mar/2026:10:58:53 -0300] "POST /xmlrpc.php HTTP/1.1" 200 1611 "-" "Mozilla/5.0 (Windows NT 10.0; Win64; x64) AppleWebKit/537.36 (KHTML, like Gecko) Chrome/120.0.0.0 Safari/537.36"
162.240.153.75 - - [19/Mar/2026:10:58:57 -0300] "POST /wp-cron.php?doing_wp_cron=1773928737.4476690292358398437500 HTTP/1.1" 200 - "-" "WordPress/6.9.4; https://tiendamolina.vsptdigital.cl"
92.63.224.151 - - [19/Mar/2026:10:58:56 -0300] "POST /xmlrpc.php HTTP/1.1" 200 179 "-" "Mozilla/5.0 (Windows NT 10.0; Win64; x64) AppleWebKit/537.36 (KHTML, like Gecko) Chrome/120.0.0.0 Safari/537.36"
92.63.224.151 - - [19/Mar/2026:10:58:59 -0300] "POST /xmlrpc.php HTTP/1.1" 200 7056 "-" "Mozilla/5.0 (Windows NT 10.0; Win64; x64) AppleWebKit/537.36 (KHTML, like Gecko) Chrome/120.0.0.0 Safari/537.36"
194.165.16.5 - - [19/Mar/2026:10:59:14 -0300] "GET /wp-login.php HTTP/1.1" 200 9184 "-" "Mozilla/5.0 (Windows NT 10.0; Win64; x64; rv:127.0) Gecko/20100101 Firefox/127.0"
162.240.153.75 - - [19/Mar/2026:10:59:16 -0300] "POST /wp-cron.php?doing_wp_cron=1773928756.5152540206909179687500 HTTP/1.1" 200 - "-" "WordPress/6.9.4; https://tiendamolina.vsptdigital.cl"
194.165.16.5 - - [19/Mar/2026:10:59:15 -0300] "POST /xmlrpc.php HTTP/1.1" 200 179 "-" "Mozilla/5.0 (Windows NT 10.0; Win64; x64; rv:127.0) Gecko/20100101 Firefox/127.0"
194.165.16.5 - - [19/Mar/2026:10:59:17 -0300] "POST /xmlrpc.php HTTP/1.1" 200 7266 "-" "Mozilla/5.0 (Windows NT 10.0; Win64; x64; rv:127.0) Gecko/20100101 Firefox/127.0"
162.212.153.56 - - [19/Mar/2026:11:00:15 -0300] "GET /2026/01/21/interwetten-app/ HTTP/1.1" 200 28270 "-" "Mozilla/5.0 (Macintosh; Intel Mac OS X 12_5) AppleWebKit/537.36 (KHTML, like Gecko) Chrome/114.0.0.0 Safari/537.36"
64.31.20.22 - - [19/Mar/2026:11:00:28 -0300] "GET /2025/12/26/real-madrid-vs-valencia-apuestas/ HTTP/1.1" 200 28177 "https://tiendamolina.vsptdigital.cl/" "Mozilla/5.0 (Windows NT 10.0; WOW64; x64) AppleWebKit/537.36 (KHTML, like Gecko) Chrome/114.0.0.0 Safari/537.36 OPR/89.0.4447.51"
64.31.20.22 - - [19/Mar/2026:11:00:35 -0300] "GET /wp-login.php?action=register HTTP/1.1" 302 - "https://tiendamolina.vsptdigital.cl/2025/12/26/real-madrid-vs-valencia-apuestas/" "Mozilla/5.0 (Windows NT 6.3; Win64; x64) AppleWebKit/537.36 (KHTML, like Gecko) Chrome/103.0.0.0 Safari/537.36"
64.31.20.22 - - [19/Mar/2026:11:00:37 -0300] "GET /wp-login.php?registration=disabled HTTP/1.1" 200 9387 "https://tiendamolina.vsptdigital.cl/wp-login.php?action=register" "Mozilla/5.0 (Windows NT 6.3; Win64; x64) AppleWebKit/537.36 (KHTML, like Gecko) Chrome/103.0.0.0 Safari/537.36"
78.138.127.62 - - [19/Mar/2026:11:04:24 -0300] "GET /2026/01/19/handicap-sin-empate-nba/ HTTP/1.1" 200 28405 "https://tiendamolina.vsptdigital.cl/" "Mozilla/5.0 (Windows NT 10.0; Win64; x64) AppleWebKit/537.36 (KHTML, like Gecko) Chrome/114.0.0.0 Safari/537.36 OPR/89.0.4447.51"
78.138.127.62 - - [19/Mar/2026:11:04:32 -0300] "GET /wp-login.php?action=register HTTP/1.1" 302 - "https://tiendamolina.vsptdigital.cl/2026/01/19/handicap-sin-empate-nba/" "Mozilla/5.0 (Windows NT 6.3; Win64; x64) AppleWebKit/537.36 (KHTML, like Gecko) Chrome/103.0.0.0 Safari/537.36"
78.138.127.62 - - [19/Mar/2026:11:04:36 -0300] "GET /wp-login.php?registration=disabled HTTP/1.1" 200 9387 "https://tiendamolina.vsptdigital.cl/wp-login.php?action=register" "Mozilla/5.0 (Windows NT 6.3; Win64; x64) AppleWebKit/537.36 (KHTML, like Gecko) Chrome/103.0.0.0 Safari/537.36"
113.192.47.123 - - [19/Mar/2026:11:05:45 -0300] "GET /2026/03/03/jonh-vegas-casino-no-deposit-bonus-codes-for-free/ HTTP/1.1" 200 28857 "-" "Mozilla/5.0 (Macintosh; Intel Mac OS X 12_5) AppleWebKit/537.36 (KHTML, like Gecko) Chrome/114.0.0.0 Safari/537.36"
27.106.126.239 - - [19/Mar/2026:11:07:03 -0300] "GET /2026/03/04/jilievo-casino-bonus-codes-2026/ HTTP/1.1" 200 28322 "https://tiendamolina.vsptdigital.cl/2026/03/04/jilievo-casino-bonus-codes-2026/#respond" "Mozilla/5.0 (Macintosh; Intel Mac OS X 10_15_7) AppleWebKit/537.36 (KHTML, like Gecko) Chrome/131.0.0.0 Safari/537.36"
46.30.42.123 - - [19/Mar/2026:11:13:03 -0300] "GET /2026/03/02/jilievo-casino-no-deposit-bonus-codes-for-free/ HTTP/1.1" 200 29165 "-" "Mozilla/5.0 (compatible; Googlebot/2.1; +http://www.google.com/bot.html)"
174.21.50.38 - - [19/Mar/2026:11:15:35 -0300] "GET /2026/03/11/jb-casino-login-app-sign-up/ HTTP/1.1" 200 27998 "https://tiendamolina.vsptdigital.cl/" "Mozilla/5.0 (Macintosh; Intel Mac OS X 12.5; rv:114.0) Gecko/20100101 Firefox/114.0"
174.21.50.38 - - [19/Mar/2026:11:15:37 -0300] "GET /wp-includes/css/dist/block-library/style.min.css?ver=6.9.4 HTTP/1.1" 200 119358 "https://tiendamolina.vsptdigital.cl/2026/03/11/jb-casino-login-app-sign-up/" "Mozilla/5.0 (Windows NT 10.0; Win64; x64) AppleWebKit/537.36 (KHTML, like Gecko) Chrome/143.0.0.0 Safari/537.36"
174.21.50.38 - - [19/Mar/2026:11:15:38 -0300] "GET /wp-content/plugins/contact-form-7/includes/css/styles.css?ver=6.0.1 HTTP/1.1" 200 2894 "https://tiendamolina.vsptdigital.cl/2026/03/11/jb-casino-login-app-sign-up/" "Mozilla/5.0 (Windows NT 10.0; Win64; x64) AppleWebKit/537.36 (KHTML, like Gecko) Chrome/143.0.0.0 Safari/537.36"
174.21.50.38 - - [19/Mar/2026:11:15:38 -0300] "GET /wp-content/themes/hello-elementor/style.min.css?ver=3.1.1 HTTP/1.1" 200 5501 "https://tiendamolina.vsptdigital.cl/2026/03/11/jb-casino-login-app-sign-up/" "Mozilla/5.0 (Windows NT 10.0; Win64; x64) AppleWebKit/537.36 (KHTML, like Gecko) Chrome/143.0.0.0 Safari/537.36"
174.21.50.38 - - [19/Mar/2026:11:15:39 -0300] "GET /wp-content/themes/hello-elementor/theme.min.css?ver=3.1.1 HTTP/1.1" 200 5146 "https://tiendamolina.vsptdigital.cl/2026/03/11/jb-casino-login-app-sign-up/" "Mozilla/5.0 (Windows NT 10.0; Win64; x64) AppleWebKit/537.36 (KHTML, like Gecko) Chrome/143.0.0.0 Safari/537.36"
174.21.50.38 - - [19/Mar/2026:11:15:39 -0300] "GET /wp-content/themes/hello-elementor/header-footer.min.css?ver=3.1.1 HTTP/1.1" 200 7212 "https://tiendamolina.vsptdigital.cl/2026/03/11/jb-casino-login-app-sign-up/" "Mozilla/5.0 (Windows NT 10.0; Win64; x64) AppleWebKit/537.36 (KHTML, like Gecko) Chrome/143.0.0.0 Safari/537.36"
174.21.50.38 - - [19/Mar/2026:11:15:40 -0300] "GET /wp-content/plugins/elementor/assets/css/frontend.min.css?ver=3.25.11 HTTP/1.1" 200 60575 "https://tiendamolina.vsptdigital.cl/2026/03/11/jb-casino-login-app-sign-up/" "Mozilla/5.0 (Windows NT 10.0; Win64; x64) AppleWebKit/537.36 (KHTML, like Gecko) Chrome/143.0.0.0 Safari/537.36"
174.21.50.38 - - [19/Mar/2026:11:15:40 -0300] "GET /wp-content/uploads/elementor/css/post-5.css?ver=1734013235 HTTP/1.1" 200 1372 "https://tiendamolina.vsptdigital.cl/2026/03/11/jb-casino-login-app-sign-up/" "Mozilla/5.0 (Windows NT 10.0; Win64; x64) AppleWebKit/537.36 (KHTML, like Gecko) Chrome/143.0.0.0 Safari/537.36"
174.21.50.38 - - [19/Mar/2026:11:15:40 -0300] "GET /wp-content/plugins/elementor/assets/lib/eicons/css/elementor-icons.min.css?ver=5.34.0 HTTP/1.1" 200 20060 "https://tiendamolina.vsptdigital.cl/2026/03/11/jb-casino-login-app-sign-up/" "Mozilla/5.0 (Windows NT 10.0; Win64; x64) AppleWebKit/537.36 (KHTML, like Gecko) Chrome/143.0.0.0 Safari/537.36"
174.21.50.38 - - [19/Mar/2026:11:15:41 -0300] "GET /wp-content/plugins/elementor/assets/lib/swiper/v8/css/swiper.min.css?ver=8.4.5 HTTP/1.1" 200 16471 "https://tiendamolina.vsptdigital.cl/2026/03/11/jb-casino-login-app-sign-up/" "Mozilla/5.0 (Windows NT 10.0; Win64; x64) AppleWebKit/537.36 (KHTML, like Gecko) Chrome/143.0.0.0 Safari/537.36"
174.21.50.38 - - [19/Mar/2026:11:15:41 -0300] "GET /wp-content/plugins/elementor/assets/css/conditionals/e-swiper.min.css?ver=3.25.11 HTTP/1.1" 200 10260 "https://tiendamolina.vsptdigital.cl/2026/03/11/jb-casino-login-app-sign-up/" "Mozilla/5.0 (Windows NT 10.0; Win64; x64) AppleWebKit/537.36 (KHTML, like Gecko) Chrome/143.0.0.0 Safari/537.36"
174.21.50.38 - - [19/Mar/2026:11:15:42 -0300] "GET /wp-content/plugins/elementor-pro/assets/css/frontend.min.css?ver=3.7.1 HTTP/1.1" 200 480945 "https://tiendamolina.vsptdigital.cl/2026/03/11/jb-casino-login-app-sign-up/" "Mozilla/5.0 (Windows NT 10.0; Win64; x64) AppleWebKit/537.36 (KHTML, like Gecko) Chrome/143.0.0.0 Safari/537.36"
174.21.50.38 - - [19/Mar/2026:11:15:43 -0300] "POST /wp-comments-post.php HTTP/1.1" 302 - "https://tiendamolina.vsptdigital.cl/2026/03/11/jb-casino-login-app-sign-up/" "Mozilla/5.0 (Macintosh; Intel Mac OS X 12.5; rv:114.0) Gecko/20100101 Firefox/114.0"
174.21.50.38 - - [19/Mar/2026:11:15:44 -0300] "GET /2026/03/11/jb-casino-login-app-sign-up/?unapproved=17913&moderation-hash=2b7875fab094daac35f4898ca49b0cc5 HTTP/1.1" 200 29523 "https://tiendamolina.vsptdigital.cl/wp-comments-post.php" "Mozilla/5.0 (Macintosh; Intel Mac OS X 12.5; rv:114.0) Gecko/20100101 Firefox/114.0"
174.21.50.38 - - [19/Mar/2026:11:15:45 -0300] "GET /2026/03/11/jb-casino-login-app-sign-up/ HTTP/1.1" 200 27998 "-" "Mozilla/5.0 (Macintosh; Intel Mac OS X 12.5; rv:114.0) Gecko/20100101 Firefox/114.0"
189.1.222.95 - - [19/Mar/2026:11:16:33 -0300] "GET /2026/03/04/juegos-de-apuestas-online/ HTTP/1.1" 200 28403 "https://Tiendamolina.vsptdigital.cl/2026/03/04/juegos-de-apuestas-online/" "Mozilla/5.0 (Macintosh; Intel Mac OS X 10_15_7) AppleWebKit/537.36 (KHTML, like Gecko) Chrome/120.0.0.0 Safari/537.36"
92.63.224.150 - - [19/Mar/2026:11:16:46 -0300] "POST /xmlrpc.php HTTP/1.1" 200 1611 "-" "Mozilla/5.0 (Macintosh; Intel Mac OS X 12_5) AppleWebKit/537.36 (KHTML, like Gecko) Chrome/114.0.0.0 Safari/537.36 Edg/114.0.1264.71"
162.240.153.75 - - [19/Mar/2026:11:16:55 -0300] "POST /wp-cron.php?doing_wp_cron=1773929815.4953520298004150390625 HTTP/1.1" 200 - "-" "WordPress/6.9.4; https://tiendamolina.vsptdigital.cl"
92.63.224.150 - - [19/Mar/2026:11:16:54 -0300] "POST /xmlrpc.php HTTP/1.1" 200 179 "-" "Mozilla/5.0 (Macintosh; Intel Mac OS X 12_5) AppleWebKit/537.36 (KHTML, like Gecko) Chrome/114.0.0.0 Safari/537.36 Edg/114.0.1264.71"
31.12.93.46 - - [19/Mar/2026:11:17:07 -0300] "GET /2026/02/09/italien-fuball-hosen/ HTTP/1.1" 200 27688 "-" "Mozilla/5.0 (Macintosh; Intel Mac OS X 12_5) AppleWebKit/537.36 (KHTML, like Gecko) Chrome/114.0.0.0 Safari/537.36"
92.63.224.150 - - [19/Mar/2026:11:17:12 -0300] "POST /xmlrpc.php HTTP/1.1" 200 7159 "-" "Mozilla/5.0 (Macintosh; Intel Mac OS X 12_5) AppleWebKit/537.36 (KHTML, like Gecko) Chrome/114.0.0.0 Safari/537.36 Edg/114.0.1264.71"
194.165.16.5 - - [19/Mar/2026:11:18:22 -0300] "GET /wp-login.php HTTP/1.1" 200 9184 "-" "Mozilla/5.0 (Macintosh; Intel Mac OS X 13_5) AppleWebKit/605.1.15 (KHTML, like Gecko) Version/17.5 Safari/605.1.15"
162.240.153.75 - - [19/Mar/2026:11:18:24 -0300] "POST /wp-cron.php?doing_wp_cron=1773929904.3170120716094970703125 HTTP/1.1" 200 - "-" "WordPress/6.9.4; https://tiendamolina.vsptdigital.cl"
194.165.16.5 - - [19/Mar/2026:11:18:23 -0300] "POST /xmlrpc.php HTTP/1.1" 200 179 "-" "Mozilla/5.0 (Macintosh; Intel Mac OS X 13_5) AppleWebKit/605.1.15 (KHTML, like Gecko) Version/17.5 Safari/605.1.15"
194.165.16.5 - - [19/Mar/2026:11:18:25 -0300] "POST /xmlrpc.php HTTP/1.1" 200 6709 "-" "Mozilla/5.0 (Macintosh; Intel Mac OS X 13_5) AppleWebKit/605.1.15 (KHTML, like Gecko) Version/17.5 Safari/605.1.15"
174.21.50.38 - - [19/Mar/2026:11:19:34 -0300] "GET /2026/03/11/jb-casino-login-app-sign-up/ HTTP/1.1" 200 27998 "-" "Mozilla/5.0 (Macintosh; Intel Mac OS X 12_5) AppleWebKit/537.36 (KHTML, like Gecko) Chrome/114.0.0.0 Safari/537.36"
162.240.153.75 - - [19/Mar/2026:11:21:38 -0300] "POST /wp-cron.php?doing_wp_cron=1773930098.5796871185302734375000 HTTP/1.1" 200 - "-" "WordPress/6.9.4; https://tiendamolina.vsptdigital.cl"
113.192.47.123 - - [19/Mar/2026:11:21:37 -0300] "GET /2026/02/27/imd-sevilla-resultados/ HTTP/1.1" 200 28870 "-" "Mozilla/5.0 (Macintosh; Intel Mac OS X 12_5) AppleWebKit/537.36 (KHTML, like Gecko) Chrome/114.0.0.0 Safari/537.36"
5.196.78.175 - - [19/Mar/2026:11:22:56 -0300] "GET /2026/01/21/interwetten-app/ HTTP/1.1" 200 28270 "https://tiendamolina.vsptdigital.cl/" "Mozilla/5.0 (Macintosh; Intel Mac OS X 12_5) AppleWebKit/537.36 (KHTML, like Gecko) Chrome/114.0.0.0 Safari/537.36 Vivaldi/5.3.2679.68"
5.45.70.101 - - [19/Mar/2026:11:22:59 -0300] "POST /xmlrpc.php HTTP/1.1" 200 1611 "-" "Mozilla/5.0 (Windows NT 6.1) AppleWebKit/537.36 (KHTML, like Gecko) Chrome/80.0.3987.132 Safari/537.36"
5.196.78.175 - - [19/Mar/2026:11:23:02 -0300] "GET /wp-login.php?action=register HTTP/1.1" 302 - "https://tiendamolina.vsptdigital.cl/2026/01/21/interwetten-app/" "Mozilla/5.0 (Windows NT 6.3; Win64; x64) AppleWebKit/537.36 (KHTML, like Gecko) Chrome/103.0.0.0 Safari/537.36"
5.196.78.175 - - [19/Mar/2026:11:23:03 -0300] "GET /wp-login.php?registration=disabled HTTP/1.1" 200 9387 "https://tiendamolina.vsptdigital.cl/wp-login.php?action=register" "Mozilla/5.0 (Windows NT 6.3; Win64; x64) AppleWebKit/537.36 (KHTML, like Gecko) Chrome/103.0.0.0 Safari/537.36"
162.240.153.75 - - [19/Mar/2026:11:23:18 -0300] "POST /wp-cron.php?doing_wp_cron=1773930198.6932020187377929687500 HTTP/1.1" 200 - "-" "WordPress/6.9.4; https://tiendamolina.vsptdigital.cl"
5.45.70.101 - - [19/Mar/2026:11:23:17 -0300] "POST /xmlrpc.php HTTP/1.1" 200 179 "-" "Mozilla/5.0 (Windows NT 6.1) AppleWebKit/537.36 (KHTML, like Gecko) Chrome/80.0.3987.132 Safari/537.36"
5.45.70.101 - - [19/Mar/2026:11:23:27 -0300] "POST /xmlrpc.php HTTP/1.1" 200 6591 "-" "Mozilla/5.0 (Windows NT 6.1) AppleWebKit/537.36 (KHTML, like Gecko) Chrome/80.0.3987.132 Safari/537.36"
45.134.253.245 - - [19/Mar/2026:11:28:21 -0300] "GET /2026/02/09/italien-fuball-hosen/ HTTP/1.1" 200 27688 "-" "Mozilla/5.0 (Macintosh; Intel Mac OS X 12_5) AppleWebKit/537.36 (KHTML, like Gecko) Chrome/114.0.0.0 Safari/537.36"
144.172.94.217 - - [19/Mar/2026:11:29:02 -0300] "GET /2025/12/03/interwetten-gutschein-code-2025/ HTTP/1.1" 200 28658 "https://tiendamolina.vsptdigital.cl/" "Mozilla/5.0 (X11; Linux i686; rv:114.0) Gecko/20100101 Firefox/114.0"
144.172.94.217 - - [19/Mar/2026:11:29:10 -0300] "GET /wp-login.php?action=register HTTP/1.1" 302 - "https://tiendamolina.vsptdigital.cl/2025/12/03/interwetten-gutschein-code-2025/" "Mozilla/5.0 (Windows NT 6.3; Win64; x64) AppleWebKit/537.36 (KHTML, like Gecko) Chrome/103.0.0.0 Safari/537.36"
144.172.94.217 - - [19/Mar/2026:11:29:11 -0300] "GET /wp-login.php?registration=disabled HTTP/1.1" 200 9387 "https://tiendamolina.vsptdigital.cl/wp-login.php?action=register" "Mozilla/5.0 (Windows NT 6.3; Win64; x64) AppleWebKit/537.36 (KHTML, like Gecko) Chrome/103.0.0.0 Safari/537.36"
102.212.237.145 - - [19/Mar/2026:11:29:36 -0300] "GET /2026/01/21/interwetten-app/ HTTP/1.1" 200 28270 "https://tiendamolina.vsptdigital.cl/" "Mozilla/5.0 (Windows NT 10.0; Win64; x64) AppleWebKit/537.36 (KHTML, like Gecko) Chrome/114.0.0.0 Safari/537.36"
102.212.237.145 - - [19/Mar/2026:11:29:54 -0300] "GET /2026/01/21/interwetten-app/ HTTP/1.1" 200 28270 "https://tiendamolina.vsptdigital.cl/2026/01/21/interwetten-app/" "Mozilla/5.0 (Windows NT 10.0; Win64; x64) AppleWebKit/537.36 (KHTML, like Gecko) Chrome/114.0.0.0 Safari/537.36"
174.21.50.38 - - [19/Mar/2026:11:30:10 -0300] "GET /2026/03/11/jb-casino-login-app-sign-up/ HTTP/1.1" 200 27998 "-" "Mozilla/5.0 (Macintosh; Intel Mac OS X 12_5) AppleWebKit/537.36 (KHTML, like Gecko) Chrome/114.0.0.0 Safari/537.36"
102.212.237.145 - - [19/Mar/2026:11:30:17 -0300] "GET /2026/01/21/interwetten-app/ HTTP/1.1" 200 28270 "https://tiendamolina.vsptdigital.cl/2026/01/21/interwetten-app/" "Mozilla/5.0 (Windows NT 10.0; Win64; x64) AppleWebKit/537.36 (KHTML, like Gecko) Chrome/114.0.0.0 Safari/537.36"
216.73.216.40 - - [19/Mar/2026:11:32:03 -0300] "GET /robots.txt HTTP/1.1" 200 67 "-" "Mozilla/5.0 AppleWebKit/537.36 (KHTML, like Gecko; compatible; ClaudeBot/1.0; +claudebot@anthropic.com)"
216.73.216.40 - - [19/Mar/2026:11:32:04 -0300] "GET /?p=3221 HTTP/1.1" 301 - "-" "Mozilla/5.0 AppleWebKit/537.36 (KHTML, like Gecko; compatible; ClaudeBot/1.0; +claudebot@anthropic.com)"
216.73.216.40 - - [19/Mar/2026:11:32:05 -0300] "GET /2026/03/11/jonny-cash-casino/ HTTP/1.1" 200 28529 "https://tiendamolina.vsptdigital.cl/?p=3221" "Mozilla/5.0 AppleWebKit/537.36 (KHTML, like Gecko; compatible; ClaudeBot/1.0; +claudebot@anthropic.com)"
216.73.216.40 - - [19/Mar/2026:11:33:06 -0300] "GET /sitemap.xml HTTP/1.1" 301 - "-" "Mozilla/5.0 AppleWebKit/537.36 (KHTML, like Gecko; compatible; ClaudeBot/1.0; +claudebot@anthropic.com)"
216.73.216.40 - - [19/Mar/2026:11:33:07 -0300] "GET /wp-sitemap.xml HTTP/1.1" 404 21204 "https://tiendamolina.vsptdigital.cl/sitemap.xml" "Mozilla/5.0 AppleWebKit/537.36 (KHTML, like Gecko; compatible; ClaudeBot/1.0; +claudebot@anthropic.com)"
185.99.255.75 - - [19/Mar/2026:11:34:59 -0300] "GET /2025/12/03/interwetten-gutschein-code-2025/ HTTP/1.1" 200 28658 "-" "Mozilla/5.0 (Macintosh; Intel Mac OS X 12_5) AppleWebKit/537.36 (KHTML, like Gecko) Chrome/114.0.0.0 Safari/537.36"
216.73.216.40 - - [19/Mar/2026:11:36:42 -0300] "GET /2026/03/11/jonny-cash-casino/feed HTTP/1.1" 301 - "-" "Mozilla/5.0 AppleWebKit/537.36 (KHTML, like Gecko; compatible; ClaudeBot/1.0; +claudebot@anthropic.com)"
216.73.216.40 - - [19/Mar/2026:11:36:45 -0300] "GET /2026/03/11/jonny-cash-casino/feed/ HTTP/1.1" 200 820 "https://tiendamolina.vsptdigital.cl/2026/03/11/jonny-cash-casino/feed" "Mozilla/5.0 AppleWebKit/537.36 (KHTML, like Gecko; compatible; ClaudeBot/1.0; +claudebot@anthropic.com)"
194.165.16.5 - - [19/Mar/2026:11:37:00 -0300] "GET /wp-login.php HTTP/1.1" 200 9184 "-" "Mozilla/5.0 (Macintosh; Intel Mac OS X 13_5) AppleWebKit/605.1.15 (KHTML, like Gecko) Version/17.5 Safari/605.1.15"
162.240.153.75 - - [19/Mar/2026:11:37:02 -0300] "POST /wp-cron.php?doing_wp_cron=1773931022.0991649627685546875000 HTTP/1.1" 200 - "-" "WordPress/6.9.4; https://tiendamolina.vsptdigital.cl"
194.165.16.5 - - [19/Mar/2026:11:37:01 -0300] "POST /xmlrpc.php HTTP/1.1" 200 179 "-" "Mozilla/5.0 (Windows NT 10.0; Win64; x64) AppleWebKit/537.36 (KHTML, like Gecko) Chrome/124.0.6367.207 Safari/537.36"
194.165.16.5 - - [19/Mar/2026:11:37:02 -0300] "POST /xmlrpc.php HTTP/1.1" 200 5273 "-" "Mozilla/5.0 (Windows NT 10.0; Win64; x64; rv:127.0) Gecko/20100101 Firefox/127.0"
46.8.154.190 - - [19/Mar/2026:11:39:36 -0300] "GET /2026/02/09/italien-fuball-hosen/ HTTP/1.1" 200 27688 "-" "Mozilla/5.0 (Macintosh; Intel Mac OS X 12_5) AppleWebKit/537.36 (KHTML, like Gecko) Chrome/114.0.0.0 Safari/537.36"
103.133.107.113 - - [19/Mar/2026:11:48:17 -0300] "GET /2026/02/02/jetx-casino-no-deposit-bonus-codes-for-free-spins/ HTTP/1.1" 200 29181 "https://tiendamolina.vsptdigital.cl/" "Mozilla/5.0 (Linux x86_64; rv:114.0) Gecko/20100101 Firefox/114.0"
103.133.107.113 - - [19/Mar/2026:11:48:20 -0300] "POST /wp-comments-post.php HTTP/1.1" 302 - "https://tiendamolina.vsptdigital.cl/2026/02/02/jetx-casino-no-deposit-bonus-codes-for-free-spins/" "Mozilla/5.0 (Linux x86_64; rv:114.0) Gecko/20100101 Firefox/114.0"
103.133.107.113 - - [19/Mar/2026:11:48:22 -0300] "GET /2026/02/02/jetx-casino-no-deposit-bonus-codes-for-free-spins/?unapproved=17914&moderation-hash=5c643df84e30770e251750cc04f56b19 HTTP/1.1" 200 30974 "https://tiendamolina.vsptdigital.cl/wp-comments-post.php" "Mozilla/5.0 (Linux x86_64; rv:114.0) Gecko/20100101 Firefox/114.0"
103.15.222.42 - - [19/Mar/2026:11:48:23 -0300] "GET /2026/02/02/jetx-casino-no-deposit-bonus-codes-for-free-spins/ HTTP/1.1" 200 29181 "-" "Mozilla/5.0 (Linux x86_64; rv:114.0) Gecko/20100101 Firefox/114.0"
212.119.41.43 - - [19/Mar/2026:11:51:52 -0300] "GET /2026/03/11/jb-casino-login-app-sign-up/ HTTP/1.1" 200 27998 "https://tiendamolina.vsptdigital.cl/" "Mozilla/5.0 (Windows NT 10.0; Win64; x64) AppleWebKit/537.36 (KHTML, like Gecko) Chrome/114.0.0.0 Safari/537.36"
141.98.135.253 - - [19/Mar/2026:11:51:58 -0300] "GET /2026/02/09/italien-fuball-hosen/ HTTP/1.1" 200 27688 "-" "Mozilla/5.0 (Macintosh; Intel Mac OS X 12_5) AppleWebKit/537.36 (KHTML, like Gecko) Chrome/114.0.0.0 Safari/537.36"
103.122.3.28 - - [19/Mar/2026:11:52:42 -0300] "GET /2026/03/03/jonh-vegas-casino-no-deposit-bonus-codes-for-free/ HTTP/1.1" 200 28857 "https://tiendamolina.vsptdigital.cl/" "Mozilla/5.0 (Windows NT 10.0; Win64; x64; rv:114.0) Gecko/20100101 Firefox/114.0"
185.225.41.191 - - [19/Mar/2026:11:53:31 -0300] "GET /2025/10/28/wanabet-bono-de-bienvenida-apuestas-online/ HTTP/1.1" 200 29321 "-" "Mozilla/5.0 (Windows NT 10.0; Win64; x64) AppleWebKit/537.36 (KHTML, like Gecko) Chrome/90.0.4430.93 Safari/537.36"
3.248.206.38 - - [19/Mar/2026:11:53:45 -0300] "GET /2026/03/17/how-does-blackjack-work-at-a-casino/ HTTP/1.1" 200 26917 "-" "Mozilla/5.0 (Macintosh; Intel Mac OS X 10_15_7) AppleWebKit/537.36 (KHTML, like Gecko) Chrome/118.0.0.0 Safari/537.36"
103.15.222.42 - - [19/Mar/2026:11:54:01 -0300] "GET /2026/02/02/jetx-casino-no-deposit-bonus-codes-for-free-spins/ HTTP/1.1" 200 29181 "-" "Mozilla/5.0 (Macintosh; Intel Mac OS X 12_5) AppleWebKit/537.36 (KHTML, like Gecko) Chrome/114.0.0.0 Safari/537.36"
192.3.147.117 - - [19/Mar/2026:11:54:51 -0300] "GET /2025/10/31/wanabet-app-apuestas-deportivas/ HTTP/1.1" 200 28667 "-" "Mozilla/5.0 (compatible; Googlebot/2.1; +http://www.google.com/bot.html)"
194.165.16.5 - - [19/Mar/2026:11:57:49 -0300] "GET /wp-login.php HTTP/1.1" 200 9184 "-" "Mozilla/5.0 (Windows NT 10.0; Win64; x64; rv:127.0) Gecko/20100101 Firefox/127.0"
162.240.153.75 - - [19/Mar/2026:11:57:52 -0300] "POST /wp-cron.php?doing_wp_cron=1773932272.1898629665374755859375 HTTP/1.1" 200 - "-" "WordPress/6.9.4; https://tiendamolina.vsptdigital.cl"
194.165.16.5 - - [19/Mar/2026:11:57:51 -0300] "POST /xmlrpc.php HTTP/1.1" 200 179 "-" "Mozilla/5.0 (Windows NT 10.0; Win64; x64) AppleWebKit/537.36 (KHTML, like Gecko) Chrome/124.0.6367.207 Safari/537.36"
194.165.16.5 - - [19/Mar/2026:11:57:52 -0300] "POST /xmlrpc.php HTTP/1.1" 200 5605 "-" "Mozilla/5.0 (Windows NT 10.0; Win64; x64; rv:127.0) Gecko/20100101 Firefox/127.0"
147.135.213.170 - - [19/Mar/2026:11:58:31 -0300] "GET /robots.txt HTTP/1.1" 200 67 "-" "Mozilla/5.0 (compatible; MJ12bot/v1.4.8; http://mj12bot.com/)"
147.135.213.170 - - [19/Mar/2026:11:58:33 -0300] "GET /2025/10/27/www-tipico-com/feed/ HTTP/1.1" 200 811 "-" "Mozilla/5.0 (compatible; MJ12bot/v1.4.8; http://mj12bot.com/)"
130.51.20.151 - - [19/Mar/2026:12:01:55 -0300] "GET /2026/01/27/jili-evo-casino/ HTTP/1.1" 200 28245 "-" "Mozilla/5.0 (Macintosh; Intel Mac OS X 12_5) AppleWebKit/537.36 (KHTML, like Gecko) Chrome/114.0.0.0 Safari/537.36"
207.47.253.243 - - [19/Mar/2026:12:02:15 -0300] "GET /2026/03/03/jonh-vegas-casino-no-deposit-bonus-codes-for-free/ HTTP/1.1" 200 28857 "-" "Mozilla/5.0 (Macintosh; Intel Mac OS X 12_5) AppleWebKit/537.36 (KHTML, like Gecko) Chrome/114.0.0.0 Safari/537.36"
160.187.120.227 - - [19/Mar/2026:12:03:43 -0300] "GET /2026/02/09/interwetten-einzahlungsmethoden/ HTTP/1.1" 200 27726 "https://tiendamolina.vsptdigital.cl/" "Mozilla/5.0 (Macintosh; Intel Mac OS X 12_5) AppleWebKit/537.36 (KHTML, like Gecko) Chrome/114.0.0.0 Safari/537.36 OPR/89.0.4447.51"
160.187.120.227 - - [19/Mar/2026:12:03:45 -0300] "POST /wp-comments-post.php HTTP/1.1" 302 - "https://tiendamolina.vsptdigital.cl/2026/02/09/interwetten-einzahlungsmethoden/" "Mozilla/5.0 (Macintosh; Intel Mac OS X 12_5) AppleWebKit/537.36 (KHTML, like Gecko) Chrome/114.0.0.0 Safari/537.36 OPR/89.0.4447.51"
160.187.120.227 - - [19/Mar/2026:12:03:46 -0300] "GET /2026/02/09/interwetten-einzahlungsmethoden/?unapproved=17915&moderation-hash=d603ac583a482aac76eacfc37a6eaf09 HTTP/1.1" 200 29279 "https://tiendamolina.vsptdigital.cl/wp-comments-post.php" "Mozilla/5.0 (Macintosh; Intel Mac OS X 12_5) AppleWebKit/537.36 (KHTML, like Gecko) Chrome/114.0.0.0 Safari/537.36 OPR/89.0.4447.51"
160.187.120.227 - - [19/Mar/2026:12:03:47 -0300] "GET /2026/02/09/interwetten-einzahlungsmethoden/ HTTP/1.1" 200 27726 "-" "Mozilla/5.0 (Macintosh; Intel Mac OS X 12_5) AppleWebKit/537.36 (KHTML, like Gecko) Chrome/114.0.0.0 Safari/537.36 OPR/89.0.4447.51"
160.187.120.227 - - [19/Mar/2026:12:04:43 -0300] "GET /2026/02/09/interwetten-einzahlungsmethoden/ HTTP/1.1" 200 27726 "-" "Mozilla/5.0 (Macintosh; Intel Mac OS X 12_5) AppleWebKit/537.36 (KHTML, like Gecko) Chrome/114.0.0.0 Safari/537.36"
141.98.135.253 - - [19/Mar/2026:12:05:19 -0300] "GET /2026/02/09/italien-fuball-hosen/ HTTP/1.1" 200 27688 "-" "Mozilla/5.0 (Macintosh; Intel Mac OS X 12_5) AppleWebKit/537.36 (KHTML, like Gecko) Chrome/114.0.0.0 Safari/537.36"
216.73.216.40 - - [19/Mar/2026:12:06:04 -0300] "GET /sitemap.xml HTTP/1.1" 301 - "-" "Mozilla/5.0 AppleWebKit/537.36 (KHTML, like Gecko; compatible; ClaudeBot/1.0; +claudebot@anthropic.com)"
216.73.216.40 - - [19/Mar/2026:12:06:05 -0300] "GET /wp-sitemap.xml HTTP/1.1" 404 21204 "https://tiendamolina.vsptdigital.cl/sitemap.xml" "Mozilla/5.0 AppleWebKit/537.36 (KHTML, like Gecko; compatible; ClaudeBot/1.0; +claudebot@anthropic.com)"
78.138.127.62 - - [19/Mar/2026:12:06:15 -0300] "GET /2026/02/27/imd-sevilla-resultados/ HTTP/1.1" 200 28870 "https://tiendamolina.vsptdigital.cl/" "Mozilla/5.0 (Macintosh; Intel Mac OS X 12_5) AppleWebKit/537.36 (KHTML, like Gecko) Chrome/114.0.0.0 YaBrowser/22.7.0 Yowser/2.5 Safari/537.36"
78.138.127.62 - - [19/Mar/2026:12:06:24 -0300] "GET /wp-login.php?action=register HTTP/1.1" 302 - "https://tiendamolina.vsptdigital.cl/2026/02/27/imd-sevilla-resultados/" "Mozilla/5.0 (Windows NT 6.3; Win64; x64) AppleWebKit/537.36 (KHTML, like Gecko) Chrome/103.0.0.0 Safari/537.36"
78.138.127.62 - - [19/Mar/2026:12:06:25 -0300] "GET /wp-login.php?registration=disabled HTTP/1.1" 200 9387 "https://tiendamolina.vsptdigital.cl/wp-login.php?action=register" "Mozilla/5.0 (Windows NT 6.3; Win64; x64) AppleWebKit/537.36 (KHTML, like Gecko) Chrome/103.0.0.0 Safari/537.36"
118.189.242.201 - - [19/Mar/2026:12:07:13 -0300] "GET /2026/02/02/pornichet-casino-100-free-spins-bonus-2026/ HTTP/1.1" 200 28016 "-" "Mozilla/5.0 (Macintosh; Intel Mac OS X 12_5) AppleWebKit/537.36 (KHTML, like Gecko) Chrome/114.0.0.0 Safari/537.36"
197.95.127.204 - - [19/Mar/2026:12:07:43 -0300] "GET /2025/10/24/xtip-cloppenburg/ HTTP/1.1" 200 27798 "-" "Mozilla/5.0 (Windows NT 6.1; WOW64) AppleWebKit/537.36 (KHTML, like Gecko) Chrome/87.0.4280.141 Safari/537.36"
113.178.91.28 - - [19/Mar/2026:12:08:29 -0300] "GET /2025/12/26/real-madrid-vs-valencia-apuestas/ HTTP/1.1" 200 28177 "-" "Mozilla/5.0 (Windows NT 6.1; WOW64) AppleWebKit/537.36 (KHTML, like Gecko) Chrome/106.0.0.0 Safari/537.36"
123.25.149.52 - - [19/Mar/2026:12:12:05 -0300] "GET /2026/01/26/johnny-kash-king/ HTTP/1.1" 200 28349 "-" "Mozilla/5.0 (Macintosh; Intel Mac OS X 10_12_6) AppleWebKit/537.36 (KHTML, like Gecko) Chrome/89.0.4389.90 Safari/537.36"
156.241.194.252 - - [19/Mar/2026:12:14:06 -0300] "GET /2026/03/11/jb-casino-login-app-sign-up/ HTTP/1.1" 200 27998 "https://tiendamolina.vsptdigital.cl/" "Mozilla/5.0 (Macintosh; Intel Mac OS X 12_5) AppleWebKit/537.36 (KHTML, like Gecko) Chrome/114.0.0.0 Safari/537.36 Edg/114.0.1264.71"
156.241.194.252 - - [19/Mar/2026:12:14:09 -0300] "GET /wp-login.php?action=register HTTP/1.1" 302 - "https://tiendamolina.vsptdigital.cl/2026/03/11/jb-casino-login-app-sign-up/" "Mozilla/5.0 (Windows NT 6.3; Win64; x64) AppleWebKit/537.36 (KHTML, like Gecko) Chrome/103.0.0.0 Safari/537.36"
156.241.194.252 - - [19/Mar/2026:12:14:10 -0300] "GET /wp-login.php?registration=disabled HTTP/1.1" 200 9387 "https://tiendamolina.vsptdigital.cl/wp-login.php?action=register" "Mozilla/5.0 (Windows NT 6.3; Win64; x64) AppleWebKit/537.36 (KHTML, like Gecko) Chrome/103.0.0.0 Safari/537.36"
36.65.181.28 - - [19/Mar/2026:12:14:16 -0300] "GET /2025/10/30/william-hill-bono-primera-apuesta-apuestas/ HTTP/1.1" 200 28565 "https://tiendamolina.vsptdigital.cl/" "Mozilla/5.0 (Windows NT 10.0; WOW64; x64) AppleWebKit/537.36 (KHTML, like Gecko) Chrome/114.0.0.0 Safari/537.36 OPR/89.0.4447.51"
36.65.181.28 - - [19/Mar/2026:12:14:17 -0300] "GET /wp-login.php?action=register HTTP/1.1" 302 - "https://tiendamolina.vsptdigital.cl/2025/10/30/william-hill-bono-primera-apuesta-apuestas/" "Mozilla/5.0 (Windows NT 6.3; Win64; x64) AppleWebKit/537.36 (KHTML, like Gecko) Chrome/103.0.0.0 Safari/537.36"
36.65.181.28 - - [19/Mar/2026:12:14:19 -0300] "GET /wp-login.php?registration=disabled HTTP/1.1" 200 9387 "https://tiendamolina.vsptdigital.cl/wp-login.php?action=register" "Mozilla/5.0 (Windows NT 6.3; Win64; x64) AppleWebKit/537.36 (KHTML, like Gecko) Chrome/103.0.0.0 Safari/537.36"
185.149.22.119 - - [19/Mar/2026:12:17:17 -0300] "GET /2026/02/09/italien-fuball-hosen/ HTTP/1.1" 200 27688 "-" "Mozilla/5.0 (Macintosh; Intel Mac OS X 12_5) AppleWebKit/537.36 (KHTML, like Gecko) Chrome/114.0.0.0 Safari/537.36"
185.82.72.201 - - [19/Mar/2026:12:17:32 -0300] "GET /2026/02/27/imd-sevilla-resultados/ HTTP/1.1" 200 28870 "-" "Mozilla/5.0 (Macintosh; Intel Mac OS X 12_5) AppleWebKit/537.36 (KHTML, like Gecko) Chrome/114.0.0.0 Safari/537.36"
103.136.107.116 - - [19/Mar/2026:12:18:56 -0300] "GET /2026/01/21/interwetten-app/ HTTP/1.1" 200 28270 "-" "Mozilla/5.0 (Macintosh; Intel Mac OS X 12_5) AppleWebKit/537.36 (KHTML, like Gecko) Chrome/114.0.0.0 Safari/537.36"
194.165.16.5 - - [19/Mar/2026:12:19:36 -0300] "GET /wp-login.php HTTP/1.1" 200 9184 "-" "Mozilla/5.0 (Windows NT 10.0; Win64; x64) AppleWebKit/537.36 (KHTML, like Gecko) Chrome/124.0.6367.207 Safari/537.36"
162.240.153.75 - - [19/Mar/2026:12:19:37 -0300] "POST /wp-cron.php?doing_wp_cron=1773933577.9771709442138671875000 HTTP/1.1" 200 - "-" "WordPress/6.9.4; https://tiendamolina.vsptdigital.cl"
194.165.16.5 - - [19/Mar/2026:12:19:37 -0300] "POST /xmlrpc.php HTTP/1.1" 200 179 "-" "Mozilla/5.0 (Windows NT 10.0; Win64; x64) AppleWebKit/537.36 (KHTML, like Gecko) Chrome/124.0.6367.207 Safari/537.36"
194.165.16.5 - - [19/Mar/2026:12:19:38 -0300] "POST /xmlrpc.php HTTP/1.1" 200 6751 "-" "Mozilla/5.0 (Macintosh; Intel Mac OS X 13_5) AppleWebKit/605.1.15 (KHTML, like Gecko) Version/17.5 Safari/605.1.15"
103.177.168.13 - - [19/Mar/2026:12:20:00 -0300] "GET /2025/12/03/interwetten-gutschein-code-2025/ HTTP/1.1" 200 28658 "-" "Mozilla/5.0 (Macintosh; Intel Mac OS X 12_5) AppleWebKit/537.36 (KHTML, like Gecko) Chrome/114.0.0.0 Safari/537.36"
162.240.153.75 - - [19/Mar/2026:12:21:31 -0300] "POST /wp-cron.php?doing_wp_cron=1773933691.4179089069366455078125 HTTP/1.1" 200 - "-" "WordPress/6.9.4; https://tiendamolina.vsptdigital.cl"
168.119.107.145 - - [19/Mar/2026:12:21:30 -0300] "GET / HTTP/1.1" 200 55517 "-" "Mozilla/5.0 (Windows NT 10.0; Win64; x64) AppleWebKit/537.36 (KHTML, like Gecko) Chrome/131.0.0.0 Safari/537.36"
14.178.10.112 - - [19/Mar/2026:12:22:15 -0300] "GET /2025/11/07/william-hill-bono-primera-apuesta-apuestas-2/ HTTP/1.1" 200 28681 "https://tiendamolina.vsptdigital.cl/" "Mozilla/5.0 (Macintosh; Intel Mac OS X 12_5) AppleWebKit/537.36 (KHTML, like Gecko) Chrome/114.0.0.0 Safari/537.36 OPR/89.0.4447.51"
14.178.10.112 - - [19/Mar/2026:12:22:18 -0300] "POST /wp-comments-post.php HTTP/1.1" 302 - "https://tiendamolina.vsptdigital.cl/2025/11/07/william-hill-bono-primera-apuesta-apuestas-2/" "Mozilla/5.0 (Macintosh; Intel Mac OS X 12_5) AppleWebKit/537.36 (KHTML, like Gecko) Chrome/114.0.0.0 Safari/537.36 OPR/89.0.4447.51"
14.178.10.112 - - [19/Mar/2026:12:22:19 -0300] "GET /2025/11/07/william-hill-bono-primera-apuesta-apuestas-2/?unapproved=17916&moderation-hash=c2a5caf05a4ff1f9cebc76f5ba9263f2 HTTP/1.1" 200 30260 "https://tiendamolina.vsptdigital.cl/wp-comments-post.php" "Mozilla/5.0 (Macintosh; Intel Mac OS X 12_5) AppleWebKit/537.36 (KHTML, like Gecko) Chrome/114.0.0.0 Safari/537.36 OPR/89.0.4447.51"
14.178.10.112 - - [19/Mar/2026:12:22:20 -0300] "GET /2025/11/07/william-hill-bono-primera-apuesta-apuestas-2/ HTTP/1.1" 200 28681 "-" "Mozilla/5.0 (Macintosh; Intel Mac OS X 12_5) AppleWebKit/537.36 (KHTML, like Gecko) Chrome/114.0.0.0 Safari/537.36 OPR/89.0.4447.51"
103.136.107.116 - - [19/Mar/2026:12:22:30 -0300] "GET /2026/03/03/jonh-vegas-casino-no-deposit-bonus-codes-for-free/ HTTP/1.1" 200 28857 "-" "Mozilla/5.0 (Macintosh; Intel Mac OS X 12_5) AppleWebKit/537.36 (KHTML, like Gecko) Chrome/114.0.0.0 Safari/537.36"
103.177.168.13 - - [19/Mar/2026:12:22:44 -0300] "GET /2025/11/11/vivre-des-paris-sportifs-basket-2/ HTTP/1.1" 200 28393 "-" "Mozilla/5.0 (Macintosh; Intel Mac OS X 12_5) AppleWebKit/537.36 (KHTML, like Gecko) Chrome/114.0.0.0 Safari/537.36"
171.234.8.189 - - [19/Mar/2026:12:23:13 -0300] "GET /2025/12/11/jackpot50-bonuscode-sportwetten-ohne-einzahlung/?unapproved=17917&moderation-hash=0b8d6a187f3269711ccf363ccc702465 HTTP/1.1" 200 66187 "http://tiendamolina.vsptdigital.cl/wp-comments-post.php" "Mozilla/5.0 (Windows NT 10.0; Win64; x64) AppleWebKit/537.36 (KHTML, like Gecko) Chrome/114.0.0.0 YaBrowser/22.7.0 Yowser/2.5 Safari/537.36"
147.135.212.230 - - [19/Mar/2026:12:23:52 -0300] "GET /2025/12/03/interwetten-gutschein-code-2025/ HTTP/1.1" 200 28658 "https://tiendamolina.vsptdigital.cl/" "Mozilla/5.0 (X11; Fedora; Linux x86_64; rv:114.0) Gecko/20100101 Firefox/114.0"
45.3.51.117 - - [19/Mar/2026:12:23:56 -0300] "GET /wp-login.php?action=register HTTP/1.1" 302 - "https://tiendamolina.vsptdigital.cl/2025/12/03/interwetten-gutschein-code-2025/" "Mozilla/5.0 (Windows NT 6.3; Win64; x64) AppleWebKit/537.36 (KHTML, like Gecko) Chrome/103.0.0.0 Safari/537.36"
45.3.51.117 - - [19/Mar/2026:12:23:58 -0300] "GET /wp-login.php?registration=disabled HTTP/1.1" 200 9387 "https://tiendamolina.vsptdigital.cl/wp-login.php?action=register" "Mozilla/5.0 (Windows NT 6.3; Win64; x64) AppleWebKit/537.36 (KHTML, like Gecko) Chrome/103.0.0.0 Safari/537.36"
14.178.10.112 - - [19/Mar/2026:12:24:07 -0300] "GET /2025/11/07/william-hill-bono-primera-apuesta-apuestas-2/ HTTP/1.1" 200 28681 "-" "Mozilla/5.0 (Macintosh; Intel Mac OS X 12_5) AppleWebKit/537.36 (KHTML, like Gecko) Chrome/114.0.0.0 Safari/537.36"
95.5.106.126 - - [19/Mar/2026:12:25:27 -0300] "GET /2026/02/27/imd-sevilla-resultados/ HTTP/1.1" 200 28870 "-" "Mozilla/5.0 (Macintosh; Intel Mac OS X 12_5) AppleWebKit/537.36 (KHTML, like Gecko) Chrome/114.0.0.0 Safari/537.36"
14.178.10.112 - - [19/Mar/2026:12:26:13 -0300] "GET /2025/11/07/william-hill-bono-primera-apuesta-apuestas-2/ HTTP/1.1" 200 28681 "-" "Mozilla/5.0 (Macintosh; Intel Mac OS X 12_5) AppleWebKit/537.36 (KHTML, like Gecko) Chrome/114.0.0.0 Safari/537.36"
45.151.145.206 - - [19/Mar/2026:12:28:40 -0300] "GET /2026/02/09/italien-fuball-hosen/ HTTP/1.1" 200 27688 "-" "Mozilla/5.0 (Macintosh; Intel Mac OS X 12_5) AppleWebKit/537.36 (KHTML, like Gecko) Chrome/114.0.0.0 Safari/537.36"
107.152.32.177 - - [19/Mar/2026:12:28:51 -0300] "GET /2025/12/30/hockey-sobre-hielo-equipamiento/ HTTP/1.1" 200 28463 "https://tiendamolina.vsptdigital.cl/" "Mozilla/5.0 (Windows NT 10.0; Win64; x64) AppleWebKit/537.36 (KHTML, like Gecko) Chrome/114.0.0.0 Safari/537.36"
107.152.32.177 - - [19/Mar/2026:12:28:54 -0300] "POST /wp-comments-post.php HTTP/1.1" 302 - "https://tiendamolina.vsptdigital.cl/2025/12/30/hockey-sobre-hielo-equipamiento/" "Mozilla/5.0 (Windows NT 10.0; Win64; x64) AppleWebKit/537.36 (KHTML, like Gecko) Chrome/114.0.0.0 Safari/537.36"
107.152.32.177 - - [19/Mar/2026:12:28:55 -0300] "GET /2025/12/30/hockey-sobre-hielo-equipamiento/?unapproved=17918&moderation-hash=f35c9c666400e1d7131e3e991885b687 HTTP/1.1" 200 30085 "https://tiendamolina.vsptdigital.cl/wp-comments-post.php" "Mozilla/5.0 (Windows NT 10.0; Win64; x64) AppleWebKit/537.36 (KHTML, like Gecko) Chrome/114.0.0.0 Safari/537.36"
107.152.32.177 - - [19/Mar/2026:12:28:56 -0300] "GET /2025/12/30/hockey-sobre-hielo-equipamiento/ HTTP/1.1" 200 28463 "-" "Mozilla/5.0 (Windows NT 10.0; Win64; x64) AppleWebKit/537.36 (KHTML, like Gecko) Chrome/114.0.0.0 Safari/537.36"
52.202.237.12 - - [19/Mar/2026:12:32:10 -0300] "GET / HTTP/1.1" 200 55517 "-" "Mozilla/5.0 (Windows NT 6.1; WOW64) AppleWebKit/536.3 (KHTML, like Gecko) Chrome/19.0.1063.0 Safari/536.3"
185.99.255.75 - - [19/Mar/2026:12:33:30 -0300] "GET /2025/10/23/Ziskove-Sloty-Hry-Zdarma-Bez-Registrace-Bez/ HTTP/1.1" 200 28791 "https://tiendamolina.vsptdigital.cl/" "Mozilla/5.0 (Windows NT 10.0; WOW64) AppleWebKit/537.36 (KHTML, like Gecko) Chrome/114.0.0.0 Safari/537.36"
185.99.255.75 - - [19/Mar/2026:12:33:32 -0300] "GET /wp-includes/css/dist/block-library/style.min.css?ver=6.9.4 HTTP/1.1" 200 119358 "https://tiendamolina.vsptdigital.cl/2025/10/23/Ziskove-Sloty-Hry-Zdarma-Bez-Registrace-Bez/" "Mozilla/5.0 (Windows NT 10.0; Win64; x64) AppleWebKit/537.36 (KHTML, like Gecko) Chrome/143.0.0.0 Safari/537.36"
185.99.255.75 - - [19/Mar/2026:12:33:32 -0300] "GET /wp-content/plugins/contact-form-7/includes/css/styles.css?ver=6.0.1 HTTP/1.1" 200 2894 "https://tiendamolina.vsptdigital.cl/2025/10/23/Ziskove-Sloty-Hry-Zdarma-Bez-Registrace-Bez/" "Mozilla/5.0 (Windows NT 10.0; Win64; x64) AppleWebKit/537.36 (KHTML, like Gecko) Chrome/143.0.0.0 Safari/537.36"
185.99.255.75 - - [19/Mar/2026:12:33:33 -0300] "GET /wp-content/themes/hello-elementor/style.min.css?ver=3.1.1 HTTP/1.1" 200 5501 "https://tiendamolina.vsptdigital.cl/2025/10/23/Ziskove-Sloty-Hry-Zdarma-Bez-Registrace-Bez/" "Mozilla/5.0 (Windows NT 10.0; Win64; x64) AppleWebKit/537.36 (KHTML, like Gecko) Chrome/143.0.0.0 Safari/537.36"
185.99.255.75 - - [19/Mar/2026:12:33:33 -0300] "GET /wp-content/themes/hello-elementor/theme.min.css?ver=3.1.1 HTTP/1.1" 200 5146 "https://tiendamolina.vsptdigital.cl/2025/10/23/Ziskove-Sloty-Hry-Zdarma-Bez-Registrace-Bez/" "Mozilla/5.0 (Windows NT 10.0; Win64; x64) AppleWebKit/537.36 (KHTML, like Gecko) Chrome/143.0.0.0 Safari/537.36"
185.99.255.75 - - [19/Mar/2026:12:33:34 -0300] "GET /wp-content/themes/hello-elementor/header-footer.min.css?ver=3.1.1 HTTP/1.1" 200 7212 "https://tiendamolina.vsptdigital.cl/2025/10/23/Ziskove-Sloty-Hry-Zdarma-Bez-Registrace-Bez/" "Mozilla/5.0 (Windows NT 10.0; Win64; x64) AppleWebKit/537.36 (KHTML, like Gecko) Chrome/143.0.0.0 Safari/537.36"
185.99.255.75 - - [19/Mar/2026:12:33:34 -0300] "GET /wp-content/plugins/elementor/assets/css/frontend.min.css?ver=3.25.11 HTTP/1.1" 200 60575 "https://tiendamolina.vsptdigital.cl/2025/10/23/Ziskove-Sloty-Hry-Zdarma-Bez-Registrace-Bez/" "Mozilla/5.0 (Windows NT 10.0; Win64; x64) AppleWebKit/537.36 (KHTML, like Gecko) Chrome/143.0.0.0 Safari/537.36"
185.99.255.75 - - [19/Mar/2026:12:33:35 -0300] "GET /wp-content/uploads/elementor/css/post-5.css?ver=1734013235 HTTP/1.1" 200 1372 "https://tiendamolina.vsptdigital.cl/2025/10/23/Ziskove-Sloty-Hry-Zdarma-Bez-Registrace-Bez/" "Mozilla/5.0 (Windows NT 10.0; Win64; x64) AppleWebKit/537.36 (KHTML, like Gecko) Chrome/143.0.0.0 Safari/537.36"
185.99.255.75 - - [19/Mar/2026:12:33:35 -0300] "GET /wp-content/plugins/elementor/assets/lib/eicons/css/elementor-icons.min.css?ver=5.34.0 HTTP/1.1" 200 20060 "https://tiendamolina.vsptdigital.cl/2025/10/23/Ziskove-Sloty-Hry-Zdarma-Bez-Registrace-Bez/" "Mozilla/5.0 (Windows NT 10.0; Win64; x64) AppleWebKit/537.36 (KHTML, like Gecko) Chrome/143.0.0.0 Safari/537.36"
185.99.255.75 - - [19/Mar/2026:12:33:36 -0300] "GET /wp-content/plugins/elementor/assets/lib/swiper/v8/css/swiper.min.css?ver=8.4.5 HTTP/1.1" 200 16471 "https://tiendamolina.vsptdigital.cl/2025/10/23/Ziskove-Sloty-Hry-Zdarma-Bez-Registrace-Bez/" "Mozilla/5.0 (Windows NT 10.0; Win64; x64) AppleWebKit/537.36 (KHTML, like Gecko) Chrome/143.0.0.0 Safari/537.36"
185.99.255.75 - - [19/Mar/2026:12:33:36 -0300] "GET /wp-content/plugins/elementor/assets/css/conditionals/e-swiper.min.css?ver=3.25.11 HTTP/1.1" 200 10260 "https://tiendamolina.vsptdigital.cl/2025/10/23/Ziskove-Sloty-Hry-Zdarma-Bez-Registrace-Bez/" "Mozilla/5.0 (Windows NT 10.0; Win64; x64) AppleWebKit/537.36 (KHTML, like Gecko) Chrome/143.0.0.0 Safari/537.36"
185.99.255.75 - - [19/Mar/2026:12:33:37 -0300] "GET /wp-content/plugins/elementor-pro/assets/css/frontend.min.css?ver=3.7.1 HTTP/1.1" 200 480945 "https://tiendamolina.vsptdigital.cl/2025/10/23/Ziskove-Sloty-Hry-Zdarma-Bez-Registrace-Bez/" "Mozilla/5.0 (Windows NT 10.0; Win64; x64) AppleWebKit/537.36 (KHTML, like Gecko) Chrome/143.0.0.0 Safari/537.36"
185.99.255.75 - - [19/Mar/2026:12:33:38 -0300] "POST /wp-comments-post.php HTTP/1.1" 302 - "https://tiendamolina.vsptdigital.cl/2025/10/23/Ziskove-Sloty-Hry-Zdarma-Bez-Registrace-Bez/" "Mozilla/5.0 (Windows NT 10.0; WOW64) AppleWebKit/537.36 (KHTML, like Gecko) Chrome/114.0.0.0 Safari/537.36"
185.99.255.75 - - [19/Mar/2026:12:33:39 -0300] "GET /2025/10/23/ziskove-sloty-hry-zdarma-bez-registrace-bez/?unapproved=17919&moderation-hash=bd364776e94641a3d451c28708677d64 HTTP/1.1" 200 30355 "https://tiendamolina.vsptdigital.cl/wp-comments-post.php" "Mozilla/5.0 (Windows NT 10.0; WOW64) AppleWebKit/537.36 (KHTML, like Gecko) Chrome/114.0.0.0 Safari/537.36"
185.99.255.75 - - [19/Mar/2026:12:33:41 -0300] "GET /2025/10/23/Ziskove-Sloty-Hry-Zdarma-Bez-Registrace-Bez/ HTTP/1.1" 200 28791 "-" "Mozilla/5.0 (Windows NT 10.0; WOW64) AppleWebKit/537.36 (KHTML, like Gecko) Chrome/114.0.0.0 Safari/537.36"
14.178.10.112 - - [19/Mar/2026:12:33:50 -0300] "GET /2026/02/27/imd-sevilla-resultados/ HTTP/1.1" 200 28870 "-" "Mozilla/5.0 (Macintosh; Intel Mac OS X 12_5) AppleWebKit/537.36 (KHTML, like Gecko) Chrome/114.0.0.0 Safari/537.36"
103.177.168.13 - - [19/Mar/2026:12:35:07 -0300] "GET /2026/01/21/interwetten-app/ HTTP/1.1" 200 28270 "https://tiendamolina.vsptdigital.cl/" "Mozilla/5.0 (Macintosh; Intel Mac OS X 12_5) AppleWebKit/537.36 (KHTML, like Gecko) Chrome/114.0.0.0 Safari/537.36"
103.177.168.13 - - [19/Mar/2026:12:35:11 -0300] "POST /wp-comments-post.php HTTP/1.1" 302 - "https://tiendamolina.vsptdigital.cl/2026/01/21/interwetten-app/" "Mozilla/5.0 (Macintosh; Intel Mac OS X 12_5) AppleWebKit/537.36 (KHTML, like Gecko) Chrome/114.0.0.0 Safari/537.36"
103.177.168.13 - - [19/Mar/2026:12:35:14 -0300] "GET /2026/01/21/interwetten-app/ HTTP/1.1" 200 28270 "-" "Mozilla/5.0 (Macintosh; Intel Mac OS X 12_5) AppleWebKit/537.36 (KHTML, like Gecko) Chrome/114.0.0.0 Safari/537.36"
45.86.0.7 - - [19/Mar/2026:12:35:15 -0300] "GET /2025/12/26/real-madrid-vs-valencia-apuestas/ HTTP/1.1" 200 28177 "https://tiendamolina.vsptdigital.cl/" "Mozilla/5.0 (X11; Linux i686; rv:114.0) Gecko/20100101 Firefox/114.0"
45.86.0.7 - - [19/Mar/2026:12:35:23 -0300] "GET /wp-login.php?action=register HTTP/1.1" 302 - "https://tiendamolina.vsptdigital.cl/2025/12/26/real-madrid-vs-valencia-apuestas/" "Mozilla/5.0 (Windows NT 6.3; Win64; x64) AppleWebKit/537.36 (KHTML, like Gecko) Chrome/103.0.0.0 Safari/537.36"
45.86.0.7 - - [19/Mar/2026:12:35:24 -0300] "GET /wp-login.php?registration=disabled HTTP/1.1" 200 9387 "https://tiendamolina.vsptdigital.cl/wp-login.php?action=register" "Mozilla/5.0 (Windows NT 6.3; Win64; x64) AppleWebKit/537.36 (KHTML, like Gecko) Chrome/103.0.0.0 Safari/537.36"
