45.156.87.214 - - [19/Mar/2026:09:57:57 -0300] "GET /?author=1 HTTP/1.1" 301 - "https://www.google.com/search?q=wordpress" "Mozilla/5.0 (Macintosh; Intel Mac OS X 10_15_7) AppleWebKit/537.36 (KHTML, like Gecko) Chrome/119.0.0.0 Safari/537.36"
45.156.87.214 - - [19/Mar/2026:09:57:59 -0300] "GET /author/samuel/ HTTP/1.1" 200 30795 "https://www.google.com/search?q=wordpress" "Mozilla/5.0 (Macintosh; Intel Mac OS X 10_15_7) AppleWebKit/537.36 (KHTML, like Gecko) Chrome/119.0.0.0 Safari/537.36"
45.156.87.214 - - [19/Mar/2026:09:58:01 -0300] "GET /?author=2 HTTP/1.1" 301 - "https://www.google.com/" "Mozilla/5.0 (Windows NT 11.0; Win64; x64) AppleWebKit/537.36 (KHTML, like Gecko) Chrome/119.0.0.0 Safari/537.36"
45.156.87.214 - - [19/Mar/2026:09:58:02 -0300] "GET /author/bravo/ HTTP/1.1" 200 22750 "https://www.google.com/" "Mozilla/5.0 (Windows NT 11.0; Win64; x64) AppleWebKit/537.36 (KHTML, like Gecko) Chrome/119.0.0.0 Safari/537.36"
45.156.87.214 - - [19/Mar/2026:09:58:02 -0300] "GET /?author=3 HTTP/1.1" 200 22780 "https://www.facebook.com/" "Mozilla/5.0 (Macintosh; Intel Mac OS X 10_15_7) AppleWebKit/537.36 (KHTML, like Gecko) Chrome/119.0.0.0 Safari/537.36"
45.156.87.214 - - [19/Mar/2026:09:58:03 -0300] "GET /?author=4 HTTP/1.1" 200 22765 "-" "Mozilla/5.0 (Macintosh; Intel Mac OS X 13_6_1) AppleWebKit/605.1.15 (KHTML, like Gecko) Version/17.0 Safari/605.1.15"
45.156.87.214 - - [19/Mar/2026:09:58:04 -0300] "GET /?author=5 HTTP/1.1" 200 22785 "-" "Mozilla/5.0 (X11; Linux x86_64) AppleWebKit/537.36 (KHTML, like Gecko) Chrome/121.0.0.0 Safari/537.36"
45.156.87.214 - - [19/Mar/2026:09:58:05 -0300] "GET /wp-json/wp/v2/users HTTP/1.1" 200 5526 "" "Mozilla/5.0 (X11; Ubuntu; Linux x86_64) AppleWebKit/537.36 (KHTML, like Gecko) Chrome/121.0.0.0 Safari/537.36"
45.156.87.214 - - [19/Mar/2026:09:58:07 -0300] "POST /wp-login.php HTTP/1.1" 200 9489 "https://vinamar.vsptdigital.cl/wp-login.php" "Mozilla/5.0 (Macintosh; Intel Mac OS X 13_6_1) AppleWebKit/605.1.15 (KHTML, like Gecko) Version/16.6 Safari/605.1.15"
78.138.127.62 - - [19/Mar/2026:09:58:07 -0300] "GET /2025/09/12/free-spin-casino-strategies-basees-sur-les-probabilites/ HTTP/1.1" 200 30109 "https://vinamar.vsptdigital.cl/" "Mozilla/5.0 (Macintosh; Intel Mac OS X 12_5) AppleWebKit/537.36 (KHTML, like Gecko) Chrome/114.0.0.0 Safari/537.36 OPR/89.0.4447.51"
45.156.87.214 - - [19/Mar/2026:09:58:08 -0300] "GET /wp-admin/index.php HTTP/1.1" 302 - "https://vinamar.vsptdigital.cl/wp-login.php" "Mozilla/5.0 (X11; Linux x86_64) AppleWebKit/537.36 (KHTML, like Gecko) Chrome/121.0.0.0 Safari/537.36"
45.156.87.214 - - [19/Mar/2026:09:58:09 -0300] "GET /wp-login.php?redirect_to=https%3A%2F%2Fvinamar.vsptdigital.cl%2Fwp-admin%2Findex.php&reauth=1 HTTP/1.1" 200 9192 "https://vinamar.vsptdigital.cl/wp-login.php" "Mozilla/5.0 (X11; Linux x86_64) AppleWebKit/537.36 (KHTML, like Gecko) Chrome/121.0.0.0 Safari/537.36"
45.156.87.214 - - [19/Mar/2026:09:58:09 -0300] "POST /wp-login.php HTTP/1.1" 200 9498 "https://vinamar.vsptdigital.cl/wp-login.php" "Mozilla/5.0 (Windows NT 11.0; Win64; x64; rv:121.0) Gecko/20100101 Firefox/121.0"
45.156.87.214 - - [19/Mar/2026:09:58:10 -0300] "GET /wp-admin/index.php HTTP/1.1" 302 - "https://vinamar.vsptdigital.cl/wp-login.php" "Mozilla/5.0 (Windows NT 10.0; Win64; x64) AppleWebKit/537.36 (KHTML, like Gecko) Chrome/118.0.0.0 Safari/537.36"
45.156.87.214 - - [19/Mar/2026:09:58:11 -0300] "GET /wp-login.php?redirect_to=https%3A%2F%2Fvinamar.vsptdigital.cl%2Fwp-admin%2Findex.php&reauth=1 HTTP/1.1" 200 9192 "https://vinamar.vsptdigital.cl/wp-login.php" "Mozilla/5.0 (Windows NT 10.0; Win64; x64) AppleWebKit/537.36 (KHTML, like Gecko) Chrome/118.0.0.0 Safari/537.36"
45.156.87.214 - - [19/Mar/2026:09:58:12 -0300] "POST /wp-login.php HTTP/1.1" 200 9496 "https://vinamar.vsptdigital.cl/wp-login.php" "Mozilla/5.0 (Macintosh; Intel Mac OS X 13_6_1) AppleWebKit/537.36 (KHTML, like Gecko) Chrome/121.0.0.0 Safari/537.36"
45.156.87.214 - - [19/Mar/2026:09:58:13 -0300] "GET /wp-admin/index.php HTTP/1.1" 302 - "https://vinamar.vsptdigital.cl/wp-login.php" "Mozilla/5.0 (Windows NT 10.0; Win64; x64; rv:118.0) Gecko/20100101 Firefox/118.0"
45.156.87.214 - - [19/Mar/2026:09:58:13 -0300] "GET /wp-login.php?redirect_to=https%3A%2F%2Fvinamar.vsptdigital.cl%2Fwp-admin%2Findex.php&reauth=1 HTTP/1.1" 200 9192 "https://vinamar.vsptdigital.cl/wp-login.php" "Mozilla/5.0 (Windows NT 10.0; Win64; x64; rv:118.0) Gecko/20100101 Firefox/118.0"
45.156.87.214 - - [19/Mar/2026:09:58:14 -0300] "POST /wp-login.php HTTP/1.1" 200 9498 "https://vinamar.vsptdigital.cl/wp-login.php" "Mozilla/5.0 (Windows NT 11.0; Win64; x64; rv:119.0) Gecko/20100101 Firefox/119.0"
78.138.127.62 - - [19/Mar/2026:09:58:14 -0300] "GET /wp-admin/admin-ajax.php HTTP/1.1" 400 1 "https://vinamar.vsptdigital.cl/2025/09/12/free-spin-casino-strategies-basees-sur-les-probabilites/" "Mozilla/5.0 (Windows NT 6.3; Win64; x64) AppleWebKit/537.36 (KHTML, like Gecko) Chrome/103.0.0.0 Safari/537.36"
45.156.87.214 - - [19/Mar/2026:09:58:15 -0300] "GET /wp-admin/index.php HTTP/1.1" 302 - "https://vinamar.vsptdigital.cl/wp-login.php" "Mozilla/5.0 (Macintosh; Intel Mac OS X 10_15_7; rv:121.0) Gecko/20100101 Firefox/121.0"
45.156.87.214 - - [19/Mar/2026:09:58:16 -0300] "GET /wp-login.php?redirect_to=https%3A%2F%2Fvinamar.vsptdigital.cl%2Fwp-admin%2Findex.php&reauth=1 HTTP/1.1" 200 9192 "https://vinamar.vsptdigital.cl/wp-login.php" "Mozilla/5.0 (Macintosh; Intel Mac OS X 10_15_7; rv:121.0) Gecko/20100101 Firefox/121.0"
45.156.87.214 - - [19/Mar/2026:09:58:16 -0300] "POST /wp-login.php HTTP/1.1" 200 9492 "https://vinamar.vsptdigital.cl/wp-login.php" "Mozilla/5.0 (X11; Linux x86_64) AppleWebKit/537.36 (KHTML, like Gecko) Chrome/121.0.0.0 Safari/537.36"
45.156.87.214 - - [19/Mar/2026:09:58:17 -0300] "GET /wp-admin/index.php HTTP/1.1" 302 - "https://vinamar.vsptdigital.cl/wp-login.php" "Mozilla/5.0 (Windows NT 11.0; Win64; x64; rv:118.0) Gecko/20100101 Firefox/118.0"
45.156.87.214 - - [19/Mar/2026:09:58:18 -0300] "GET /wp-login.php?redirect_to=https%3A%2F%2Fvinamar.vsptdigital.cl%2Fwp-admin%2Findex.php&reauth=1 HTTP/1.1" 200 9192 "https://vinamar.vsptdigital.cl/wp-login.php" "Mozilla/5.0 (Windows NT 11.0; Win64; x64; rv:118.0) Gecko/20100101 Firefox/118.0"
45.156.87.214 - - [19/Mar/2026:09:58:18 -0300] "POST /wp-login.php HTTP/1.1" 200 9493 "https://vinamar.vsptdigital.cl/wp-login.php" "Mozilla/5.0 (Windows NT 10.0; Win64; x64; rv:120.0) Gecko/20100101 Firefox/120.0"
45.156.87.214 - - [19/Mar/2026:09:58:19 -0300] "GET /wp-admin/index.php HTTP/1.1" 302 - "https://vinamar.vsptdigital.cl/wp-login.php" "Mozilla/5.0 (Macintosh; Intel Mac OS X 13_6_1) AppleWebKit/605.1.15 (KHTML, like Gecko) Version/17.0 Safari/605.1.15"
45.156.87.214 - - [19/Mar/2026:09:58:20 -0300] "GET /wp-login.php?redirect_to=https%3A%2F%2Fvinamar.vsptdigital.cl%2Fwp-admin%2Findex.php&reauth=1 HTTP/1.1" 200 9192 "https://vinamar.vsptdigital.cl/wp-login.php" "Mozilla/5.0 (Macintosh; Intel Mac OS X 13_6_1) AppleWebKit/605.1.15 (KHTML, like Gecko) Version/17.0 Safari/605.1.15"
78.138.127.62 - - [19/Mar/2026:09:58:20 -0300] "GET /wp-admin/admin-ajax.php?action=register HTTP/1.1" 400 1 "https://vinamar.vsptdigital.cl/wp-admin/admin-ajax.php" "Mozilla/5.0 (Windows NT 6.3; Win64; x64) AppleWebKit/537.36 (KHTML, like Gecko) Chrome/103.0.0.0 Safari/537.36"
45.156.87.214 - - [19/Mar/2026:09:58:21 -0300] "POST /wp-login.php HTTP/1.1" 200 9497 "https://vinamar.vsptdigital.cl/wp-login.php" "Mozilla/5.0 (Windows NT 10.0; Win64; x64) AppleWebKit/537.36 (KHTML, like Gecko) Chrome/118.0.0.0 Safari/537.36"
78.138.127.62 - - [19/Mar/2026:09:58:22 -0300] "GET /2025/09/12/free-spin-casino-strategies-basees-sur-les-probabilites/ HTTP/1.1" 200 30109 "https://vinamar.vsptdigital.cl/2025/09/12/free-spin-casino-strategies-basees-sur-les-probabilites/" "Mozilla/5.0 (Windows NT 6.3; Win64; x64) AppleWebKit/537.36 (KHTML, like Gecko) Chrome/103.0.0.0 Safari/537.36"
45.156.87.214 - - [19/Mar/2026:09:58:22 -0300] "GET /wp-admin/index.php HTTP/1.1" 302 - "https://vinamar.vsptdigital.cl/wp-login.php" "Mozilla/5.0 (Windows NT 11.0; Win64; x64) AppleWebKit/537.36 (KHTML, like Gecko) Chrome/121.0.0.0 Safari/537.36"
45.156.87.214 - - [19/Mar/2026:09:58:22 -0300] "GET /wp-login.php?redirect_to=https%3A%2F%2Fvinamar.vsptdigital.cl%2Fwp-admin%2Findex.php&reauth=1 HTTP/1.1" 200 9192 "https://vinamar.vsptdigital.cl/wp-login.php" "Mozilla/5.0 (Windows NT 11.0; Win64; x64) AppleWebKit/537.36 (KHTML, like Gecko) Chrome/121.0.0.0 Safari/537.36"
45.156.87.214 - - [19/Mar/2026:09:58:23 -0300] "POST /wp-login.php HTTP/1.1" 200 9490 "https://vinamar.vsptdigital.cl/wp-login.php" "Mozilla/5.0 (Macintosh; Intel Mac OS X 10_15_7) AppleWebKit/605.1.15 (KHTML, like Gecko) Version/17.0 Safari/605.1.15"
45.156.87.214 - - [19/Mar/2026:09:58:24 -0300] "GET /wp-admin/index.php HTTP/1.1" 302 - "https://vinamar.vsptdigital.cl/wp-login.php" "Mozilla/5.0 (Windows NT 11.0; Win64; x64; rv:120.0) Gecko/20100101 Firefox/120.0"
17.22.245.162 - - [19/Mar/2026:09:58:24 -0300] "GET /2025/08/22/%CE%BE-400-casino-freispiele-book-of-dead-%D6%8D-novnetco/ HTTP/1.1" 200 31470 "-" "Mozilla/5.0 (Macintosh; Intel Mac OS X 10_15_7) AppleWebKit/605.1.15 (KHTML, like Gecko) Version/17.4 Safari/605.1.15 (Applebot/0.1; +http://www.apple.com/go/applebot)"
45.156.87.214 - - [19/Mar/2026:09:58:25 -0300] "GET /wp-login.php?redirect_to=https%3A%2F%2Fvinamar.vsptdigital.cl%2Fwp-admin%2Findex.php&reauth=1 HTTP/1.1" 200 9192 "https://vinamar.vsptdigital.cl/wp-login.php" "Mozilla/5.0 (Windows NT 11.0; Win64; x64; rv:120.0) Gecko/20100101 Firefox/120.0"
45.156.87.214 - - [19/Mar/2026:09:58:25 -0300] "POST /wp-login.php HTTP/1.1" 200 9490 "https://vinamar.vsptdigital.cl/wp-login.php" "Mozilla/5.0 (Windows NT 10.0; Win64; x64; rv:121.0) Gecko/20100101 Firefox/121.0"
78.138.127.62 - - [19/Mar/2026:09:58:25 -0300] "GET /wp-includes/css/dist/block-library/style.min.css?ver=6.9.4 HTTP/1.1" 200 119358 "https://vinamar.vsptdigital.cl/2025/09/12/free-spin-casino-strategies-basees-sur-les-probabilites/" "Mozilla/5.0 (Windows NT 10.0; Win64; x64) AppleWebKit/537.36 (KHTML, like Gecko) Chrome/143.0.0.0 Safari/537.36"
45.156.87.214 - - [19/Mar/2026:09:58:26 -0300] "GET /wp-admin/index.php HTTP/1.1" 302 - "https://vinamar.vsptdigital.cl/wp-login.php" "Mozilla/5.0 (X11; Linux x86_64) AppleWebKit/537.36 (KHTML, like Gecko) Chrome/119.0.0.0 Safari/537.36"
45.156.87.214 - - [19/Mar/2026:09:58:27 -0300] "GET /wp-login.php?redirect_to=https%3A%2F%2Fvinamar.vsptdigital.cl%2Fwp-admin%2Findex.php&reauth=1 HTTP/1.1" 200 9192 "https://vinamar.vsptdigital.cl/wp-login.php" "Mozilla/5.0 (X11; Linux x86_64) AppleWebKit/537.36 (KHTML, like Gecko) Chrome/119.0.0.0 Safari/537.36"
45.156.87.214 - - [19/Mar/2026:09:58:28 -0300] "POST /wp-login.php HTTP/1.1" 200 9494 "https://vinamar.vsptdigital.cl/wp-login.php" "Mozilla/5.0 (Windows NT 10.0; Win64; x64; rv:118.0) Gecko/20100101 Firefox/118.0"
78.138.127.62 - - [19/Mar/2026:09:58:28 -0300] "GET /wp-content/plugins/contact-form-7/includes/css/styles.css?ver=5.9.3 HTTP/1.1" 200 2894 "https://vinamar.vsptdigital.cl/2025/09/12/free-spin-casino-strategies-basees-sur-les-probabilites/" "Mozilla/5.0 (Windows NT 10.0; Win64; x64) AppleWebKit/537.36 (KHTML, like Gecko) Chrome/143.0.0.0 Safari/537.36"
45.156.87.214 - - [19/Mar/2026:09:58:28 -0300] "GET /wp-admin/index.php HTTP/1.1" 302 - "https://vinamar.vsptdigital.cl/wp-login.php" "Mozilla/5.0 (Macintosh; Intel Mac OS X 13_6_1) AppleWebKit/605.1.15 (KHTML, like Gecko) Version/16.6 Safari/605.1.15"
45.156.87.214 - - [19/Mar/2026:09:58:29 -0300] "GET /wp-login.php?redirect_to=https%3A%2F%2Fvinamar.vsptdigital.cl%2Fwp-admin%2Findex.php&reauth=1 HTTP/1.1" 200 9192 "https://vinamar.vsptdigital.cl/wp-login.php" "Mozilla/5.0 (Macintosh; Intel Mac OS X 13_6_1) AppleWebKit/605.1.15 (KHTML, like Gecko) Version/16.6 Safari/605.1.15"
45.156.87.214 - - [19/Mar/2026:09:58:30 -0300] "POST /wp-login.php HTTP/1.1" 200 9505 "https://vinamar.vsptdigital.cl/wp-login.php" "Mozilla/5.0 (Macintosh; Intel Mac OS X 10_15_7) AppleWebKit/537.36 (KHTML, like Gecko) Chrome/121.0.0.0 Safari/537.36"
78.138.127.62 - - [19/Mar/2026:09:58:31 -0300] "GET /wp-content/plugins/woocommerce/assets/css/woocommerce-layout.css?ver=8.7.0 HTTP/1.1" 200 17688 "https://vinamar.vsptdigital.cl/2025/09/12/free-spin-casino-strategies-basees-sur-les-probabilites/" "Mozilla/5.0 (Windows NT 10.0; Win64; x64) AppleWebKit/537.36 (KHTML, like Gecko) Chrome/143.0.0.0 Safari/537.36"
45.156.87.214 - - [19/Mar/2026:09:58:30 -0300] "GET /wp-admin/index.php HTTP/1.1" 302 - "https://vinamar.vsptdigital.cl/wp-login.php" "Mozilla/5.0 (Windows NT 11.0; Win64; x64) AppleWebKit/537.36 (KHTML, like Gecko) Chrome/121.0.0.0 Safari/537.36"
45.156.87.214 - - [19/Mar/2026:09:58:31 -0300] "GET /wp-login.php?redirect_to=https%3A%2F%2Fvinamar.vsptdigital.cl%2Fwp-admin%2Findex.php&reauth=1 HTTP/1.1" 200 9192 "https://vinamar.vsptdigital.cl/wp-login.php" "Mozilla/5.0 (Windows NT 11.0; Win64; x64) AppleWebKit/537.36 (KHTML, like Gecko) Chrome/121.0.0.0 Safari/537.36"
45.156.87.214 - - [19/Mar/2026:09:58:32 -0300] "POST /wp-login.php HTTP/1.1" 200 9494 "https://vinamar.vsptdigital.cl/wp-login.php" "Mozilla/5.0 (X11; Ubuntu; Linux x86_64) AppleWebKit/537.36 (KHTML, like Gecko) Chrome/119.0.0.0 Safari/537.36"
45.156.87.214 - - [19/Mar/2026:09:58:33 -0300] "GET /wp-admin/index.php HTTP/1.1" 302 - "https://vinamar.vsptdigital.cl/wp-login.php" "Mozilla/5.0 (Windows NT 10.0; Win64; x64) AppleWebKit/537.36 (KHTML, like Gecko) Chrome/118.0.0.0 Safari/537.36"
78.138.127.62 - - [19/Mar/2026:09:58:33 -0300] "GET /wp-content/plugins/woocommerce/assets/css/woocommerce-smallscreen.css?ver=8.7.0 HTTP/1.1" 200 7043 "https://vinamar.vsptdigital.cl/2025/09/12/free-spin-casino-strategies-basees-sur-les-probabilites/" "Mozilla/5.0 (Windows NT 10.0; Win64; x64) AppleWebKit/537.36 (KHTML, like Gecko) Chrome/143.0.0.0 Safari/537.36"
45.156.87.214 - - [19/Mar/2026:09:58:33 -0300] "GET /wp-login.php?redirect_to=https%3A%2F%2Fvinamar.vsptdigital.cl%2Fwp-admin%2Findex.php&reauth=1 HTTP/1.1" 200 9192 "https://vinamar.vsptdigital.cl/wp-login.php" "Mozilla/5.0 (Windows NT 10.0; Win64; x64) AppleWebKit/537.36 (KHTML, like Gecko) Chrome/118.0.0.0 Safari/537.36"
45.156.87.214 - - [19/Mar/2026:09:58:34 -0300] "POST /wp-login.php HTTP/1.1" 200 9499 "https://vinamar.vsptdigital.cl/wp-login.php" "Mozilla/5.0 (X11; Ubuntu; Linux x86_64) AppleWebKit/537.36 (KHTML, like Gecko) Chrome/119.0.0.0 Safari/537.36"
78.138.127.62 - - [19/Mar/2026:09:58:35 -0300] "GET /wp-content/plugins/woocommerce/assets/css/woocommerce.css?ver=8.7.0 HTTP/1.1" 200 77339 "https://vinamar.vsptdigital.cl/2025/09/12/free-spin-casino-strategies-basees-sur-les-probabilites/" "Mozilla/5.0 (Windows NT 10.0; Win64; x64) AppleWebKit/537.36 (KHTML, like Gecko) Chrome/143.0.0.0 Safari/537.36"
45.156.87.214 - - [19/Mar/2026:09:58:35 -0300] "GET /wp-admin/index.php HTTP/1.1" 302 - "https://vinamar.vsptdigital.cl/wp-login.php" "Mozilla/5.0 (X11; Linux x86_64) AppleWebKit/537.36 (KHTML, like Gecko) Chrome/119.0.0.0 Safari/537.36"
45.156.87.214 - - [19/Mar/2026:09:58:36 -0300] "GET /wp-login.php?redirect_to=https%3A%2F%2Fvinamar.vsptdigital.cl%2Fwp-admin%2Findex.php&reauth=1 HTTP/1.1" 200 9192 "https://vinamar.vsptdigital.cl/wp-login.php" "Mozilla/5.0 (X11; Linux x86_64) AppleWebKit/537.36 (KHTML, like Gecko) Chrome/119.0.0.0 Safari/537.36"
45.156.87.214 - - [19/Mar/2026:09:58:36 -0300] "POST /wp-login.php HTTP/1.1" 200 9368 "https://vinamar.vsptdigital.cl/wp-login.php" "Mozilla/5.0 (Macintosh; Intel Mac OS X 13_6_1) AppleWebKit/537.36 (KHTML, like Gecko) Chrome/118.0.0.0 Safari/537.36"
45.156.87.214 - - [19/Mar/2026:09:58:37 -0300] "GET /wp-admin/index.php HTTP/1.1" 302 - "https://vinamar.vsptdigital.cl/wp-login.php" "Mozilla/5.0 (X11; Linux x86_64) AppleWebKit/537.36 (KHTML, like Gecko) Chrome/119.0.0.0 Safari/537.36"
45.156.87.214 - - [19/Mar/2026:09:58:38 -0300] "GET /wp-login.php?redirect_to=https%3A%2F%2Fvinamar.vsptdigital.cl%2Fwp-admin%2Findex.php&reauth=1 HTTP/1.1" 200 9192 "https://vinamar.vsptdigital.cl/wp-login.php" "Mozilla/5.0 (X11; Linux x86_64) AppleWebKit/537.36 (KHTML, like Gecko) Chrome/119.0.0.0 Safari/537.36"
45.156.87.214 - - [19/Mar/2026:09:58:38 -0300] "POST /wp-login.php HTTP/1.1" 200 9496 "https://vinamar.vsptdigital.cl/wp-login.php" "Mozilla/5.0 (Windows NT 10.0; Win64; x64; rv:119.0) Gecko/20100101 Firefox/119.0"
78.138.127.62 - - [19/Mar/2026:09:58:39 -0300] "GET /wp-content/themes/hello-elementor/style.min.css?ver=3.0.1 HTTP/1.1" 200 5756 "https://vinamar.vsptdigital.cl/2025/09/12/free-spin-casino-strategies-basees-sur-les-probabilites/" "Mozilla/5.0 (Windows NT 10.0; Win64; x64) AppleWebKit/537.36 (KHTML, like Gecko) Chrome/143.0.0.0 Safari/537.36"
45.156.87.214 - - [19/Mar/2026:09:58:39 -0300] "GET /wp-admin/index.php HTTP/1.1" 302 - "https://vinamar.vsptdigital.cl/wp-login.php" "Mozilla/5.0 (Macintosh; Intel Mac OS X 10_15_7; rv:120.0) Gecko/20100101 Firefox/120.0"
45.156.87.214 - - [19/Mar/2026:09:58:40 -0300] "GET /wp-login.php?redirect_to=https%3A%2F%2Fvinamar.vsptdigital.cl%2Fwp-admin%2Findex.php&reauth=1 HTTP/1.1" 200 9192 "https://vinamar.vsptdigital.cl/wp-login.php" "Mozilla/5.0 (Macintosh; Intel Mac OS X 10_15_7; rv:120.0) Gecko/20100101 Firefox/120.0"
45.156.87.214 - - [19/Mar/2026:09:58:41 -0300] "POST /wp-login.php HTTP/1.1" 200 9494 "https://vinamar.vsptdigital.cl/wp-login.php" "Mozilla/5.0 (Macintosh; Intel Mac OS X 10_15_7) AppleWebKit/537.36 (KHTML, like Gecko) Chrome/121.0.0.0 Safari/537.36"
45.156.87.214 - - [19/Mar/2026:09:58:42 -0300] "GET /wp-admin/index.php HTTP/1.1" 302 - "https://vinamar.vsptdigital.cl/wp-login.php" "Mozilla/5.0 (Windows NT 11.0; Win64; x64; rv:121.0) Gecko/20100101 Firefox/121.0"
78.138.127.62 - - [19/Mar/2026:09:58:43 -0300] "GET /wp-content/themes/hello-elementor/theme.min.css?ver=3.0.1 HTTP/1.1" 200 5131 "https://vinamar.vsptdigital.cl/2025/09/12/free-spin-casino-strategies-basees-sur-les-probabilites/" "Mozilla/5.0 (Windows NT 10.0; Win64; x64) AppleWebKit/537.36 (KHTML, like Gecko) Chrome/143.0.0.0 Safari/537.36"
45.156.87.214 - - [19/Mar/2026:09:58:42 -0300] "GET /wp-login.php?redirect_to=https%3A%2F%2Fvinamar.vsptdigital.cl%2Fwp-admin%2Findex.php&reauth=1 HTTP/1.1" 200 9192 "https://vinamar.vsptdigital.cl/wp-login.php" "Mozilla/5.0 (Windows NT 11.0; Win64; x64; rv:121.0) Gecko/20100101 Firefox/121.0"
45.156.87.214 - - [19/Mar/2026:09:58:43 -0300] "POST /wp-login.php HTTP/1.1" 200 9498 "https://vinamar.vsptdigital.cl/wp-login.php" "Mozilla/5.0 (Windows NT 11.0; Win64; x64; rv:120.0) Gecko/20100101 Firefox/120.0"
45.156.87.214 - - [19/Mar/2026:09:58:44 -0300] "GET /wp-admin/index.php HTTP/1.1" 302 - "https://vinamar.vsptdigital.cl/wp-login.php" "Mozilla/5.0 (X11; Ubuntu; Linux x86_64) AppleWebKit/537.36 (KHTML, like Gecko) Chrome/119.0.0.0 Safari/537.36"
45.156.87.214 - - [19/Mar/2026:09:58:45 -0300] "GET /wp-login.php?redirect_to=https%3A%2F%2Fvinamar.vsptdigital.cl%2Fwp-admin%2Findex.php&reauth=1 HTTP/1.1" 200 9192 "https://vinamar.vsptdigital.cl/wp-login.php" "Mozilla/5.0 (X11; Ubuntu; Linux x86_64) AppleWebKit/537.36 (KHTML, like Gecko) Chrome/119.0.0.0 Safari/537.36"
78.138.127.62 - - [19/Mar/2026:09:58:46 -0300] "GET /wp-content/themes/hello-elementor/header-footer.min.css?ver=3.0.1 HTTP/1.1" 200 7325 "https://vinamar.vsptdigital.cl/2025/09/12/free-spin-casino-strategies-basees-sur-les-probabilites/" "Mozilla/5.0 (Windows NT 10.0; Win64; x64) AppleWebKit/537.36 (KHTML, like Gecko) Chrome/143.0.0.0 Safari/537.36"
45.156.87.214 - - [19/Mar/2026:09:58:46 -0300] "POST /wp-login.php HTTP/1.1" 200 9494 "https://vinamar.vsptdigital.cl/wp-login.php" "Mozilla/5.0 (Windows NT 10.0; Win64; x64; rv:120.0) Gecko/20100101 Firefox/120.0"
45.156.87.214 - - [19/Mar/2026:09:58:46 -0300] "GET /wp-admin/index.php HTTP/1.1" 302 - "https://vinamar.vsptdigital.cl/wp-login.php" "Mozilla/5.0 (Macintosh; Intel Mac OS X 10_15_7; rv:121.0) Gecko/20100101 Firefox/121.0"
45.156.87.214 - - [19/Mar/2026:09:58:47 -0300] "GET /wp-login.php?redirect_to=https%3A%2F%2Fvinamar.vsptdigital.cl%2Fwp-admin%2Findex.php&reauth=1 HTTP/1.1" 200 9192 "https://vinamar.vsptdigital.cl/wp-login.php" "Mozilla/5.0 (Macintosh; Intel Mac OS X 10_15_7; rv:121.0) Gecko/20100101 Firefox/121.0"
45.156.87.214 - - [19/Mar/2026:09:58:48 -0300] "POST /wp-login.php HTTP/1.1" 200 9368 "https://vinamar.vsptdigital.cl/wp-login.php" "Mozilla/5.0 (Windows NT 10.0; Win64; x64) AppleWebKit/537.36 (KHTML, like Gecko) Chrome/121.0.0.0 Safari/537.36"
162.240.153.75 - - [19/Mar/2026:09:58:49 -0300] "POST /wp-cron.php?doing_wp_cron=1773925129.5645179748535156250000 HTTP/1.1" 200 - "-" "WordPress/6.9.4; https://vinamar.vsptdigital.cl"
45.156.87.214 - - [19/Mar/2026:09:58:49 -0300] "GET /wp-admin/index.php HTTP/1.1" 302 - "https://vinamar.vsptdigital.cl/wp-login.php" "Mozilla/5.0 (Macintosh; Intel Mac OS X 10_15_7) AppleWebKit/537.36 (KHTML, like Gecko) Chrome/118.0.0.0 Safari/537.36"
78.138.127.62 - - [19/Mar/2026:09:58:46 -0300] "GET /wp-content/plugins/elementor/assets/css/frontend-lite.min.css?ver=3.20.3 HTTP/1.1" 200 118630 "https://vinamar.vsptdigital.cl/2025/09/12/free-spin-casino-strategies-basees-sur-les-probabilites/" "Mozilla/5.0 (Windows NT 10.0; Win64; x64) AppleWebKit/537.36 (KHTML, like Gecko) Chrome/143.0.0.0 Safari/537.36"
45.156.87.214 - - [19/Mar/2026:09:58:49 -0300] "GET /wp-login.php?redirect_to=https%3A%2F%2Fvinamar.vsptdigital.cl%2Fwp-admin%2Findex.php&reauth=1 HTTP/1.1" 200 9192 "https://vinamar.vsptdigital.cl/wp-login.php" "Mozilla/5.0 (Macintosh; Intel Mac OS X 10_15_7) AppleWebKit/537.36 (KHTML, like Gecko) Chrome/118.0.0.0 Safari/537.36"
45.156.87.214 - - [19/Mar/2026:09:58:50 -0300] "POST /wp-login.php HTTP/1.1" 200 9495 "https://vinamar.vsptdigital.cl/wp-login.php" "Mozilla/5.0 (Windows NT 10.0; Win64; x64) AppleWebKit/537.36 (KHTML, like Gecko) Chrome/120.0.0.0 Safari/537.36"
17.241.219.162 - - [19/Mar/2026:09:58:50 -0300] "GET /2025/09/16/beste-online-casinos-in-deutschland-top-10-casinos-2025/ HTTP/1.1" 200 49748 "-" "Mozilla/5.0 (Macintosh; Intel Mac OS X 10_15_7) AppleWebKit/605.1.15 (KHTML, like Gecko) Version/17.4 Safari/605.1.15 (Applebot/0.1; +http://www.apple.com/go/applebot)"
45.156.87.214 - - [19/Mar/2026:09:58:51 -0300] "GET /wp-admin/index.php HTTP/1.1" 302 - "https://vinamar.vsptdigital.cl/wp-login.php" "Mozilla/5.0 (Macintosh; Intel Mac OS X 13_6_1; rv:121.0) Gecko/20100101 Firefox/121.0"
45.156.87.214 - - [19/Mar/2026:09:58:51 -0300] "GET /wp-login.php?redirect_to=https%3A%2F%2Fvinamar.vsptdigital.cl%2Fwp-admin%2Findex.php&reauth=1 HTTP/1.1" 200 9192 "https://vinamar.vsptdigital.cl/wp-login.php" "Mozilla/5.0 (Macintosh; Intel Mac OS X 13_6_1; rv:121.0) Gecko/20100101 Firefox/121.0"
45.156.87.214 - - [19/Mar/2026:09:58:52 -0300] "POST /wp-login.php HTTP/1.1" 200 9491 "https://vinamar.vsptdigital.cl/wp-login.php" "Mozilla/5.0 (Macintosh; Intel Mac OS X 13_6_1) AppleWebKit/605.1.15 (KHTML, like Gecko) Version/17.1 Safari/605.1.15"
45.156.87.214 - - [19/Mar/2026:09:58:53 -0300] "GET /wp-admin/index.php HTTP/1.1" 302 - "https://vinamar.vsptdigital.cl/wp-login.php" "Mozilla/5.0 (Windows NT 10.0; Win64; x64) AppleWebKit/537.36 (KHTML, like Gecko) Chrome/120.0.0.0 Safari/537.36"
45.156.87.214 - - [19/Mar/2026:09:58:54 -0300] "GET /wp-login.php?redirect_to=https%3A%2F%2Fvinamar.vsptdigital.cl%2Fwp-admin%2Findex.php&reauth=1 HTTP/1.1" 200 9192 "https://vinamar.vsptdigital.cl/wp-login.php" "Mozilla/5.0 (Windows NT 10.0; Win64; x64) AppleWebKit/537.36 (KHTML, like Gecko) Chrome/120.0.0.0 Safari/537.36"
45.156.87.214 - - [19/Mar/2026:09:58:54 -0300] "POST /wp-login.php HTTP/1.1" 200 9496 "https://vinamar.vsptdigital.cl/wp-login.php" "Mozilla/5.0 (Macintosh; Intel Mac OS X 10_15_7; rv:119.0) Gecko/20100101 Firefox/119.0"
78.138.127.62 - - [19/Mar/2026:09:58:55 -0300] "GET /wp-content/uploads/elementor/css/post-5.css?ver=1711558615 HTTP/1.1" 200 1169 "https://vinamar.vsptdigital.cl/2025/09/12/free-spin-casino-strategies-basees-sur-les-probabilites/" "Mozilla/5.0 (Windows NT 10.0; Win64; x64) AppleWebKit/537.36 (KHTML, like Gecko) Chrome/143.0.0.0 Safari/537.36"
17.241.227.19 - - [19/Mar/2026:09:58:55 -0300] "GET /2025/09/01/coin-learn-listing-100-percent-free-gold-coins-freespins-bonuses/ HTTP/1.1" 200 35392 "-" "Mozilla/5.0 (Macintosh; Intel Mac OS X 10_15_7) AppleWebKit/605.1.15 (KHTML, like Gecko) Version/17.4 Safari/605.1.15 (Applebot/0.1; +http://www.apple.com/go/applebot)"
45.156.87.214 - - [19/Mar/2026:09:58:55 -0300] "GET /wp-admin/index.php HTTP/1.1" 302 - "https://vinamar.vsptdigital.cl/wp-login.php" "Mozilla/5.0 (X11; Ubuntu; Linux x86_64) AppleWebKit/537.36 (KHTML, like Gecko) Chrome/120.0.0.0 Safari/537.36"
78.138.127.62 - - [19/Mar/2026:09:58:56 -0300] "GET /wp-content/plugins/winwheel4wp/assets/winwheel4wp.css?ver=1669909447 HTTP/1.1" 200 4354 "https://vinamar.vsptdigital.cl/2025/09/12/free-spin-casino-strategies-basees-sur-les-probabilites/" "Mozilla/5.0 (Windows NT 10.0; Win64; x64) AppleWebKit/537.36 (KHTML, like Gecko) Chrome/143.0.0.0 Safari/537.36"
45.156.87.214 - - [19/Mar/2026:09:58:56 -0300] "GET /wp-login.php?redirect_to=https%3A%2F%2Fvinamar.vsptdigital.cl%2Fwp-admin%2Findex.php&reauth=1 HTTP/1.1" 200 9192 "https://vinamar.vsptdigital.cl/wp-login.php" "Mozilla/5.0 (X11; Ubuntu; Linux x86_64) AppleWebKit/537.36 (KHTML, like Gecko) Chrome/120.0.0.0 Safari/537.36"
45.156.87.214 - - [19/Mar/2026:09:58:56 -0300] "POST /wp-login.php HTTP/1.1" 200 9493 "https://vinamar.vsptdigital.cl/wp-login.php" "Mozilla/5.0 (Windows NT 10.0; Win64; x64; rv:120.0) Gecko/20100101 Firefox/120.0"
45.156.87.214 - - [19/Mar/2026:09:58:57 -0300] "GET /wp-admin/index.php HTTP/1.1" 302 - "https://vinamar.vsptdigital.cl/wp-login.php" "Mozilla/5.0 (Macintosh; Intel Mac OS X 10_15_7) AppleWebKit/605.1.15 (KHTML, like Gecko) Version/16.6 Safari/605.1.15"
45.156.87.214 - - [19/Mar/2026:09:58:58 -0300] "GET /wp-login.php?redirect_to=https%3A%2F%2Fvinamar.vsptdigital.cl%2Fwp-admin%2Findex.php&reauth=1 HTTP/1.1" 200 9192 "https://vinamar.vsptdigital.cl/wp-login.php" "Mozilla/5.0 (Macintosh; Intel Mac OS X 10_15_7) AppleWebKit/605.1.15 (KHTML, like Gecko) Version/16.6 Safari/605.1.15"
78.138.127.62 - - [19/Mar/2026:09:58:58 -0300] "POST /wp-comments-post.php HTTP/1.1" 302 - "https://vinamar.vsptdigital.cl/2025/09/12/free-spin-casino-strategies-basees-sur-les-probabilites/" "Mozilla/5.0 (Windows NT 6.3; Win64; x64) AppleWebKit/537.36 (KHTML, like Gecko) Chrome/103.0.0.0 Safari/537.36"
45.156.87.214 - - [19/Mar/2026:09:58:59 -0300] "POST /wp-login.php HTTP/1.1" 200 9491 "https://vinamar.vsptdigital.cl/wp-login.php" "Mozilla/5.0 (Windows NT 10.0; Win64; x64) AppleWebKit/537.36 (KHTML, like Gecko) Chrome/118.0.0.0 Safari/537.36"
45.156.87.214 - - [19/Mar/2026:09:58:59 -0300] "GET /wp-admin/index.php HTTP/1.1" 302 - "https://vinamar.vsptdigital.cl/wp-login.php" "Mozilla/5.0 (Macintosh; Intel Mac OS X 10_15_7) AppleWebKit/537.36 (KHTML, like Gecko) Chrome/121.0.0.0 Safari/537.36"
45.156.87.214 - - [19/Mar/2026:09:59:00 -0300] "GET /wp-login.php?redirect_to=https%3A%2F%2Fvinamar.vsptdigital.cl%2Fwp-admin%2Findex.php&reauth=1 HTTP/1.1" 200 9192 "https://vinamar.vsptdigital.cl/wp-login.php" "Mozilla/5.0 (Macintosh; Intel Mac OS X 10_15_7) AppleWebKit/537.36 (KHTML, like Gecko) Chrome/121.0.0.0 Safari/537.36"
78.138.127.62 - - [19/Mar/2026:09:59:00 -0300] "GET /2025/09/12/free-spin-casino-strategies-basees-sur-les-probabilites/?unapproved=50279&moderation-hash=005a47fe0ab085a09c77a389ebb2edab HTTP/1.1" 200 31820 "https://vinamar.vsptdigital.cl/wp-comments-post.php" "Mozilla/5.0 (Windows NT 6.3; Win64; x64) AppleWebKit/537.36 (KHTML, like Gecko) Chrome/103.0.0.0 Safari/537.36"
45.156.87.214 - - [19/Mar/2026:09:59:01 -0300] "POST /wp-login.php HTTP/1.1" 200 9492 "https://vinamar.vsptdigital.cl/wp-login.php" "Mozilla/5.0 (Windows NT 11.0; Win64; x64) AppleWebKit/537.36 (KHTML, like Gecko) Chrome/119.0.0.0 Safari/537.36"
45.156.87.214 - - [19/Mar/2026:09:59:01 -0300] "GET /wp-admin/index.php HTTP/1.1" 302 - "https://vinamar.vsptdigital.cl/wp-login.php" "Mozilla/5.0 (Macintosh; Intel Mac OS X 13_6_1; rv:118.0) Gecko/20100101 Firefox/118.0"
45.156.87.214 - - [19/Mar/2026:09:59:02 -0300] "GET /wp-login.php?redirect_to=https%3A%2F%2Fvinamar.vsptdigital.cl%2Fwp-admin%2Findex.php&reauth=1 HTTP/1.1" 200 9192 "https://vinamar.vsptdigital.cl/wp-login.php" "Mozilla/5.0 (Macintosh; Intel Mac OS X 13_6_1; rv:118.0) Gecko/20100101 Firefox/118.0"
45.156.87.214 - - [19/Mar/2026:09:59:03 -0300] "POST /wp-login.php HTTP/1.1" 200 9492 "https://vinamar.vsptdigital.cl/wp-login.php" "Mozilla/5.0 (Macintosh; Intel Mac OS X 10_15_7) AppleWebKit/605.1.15 (KHTML, like Gecko) Version/17.0 Safari/605.1.15"
45.156.87.214 - - [19/Mar/2026:09:59:04 -0300] "GET /wp-admin/index.php HTTP/1.1" 302 - "https://vinamar.vsptdigital.cl/wp-login.php" "Mozilla/5.0 (Macintosh; Intel Mac OS X 13_6_1) AppleWebKit/605.1.15 (KHTML, like Gecko) Version/17.2 Safari/605.1.15"
45.156.87.214 - - [19/Mar/2026:09:59:04 -0300] "GET /wp-login.php?redirect_to=https%3A%2F%2Fvinamar.vsptdigital.cl%2Fwp-admin%2Findex.php&reauth=1 HTTP/1.1" 200 9192 "https://vinamar.vsptdigital.cl/wp-login.php" "Mozilla/5.0 (Macintosh; Intel Mac OS X 13_6_1) AppleWebKit/605.1.15 (KHTML, like Gecko) Version/17.2 Safari/605.1.15"
45.156.87.214 - - [19/Mar/2026:09:59:05 -0300] "POST /wp-login.php HTTP/1.1" 200 9495 "https://vinamar.vsptdigital.cl/wp-login.php" "Mozilla/5.0 (Windows NT 10.0; Win64; x64) AppleWebKit/537.36 (KHTML, like Gecko) Chrome/118.0.0.0 Safari/537.36"
78.138.127.62 - - [19/Mar/2026:09:59:05 -0300] "GET /2025/09/12/free-spin-casino-strategies-basees-sur-les-probabilites/ HTTP/1.1" 200 30109 "-" "Mozilla/5.0 (Windows NT 6.3; Win64; x64) AppleWebKit/537.36 (KHTML, like Gecko) Chrome/103.0.0.0 Safari/537.36"
45.156.87.214 - - [19/Mar/2026:09:59:06 -0300] "GET /wp-admin/index.php HTTP/1.1" 302 - "https://vinamar.vsptdigital.cl/wp-login.php" "Mozilla/5.0 (Macintosh; Intel Mac OS X 13_6_1; rv:118.0) Gecko/20100101 Firefox/118.0"
45.156.87.214 - - [19/Mar/2026:09:59:07 -0300] "GET /wp-login.php?redirect_to=https%3A%2F%2Fvinamar.vsptdigital.cl%2Fwp-admin%2Findex.php&reauth=1 HTTP/1.1" 200 9192 "https://vinamar.vsptdigital.cl/wp-login.php" "Mozilla/5.0 (Macintosh; Intel Mac OS X 13_6_1; rv:118.0) Gecko/20100101 Firefox/118.0"
45.156.87.214 - - [19/Mar/2026:09:59:08 -0300] "POST /wp-login.php HTTP/1.1" 200 9496 "https://vinamar.vsptdigital.cl/wp-login.php" "Mozilla/5.0 (Macintosh; Intel Mac OS X 10_15_7; rv:121.0) Gecko/20100101 Firefox/121.0"
45.156.87.214 - - [19/Mar/2026:09:59:08 -0300] "GET /wp-admin/index.php HTTP/1.1" 302 - "https://vinamar.vsptdigital.cl/wp-login.php" "Mozilla/5.0 (X11; Linux x86_64) AppleWebKit/537.36 (KHTML, like Gecko) Chrome/118.0.0.0 Safari/537.36"
45.156.87.214 - - [19/Mar/2026:09:59:09 -0300] "GET /wp-login.php?redirect_to=https%3A%2F%2Fvinamar.vsptdigital.cl%2Fwp-admin%2Findex.php&reauth=1 HTTP/1.1" 200 9192 "https://vinamar.vsptdigital.cl/wp-login.php" "Mozilla/5.0 (X11; Linux x86_64) AppleWebKit/537.36 (KHTML, like Gecko) Chrome/118.0.0.0 Safari/537.36"
45.156.87.214 - - [19/Mar/2026:09:59:10 -0300] "POST /wp-login.php HTTP/1.1" 200 9493 "https://vinamar.vsptdigital.cl/wp-login.php" "Mozilla/5.0 (Macintosh; Intel Mac OS X 10_15_7) AppleWebKit/537.36 (KHTML, like Gecko) Chrome/118.0.0.0 Safari/537.36"
45.156.87.214 - - [19/Mar/2026:09:59:11 -0300] "GET /wp-admin/index.php HTTP/1.1" 302 - "https://vinamar.vsptdigital.cl/wp-login.php" "Mozilla/5.0 (Windows NT 10.0; Win64; x64) AppleWebKit/537.36 (KHTML, like Gecko) Chrome/119.0.0.0 Safari/537.36"
45.156.87.214 - - [19/Mar/2026:09:59:11 -0300] "GET /wp-login.php?redirect_to=https%3A%2F%2Fvinamar.vsptdigital.cl%2Fwp-admin%2Findex.php&reauth=1 HTTP/1.1" 200 9192 "https://vinamar.vsptdigital.cl/wp-login.php" "Mozilla/5.0 (Windows NT 10.0; Win64; x64) AppleWebKit/537.36 (KHTML, like Gecko) Chrome/119.0.0.0 Safari/537.36"
45.156.87.214 - - [19/Mar/2026:09:59:12 -0300] "POST /wp-login.php HTTP/1.1" 200 9491 "https://vinamar.vsptdigital.cl/wp-login.php" "Mozilla/5.0 (X11; Linux x86_64) AppleWebKit/537.36 (KHTML, like Gecko) Chrome/119.0.0.0 Safari/537.36"
45.156.87.214 - - [19/Mar/2026:09:59:13 -0300] "GET /wp-admin/index.php HTTP/1.1" 302 - "https://vinamar.vsptdigital.cl/wp-login.php" "Mozilla/5.0 (Windows NT 11.0; Win64; x64) AppleWebKit/537.36 (KHTML, like Gecko) Chrome/120.0.0.0 Safari/537.36"
45.156.87.214 - - [19/Mar/2026:09:59:13 -0300] "GET /wp-login.php?redirect_to=https%3A%2F%2Fvinamar.vsptdigital.cl%2Fwp-admin%2Findex.php&reauth=1 HTTP/1.1" 200 9192 "https://vinamar.vsptdigital.cl/wp-login.php" "Mozilla/5.0 (Windows NT 11.0; Win64; x64) AppleWebKit/537.36 (KHTML, like Gecko) Chrome/120.0.0.0 Safari/537.36"
45.156.87.214 - - [19/Mar/2026:09:59:14 -0300] "POST /wp-login.php HTTP/1.1" 200 9496 "https://vinamar.vsptdigital.cl/wp-login.php" "Mozilla/5.0 (Macintosh; Intel Mac OS X 13_6_1) AppleWebKit/605.1.15 (KHTML, like Gecko) Version/17.0 Safari/605.1.15"
45.156.87.214 - - [19/Mar/2026:09:59:15 -0300] "GET /wp-admin/index.php HTTP/1.1" 302 - "https://vinamar.vsptdigital.cl/wp-login.php" "Mozilla/5.0 (Macintosh; Intel Mac OS X 13_6_1) AppleWebKit/605.1.15 (KHTML, like Gecko) Version/17.1 Safari/605.1.15"
45.156.87.214 - - [19/Mar/2026:09:59:16 -0300] "GET /wp-login.php?redirect_to=https%3A%2F%2Fvinamar.vsptdigital.cl%2Fwp-admin%2Findex.php&reauth=1 HTTP/1.1" 200 9192 "https://vinamar.vsptdigital.cl/wp-login.php" "Mozilla/5.0 (Macintosh; Intel Mac OS X 13_6_1) AppleWebKit/605.1.15 (KHTML, like Gecko) Version/17.1 Safari/605.1.15"
45.156.87.214 - - [19/Mar/2026:09:59:17 -0300] "POST /wp-login.php HTTP/1.1" 200 9493 "https://vinamar.vsptdigital.cl/wp-login.php" "Mozilla/5.0 (Macintosh; Intel Mac OS X 13_6_1) AppleWebKit/605.1.15 (KHTML, like Gecko) Version/17.1 Safari/605.1.15"
45.156.87.214 - - [19/Mar/2026:09:59:18 -0300] "GET /wp-admin/index.php HTTP/1.1" 302 - "https://vinamar.vsptdigital.cl/wp-login.php" "Mozilla/5.0 (Windows NT 10.0; Win64; x64) AppleWebKit/537.36 (KHTML, like Gecko) Chrome/119.0.0.0 Safari/537.36"
45.156.87.214 - - [19/Mar/2026:09:59:19 -0300] "GET /wp-login.php?redirect_to=https%3A%2F%2Fvinamar.vsptdigital.cl%2Fwp-admin%2Findex.php&reauth=1 HTTP/1.1" 200 9192 "https://vinamar.vsptdigital.cl/wp-login.php" "Mozilla/5.0 (Windows NT 10.0; Win64; x64) AppleWebKit/537.36 (KHTML, like Gecko) Chrome/119.0.0.0 Safari/537.36"
45.156.87.214 - - [19/Mar/2026:09:59:19 -0300] "POST /wp-login.php HTTP/1.1" 200 9499 "https://vinamar.vsptdigital.cl/wp-login.php" "Mozilla/5.0 (X11; Ubuntu; Linux x86_64) AppleWebKit/537.36 (KHTML, like Gecko) Chrome/118.0.0.0 Safari/537.36"
45.156.87.214 - - [19/Mar/2026:09:59:20 -0300] "GET /wp-admin/index.php HTTP/1.1" 302 - "https://vinamar.vsptdigital.cl/wp-login.php" "Mozilla/5.0 (Macintosh; Intel Mac OS X 10_15_7) AppleWebKit/537.36 (KHTML, like Gecko) Chrome/119.0.0.0 Safari/537.36"
45.156.87.214 - - [19/Mar/2026:09:59:21 -0300] "GET /wp-login.php?redirect_to=https%3A%2F%2Fvinamar.vsptdigital.cl%2Fwp-admin%2Findex.php&reauth=1 HTTP/1.1" 200 9192 "https://vinamar.vsptdigital.cl/wp-login.php" "Mozilla/5.0 (Macintosh; Intel Mac OS X 10_15_7) AppleWebKit/537.36 (KHTML, like Gecko) Chrome/119.0.0.0 Safari/537.36"
45.156.87.214 - - [19/Mar/2026:09:59:21 -0300] "POST /wp-login.php HTTP/1.1" 200 9494 "https://vinamar.vsptdigital.cl/wp-login.php" "Mozilla/5.0 (Macintosh; Intel Mac OS X 10_15_7) AppleWebKit/605.1.15 (KHTML, like Gecko) Version/17.0 Safari/605.1.15"
45.156.87.214 - - [19/Mar/2026:09:59:22 -0300] "GET /wp-admin/index.php HTTP/1.1" 302 - "https://vinamar.vsptdigital.cl/wp-login.php" "Mozilla/5.0 (Macintosh; Intel Mac OS X 13_6_1) AppleWebKit/537.36 (KHTML, like Gecko) Chrome/120.0.0.0 Safari/537.36"
45.156.87.214 - - [19/Mar/2026:09:59:23 -0300] "GET /wp-login.php?redirect_to=https%3A%2F%2Fvinamar.vsptdigital.cl%2Fwp-admin%2Findex.php&reauth=1 HTTP/1.1" 200 9192 "https://vinamar.vsptdigital.cl/wp-login.php" "Mozilla/5.0 (Macintosh; Intel Mac OS X 13_6_1) AppleWebKit/537.36 (KHTML, like Gecko) Chrome/120.0.0.0 Safari/537.36"
45.156.87.214 - - [19/Mar/2026:09:59:23 -0300] "POST /wp-login.php HTTP/1.1" 200 9493 "https://vinamar.vsptdigital.cl/wp-login.php" "Mozilla/5.0 (Macintosh; Intel Mac OS X 13_6_1) AppleWebKit/537.36 (KHTML, like Gecko) Chrome/120.0.0.0 Safari/537.36"
45.156.87.214 - - [19/Mar/2026:09:59:24 -0300] "GET /wp-admin/index.php HTTP/1.1" 302 - "https://vinamar.vsptdigital.cl/wp-login.php" "Mozilla/5.0 (Windows NT 10.0; Win64; x64) AppleWebKit/537.36 (KHTML, like Gecko) Chrome/119.0.0.0 Safari/537.36"
45.156.87.214 - - [19/Mar/2026:09:59:25 -0300] "GET /wp-login.php?redirect_to=https%3A%2F%2Fvinamar.vsptdigital.cl%2Fwp-admin%2Findex.php&reauth=1 HTTP/1.1" 200 9192 "https://vinamar.vsptdigital.cl/wp-login.php" "Mozilla/5.0 (Windows NT 10.0; Win64; x64) AppleWebKit/537.36 (KHTML, like Gecko) Chrome/119.0.0.0 Safari/537.36"
45.156.87.214 - - [19/Mar/2026:09:59:26 -0300] "POST /wp-login.php HTTP/1.1" 200 9493 "https://vinamar.vsptdigital.cl/wp-login.php" "Mozilla/5.0 (Macintosh; Intel Mac OS X 13_6_1; rv:118.0) Gecko/20100101 Firefox/118.0"
45.156.87.214 - - [19/Mar/2026:09:59:26 -0300] "GET /wp-admin/index.php HTTP/1.1" 302 - "https://vinamar.vsptdigital.cl/wp-login.php" "Mozilla/5.0 (Macintosh; Intel Mac OS X 13_6_1) AppleWebKit/537.36 (KHTML, like Gecko) Chrome/121.0.0.0 Safari/537.36"
45.156.87.214 - - [19/Mar/2026:09:59:27 -0300] "GET /wp-login.php?redirect_to=https%3A%2F%2Fvinamar.vsptdigital.cl%2Fwp-admin%2Findex.php&reauth=1 HTTP/1.1" 200 9192 "https://vinamar.vsptdigital.cl/wp-login.php" "Mozilla/5.0 (Macintosh; Intel Mac OS X 13_6_1) AppleWebKit/537.36 (KHTML, like Gecko) Chrome/121.0.0.0 Safari/537.36"
45.156.87.214 - - [19/Mar/2026:09:59:28 -0300] "POST /wp-login.php HTTP/1.1" 200 9495 "https://vinamar.vsptdigital.cl/wp-login.php" "Mozilla/5.0 (Macintosh; Intel Mac OS X 13_6_1) AppleWebKit/605.1.15 (KHTML, like Gecko) Version/17.1 Safari/605.1.15"
45.156.87.214 - - [19/Mar/2026:09:59:28 -0300] "GET /wp-admin/index.php HTTP/1.1" 302 - "https://vinamar.vsptdigital.cl/wp-login.php" "Mozilla/5.0 (Macintosh; Intel Mac OS X 13_6_1) AppleWebKit/605.1.15 (KHTML, like Gecko) Version/17.2 Safari/605.1.15"
45.156.87.214 - - [19/Mar/2026:09:59:29 -0300] "GET /wp-login.php?redirect_to=https%3A%2F%2Fvinamar.vsptdigital.cl%2Fwp-admin%2Findex.php&reauth=1 HTTP/1.1" 200 9192 "https://vinamar.vsptdigital.cl/wp-login.php" "Mozilla/5.0 (Macintosh; Intel Mac OS X 13_6_1) AppleWebKit/605.1.15 (KHTML, like Gecko) Version/17.2 Safari/605.1.15"
45.156.87.214 - - [19/Mar/2026:09:59:30 -0300] "POST /wp-login.php HTTP/1.1" 200 9491 "https://vinamar.vsptdigital.cl/wp-login.php" "Mozilla/5.0 (X11; Ubuntu; Linux x86_64) AppleWebKit/537.36 (KHTML, like Gecko) Chrome/118.0.0.0 Safari/537.36"
45.156.87.214 - - [19/Mar/2026:09:59:30 -0300] "GET /wp-admin/index.php HTTP/1.1" 302 - "https://vinamar.vsptdigital.cl/wp-login.php" "Mozilla/5.0 (Macintosh; Intel Mac OS X 10_15_7) AppleWebKit/537.36 (KHTML, like Gecko) Chrome/118.0.0.0 Safari/537.36"
45.156.87.214 - - [19/Mar/2026:09:59:31 -0300] "GET /wp-login.php?redirect_to=https%3A%2F%2Fvinamar.vsptdigital.cl%2Fwp-admin%2Findex.php&reauth=1 HTTP/1.1" 200 9192 "https://vinamar.vsptdigital.cl/wp-login.php" "Mozilla/5.0 (Macintosh; Intel Mac OS X 10_15_7) AppleWebKit/537.36 (KHTML, like Gecko) Chrome/118.0.0.0 Safari/537.36"
45.156.87.214 - - [19/Mar/2026:09:59:32 -0300] "POST /wp-login.php HTTP/1.1" 200 9491 "https://vinamar.vsptdigital.cl/wp-login.php" "Mozilla/5.0 (Windows NT 11.0; Win64; x64) AppleWebKit/537.36 (KHTML, like Gecko) Chrome/120.0.0.0 Safari/537.36"
45.156.87.214 - - [19/Mar/2026:09:59:33 -0300] "GET /wp-admin/index.php HTTP/1.1" 302 - "https://vinamar.vsptdigital.cl/wp-login.php" "Mozilla/5.0 (X11; Ubuntu; Linux x86_64) AppleWebKit/537.36 (KHTML, like Gecko) Chrome/118.0.0.0 Safari/537.36"
45.156.87.214 - - [19/Mar/2026:09:59:33 -0300] "GET /wp-login.php?redirect_to=https%3A%2F%2Fvinamar.vsptdigital.cl%2Fwp-admin%2Findex.php&reauth=1 HTTP/1.1" 200 9192 "https://vinamar.vsptdigital.cl/wp-login.php" "Mozilla/5.0 (X11; Ubuntu; Linux x86_64) AppleWebKit/537.36 (KHTML, like Gecko) Chrome/118.0.0.0 Safari/537.36"
45.156.87.214 - - [19/Mar/2026:09:59:34 -0300] "POST /wp-login.php HTTP/1.1" 200 9496 "https://vinamar.vsptdigital.cl/wp-login.php" "Mozilla/5.0 (Macintosh; Intel Mac OS X 10_15_7; rv:119.0) Gecko/20100101 Firefox/119.0"
45.156.87.214 - - [19/Mar/2026:09:59:35 -0300] "GET /wp-admin/index.php HTTP/1.1" 302 - "https://vinamar.vsptdigital.cl/wp-login.php" "Mozilla/5.0 (Macintosh; Intel Mac OS X 13_6_1) AppleWebKit/605.1.15 (KHTML, like Gecko) Version/16.6 Safari/605.1.15"
45.156.87.214 - - [19/Mar/2026:09:59:35 -0300] "GET /wp-login.php?redirect_to=https%3A%2F%2Fvinamar.vsptdigital.cl%2Fwp-admin%2Findex.php&reauth=1 HTTP/1.1" 200 9192 "https://vinamar.vsptdigital.cl/wp-login.php" "Mozilla/5.0 (Macintosh; Intel Mac OS X 13_6_1) AppleWebKit/605.1.15 (KHTML, like Gecko) Version/16.6 Safari/605.1.15"
45.156.87.214 - - [19/Mar/2026:09:59:36 -0300] "POST /wp-login.php HTTP/1.1" 200 9503 "https://vinamar.vsptdigital.cl/wp-login.php" "Mozilla/5.0 (Windows NT 11.0; Win64; x64; rv:119.0) Gecko/20100101 Firefox/119.0"
45.156.87.214 - - [19/Mar/2026:09:59:37 -0300] "GET /wp-admin/index.php HTTP/1.1" 302 - "https://vinamar.vsptdigital.cl/wp-login.php" "Mozilla/5.0 (Macintosh; Intel Mac OS X 10_15_7) AppleWebKit/605.1.15 (KHTML, like Gecko) Version/16.6 Safari/605.1.15"
45.156.87.214 - - [19/Mar/2026:09:59:38 -0300] "GET /wp-login.php?redirect_to=https%3A%2F%2Fvinamar.vsptdigital.cl%2Fwp-admin%2Findex.php&reauth=1 HTTP/1.1" 200 9192 "https://vinamar.vsptdigital.cl/wp-login.php" "Mozilla/5.0 (Macintosh; Intel Mac OS X 10_15_7) AppleWebKit/605.1.15 (KHTML, like Gecko) Version/16.6 Safari/605.1.15"
45.156.87.214 - - [19/Mar/2026:09:59:38 -0300] "POST /wp-login.php HTTP/1.1" 200 9491 "https://vinamar.vsptdigital.cl/wp-login.php" "Mozilla/5.0 (Macintosh; Intel Mac OS X 10_15_7) AppleWebKit/605.1.15 (KHTML, like Gecko) Version/16.6 Safari/605.1.15"
45.156.87.214 - - [19/Mar/2026:09:59:39 -0300] "GET /wp-admin/index.php HTTP/1.1" 302 - "https://vinamar.vsptdigital.cl/wp-login.php" "Mozilla/5.0 (Macintosh; Intel Mac OS X 13_6_1; rv:120.0) Gecko/20100101 Firefox/120.0"
45.156.87.214 - - [19/Mar/2026:09:59:40 -0300] "GET /wp-login.php?redirect_to=https%3A%2F%2Fvinamar.vsptdigital.cl%2Fwp-admin%2Findex.php&reauth=1 HTTP/1.1" 200 9192 "https://vinamar.vsptdigital.cl/wp-login.php" "Mozilla/5.0 (Macintosh; Intel Mac OS X 13_6_1; rv:120.0) Gecko/20100101 Firefox/120.0"
45.156.87.214 - - [19/Mar/2026:09:59:41 -0300] "POST /wp-login.php HTTP/1.1" 200 9368 "https://vinamar.vsptdigital.cl/wp-login.php" "Mozilla/5.0 (Macintosh; Intel Mac OS X 13_6_1) AppleWebKit/537.36 (KHTML, like Gecko) Chrome/118.0.0.0 Safari/537.36"
45.156.87.214 - - [19/Mar/2026:09:59:41 -0300] "GET /wp-admin/index.php HTTP/1.1" 302 - "https://vinamar.vsptdigital.cl/wp-login.php" "Mozilla/5.0 (X11; Ubuntu; Linux x86_64) AppleWebKit/537.36 (KHTML, like Gecko) Chrome/120.0.0.0 Safari/537.36"
45.156.87.214 - - [19/Mar/2026:09:59:42 -0300] "GET /wp-login.php?redirect_to=https%3A%2F%2Fvinamar.vsptdigital.cl%2Fwp-admin%2Findex.php&reauth=1 HTTP/1.1" 200 9192 "https://vinamar.vsptdigital.cl/wp-login.php" "Mozilla/5.0 (X11; Ubuntu; Linux x86_64) AppleWebKit/537.36 (KHTML, like Gecko) Chrome/120.0.0.0 Safari/537.36"
45.156.87.214 - - [19/Mar/2026:09:59:43 -0300] "POST /wp-login.php HTTP/1.1" 200 9494 "https://vinamar.vsptdigital.cl/wp-login.php" "Mozilla/5.0 (Windows NT 11.0; Win64; x64; rv:121.0) Gecko/20100101 Firefox/121.0"
172.189.176.111 - - [19/Mar/2026:09:59:42 -0300] "GET / HTTP/1.1" 200 96540 "-" "LinkupBot/1.0 (LinkupBot for web indexing; https://linkup.so/bot; bot@linkup.so)"
45.156.87.214 - - [19/Mar/2026:09:59:44 -0300] "GET /wp-admin/index.php HTTP/1.1" 302 - "https://vinamar.vsptdigital.cl/wp-login.php" "Mozilla/5.0 (Macintosh; Intel Mac OS X 13_6_1; rv:120.0) Gecko/20100101 Firefox/120.0"
45.156.87.214 - - [19/Mar/2026:09:59:44 -0300] "GET /wp-login.php?redirect_to=https%3A%2F%2Fvinamar.vsptdigital.cl%2Fwp-admin%2Findex.php&reauth=1 HTTP/1.1" 200 9192 "https://vinamar.vsptdigital.cl/wp-login.php" "Mozilla/5.0 (Macintosh; Intel Mac OS X 13_6_1; rv:120.0) Gecko/20100101 Firefox/120.0"
45.156.87.214 - - [19/Mar/2026:09:59:45 -0300] "POST /wp-login.php HTTP/1.1" 200 9493 "https://vinamar.vsptdigital.cl/wp-login.php" "Mozilla/5.0 (X11; Ubuntu; Linux x86_64) AppleWebKit/537.36 (KHTML, like Gecko) Chrome/118.0.0.0 Safari/537.36"
45.156.87.214 - - [19/Mar/2026:09:59:46 -0300] "GET /wp-admin/index.php HTTP/1.1" 302 - "https://vinamar.vsptdigital.cl/wp-login.php" "Mozilla/5.0 (Windows NT 10.0; Win64; x64; rv:118.0) Gecko/20100101 Firefox/118.0"
45.156.87.214 - - [19/Mar/2026:09:59:46 -0300] "GET /wp-login.php?redirect_to=https%3A%2F%2Fvinamar.vsptdigital.cl%2Fwp-admin%2Findex.php&reauth=1 HTTP/1.1" 200 9192 "https://vinamar.vsptdigital.cl/wp-login.php" "Mozilla/5.0 (Windows NT 10.0; Win64; x64; rv:118.0) Gecko/20100101 Firefox/118.0"
45.156.87.214 - - [19/Mar/2026:09:59:47 -0300] "POST /wp-login.php HTTP/1.1" 200 9497 "https://vinamar.vsptdigital.cl/wp-login.php" "Mozilla/5.0 (Macintosh; Intel Mac OS X 13_6_1) AppleWebKit/537.36 (KHTML, like Gecko) Chrome/121.0.0.0 Safari/537.36"
162.240.153.75 - - [19/Mar/2026:09:59:49 -0300] "POST /wp-cron.php?doing_wp_cron=1773925189.0221478939056396484375 HTTP/1.1" 200 - "-" "WordPress/6.9.4; https://vinamar.vsptdigital.cl"
45.156.87.214 - - [19/Mar/2026:09:59:48 -0300] "GET /wp-admin/index.php HTTP/1.1" 302 - "https://vinamar.vsptdigital.cl/wp-login.php" "Mozilla/5.0 (Macintosh; Intel Mac OS X 13_6_1) AppleWebKit/605.1.15 (KHTML, like Gecko) Version/17.1 Safari/605.1.15"
17.22.253.91 - - [19/Mar/2026:09:59:49 -0300] "GET /2025/09/11/better-casinos-on-the-internet-united-states-your-self-help-guide-to-secure-casino-websites-2025/ HTTP/1.1" 200 34730 "-" "Mozilla/5.0 (Macintosh; Intel Mac OS X 10_15_7) AppleWebKit/605.1.15 (KHTML, like Gecko) Version/17.4 Safari/605.1.15 (Applebot/0.1; +http://www.apple.com/go/applebot)"
45.156.87.214 - - [19/Mar/2026:09:59:49 -0300] "GET /wp-login.php?redirect_to=https%3A%2F%2Fvinamar.vsptdigital.cl%2Fwp-admin%2Findex.php&reauth=1 HTTP/1.1" 200 9192 "https://vinamar.vsptdigital.cl/wp-login.php" "Mozilla/5.0 (Macintosh; Intel Mac OS X 13_6_1) AppleWebKit/605.1.15 (KHTML, like Gecko) Version/17.1 Safari/605.1.15"
45.156.87.214 - - [19/Mar/2026:09:59:50 -0300] "POST /wp-login.php HTTP/1.1" 200 9494 "https://vinamar.vsptdigital.cl/wp-login.php" "Mozilla/5.0 (Macintosh; Intel Mac OS X 13_6_1) AppleWebKit/537.36 (KHTML, like Gecko) Chrome/118.0.0.0 Safari/537.36"
17.22.253.91 - - [19/Mar/2026:09:59:50 -0300] "GET /2025/08/23/100-percent-free-slots-no-obtain-no-membership-totally-free-slot-machines-instant-enjoy/ HTTP/1.1" 200 30799 "-" "Mozilla/5.0 (Macintosh; Intel Mac OS X 10_15_7) AppleWebKit/605.1.15 (KHTML, like Gecko) Version/17.4 Safari/605.1.15 (Applebot/0.1; +http://www.apple.com/go/applebot)"
45.156.87.214 - - [19/Mar/2026:09:59:50 -0300] "GET /wp-admin/index.php HTTP/1.1" 302 - "https://vinamar.vsptdigital.cl/wp-login.php" "Mozilla/5.0 (Macintosh; Intel Mac OS X 13_6_1; rv:120.0) Gecko/20100101 Firefox/120.0"
45.156.87.214 - - [19/Mar/2026:09:59:51 -0300] "GET /wp-login.php?redirect_to=https%3A%2F%2Fvinamar.vsptdigital.cl%2Fwp-admin%2Findex.php&reauth=1 HTTP/1.1" 200 9192 "https://vinamar.vsptdigital.cl/wp-login.php" "Mozilla/5.0 (Macintosh; Intel Mac OS X 13_6_1; rv:120.0) Gecko/20100101 Firefox/120.0"
45.156.87.214 - - [19/Mar/2026:09:59:52 -0300] "POST /wp-login.php HTTP/1.1" 200 9495 "https://vinamar.vsptdigital.cl/wp-login.php" "Mozilla/5.0 (Windows NT 11.0; Win64; x64; rv:118.0) Gecko/20100101 Firefox/118.0"
17.22.253.91 - - [19/Mar/2026:09:59:52 -0300] "GET /2025/10/13/casino-bonus-exklusive-einzahlung-samtliche-werfen-sie-einen-blick-auf-den-link-no-frankierung-boni-2025/ HTTP/1.1" 200 35410 "-" "Mozilla/5.0 (Macintosh; Intel Mac OS X 10_15_7) AppleWebKit/605.1.15 (KHTML, like Gecko) Version/17.4 Safari/605.1.15 (Applebot/0.1; +http://www.apple.com/go/applebot)"
45.156.87.214 - - [19/Mar/2026:09:59:52 -0300] "GET /wp-admin/index.php HTTP/1.1" 302 - "https://vinamar.vsptdigital.cl/wp-login.php" "Mozilla/5.0 (Macintosh; Intel Mac OS X 10_15_7) AppleWebKit/605.1.15 (KHTML, like Gecko) Version/17.0 Safari/605.1.15"
17.22.253.69 - - [19/Mar/2026:09:59:53 -0300] "GET /2025/08/31/a-night-out-hier-gebuhrenfrei-auffuhren-echtgeld-verweis/ HTTP/1.1" 200 37643 "-" "Mozilla/5.0 (Macintosh; Intel Mac OS X 10_15_7) AppleWebKit/605.1.15 (KHTML, like Gecko) Version/17.4 Safari/605.1.15 (Applebot/0.1; +http://www.apple.com/go/applebot)"
45.156.87.214 - - [19/Mar/2026:09:59:53 -0300] "GET /wp-login.php?redirect_to=https%3A%2F%2Fvinamar.vsptdigital.cl%2Fwp-admin%2Findex.php&reauth=1 HTTP/1.1" 200 9192 "https://vinamar.vsptdigital.cl/wp-login.php" "Mozilla/5.0 (Macintosh; Intel Mac OS X 10_15_7) AppleWebKit/605.1.15 (KHTML, like Gecko) Version/17.0 Safari/605.1.15"
45.156.87.214 - - [19/Mar/2026:09:59:54 -0300] "POST /wp-login.php HTTP/1.1" 200 9499 "https://vinamar.vsptdigital.cl/wp-login.php" "Mozilla/5.0 (Windows NT 11.0; Win64; x64) AppleWebKit/537.36 (KHTML, like Gecko) Chrome/119.0.0.0 Safari/537.36"
45.156.87.214 - - [19/Mar/2026:09:59:55 -0300] "GET /wp-admin/index.php HTTP/1.1" 302 - "https://vinamar.vsptdigital.cl/wp-login.php" "Mozilla/5.0 (X11; Linux x86_64) AppleWebKit/537.36 (KHTML, like Gecko) Chrome/119.0.0.0 Safari/537.36"
45.156.87.214 - - [19/Mar/2026:09:59:55 -0300] "GET /wp-login.php?redirect_to=https%3A%2F%2Fvinamar.vsptdigital.cl%2Fwp-admin%2Findex.php&reauth=1 HTTP/1.1" 200 9192 "https://vinamar.vsptdigital.cl/wp-login.php" "Mozilla/5.0 (X11; Linux x86_64) AppleWebKit/537.36 (KHTML, like Gecko) Chrome/119.0.0.0 Safari/537.36"
