185.177.72.60 - - [19/Mar/2026:11:36:56 -0300] "GET /aws-secret.yaml HTTP/1.1" 200 57370 "-" "Mozilla/5.0 (Windows NT 10.0; Win64; x64) AppleWebKit/537.36, Mozilla/5.0 (X11; Linux x86_64) AppleWebKit/537.36 (KHTML, like Gecko) Chrome/120.0.0.0 Safari/537.36"
185.177.72.60 - - [19/Mar/2026:11:36:56 -0300] "GET /.circleci/config.yml HTTP/1.1" 200 57370 "-" "Mozilla/5.0 (Windows NT 10.0; Win64; x64) AppleWebKit/537.36"
185.177.72.60 - - [19/Mar/2026:11:36:56 -0300] "GET /.bitbucket/pipelines.yml HTTP/1.1" 200 57370 "-" "Mozilla/5.0 (Windows NT 10.0; Win64; x64) AppleWebKit/537.36, Mozilla/5.0 (X11; Linux x86_64) AppleWebKit/537.36 (KHTML, like Gecko) Chrome/120.0.0.0 Safari/537.36"
185.177.72.60 - - [19/Mar/2026:11:36:57 -0300] "GET /info.php HTTP/1.1" 403 57370 "-" "Mozilla/5.0 (Windows NT 10.0; Win64; x64) AppleWebKit/537.36"
185.177.72.60 - - [19/Mar/2026:11:36:57 -0300] "GET /test.php HTTP/1.1" 403 57370 "-" "Mozilla/5.0 (Windows NT 10.0; Win64; x64) AppleWebKit/537.36"
185.177.72.60 - - [19/Mar/2026:11:36:57 -0300] "GET /phpinfo.php HTTP/1.1" 403 57370 "-" "Mozilla/5.0 (Windows NT 10.0; Win64; x64) AppleWebKit/537.36"
185.177.72.60 - - [19/Mar/2026:11:36:57 -0300] "GET /phpinfo HTTP/1.1" 200 57370 "-" "Mozilla/5.0 (Windows NT 10.0; Win64; x64) AppleWebKit/537.36, Mozilla/5.0 (X11; Linux x86_64) AppleWebKit/537.36 (KHTML, like Gecko) Chrome/120.0.0.0 Safari/537.36"
185.177.72.60 - - [19/Mar/2026:11:36:57 -0300] "GET /app_dev.php/_profiler/phpinfo HTTP/1.1" 403 57370 "-" "Mozilla/5.0 (Windows NT 10.0; Win64; x64) AppleWebKit/537.36, Mozilla/5.0 (X11; Linux x86_64) AppleWebKit/537.36 (KHTML, like Gecko) Chrome/120.0.0.0 Safari/537.36"
185.177.72.60 - - [19/Mar/2026:11:36:57 -0300] "GET /_profiler/phpinfo HTTP/1.1" 200 57370 "-" "Mozilla/5.0 (Windows NT 10.0; Win64; x64) AppleWebKit/537.36, Mozilla/5.0 (X11; Linux x86_64) AppleWebKit/537.36 (KHTML, like Gecko) Chrome/120.0.0.0 Safari/537.36"
185.177.72.60 - - [19/Mar/2026:11:36:58 -0300] "GET /debug/default/view HTTP/1.1" 200 57370 "-" "Mozilla/5.0 (Windows NT 10.0; Win64; x64) AppleWebKit/537.36, Mozilla/5.0 (X11; Linux x86_64) AppleWebKit/537.36 (KHTML, like Gecko) Chrome/120.0.0.0 Safari/537.36"
185.177.72.60 - - [19/Mar/2026:11:36:58 -0300] "GET /error.log HTTP/1.1" 200 57370 "-" "Mozilla/5.0 (Windows NT 10.0; Win64; x64) AppleWebKit/537.36"
185.177.72.60 - - [19/Mar/2026:11:36:58 -0300] "GET /manage/env HTTP/1.1" 200 57370 "-" "Mozilla/5.0 (Windows NT 10.0; Win64; x64) AppleWebKit/537.36, Mozilla/5.0 (X11; Linux x86_64) AppleWebKit/537.36 (KHTML, like Gecko) Chrome/120.0.0.0 Safari/537.36"
185.177.72.60 - - [19/Mar/2026:11:36:58 -0300] "GET /horizon/api/stats HTTP/1.1" 200 57370 "-" "Mozilla/5.0 (Windows NT 10.0; Win64; x64) AppleWebKit/537.36, Mozilla/5.0 (X11; Linux x86_64) AppleWebKit/537.36 (KHTML, like Gecko) Chrome/120.0.0.0 Safari/537.36"
185.177.72.60 - - [19/Mar/2026:11:36:58 -0300] "GET /storage/logs/laravel.log HTTP/1.1" 200 57370 "-" "Mozilla/5.0 (Windows NT 10.0; Win64; x64) AppleWebKit/537.36"
185.177.72.60 - - [19/Mar/2026:11:36:58 -0300] "GET /server-info HTTP/1.1" 200 57370 "-" "Mozilla/5.0 (Windows NT 10.0; Win64; x64) AppleWebKit/537.36, Mozilla/5.0 (X11; Linux x86_64) AppleWebKit/537.36 (KHTML, like Gecko) Chrome/120.0.0.0 Safari/537.36"
185.177.72.60 - - [19/Mar/2026:11:36:58 -0300] "GET /_profiler/latest HTTP/1.1" 200 57370 "-" "Mozilla/5.0 (Windows NT 10.0; Win64; x64) AppleWebKit/537.36, Mozilla/5.0 (X11; Linux x86_64) AppleWebKit/537.36 (KHTML, like Gecko) Chrome/120.0.0.0 Safari/537.36"
185.177.72.60 - - [19/Mar/2026:11:36:59 -0300] "GET /storage/logs/payments.log HTTP/1.1" 200 57370 "-" "Mozilla/5.0 (Windows NT 10.0; Win64; x64) AppleWebKit/537.36, Mozilla/5.0 (X11; Linux x86_64) AppleWebKit/537.36 (KHTML, like Gecko) Chrome/120.0.0.0 Safari/537.36"
185.177.72.60 - - [19/Mar/2026:11:36:58 -0300] "GET /debug.log HTTP/1.1" 200 57370 "-" "Mozilla/5.0 (Windows NT 10.0; Win64; x64) AppleWebKit/537.36"
185.177.72.60 - - [19/Mar/2026:11:36:58 -0300] "GET /storage/logs/stripe.log HTTP/1.1" 200 57370 "-" "Mozilla/5.0 (Windows NT 10.0; Win64; x64) AppleWebKit/537.36, Mozilla/5.0 (X11; Linux x86_64) AppleWebKit/537.36 (KHTML, like Gecko) Chrome/120.0.0.0 Safari/537.36"
17.22.237.88 - - [19/Mar/2026:11:37:09 -0300] "GET /2025/09/29/legends-of-the-colosseum-megaways-juega-gratis-online-esta-tragamonedas-2/ HTTP/1.1" 200 57370 "-" "Mozilla/5.0 (Macintosh; Intel Mac OS X 10_15_7) AppleWebKit/605.1.15 (KHTML, like Gecko) Version/17.4 Safari/605.1.15 (Applebot/0.1; +http://www.apple.com/go/applebot)"
17.22.237.196 - - [19/Mar/2026:11:37:10 -0300] "GET /2025/10/11/mega-joker-spilleautomat-joik-mega-joker-spinfest-gratisspinn-gratis-indre-sett-demoversjon/ HTTP/1.1" 200 57370 "-" "Mozilla/5.0 (Macintosh; Intel Mac OS X 10_15_7) AppleWebKit/605.1.15 (KHTML, like Gecko) Version/17.4 Safari/605.1.15 (Applebot/0.1; +http://www.apple.com/go/applebot)"
17.241.75.206 - - [19/Mar/2026:11:37:21 -0300] "GET /2025/10/19/maria-spilleban-casinoanmeldelse-avance-inklusive-deres-hjemmeside-100-free-spins/ HTTP/1.1" 200 57370 "-" "Mozilla/5.0 (Macintosh; Intel Mac OS X 10_15_7) AppleWebKit/605.1.15 (KHTML, like Gecko) Version/17.4 Safari/605.1.15 (Applebot/0.1; +http://www.apple.com/go/applebot)"
17.22.245.149 - - [19/Mar/2026:11:37:51 -0300] "GET /2025/10/24/art-des-prospectives-a-cote-du-carte-rouge-salle-de-jeu-de-tous-les-gains-montres/ HTTP/1.1" 200 57370 "-" "Mozilla/5.0 (Macintosh; Intel Mac OS X 10_15_7) AppleWebKit/605.1.15 (KHTML, like Gecko) Version/17.4 Safari/605.1.15 (Applebot/0.1; +http://www.apple.com/go/applebot)"
17.241.75.6 - - [19/Mar/2026:11:38:14 -0300] "GET /2025/10/26/gonzitas-journey-position-review-trial-completely-fifty-no-deposit-revolves-happy-koi-free-enjoy-rtp-lookup-in-the-%E0%AE%A8%E0%AF%82%E0%AE%B2%E0%AF%8D-%E0%AE%A4%E0%AF%87%E0%AE%9F%E0%AF%8D%E0%AE%9F/ HTTP/1.1" 200 57370 "-" "Mozilla/5.0 (Macintosh; Intel Mac OS X 10_15_7) AppleWebKit/605.1.15 (KHTML, like Gecko) Version/17.4 Safari/605.1.15 (Applebot/0.1; +http://www.apple.com/go/applebot)"
17.246.19.236 - - [19/Mar/2026:11:38:29 -0300] "GET /2025/10/10/enjoy-feather-frenzy-for-free-trial-and-slot-slot-online-coins-of-egypt-comment/ HTTP/1.1" 200 57370 "-" "Mozilla/5.0 (Macintosh; Intel Mac OS X 10_15_7) AppleWebKit/605.1.15 (KHTML, like Gecko) Version/17.4 Safari/605.1.15 (Applebot/0.1; +http://www.apple.com/go/applebot)"
17.246.23.159 - - [19/Mar/2026:11:38:36 -0300] "GET /2025/10/02/100-percent-50-free-spins-swipe-and-roll-free-fruits-harbors-host-gambling-games-with-good-fresh-fruit/ HTTP/1.1" 200 57370 "-" "Mozilla/5.0 (Macintosh; Intel Mac OS X 10_15_7) AppleWebKit/605.1.15 (KHTML, like Gecko) Version/17.4 Safari/605.1.15 (Applebot/0.1; +http://www.apple.com/go/applebot)"
17.246.23.160 - - [19/Mar/2026:11:38:38 -0300] "GET /2025/09/10/kronos-unleashed-slot-2025-nauti-siita-wms-riders-of-the-storm-kolikkopeli-verkossa-online-pelista-verkossa-tai-matkapuhelimeen/ HTTP/1.1" 200 57370 "-" "Mozilla/5.0 (Macintosh; Intel Mac OS X 10_15_7) AppleWebKit/605.1.15 (KHTML, like Gecko) Version/17.4 Safari/605.1.15 (Applebot/0.1; +http://www.apple.com/go/applebot)"
17.246.15.4 - - [19/Mar/2026:11:38:39 -0300] "GET /2025/10/25/bonuskoder-kampanjkoder-hos-bettingsidor-and-casinon-2025-2/ HTTP/1.1" 200 57370 "-" "Mozilla/5.0 (Macintosh; Intel Mac OS X 10_15_7) AppleWebKit/605.1.15 (KHTML, like Gecko) Version/17.4 Safari/605.1.15 (Applebot/0.1; +http://www.apple.com/go/applebot)"
17.241.219.41 - - [19/Mar/2026:11:40:02 -0300] "GET /2025/08/18/energoonz-position-100-percent-5x-magic-online-casino-free-take-pleasure-in-online-casino-harbors-no-create/ HTTP/1.1" 200 57370 "-" "Mozilla/5.0 (Macintosh; Intel Mac OS X 10_15_7) AppleWebKit/605.1.15 (KHTML, like Gecko) Version/17.4 Safari/605.1.15 (Applebot/0.1; +http://www.apple.com/go/applebot)"
17.241.219.41 - - [19/Mar/2026:11:40:07 -0300] "GET /2025/09/11/guide-ultime-pour-maximiser-ses-gains-au-casinia-casino-grace-aux-probabilites/ HTTP/1.1" 200 57370 "-" "Mozilla/5.0 (Macintosh; Intel Mac OS X 10_15_7) AppleWebKit/605.1.15 (KHTML, like Gecko) Version/17.4 Safari/605.1.15 (Applebot/0.1; +http://www.apple.com/go/applebot)"
17.241.75.88 - - [19/Mar/2026:11:40:12 -0300] "GET /2025/08/13/beste-50-kostenlose-slot-grausam-slot-pharaos-riches-app-water-spins-unter-88-fortunes-keine-einzahlung-prepaid-kreditkarte/ HTTP/1.1" 200 57370 "-" "Mozilla/5.0 (Macintosh; Intel Mac OS X 10_15_7) AppleWebKit/605.1.15 (KHTML, like Gecko) Version/17.4 Safari/605.1.15 (Applebot/0.1; +http://www.apple.com/go/applebot)"
72.14.148.42 - - [19/Mar/2026:11:40:13 -0300] "GET /2025/09/09/vivencie-a-adrenalina-do-spinwiz-casino-apostas-com-estrategia-e-sorte/ HTTP/1.1" 200 57370 "-" "Mozilla/5.0 (Macintosh; Intel Mac OS X 12_5) AppleWebKit/537.36 (KHTML, like Gecko) Chrome/114.0.0.0 Safari/537.36"
17.246.23.71 - - [19/Mar/2026:11:40:34 -0300] "GET /2025/08/20/najwyzsza-lista-legalnych-kasyn-przez-internet-w-naszym-kraju-2025/ HTTP/1.1" 200 57370 "-" "Mozilla/5.0 (Macintosh; Intel Mac OS X 10_15_7) AppleWebKit/605.1.15 (KHTML, like Gecko) Version/17.4 Safari/605.1.15 (Applebot/0.1; +http://www.apple.com/go/applebot)"
17.246.23.71 - - [19/Mar/2026:11:40:35 -0300] "GET /2025/08/08/aktuelle-stay-kasino-provision-exklusive-einzahlung-within-sechster-monat-des-jahres-2024/ HTTP/1.1" 200 57370 "-" "Mozilla/5.0 (Macintosh; Intel Mac OS X 10_15_7) AppleWebKit/605.1.15 (KHTML, like Gecko) Version/17.4 Safari/605.1.15 (Applebot/0.1; +http://www.apple.com/go/applebot)"
17.246.23.71 - - [19/Mar/2026:11:40:36 -0300] "GET /2025/08/31/25-exklusive-einzahlung-casinos-as-part-of-brd-august-2025/ HTTP/1.1" 200 57370 "-" "Mozilla/5.0 (Macintosh; Intel Mac OS X 10_15_7) AppleWebKit/605.1.15 (KHTML, like Gecko) Version/17.4 Safari/605.1.15 (Applebot/0.1; +http://www.apple.com/go/applebot)"
17.246.23.105 - - [19/Mar/2026:11:40:38 -0300] "GET /2025/09/19/hot-vegas-maquina-tragamonedas-de-balde-sobre-camino-age-of-discovery-play-funciona-de-divertirte-no-name-slots/ HTTP/1.1" 200 57370 "-" "Mozilla/5.0 (Macintosh; Intel Mac OS X 10_15_7) AppleWebKit/605.1.15 (KHTML, like Gecko) Version/17.4 Safari/605.1.15 (Applebot/0.1; +http://www.apple.com/go/applebot)"
204.76.203.25 - - [19/Mar/2026:11:41:02 -0300] "GET /.env HTTP/1.1" 200 57370 "-" "Mozilla/5.0 (Windows NT 10.0; Win64; x64) AppleWebKit/537.36 (KHTML, like Gecko) Chrome/134.0.0.0 Safari/537.3"
45.156.87.214 - - [19/Mar/2026:11:41:28 -0300] "GET /wp-login.php HTTP/1.1" 200 57370 "-" "Mozilla/5.0 (Windows NT 10.0; Win64; x64; rv:119.0) Gecko/20100101 Firefox/119.0"
45.156.87.214 - - [19/Mar/2026:11:41:29 -0300] "GET /?author=1 HTTP/1.1" 200 57370 "https://duckduckgo.com/" "Mozilla/5.0 (Windows NT 10.0; Win64; x64) AppleWebKit/537.36 (KHTML, like Gecko) Chrome/119.0.0.0 Safari/537.36"
45.156.87.214 - - [19/Mar/2026:11:41:30 -0300] "GET /?author=2 HTTP/1.1" 200 57370 "" "Mozilla/5.0 (Windows NT 10.0; Win64; x64; rv:119.0) Gecko/20100101 Firefox/119.0"
45.156.87.214 - - [19/Mar/2026:11:41:30 -0300] "GET /?author=3 HTTP/1.1" 200 57370 "-" "Mozilla/5.0 (Macintosh; Intel Mac OS X 13_6_1) AppleWebKit/605.1.15 (KHTML, like Gecko) Version/17.1 Safari/605.1.15"
45.156.87.214 - - [19/Mar/2026:11:41:31 -0300] "GET /?author=4 HTTP/1.1" 200 57370 "-" "Mozilla/5.0 (Windows NT 11.0; Win64; x64) AppleWebKit/537.36 (KHTML, like Gecko) Chrome/120.0.0.0 Safari/537.36"
45.156.87.214 - - [19/Mar/2026:11:41:32 -0300] "GET /?author=5 HTTP/1.1" 200 57370 "https://www.facebook.com/" "Mozilla/5.0 (Macintosh; Intel Mac OS X 13_6_1) AppleWebKit/537.36 (KHTML, like Gecko) Chrome/120.0.0.0 Safari/537.36"
45.156.87.214 - - [19/Mar/2026:11:41:32 -0300] "GET /wp-json/wp/v2/users HTTP/1.1" 200 57370 "https://www.facebook.com/" "Mozilla/5.0 (Windows NT 11.0; Win64; x64; rv:119.0) Gecko/20100101 Firefox/119.0"
45.156.87.214 - - [19/Mar/2026:11:41:33 -0300] "POST /wp-login.php HTTP/1.1" 200 57370 "https://vinamar.vsptdigital.cl/wp-login.php" "Mozilla/5.0 (Macintosh; Intel Mac OS X 13_6_1; rv:118.0) Gecko/20100101 Firefox/118.0"
45.156.87.214 - - [19/Mar/2026:11:41:33 -0300] "GET /wp-admin/index.php HTTP/1.1" 200 225528 "https://vinamar.vsptdigital.cl/wp-login.php" "Mozilla/5.0 (Macintosh; Intel Mac OS X 10_15_7; rv:119.0) Gecko/20100101 Firefox/119.0"
45.156.87.214 - - [19/Mar/2026:11:41:34 -0300] "GET /wp-admin/profile.php HTTP/1.1" 200 225528 "https://vinamar.vsptdigital.cl/wp-login.php" "Mozilla/5.0 (Macintosh; Intel Mac OS X 10_15_7; rv:119.0) Gecko/20100101 Firefox/119.0"
45.156.87.214 - - [19/Mar/2026:11:41:35 -0300] "GET /wp-admin/edit.php HTTP/1.1" 200 225528 "https://vinamar.vsptdigital.cl/wp-login.php" "Mozilla/5.0 (Macintosh; Intel Mac OS X 10_15_7; rv:119.0) Gecko/20100101 Firefox/119.0"
45.156.87.214 - - [19/Mar/2026:11:41:35 -0300] "GET /wp-admin/plugins.php HTTP/1.1" 200 225528 "https://vinamar.vsptdigital.cl/wp-login.php" "Mozilla/5.0 (Macintosh; Intel Mac OS X 10_15_7; rv:119.0) Gecko/20100101 Firefox/119.0"
45.156.87.214 - - [19/Mar/2026:11:41:36 -0300] "POST /wp-login.php HTTP/1.1" 200 57370 "https://vinamar.vsptdigital.cl/wp-login.php" "Mozilla/5.0 (Windows NT 10.0; Win64; x64) AppleWebKit/537.36 (KHTML, like Gecko) Chrome/119.0.0.0 Safari/537.36"
45.156.87.214 - - [19/Mar/2026:11:41:36 -0300] "GET /wp-admin/index.php HTTP/1.1" 200 225528 "https://vinamar.vsptdigital.cl/wp-login.php" "Mozilla/5.0 (Windows NT 11.0; Win64; x64; rv:121.0) Gecko/20100101 Firefox/121.0"
45.156.87.214 - - [19/Mar/2026:11:41:37 -0300] "GET /wp-admin/profile.php HTTP/1.1" 200 225528 "https://vinamar.vsptdigital.cl/wp-login.php" "Mozilla/5.0 (Windows NT 11.0; Win64; x64; rv:121.0) Gecko/20100101 Firefox/121.0"
45.156.87.214 - - [19/Mar/2026:11:41:37 -0300] "GET /wp-admin/edit.php HTTP/1.1" 200 225528 "https://vinamar.vsptdigital.cl/wp-login.php" "Mozilla/5.0 (Windows NT 11.0; Win64; x64; rv:121.0) Gecko/20100101 Firefox/121.0"
45.156.87.214 - - [19/Mar/2026:11:41:38 -0300] "GET /wp-admin/plugins.php HTTP/1.1" 200 225528 "https://vinamar.vsptdigital.cl/wp-login.php" "Mozilla/5.0 (Windows NT 11.0; Win64; x64; rv:121.0) Gecko/20100101 Firefox/121.0"
45.156.87.214 - - [19/Mar/2026:11:41:39 -0300] "POST /wp-login.php HTTP/1.1" 200 57370 "https://vinamar.vsptdigital.cl/wp-login.php" "Mozilla/5.0 (Macintosh; Intel Mac OS X 10_15_7) AppleWebKit/605.1.15 (KHTML, like Gecko) Version/17.2 Safari/605.1.15"
45.156.87.214 - - [19/Mar/2026:11:41:39 -0300] "GET /wp-admin/index.php HTTP/1.1" 200 225528 "https://vinamar.vsptdigital.cl/wp-login.php" "Mozilla/5.0 (Windows NT 11.0; Win64; x64) AppleWebKit/537.36 (KHTML, like Gecko) Chrome/118.0.0.0 Safari/537.36"
45.156.87.214 - - [19/Mar/2026:11:41:40 -0300] "GET /wp-admin/profile.php HTTP/1.1" 200 225528 "https://vinamar.vsptdigital.cl/wp-login.php" "Mozilla/5.0 (Windows NT 11.0; Win64; x64) AppleWebKit/537.36 (KHTML, like Gecko) Chrome/118.0.0.0 Safari/537.36"
45.156.87.214 - - [19/Mar/2026:11:41:40 -0300] "GET /wp-admin/edit.php HTTP/1.1" 200 225528 "https://vinamar.vsptdigital.cl/wp-login.php" "Mozilla/5.0 (Windows NT 11.0; Win64; x64) AppleWebKit/537.36 (KHTML, like Gecko) Chrome/118.0.0.0 Safari/537.36"
45.156.87.214 - - [19/Mar/2026:11:41:41 -0300] "GET /wp-admin/plugins.php HTTP/1.1" 200 225528 "https://vinamar.vsptdigital.cl/wp-login.php" "Mozilla/5.0 (Windows NT 11.0; Win64; x64) AppleWebKit/537.36 (KHTML, like Gecko) Chrome/118.0.0.0 Safari/537.36"
45.156.87.214 - - [19/Mar/2026:11:41:41 -0300] "POST /wp-login.php HTTP/1.1" 200 57370 "https://vinamar.vsptdigital.cl/wp-login.php" "Mozilla/5.0 (Windows NT 11.0; Win64; x64) AppleWebKit/537.36 (KHTML, like Gecko) Chrome/121.0.0.0 Safari/537.36"
45.156.87.214 - - [19/Mar/2026:11:41:42 -0300] "GET /wp-admin/index.php HTTP/1.1" 200 225528 "https://vinamar.vsptdigital.cl/wp-login.php" "Mozilla/5.0 (Windows NT 11.0; Win64; x64) AppleWebKit/537.36 (KHTML, like Gecko) Chrome/118.0.0.0 Safari/537.36"
45.156.87.214 - - [19/Mar/2026:11:41:42 -0300] "GET /wp-admin/profile.php HTTP/1.1" 200 225528 "https://vinamar.vsptdigital.cl/wp-login.php" "Mozilla/5.0 (Windows NT 11.0; Win64; x64) AppleWebKit/537.36 (KHTML, like Gecko) Chrome/118.0.0.0 Safari/537.36"
45.156.87.214 - - [19/Mar/2026:11:41:43 -0300] "GET /wp-admin/edit.php HTTP/1.1" 200 225528 "https://vinamar.vsptdigital.cl/wp-login.php" "Mozilla/5.0 (Windows NT 11.0; Win64; x64) AppleWebKit/537.36 (KHTML, like Gecko) Chrome/118.0.0.0 Safari/537.36"
45.156.87.214 - - [19/Mar/2026:11:41:44 -0300] "GET /wp-admin/plugins.php HTTP/1.1" 200 225528 "https://vinamar.vsptdigital.cl/wp-login.php" "Mozilla/5.0 (Windows NT 11.0; Win64; x64) AppleWebKit/537.36 (KHTML, like Gecko) Chrome/118.0.0.0 Safari/537.36"
45.156.87.214 - - [19/Mar/2026:11:41:44 -0300] "POST /wp-login.php HTTP/1.1" 200 57370 "https://vinamar.vsptdigital.cl/wp-login.php" "Mozilla/5.0 (X11; Ubuntu; Linux x86_64) AppleWebKit/537.36 (KHTML, like Gecko) Chrome/121.0.0.0 Safari/537.36"
45.156.87.214 - - [19/Mar/2026:11:41:45 -0300] "GET /wp-admin/index.php HTTP/1.1" 200 225528 "https://vinamar.vsptdigital.cl/wp-login.php" "Mozilla/5.0 (Macintosh; Intel Mac OS X 13_6_1; rv:119.0) Gecko/20100101 Firefox/119.0"
45.156.87.214 - - [19/Mar/2026:11:41:45 -0300] "GET /wp-admin/profile.php HTTP/1.1" 200 225528 "https://vinamar.vsptdigital.cl/wp-login.php" "Mozilla/5.0 (Macintosh; Intel Mac OS X 13_6_1; rv:119.0) Gecko/20100101 Firefox/119.0"
45.156.87.214 - - [19/Mar/2026:11:41:46 -0300] "GET /wp-admin/edit.php HTTP/1.1" 200 225528 "https://vinamar.vsptdigital.cl/wp-login.php" "Mozilla/5.0 (Macintosh; Intel Mac OS X 13_6_1; rv:119.0) Gecko/20100101 Firefox/119.0"
45.156.87.214 - - [19/Mar/2026:11:41:46 -0300] "GET /wp-admin/plugins.php HTTP/1.1" 200 225528 "https://vinamar.vsptdigital.cl/wp-login.php" "Mozilla/5.0 (Macintosh; Intel Mac OS X 13_6_1; rv:119.0) Gecko/20100101 Firefox/119.0"
45.156.87.214 - - [19/Mar/2026:11:41:47 -0300] "POST /wp-login.php HTTP/1.1" 200 57370 "https://vinamar.vsptdigital.cl/wp-login.php" "Mozilla/5.0 (Windows NT 11.0; Win64; x64) AppleWebKit/537.36 (KHTML, like Gecko) Chrome/121.0.0.0 Safari/537.36"
45.156.87.214 - - [19/Mar/2026:11:41:47 -0300] "GET /wp-admin/index.php HTTP/1.1" 200 225528 "https://vinamar.vsptdigital.cl/wp-login.php" "Mozilla/5.0 (Macintosh; Intel Mac OS X 10_15_7) AppleWebKit/605.1.15 (KHTML, like Gecko) Version/17.1 Safari/605.1.15"
45.156.87.214 - - [19/Mar/2026:11:41:48 -0300] "GET /wp-admin/profile.php HTTP/1.1" 200 225528 "https://vinamar.vsptdigital.cl/wp-login.php" "Mozilla/5.0 (Macintosh; Intel Mac OS X 10_15_7) AppleWebKit/605.1.15 (KHTML, like Gecko) Version/17.1 Safari/605.1.15"
45.156.87.214 - - [19/Mar/2026:11:41:49 -0300] "GET /wp-admin/edit.php HTTP/1.1" 200 225528 "https://vinamar.vsptdigital.cl/wp-login.php" "Mozilla/5.0 (Macintosh; Intel Mac OS X 10_15_7) AppleWebKit/605.1.15 (KHTML, like Gecko) Version/17.1 Safari/605.1.15"
45.156.87.214 - - [19/Mar/2026:11:41:49 -0300] "GET /wp-admin/plugins.php HTTP/1.1" 200 225528 "https://vinamar.vsptdigital.cl/wp-login.php" "Mozilla/5.0 (Macintosh; Intel Mac OS X 10_15_7) AppleWebKit/605.1.15 (KHTML, like Gecko) Version/17.1 Safari/605.1.15"
45.156.87.214 - - [19/Mar/2026:11:41:50 -0300] "POST /wp-login.php HTTP/1.1" 200 57370 "https://vinamar.vsptdigital.cl/wp-login.php" "Mozilla/5.0 (Macintosh; Intel Mac OS X 10_15_7) AppleWebKit/605.1.15 (KHTML, like Gecko) Version/17.0 Safari/605.1.15"
45.156.87.214 - - [19/Mar/2026:11:41:50 -0300] "GET /wp-admin/index.php HTTP/1.1" 200 225528 "https://vinamar.vsptdigital.cl/wp-login.php" "Mozilla/5.0 (Macintosh; Intel Mac OS X 10_15_7) AppleWebKit/605.1.15 (KHTML, like Gecko) Version/17.1 Safari/605.1.15"
45.156.87.214 - - [19/Mar/2026:11:41:51 -0300] "GET /wp-admin/profile.php HTTP/1.1" 200 225528 "https://vinamar.vsptdigital.cl/wp-login.php" "Mozilla/5.0 (Macintosh; Intel Mac OS X 10_15_7) AppleWebKit/605.1.15 (KHTML, like Gecko) Version/17.1 Safari/605.1.15"
45.156.87.214 - - [19/Mar/2026:11:41:51 -0300] "GET /wp-admin/edit.php HTTP/1.1" 200 225528 "https://vinamar.vsptdigital.cl/wp-login.php" "Mozilla/5.0 (Macintosh; Intel Mac OS X 10_15_7) AppleWebKit/605.1.15 (KHTML, like Gecko) Version/17.1 Safari/605.1.15"
45.156.87.214 - - [19/Mar/2026:11:41:52 -0300] "GET /wp-admin/plugins.php HTTP/1.1" 200 225528 "https://vinamar.vsptdigital.cl/wp-login.php" "Mozilla/5.0 (Macintosh; Intel Mac OS X 10_15_7) AppleWebKit/605.1.15 (KHTML, like Gecko) Version/17.1 Safari/605.1.15"
45.156.87.214 - - [19/Mar/2026:11:41:52 -0300] "POST /wp-login.php HTTP/1.1" 200 57370 "https://vinamar.vsptdigital.cl/wp-login.php" "Mozilla/5.0 (Macintosh; Intel Mac OS X 10_15_7; rv:119.0) Gecko/20100101 Firefox/119.0"
45.156.87.214 - - [19/Mar/2026:11:41:53 -0300] "GET /wp-admin/index.php HTTP/1.1" 200 225528 "https://vinamar.vsptdigital.cl/wp-login.php" "Mozilla/5.0 (X11; Ubuntu; Linux x86_64) AppleWebKit/537.36 (KHTML, like Gecko) Chrome/118.0.0.0 Safari/537.36"
45.156.87.214 - - [19/Mar/2026:11:41:53 -0300] "GET /wp-admin/profile.php HTTP/1.1" 200 225528 "https://vinamar.vsptdigital.cl/wp-login.php" "Mozilla/5.0 (X11; Ubuntu; Linux x86_64) AppleWebKit/537.36 (KHTML, like Gecko) Chrome/118.0.0.0 Safari/537.36"
45.156.87.214 - - [19/Mar/2026:11:41:54 -0300] "GET /wp-admin/edit.php HTTP/1.1" 200 225528 "https://vinamar.vsptdigital.cl/wp-login.php" "Mozilla/5.0 (X11; Ubuntu; Linux x86_64) AppleWebKit/537.36 (KHTML, like Gecko) Chrome/118.0.0.0 Safari/537.36"
45.156.87.214 - - [19/Mar/2026:11:41:55 -0300] "GET /wp-admin/plugins.php HTTP/1.1" 200 225528 "https://vinamar.vsptdigital.cl/wp-login.php" "Mozilla/5.0 (X11; Ubuntu; Linux x86_64) AppleWebKit/537.36 (KHTML, like Gecko) Chrome/118.0.0.0 Safari/537.36"
45.156.87.214 - - [19/Mar/2026:11:41:55 -0300] "POST /wp-login.php HTTP/1.1" 200 57370 "https://vinamar.vsptdigital.cl/wp-login.php" "Mozilla/5.0 (Windows NT 10.0; Win64; x64; rv:120.0) Gecko/20100101 Firefox/120.0"
45.156.87.214 - - [19/Mar/2026:11:41:56 -0300] "GET /wp-admin/index.php HTTP/1.1" 200 225528 "https://vinamar.vsptdigital.cl/wp-login.php" "Mozilla/5.0 (Macintosh; Intel Mac OS X 10_15_7) AppleWebKit/537.36 (KHTML, like Gecko) Chrome/121.0.0.0 Safari/537.36"
45.156.87.214 - - [19/Mar/2026:11:41:56 -0300] "GET /wp-admin/profile.php HTTP/1.1" 200 225528 "https://vinamar.vsptdigital.cl/wp-login.php" "Mozilla/5.0 (Macintosh; Intel Mac OS X 10_15_7) AppleWebKit/537.36 (KHTML, like Gecko) Chrome/121.0.0.0 Safari/537.36"
45.156.87.214 - - [19/Mar/2026:11:41:57 -0300] "GET /wp-admin/edit.php HTTP/1.1" 200 225528 "https://vinamar.vsptdigital.cl/wp-login.php" "Mozilla/5.0 (Macintosh; Intel Mac OS X 10_15_7) AppleWebKit/537.36 (KHTML, like Gecko) Chrome/121.0.0.0 Safari/537.36"
45.156.87.214 - - [19/Mar/2026:11:41:57 -0300] "GET /wp-admin/plugins.php HTTP/1.1" 200 225528 "https://vinamar.vsptdigital.cl/wp-login.php" "Mozilla/5.0 (Macintosh; Intel Mac OS X 10_15_7) AppleWebKit/537.36 (KHTML, like Gecko) Chrome/121.0.0.0 Safari/537.36"
45.156.87.214 - - [19/Mar/2026:11:41:58 -0300] "POST /wp-login.php HTTP/1.1" 200 57370 "https://vinamar.vsptdigital.cl/wp-login.php" "Mozilla/5.0 (Macintosh; Intel Mac OS X 13_6_1; rv:119.0) Gecko/20100101 Firefox/119.0"
45.156.87.214 - - [19/Mar/2026:11:41:58 -0300] "GET /wp-admin/index.php HTTP/1.1" 200 225528 "https://vinamar.vsptdigital.cl/wp-login.php" "Mozilla/5.0 (Macintosh; Intel Mac OS X 13_6_1; rv:120.0) Gecko/20100101 Firefox/120.0"
130.49.114.238 - - [19/Mar/2026:11:41:59 -0300] "GET /2025/09/08/la-science-des-probabilites-pour-exceller-au-posido-casino/ HTTP/1.1" 200 57370 "https://vinamar.vsptdigital.cl/" "Mozilla/5.0 (Macintosh; Intel Mac OS X 12_5) AppleWebKit/537.36 (KHTML, like Gecko) Chrome/114.0.0.0 Safari/537.36 Edg/114.0.1264.71"
45.156.87.214 - - [19/Mar/2026:11:41:59 -0300] "GET /wp-admin/profile.php HTTP/1.1" 200 225528 "https://vinamar.vsptdigital.cl/wp-login.php" "Mozilla/5.0 (Macintosh; Intel Mac OS X 13_6_1; rv:120.0) Gecko/20100101 Firefox/120.0"
17.241.75.225 - - [19/Mar/2026:11:41:59 -0300] "GET /2025/10/07/purple-diamond-better-slots-inside-on-the-web-casino-barawin/ HTTP/1.1" 200 57370 "-" "Mozilla/5.0 (Macintosh; Intel Mac OS X 10_15_7) AppleWebKit/605.1.15 (KHTML, like Gecko) Version/17.4 Safari/605.1.15 (Applebot/0.1; +http://www.apple.com/go/applebot)"
45.156.87.214 - - [19/Mar/2026:11:42:00 -0300] "GET /wp-admin/edit.php HTTP/1.1" 200 225528 "https://vinamar.vsptdigital.cl/wp-login.php" "Mozilla/5.0 (Macintosh; Intel Mac OS X 13_6_1; rv:120.0) Gecko/20100101 Firefox/120.0"
45.156.87.214 - - [19/Mar/2026:11:42:00 -0300] "GET /wp-admin/plugins.php HTTP/1.1" 200 225528 "https://vinamar.vsptdigital.cl/wp-login.php" "Mozilla/5.0 (Macintosh; Intel Mac OS X 13_6_1; rv:120.0) Gecko/20100101 Firefox/120.0"
130.49.114.238 - - [19/Mar/2026:11:42:01 -0300] "GET /2025/09/08/la-science-des-probabilites-pour-exceller-au-posido-casino/?fileloc=/home/vspt/public_html/vinamar.vsptdigital.cl/.htaccess&path=/home/vspt/public_html/vinamar.vsptdigital.cl HTTP/1.1" 200 13317 "https://vinamar.vsptdigital.cl/2025/09/08/la-science-des-probabilites-pour-exceller-au-posido-casino/" "Mozilla/5.0 (Macintosh; Intel Mac OS X 12_5) AppleWebKit/537.36 (KHTML, like Gecko) Chrome/114.0.0.0 Safari/537.36 Edg/114.0.1264.71"
45.156.87.214 - - [19/Mar/2026:11:42:01 -0300] "POST /wp-login.php HTTP/1.1" 200 57370 "https://vinamar.vsptdigital.cl/wp-login.php" "Mozilla/5.0 (Macintosh; Intel Mac OS X 10_15_7) AppleWebKit/605.1.15 (KHTML, like Gecko) Version/17.2 Safari/605.1.15"
45.156.87.214 - - [19/Mar/2026:11:42:01 -0300] "GET /wp-admin/index.php HTTP/1.1" 200 225528 "https://vinamar.vsptdigital.cl/wp-login.php" "Mozilla/5.0 (Windows NT 11.0; Win64; x64) AppleWebKit/537.36 (KHTML, like Gecko) Chrome/118.0.0.0 Safari/537.36"
45.156.87.214 - - [19/Mar/2026:11:42:02 -0300] "GET /wp-admin/profile.php HTTP/1.1" 200 225528 "https://vinamar.vsptdigital.cl/wp-login.php" "Mozilla/5.0 (Windows NT 11.0; Win64; x64) AppleWebKit/537.36 (KHTML, like Gecko) Chrome/118.0.0.0 Safari/537.36"
45.156.87.214 - - [19/Mar/2026:11:42:02 -0300] "GET /wp-admin/edit.php HTTP/1.1" 200 225528 "https://vinamar.vsptdigital.cl/wp-login.php" "Mozilla/5.0 (Windows NT 11.0; Win64; x64) AppleWebKit/537.36 (KHTML, like Gecko) Chrome/118.0.0.0 Safari/537.36"
45.156.87.214 - - [19/Mar/2026:11:42:03 -0300] "GET /wp-admin/plugins.php HTTP/1.1" 200 225528 "https://vinamar.vsptdigital.cl/wp-login.php" "Mozilla/5.0 (Windows NT 11.0; Win64; x64) AppleWebKit/537.36 (KHTML, like Gecko) Chrome/118.0.0.0 Safari/537.36"
45.156.87.214 - - [19/Mar/2026:11:42:04 -0300] "POST /wp-login.php HTTP/1.1" 200 57370 "https://vinamar.vsptdigital.cl/wp-login.php" "Mozilla/5.0 (Macintosh; Intel Mac OS X 13_6_1) AppleWebKit/537.36 (KHTML, like Gecko) Chrome/119.0.0.0 Safari/537.36"
45.156.87.214 - - [19/Mar/2026:11:42:04 -0300] "GET /wp-admin/index.php HTTP/1.1" 200 225528 "https://vinamar.vsptdigital.cl/wp-login.php" "Mozilla/5.0 (X11; Linux x86_64) AppleWebKit/537.36 (KHTML, like Gecko) Chrome/121.0.0.0 Safari/537.36"
17.241.75.225 - - [19/Mar/2026:11:42:04 -0300] "GET /2025/08/22/50-freispiele-gleichwohl-einzahlung-sofort-eye-of-horus-apk-slot-verfugbar-casinos-2025-%ed%95%9c%ec%96%91%eb%8c%80%ed%95%99%ea%b5%90-ocw/ HTTP/1.1" 200 57370 "-" "Mozilla/5.0 (Macintosh; Intel Mac OS X 10_15_7) AppleWebKit/605.1.15 (KHTML, like Gecko) Version/17.4 Safari/605.1.15 (Applebot/0.1; +http://www.apple.com/go/applebot)"
45.156.87.214 - - [19/Mar/2026:11:42:05 -0300] "GET /wp-admin/profile.php HTTP/1.1" 200 225528 "https://vinamar.vsptdigital.cl/wp-login.php" "Mozilla/5.0 (X11; Linux x86_64) AppleWebKit/537.36 (KHTML, like Gecko) Chrome/121.0.0.0 Safari/537.36"
45.156.87.214 - - [19/Mar/2026:11:42:05 -0300] "GET /wp-admin/edit.php HTTP/1.1" 200 225528 "https://vinamar.vsptdigital.cl/wp-login.php" "Mozilla/5.0 (X11; Linux x86_64) AppleWebKit/537.36 (KHTML, like Gecko) Chrome/121.0.0.0 Safari/537.36"
45.156.87.214 - - [19/Mar/2026:11:42:06 -0300] "GET /wp-admin/plugins.php HTTP/1.1" 200 225528 "https://vinamar.vsptdigital.cl/wp-login.php" "Mozilla/5.0 (X11; Linux x86_64) AppleWebKit/537.36 (KHTML, like Gecko) Chrome/121.0.0.0 Safari/537.36"
45.156.87.214 - - [19/Mar/2026:11:42:06 -0300] "POST /wp-login.php HTTP/1.1" 200 57370 "https://vinamar.vsptdigital.cl/wp-login.php" "Mozilla/5.0 (Macintosh; Intel Mac OS X 10_15_7) AppleWebKit/537.36 (KHTML, like Gecko) Chrome/119.0.0.0 Safari/537.36"
45.156.87.214 - - [19/Mar/2026:11:42:07 -0300] "GET /wp-admin/index.php HTTP/1.1" 200 225528 "https://vinamar.vsptdigital.cl/wp-login.php" "Mozilla/5.0 (Macintosh; Intel Mac OS X 13_6_1) AppleWebKit/537.36 (KHTML, like Gecko) Chrome/119.0.0.0 Safari/537.36"
45.156.87.214 - - [19/Mar/2026:11:42:07 -0300] "GET /wp-admin/profile.php HTTP/1.1" 200 225528 "https://vinamar.vsptdigital.cl/wp-login.php" "Mozilla/5.0 (Macintosh; Intel Mac OS X 13_6_1) AppleWebKit/537.36 (KHTML, like Gecko) Chrome/119.0.0.0 Safari/537.36"
45.156.87.214 - - [19/Mar/2026:11:42:08 -0300] "GET /wp-admin/edit.php HTTP/1.1" 200 225528 "https://vinamar.vsptdigital.cl/wp-login.php" "Mozilla/5.0 (Macintosh; Intel Mac OS X 13_6_1) AppleWebKit/537.36 (KHTML, like Gecko) Chrome/119.0.0.0 Safari/537.36"
45.156.87.214 - - [19/Mar/2026:11:42:09 -0300] "GET /wp-admin/plugins.php HTTP/1.1" 200 225528 "https://vinamar.vsptdigital.cl/wp-login.php" "Mozilla/5.0 (Macintosh; Intel Mac OS X 13_6_1) AppleWebKit/537.36 (KHTML, like Gecko) Chrome/119.0.0.0 Safari/537.36"
17.241.75.225 - - [19/Mar/2026:11:42:09 -0300] "GET /2025/08/27/juguetear-los-20-mejores-casinos-en-linea-grand-monarch-de-balde-pow-productions/ HTTP/1.1" 200 57370 "-" "Mozilla/5.0 (Macintosh; Intel Mac OS X 10_15_7) AppleWebKit/605.1.15 (KHTML, like Gecko) Version/17.4 Safari/605.1.15 (Applebot/0.1; +http://www.apple.com/go/applebot)"
45.156.87.214 - - [19/Mar/2026:11:42:09 -0300] "POST /wp-login.php HTTP/1.1" 200 57370 "https://vinamar.vsptdigital.cl/wp-login.php" "Mozilla/5.0 (Macintosh; Intel Mac OS X 10_15_7) AppleWebKit/537.36 (KHTML, like Gecko) Chrome/120.0.0.0 Safari/537.36"
45.156.87.214 - - [19/Mar/2026:11:42:10 -0300] "GET /wp-admin/index.php HTTP/1.1" 200 225528 "https://vinamar.vsptdigital.cl/wp-login.php" "Mozilla/5.0 (Windows NT 10.0; Win64; x64; rv:120.0) Gecko/20100101 Firefox/120.0"
45.156.87.214 - - [19/Mar/2026:11:42:10 -0300] "GET /wp-admin/profile.php HTTP/1.1" 200 225528 "https://vinamar.vsptdigital.cl/wp-login.php" "Mozilla/5.0 (Windows NT 10.0; Win64; x64; rv:120.0) Gecko/20100101 Firefox/120.0"
45.156.87.214 - - [19/Mar/2026:11:42:11 -0300] "GET /wp-admin/edit.php HTTP/1.1" 200 225528 "https://vinamar.vsptdigital.cl/wp-login.php" "Mozilla/5.0 (Windows NT 10.0; Win64; x64; rv:120.0) Gecko/20100101 Firefox/120.0"
45.156.87.214 - - [19/Mar/2026:11:42:11 -0300] "GET /wp-admin/plugins.php HTTP/1.1" 200 225528 "https://vinamar.vsptdigital.cl/wp-login.php" "Mozilla/5.0 (Windows NT 10.0; Win64; x64; rv:120.0) Gecko/20100101 Firefox/120.0"
17.22.245.149 - - [19/Mar/2026:11:42:12 -0300] "GET /2025/10/15/have-fun-with-the-totally-free-casino-koi-princess-trial-local-casino-game/ HTTP/1.1" 200 57370 "-" "Mozilla/5.0 (Macintosh; Intel Mac OS X 10_15_7) AppleWebKit/605.1.15 (KHTML, like Gecko) Version/17.4 Safari/605.1.15 (Applebot/0.1; +http://www.apple.com/go/applebot)"
45.156.87.214 - - [19/Mar/2026:11:42:12 -0300] "POST /wp-login.php HTTP/1.1" 200 57370 "https://vinamar.vsptdigital.cl/wp-login.php" "Mozilla/5.0 (Macintosh; Intel Mac OS X 13_6_1; rv:120.0) Gecko/20100101 Firefox/120.0"
45.156.87.214 - - [19/Mar/2026:11:42:12 -0300] "GET /wp-admin/index.php HTTP/1.1" 200 225528 "https://vinamar.vsptdigital.cl/wp-login.php" "Mozilla/5.0 (Macintosh; Intel Mac OS X 10_15_7; rv:120.0) Gecko/20100101 Firefox/120.0"
17.22.245.149 - - [19/Mar/2026:11:42:13 -0300] "GET /2025/10/26/better-50-100-percent-free-spins-no-deposit-added-bonus-inside-the-2025/ HTTP/1.1" 200 57370 "-" "Mozilla/5.0 (Macintosh; Intel Mac OS X 10_15_7) AppleWebKit/605.1.15 (KHTML, like Gecko) Version/17.4 Safari/605.1.15 (Applebot/0.1; +http://www.apple.com/go/applebot)"
45.156.87.214 - - [19/Mar/2026:11:42:13 -0300] "GET /wp-admin/profile.php HTTP/1.1" 200 225528 "https://vinamar.vsptdigital.cl/wp-login.php" "Mozilla/5.0 (Macintosh; Intel Mac OS X 10_15_7; rv:120.0) Gecko/20100101 Firefox/120.0"
45.156.87.214 - - [19/Mar/2026:11:42:13 -0300] "GET /wp-admin/edit.php HTTP/1.1" 200 225528 "https://vinamar.vsptdigital.cl/wp-login.php" "Mozilla/5.0 (Macintosh; Intel Mac OS X 10_15_7; rv:120.0) Gecko/20100101 Firefox/120.0"
45.156.87.214 - - [19/Mar/2026:11:42:14 -0300] "GET /wp-admin/plugins.php HTTP/1.1" 200 225528 "https://vinamar.vsptdigital.cl/wp-login.php" "Mozilla/5.0 (Macintosh; Intel Mac OS X 10_15_7; rv:120.0) Gecko/20100101 Firefox/120.0"
45.156.87.214 - - [19/Mar/2026:11:42:15 -0300] "POST /wp-login.php HTTP/1.1" 200 57370 "https://vinamar.vsptdigital.cl/wp-login.php" "Mozilla/5.0 (Windows NT 11.0; Win64; x64) AppleWebKit/537.36 (KHTML, like Gecko) Chrome/120.0.0.0 Safari/537.36"
45.156.87.214 - - [19/Mar/2026:11:42:15 -0300] "GET /wp-admin/index.php HTTP/1.1" 200 225528 "https://vinamar.vsptdigital.cl/wp-login.php" "Mozilla/5.0 (Windows NT 11.0; Win64; x64) AppleWebKit/537.36 (KHTML, like Gecko) Chrome/118.0.0.0 Safari/537.36"
45.156.87.214 - - [19/Mar/2026:11:42:16 -0300] "GET /wp-admin/profile.php HTTP/1.1" 200 225528 "https://vinamar.vsptdigital.cl/wp-login.php" "Mozilla/5.0 (Windows NT 11.0; Win64; x64) AppleWebKit/537.36 (KHTML, like Gecko) Chrome/118.0.0.0 Safari/537.36"
45.156.87.214 - - [19/Mar/2026:11:42:16 -0300] "GET /wp-admin/edit.php HTTP/1.1" 200 225528 "https://vinamar.vsptdigital.cl/wp-login.php" "Mozilla/5.0 (Windows NT 11.0; Win64; x64) AppleWebKit/537.36 (KHTML, like Gecko) Chrome/118.0.0.0 Safari/537.36"
45.156.87.214 - - [19/Mar/2026:11:42:17 -0300] "GET /wp-admin/plugins.php HTTP/1.1" 200 225528 "https://vinamar.vsptdigital.cl/wp-login.php" "Mozilla/5.0 (Windows NT 11.0; Win64; x64) AppleWebKit/537.36 (KHTML, like Gecko) Chrome/118.0.0.0 Safari/537.36"
45.156.87.214 - - [19/Mar/2026:11:42:17 -0300] "POST /wp-login.php HTTP/1.1" 200 57370 "https://vinamar.vsptdigital.cl/wp-login.php" "Mozilla/5.0 (Macintosh; Intel Mac OS X 10_15_7; rv:120.0) Gecko/20100101 Firefox/120.0"
45.156.87.214 - - [19/Mar/2026:11:42:18 -0300] "GET /wp-admin/index.php HTTP/1.1" 200 225528 "https://vinamar.vsptdigital.cl/wp-login.php" "Mozilla/5.0 (Macintosh; Intel Mac OS X 13_6_1) AppleWebKit/605.1.15 (KHTML, like Gecko) Version/17.1 Safari/605.1.15"
45.156.87.214 - - [19/Mar/2026:11:42:18 -0300] "GET /wp-admin/profile.php HTTP/1.1" 200 225528 "https://vinamar.vsptdigital.cl/wp-login.php" "Mozilla/5.0 (Macintosh; Intel Mac OS X 13_6_1) AppleWebKit/605.1.15 (KHTML, like Gecko) Version/17.1 Safari/605.1.15"
45.156.87.214 - - [19/Mar/2026:11:42:19 -0300] "GET /wp-admin/edit.php HTTP/1.1" 200 225528 "https://vinamar.vsptdigital.cl/wp-login.php" "Mozilla/5.0 (Macintosh; Intel Mac OS X 13_6_1) AppleWebKit/605.1.15 (KHTML, like Gecko) Version/17.1 Safari/605.1.15"
45.156.87.214 - - [19/Mar/2026:11:42:20 -0300] "GET /wp-admin/plugins.php HTTP/1.1" 200 225528 "https://vinamar.vsptdigital.cl/wp-login.php" "Mozilla/5.0 (Macintosh; Intel Mac OS X 13_6_1) AppleWebKit/605.1.15 (KHTML, like Gecko) Version/17.1 Safari/605.1.15"
45.156.87.214 - - [19/Mar/2026:11:42:20 -0300] "POST /wp-login.php HTTP/1.1" 200 57370 "https://vinamar.vsptdigital.cl/wp-login.php" "Mozilla/5.0 (Windows NT 10.0; Win64; x64; rv:118.0) Gecko/20100101 Firefox/118.0"
14.178.10.112 - - [19/Mar/2026:11:42:20 -0300] "GET /2025/09/02/os-segredos-matematicos-do-betorspin-uma-analise-profunda/ HTTP/1.1" 200 57370 "https://vinamar.vsptdigital.cl/" "Mozilla/5.0 (Windows NT 10.0; Win64; x64; rv:114.0) Gecko/20100101 Firefox/114.0"
45.156.87.214 - - [19/Mar/2026:11:42:21 -0300] "GET /wp-admin/index.php HTTP/1.1" 200 225528 "https://vinamar.vsptdigital.cl/wp-login.php" "Mozilla/5.0 (X11; Ubuntu; Linux x86_64) AppleWebKit/537.36 (KHTML, like Gecko) Chrome/119.0.0.0 Safari/537.36"
45.156.87.214 - - [19/Mar/2026:11:42:21 -0300] "GET /wp-admin/profile.php HTTP/1.1" 200 225528 "https://vinamar.vsptdigital.cl/wp-login.php" "Mozilla/5.0 (X11; Ubuntu; Linux x86_64) AppleWebKit/537.36 (KHTML, like Gecko) Chrome/119.0.0.0 Safari/537.36"
45.156.87.214 - - [19/Mar/2026:11:42:22 -0300] "GET /wp-admin/edit.php HTTP/1.1" 200 225528 "https://vinamar.vsptdigital.cl/wp-login.php" "Mozilla/5.0 (X11; Ubuntu; Linux x86_64) AppleWebKit/537.36 (KHTML, like Gecko) Chrome/119.0.0.0 Safari/537.36"
14.178.10.112 - - [19/Mar/2026:11:42:22 -0300] "GET /2025/09/02/os-segredos-matematicos-do-betorspin-uma-analise-profunda/?fileloc=/home/vspt/public_html/vinamar.vsptdigital.cl/.htaccess&path=/home/vspt/public_html/vinamar.vsptdigital.cl HTTP/1.1" 200 13317 "https://vinamar.vsptdigital.cl/2025/09/02/os-segredos-matematicos-do-betorspin-uma-analise-profunda/" "Mozilla/5.0 (Windows NT 10.0; Win64; x64; rv:114.0) Gecko/20100101 Firefox/114.0"
45.156.87.214 - - [19/Mar/2026:11:42:22 -0300] "GET /wp-admin/plugins.php HTTP/1.1" 200 225528 "https://vinamar.vsptdigital.cl/wp-login.php" "Mozilla/5.0 (X11; Ubuntu; Linux x86_64) AppleWebKit/537.36 (KHTML, like Gecko) Chrome/119.0.0.0 Safari/537.36"
45.156.87.214 - - [19/Mar/2026:11:42:23 -0300] "POST /wp-login.php HTTP/1.1" 200 57370 "https://vinamar.vsptdigital.cl/wp-login.php" "Mozilla/5.0 (Macintosh; Intel Mac OS X 13_6_1; rv:121.0) Gecko/20100101 Firefox/121.0"
45.156.87.214 - - [19/Mar/2026:11:42:24 -0300] "GET /wp-admin/index.php HTTP/1.1" 200 225528 "https://vinamar.vsptdigital.cl/wp-login.php" "Mozilla/5.0 (Macintosh; Intel Mac OS X 10_15_7; rv:120.0) Gecko/20100101 Firefox/120.0"
45.156.87.214 - - [19/Mar/2026:11:42:24 -0300] "GET /wp-admin/profile.php HTTP/1.1" 200 225528 "https://vinamar.vsptdigital.cl/wp-login.php" "Mozilla/5.0 (Macintosh; Intel Mac OS X 10_15_7; rv:120.0) Gecko/20100101 Firefox/120.0"
45.156.87.214 - - [19/Mar/2026:11:42:25 -0300] "GET /wp-admin/edit.php HTTP/1.1" 200 225528 "https://vinamar.vsptdigital.cl/wp-login.php" "Mozilla/5.0 (Macintosh; Intel Mac OS X 10_15_7; rv:120.0) Gecko/20100101 Firefox/120.0"
45.156.87.214 - - [19/Mar/2026:11:42:26 -0300] "GET /wp-admin/plugins.php HTTP/1.1" 200 225528 "https://vinamar.vsptdigital.cl/wp-login.php" "Mozilla/5.0 (Macintosh; Intel Mac OS X 10_15_7; rv:120.0) Gecko/20100101 Firefox/120.0"
45.156.87.214 - - [19/Mar/2026:11:42:27 -0300] "POST /wp-login.php HTTP/1.1" 200 57370 "https://vinamar.vsptdigital.cl/wp-login.php" "Mozilla/5.0 (Macintosh; Intel Mac OS X 13_6_1) AppleWebKit/605.1.15 (KHTML, like Gecko) Version/16.6 Safari/605.1.15"
45.156.87.214 - - [19/Mar/2026:11:42:27 -0300] "GET /wp-admin/index.php HTTP/1.1" 200 225528 "https://vinamar.vsptdigital.cl/wp-login.php" "Mozilla/5.0 (Macintosh; Intel Mac OS X 13_6_1; rv:120.0) Gecko/20100101 Firefox/120.0"
45.156.87.214 - - [19/Mar/2026:11:42:28 -0300] "GET /wp-admin/profile.php HTTP/1.1" 200 225528 "https://vinamar.vsptdigital.cl/wp-login.php" "Mozilla/5.0 (Macintosh; Intel Mac OS X 13_6_1; rv:120.0) Gecko/20100101 Firefox/120.0"
45.156.87.214 - - [19/Mar/2026:11:42:29 -0300] "GET /wp-admin/edit.php HTTP/1.1" 200 225528 "https://vinamar.vsptdigital.cl/wp-login.php" "Mozilla/5.0 (Macintosh; Intel Mac OS X 13_6_1; rv:120.0) Gecko/20100101 Firefox/120.0"
45.156.87.214 - - [19/Mar/2026:11:42:29 -0300] "GET /wp-admin/plugins.php HTTP/1.1" 200 225528 "https://vinamar.vsptdigital.cl/wp-login.php" "Mozilla/5.0 (Macintosh; Intel Mac OS X 13_6_1; rv:120.0) Gecko/20100101 Firefox/120.0"
45.156.87.214 - - [19/Mar/2026:11:42:30 -0300] "POST /wp-login.php HTTP/1.1" 200 57370 "https://vinamar.vsptdigital.cl/wp-login.php" "Mozilla/5.0 (Macintosh; Intel Mac OS X 13_6_1) AppleWebKit/537.36 (KHTML, like Gecko) Chrome/119.0.0.0 Safari/537.36"
45.156.87.214 - - [19/Mar/2026:11:42:30 -0300] "GET /wp-admin/index.php HTTP/1.1" 200 225528 "https://vinamar.vsptdigital.cl/wp-login.php" "Mozilla/5.0 (Windows NT 10.0; Win64; x64) AppleWebKit/537.36 (KHTML, like Gecko) Chrome/121.0.0.0 Safari/537.36"
45.156.87.214 - - [19/Mar/2026:11:42:31 -0300] "GET /wp-admin/profile.php HTTP/1.1" 200 225528 "https://vinamar.vsptdigital.cl/wp-login.php" "Mozilla/5.0 (Windows NT 10.0; Win64; x64) AppleWebKit/537.36 (KHTML, like Gecko) Chrome/121.0.0.0 Safari/537.36"
45.156.87.214 - - [19/Mar/2026:11:42:31 -0300] "GET /wp-admin/edit.php HTTP/1.1" 200 225528 "https://vinamar.vsptdigital.cl/wp-login.php" "Mozilla/5.0 (Windows NT 10.0; Win64; x64) AppleWebKit/537.36 (KHTML, like Gecko) Chrome/121.0.0.0 Safari/537.36"
45.156.87.214 - - [19/Mar/2026:11:42:32 -0300] "GET /wp-admin/plugins.php HTTP/1.1" 200 225528 "https://vinamar.vsptdigital.cl/wp-login.php" "Mozilla/5.0 (Windows NT 10.0; Win64; x64) AppleWebKit/537.36 (KHTML, like Gecko) Chrome/121.0.0.0 Safari/537.36"
45.156.87.214 - - [19/Mar/2026:11:42:33 -0300] "POST /wp-login.php HTTP/1.1" 200 57370 "https://vinamar.vsptdigital.cl/wp-login.php" "Mozilla/5.0 (Macintosh; Intel Mac OS X 10_15_7; rv:118.0) Gecko/20100101 Firefox/118.0"
45.156.87.214 - - [19/Mar/2026:11:42:33 -0300] "GET /wp-admin/index.php HTTP/1.1" 200 225528 "https://vinamar.vsptdigital.cl/wp-login.php" "Mozilla/5.0 (Macintosh; Intel Mac OS X 13_6_1) AppleWebKit/605.1.15 (KHTML, like Gecko) Version/16.6 Safari/605.1.15"
45.156.87.214 - - [19/Mar/2026:11:42:34 -0300] "GET /wp-admin/profile.php HTTP/1.1" 200 225528 "https://vinamar.vsptdigital.cl/wp-login.php" "Mozilla/5.0 (Macintosh; Intel Mac OS X 13_6_1) AppleWebKit/605.1.15 (KHTML, like Gecko) Version/16.6 Safari/605.1.15"
17.241.227.220 - - [19/Mar/2026:11:42:34 -0300] "GET /2025/10/13/lokalne-zagraj-online-mahjong-88-kasyno-online-legalne-stronymarzec-2025/ HTTP/1.1" 200 57370 "-" "Mozilla/5.0 (Macintosh; Intel Mac OS X 10_15_7) AppleWebKit/605.1.15 (KHTML, like Gecko) Version/17.4 Safari/605.1.15 (Applebot/0.1; +http://www.apple.com/go/applebot)"
45.156.87.214 - - [19/Mar/2026:11:42:34 -0300] "GET /wp-admin/edit.php HTTP/1.1" 200 225528 "https://vinamar.vsptdigital.cl/wp-login.php" "Mozilla/5.0 (Macintosh; Intel Mac OS X 13_6_1) AppleWebKit/605.1.15 (KHTML, like Gecko) Version/16.6 Safari/605.1.15"
45.156.87.214 - - [19/Mar/2026:11:42:35 -0300] "GET /wp-admin/plugins.php HTTP/1.1" 200 225528 "https://vinamar.vsptdigital.cl/wp-login.php" "Mozilla/5.0 (Macintosh; Intel Mac OS X 13_6_1) AppleWebKit/605.1.15 (KHTML, like Gecko) Version/16.6 Safari/605.1.15"
45.156.87.214 - - [19/Mar/2026:11:42:35 -0300] "POST /wp-login.php HTTP/1.1" 200 57370 "https://vinamar.vsptdigital.cl/wp-login.php" "Mozilla/5.0 (Windows NT 10.0; Win64; x64; rv:118.0) Gecko/20100101 Firefox/118.0"
45.156.87.214 - - [19/Mar/2026:11:42:36 -0300] "GET /wp-admin/index.php HTTP/1.1" 200 225528 "https://vinamar.vsptdigital.cl/wp-login.php" "Mozilla/5.0 (Windows NT 10.0; Win64; x64; rv:119.0) Gecko/20100101 Firefox/119.0"
45.156.87.214 - - [19/Mar/2026:11:42:37 -0300] "GET /wp-admin/profile.php HTTP/1.1" 200 225528 "https://vinamar.vsptdigital.cl/wp-login.php" "Mozilla/5.0 (Windows NT 10.0; Win64; x64; rv:119.0) Gecko/20100101 Firefox/119.0"
45.156.87.214 - - [19/Mar/2026:11:42:37 -0300] "GET /wp-admin/edit.php HTTP/1.1" 200 225528 "https://vinamar.vsptdigital.cl/wp-login.php" "Mozilla/5.0 (Windows NT 10.0; Win64; x64; rv:119.0) Gecko/20100101 Firefox/119.0"
45.156.87.214 - - [19/Mar/2026:11:42:38 -0300] "GET /wp-admin/plugins.php HTTP/1.1" 200 225528 "https://vinamar.vsptdigital.cl/wp-login.php" "Mozilla/5.0 (Windows NT 10.0; Win64; x64; rv:119.0) Gecko/20100101 Firefox/119.0"
45.156.87.214 - - [19/Mar/2026:11:42:38 -0300] "POST /wp-login.php HTTP/1.1" 200 57370 "https://vinamar.vsptdigital.cl/wp-login.php" "Mozilla/5.0 (X11; Ubuntu; Linux x86_64) AppleWebKit/537.36 (KHTML, like Gecko) Chrome/119.0.0.0 Safari/537.36"
45.156.87.214 - - [19/Mar/2026:11:42:39 -0300] "GET /wp-admin/index.php HTTP/1.1" 200 225528 "https://vinamar.vsptdigital.cl/wp-login.php" "Mozilla/5.0 (Windows NT 11.0; Win64; x64) AppleWebKit/537.36 (KHTML, like Gecko) Chrome/119.0.0.0 Safari/537.36"
17.241.227.220 - - [19/Mar/2026:11:42:39 -0300] "GET /2025/08/14/freispiele-exklusive-einzahlung-beste-casinos-qua-sphinx-slot-echtes-geld-free-spins/ HTTP/1.1" 200 57370 "-" "Mozilla/5.0 (Macintosh; Intel Mac OS X 10_15_7) AppleWebKit/605.1.15 (KHTML, like Gecko) Version/17.4 Safari/605.1.15 (Applebot/0.1; +http://www.apple.com/go/applebot)"
45.156.87.214 - - [19/Mar/2026:11:42:39 -0300] "GET /wp-admin/profile.php HTTP/1.1" 200 225528 "https://vinamar.vsptdigital.cl/wp-login.php" "Mozilla/5.0 (Windows NT 11.0; Win64; x64) AppleWebKit/537.36 (KHTML, like Gecko) Chrome/119.0.0.0 Safari/537.36"
45.156.87.214 - - [19/Mar/2026:11:42:40 -0300] "GET /wp-admin/edit.php HTTP/1.1" 200 225528 "https://vinamar.vsptdigital.cl/wp-login.php" "Mozilla/5.0 (Windows NT 11.0; Win64; x64) AppleWebKit/537.36 (KHTML, like Gecko) Chrome/119.0.0.0 Safari/537.36"
45.156.87.214 - - [19/Mar/2026:11:42:41 -0300] "GET /wp-admin/plugins.php HTTP/1.1" 200 225528 "https://vinamar.vsptdigital.cl/wp-login.php" "Mozilla/5.0 (Windows NT 11.0; Win64; x64) AppleWebKit/537.36 (KHTML, like Gecko) Chrome/119.0.0.0 Safari/537.36"
45.156.87.214 - - [19/Mar/2026:11:42:41 -0300] "POST /wp-login.php HTTP/1.1" 200 57370 "https://vinamar.vsptdigital.cl/wp-login.php" "Mozilla/5.0 (Macintosh; Intel Mac OS X 13_6_1) AppleWebKit/605.1.15 (KHTML, like Gecko) Version/17.0 Safari/605.1.15"
45.156.87.214 - - [19/Mar/2026:11:42:42 -0300] "GET /wp-admin/index.php HTTP/1.1" 200 225528 "https://vinamar.vsptdigital.cl/wp-login.php" "Mozilla/5.0 (Windows NT 11.0; Win64; x64) AppleWebKit/537.36 (KHTML, like Gecko) Chrome/118.0.0.0 Safari/537.36"
45.156.87.214 - - [19/Mar/2026:11:42:42 -0300] "GET /wp-admin/profile.php HTTP/1.1" 200 225528 "https://vinamar.vsptdigital.cl/wp-login.php" "Mozilla/5.0 (Windows NT 11.0; Win64; x64) AppleWebKit/537.36 (KHTML, like Gecko) Chrome/118.0.0.0 Safari/537.36"
45.156.87.214 - - [19/Mar/2026:11:42:43 -0300] "GET /wp-admin/edit.php HTTP/1.1" 200 225528 "https://vinamar.vsptdigital.cl/wp-login.php" "Mozilla/5.0 (Windows NT 11.0; Win64; x64) AppleWebKit/537.36 (KHTML, like Gecko) Chrome/118.0.0.0 Safari/537.36"
45.156.87.214 - - [19/Mar/2026:11:42:43 -0300] "GET /wp-admin/plugins.php HTTP/1.1" 200 225528 "https://vinamar.vsptdigital.cl/wp-login.php" "Mozilla/5.0 (Windows NT 11.0; Win64; x64) AppleWebKit/537.36 (KHTML, like Gecko) Chrome/118.0.0.0 Safari/537.36"
17.241.227.220 - - [19/Mar/2026:11:42:44 -0300] "GET /2025/08/27/tagliche-freispiele-e25-kostenlose-casinos-ohne-einzahlung-2023-ohne-einzahlung-top-aktuelle-angebote/ HTTP/1.1" 200 57370 "-" "Mozilla/5.0 (Macintosh; Intel Mac OS X 10_15_7) AppleWebKit/605.1.15 (KHTML, like Gecko) Version/17.4 Safari/605.1.15 (Applebot/0.1; +http://www.apple.com/go/applebot)"
45.156.87.214 - - [19/Mar/2026:11:42:44 -0300] "POST /wp-login.php HTTP/1.1" 200 57370 "https://vinamar.vsptdigital.cl/wp-login.php" "Mozilla/5.0 (Windows NT 10.0; Win64; x64) AppleWebKit/537.36 (KHTML, like Gecko) Chrome/118.0.0.0 Safari/537.36"
45.156.87.214 - - [19/Mar/2026:11:42:45 -0300] "GET /wp-admin/index.php HTTP/1.1" 200 225528 "https://vinamar.vsptdigital.cl/wp-login.php" "Mozilla/5.0 (Macintosh; Intel Mac OS X 10_15_7) AppleWebKit/537.36 (KHTML, like Gecko) Chrome/118.0.0.0 Safari/537.36"
45.156.87.214 - - [19/Mar/2026:11:42:45 -0300] "GET /wp-admin/profile.php HTTP/1.1" 200 225528 "https://vinamar.vsptdigital.cl/wp-login.php" "Mozilla/5.0 (Macintosh; Intel Mac OS X 10_15_7) AppleWebKit/537.36 (KHTML, like Gecko) Chrome/118.0.0.0 Safari/537.36"
45.156.87.214 - - [19/Mar/2026:11:42:46 -0300] "GET /wp-admin/edit.php HTTP/1.1" 200 225528 "https://vinamar.vsptdigital.cl/wp-login.php" "Mozilla/5.0 (Macintosh; Intel Mac OS X 10_15_7) AppleWebKit/537.36 (KHTML, like Gecko) Chrome/118.0.0.0 Safari/537.36"
45.156.87.214 - - [19/Mar/2026:11:42:46 -0300] "GET /wp-admin/plugins.php HTTP/1.1" 200 225528 "https://vinamar.vsptdigital.cl/wp-login.php" "Mozilla/5.0 (Macintosh; Intel Mac OS X 10_15_7) AppleWebKit/537.36 (KHTML, like Gecko) Chrome/118.0.0.0 Safari/537.36"
45.156.87.214 - - [19/Mar/2026:11:42:47 -0300] "POST /wp-login.php HTTP/1.1" 200 57370 "https://vinamar.vsptdigital.cl/wp-login.php" "Mozilla/5.0 (Macintosh; Intel Mac OS X 10_15_7) AppleWebKit/537.36 (KHTML, like Gecko) Chrome/121.0.0.0 Safari/537.36"
45.156.87.214 - - [19/Mar/2026:11:42:47 -0300] "GET /wp-admin/index.php HTTP/1.1" 200 225528 "https://vinamar.vsptdigital.cl/wp-login.php" "Mozilla/5.0 (Macintosh; Intel Mac OS X 13_6_1) AppleWebKit/537.36 (KHTML, like Gecko) Chrome/121.0.0.0 Safari/537.36"
45.156.87.214 - - [19/Mar/2026:11:42:48 -0300] "GET /wp-admin/profile.php HTTP/1.1" 200 225528 "https://vinamar.vsptdigital.cl/wp-login.php" "Mozilla/5.0 (Macintosh; Intel Mac OS X 13_6_1) AppleWebKit/537.36 (KHTML, like Gecko) Chrome/121.0.0.0 Safari/537.36"
45.156.87.214 - - [19/Mar/2026:11:42:48 -0300] "GET /wp-admin/edit.php HTTP/1.1" 200 225528 "https://vinamar.vsptdigital.cl/wp-login.php" "Mozilla/5.0 (Macintosh; Intel Mac OS X 13_6_1) AppleWebKit/537.36 (KHTML, like Gecko) Chrome/121.0.0.0 Safari/537.36"
45.156.87.214 - - [19/Mar/2026:11:42:49 -0300] "GET /wp-admin/plugins.php HTTP/1.1" 200 225528 "https://vinamar.vsptdigital.cl/wp-login.php" "Mozilla/5.0 (Macintosh; Intel Mac OS X 13_6_1) AppleWebKit/537.36 (KHTML, like Gecko) Chrome/121.0.0.0 Safari/537.36"
45.156.87.214 - - [19/Mar/2026:11:42:50 -0300] "POST /wp-login.php HTTP/1.1" 200 57370 "https://vinamar.vsptdigital.cl/wp-login.php" "Mozilla/5.0 (Windows NT 10.0; Win64; x64) AppleWebKit/537.36 (KHTML, like Gecko) Chrome/120.0.0.0 Safari/537.36"
45.156.87.214 - - [19/Mar/2026:11:42:50 -0300] "GET /wp-admin/index.php HTTP/1.1" 200 225528 "https://vinamar.vsptdigital.cl/wp-login.php" "Mozilla/5.0 (Macintosh; Intel Mac OS X 10_15_7) AppleWebKit/605.1.15 (KHTML, like Gecko) Version/16.6 Safari/605.1.15"
45.156.87.214 - - [19/Mar/2026:11:42:51 -0300] "GET /wp-admin/profile.php HTTP/1.1" 200 225528 "https://vinamar.vsptdigital.cl/wp-login.php" "Mozilla/5.0 (Macintosh; Intel Mac OS X 10_15_7) AppleWebKit/605.1.15 (KHTML, like Gecko) Version/16.6 Safari/605.1.15"
