216.73.216.40 - - [19/Mar/2026:14:40:28 -0300] "GET /2025/10/14/1xbet-korea-download-app-how-to-install-and-use-it?fileloc=%2Fhome%2Fvspt%2Fpublic_html%2Fwp-cron.php&path=%2Fhome%2Fvspt%2Fpublic_html HTTP/1.1" 200 18014 "-" "Mozilla/5.0 AppleWebKit/537.36 (KHTML, like Gecko; compatible; ClaudeBot/1.0; +claudebot@anthropic.com)"
147.135.253.47 - - [19/Mar/2026:14:40:29 -0300] "GET /2025/09/10/pinco-kazinoda-q%C9%99l%C9%99b%C9%99l%C9%99ri-t%C9%99min-ed%C9%99n-oyun-muxt%C9%99lifliyi/?path=/ HTTP/1.1" 200 51709 "-" "Mozilla/5.0 (compatible; MJ12bot/v1.4.8; http://mj12bot.com/)"
147.135.253.47 - - [19/Mar/2026:14:40:31 -0300] "GET /2025/09/10/pinco-kazinoda-q%C9%99l%C9%99b%C9%99l%C9%99ri-t%C9%99min-ed%C9%99n-oyun-muxt%C9%99lifliyi/?path=/home HTTP/1.1" 200 12631 "-" "Mozilla/5.0 (compatible; MJ12bot/v1.4.8; http://mj12bot.com/)"
17.22.237.38 - - [19/Mar/2026:14:40:32 -0300] "GET /2025/10/28/dhjete-kazinote-me-te-mira-bitcoin-aplikacioni-i-basteve-ice-casino-me-stimuj-pa-depozite-brenda-vitit-2025/ HTTP/1.1" 200 57370 "-" "Mozilla/5.0 (Macintosh; Intel Mac OS X 10_15_7) AppleWebKit/605.1.15 (KHTML, like Gecko) Version/17.4 Safari/605.1.15 (Applebot/0.1; +http://www.apple.com/go/applebot)"
216.73.216.40 - - [19/Mar/2026:14:40:32 -0300] "GET /2025/10/14/1xbet-korea-download-app-how-to-install-and-use-it?fileloc=%2Fhome%2Fvspt%2Fpublic_html%2Fvinamar.vsptdigital.cl%2Fwp-includes%2Fclass-simplepie.php&path=%2Fhome%2Fvspt%2Fpublic_html%2Fvinamar.vsptdigital.cl%2Fwp-includes HTTP/1.1" 200 13005 "-" "Mozilla/5.0 AppleWebKit/537.36 (KHTML, like Gecko; compatible; ClaudeBot/1.0; +claudebot@anthropic.com)"
216.73.216.40 - - [19/Mar/2026:14:40:33 -0300] "GET /2025/10/14/1xbet-korea-download-app-how-to-install-and-use-it?path=%2F%2Fdev HTTP/1.1" 200 41211 "-" "Mozilla/5.0 AppleWebKit/537.36 (KHTML, like Gecko; compatible; ClaudeBot/1.0; +claudebot@anthropic.com)"
216.73.216.40 - - [19/Mar/2026:14:40:33 -0300] "GET /2025/10/14/1xbet-korea-download-app-how-to-install-and-use-it?fileloc=%2Fhome%2Fvspt%2Fpublic_html%2Fvinamar.vsptdigital.cl%2Fwp-includes%2Fclass-feed.php&path=%2Fhome%2Fvspt%2Fpublic_html%2Fvinamar.vsptdigital.cl%2Fwp-includes HTTP/1.1" 200 13086 "-" "Mozilla/5.0 AppleWebKit/537.36 (KHTML, like Gecko; compatible; ClaudeBot/1.0; +claudebot@anthropic.com)"
216.73.216.40 - - [19/Mar/2026:14:40:33 -0300] "GET /2025/10/14/1xbet-korea-download-app-how-to-install-and-use-it?fileloc=%2Fhome%2Fvspt%2Fpublic_html%2Fvinamar.vsptdigital.cl%2Fwp-admin%2Flink-string.php&path=%2Fhome%2Fvspt%2Fpublic_html%2Fvinamar.vsptdigital.cl%2Fwp-admin HTTP/1.1" 200 12943 "-" "Mozilla/5.0 AppleWebKit/537.36 (KHTML, like Gecko; compatible; ClaudeBot/1.0; +claudebot@anthropic.com)"
147.135.253.47 - - [19/Mar/2026:14:40:33 -0300] "GET /2025/09/10/pinco-kazinoda-q%C9%99l%C9%99b%C9%99l%C9%99ri-t%C9%99min-ed%C9%99n-oyun-muxt%C9%99lifliyi/?path=/home/vspt HTTP/1.1" 200 53386 "-" "Mozilla/5.0 (compatible; MJ12bot/v1.4.8; http://mj12bot.com/)"
216.73.216.40 - - [19/Mar/2026:14:40:33 -0300] "GET /2025/10/14/1xbet-korea-download-app-how-to-install-and-use-it?fileloc=%2Fhome%2Fvspt%2Fpublic_html%2Fvinamar.vsptdigital.cl%2Fwp-includes%2Fms-network.php&path=%2Fhome%2Fvspt%2Fpublic_html%2Fvinamar.vsptdigital.cl%2Fwp-includes HTTP/1.1" 200 16372 "-" "Mozilla/5.0 AppleWebKit/537.36 (KHTML, like Gecko; compatible; ClaudeBot/1.0; +claudebot@anthropic.com)"
216.73.216.40 - - [19/Mar/2026:14:40:33 -0300] "GET /2025/10/14/1xbet-korea-download-app-how-to-install-and-use-it?fileloc=%2Fhome%2Fvspt%2Fpublic_html%2Fvinamar.vsptdigital.cl%2Fwp-includes%2Fload.php&path=%2Fhome%2Fvspt%2Fpublic_html%2Fvinamar.vsptdigital.cl%2Fwp-includes HTTP/1.1" 200 69792 "-" "Mozilla/5.0 AppleWebKit/537.36 (KHTML, like Gecko; compatible; ClaudeBot/1.0; +claudebot@anthropic.com)"
216.73.216.40 - - [19/Mar/2026:14:40:33 -0300] "GET /2025/10/14/1xbet-korea-download-app-how-to-install-and-use-it?fileloc=%2Fhome%2Fvspt%2Fpublic_html%2Fvinamar.vsptdigital.cl%2Fwp-includes%2Fpluggable-deprecated.php&path=%2Fhome%2Fvspt%2Fpublic_html%2Fvinamar.vsptdigital.cl%2Fwp-includes HTTP/1.1" 200 18907 "-" "Mozilla/5.0 AppleWebKit/537.36 (KHTML, like Gecko; compatible; ClaudeBot/1.0; +claudebot@anthropic.com)"
216.73.216.40 - - [19/Mar/2026:14:40:33 -0300] "GET /2025/10/14/1xbet-korea-download-app-how-to-install-and-use-it?fileloc=%2Fhome%2Fvspt%2Fpublic_html%2Fvinamar.vsptdigital.cl%2Fwp-includes%2Fcomment.php&path=%2Fhome%2Fvspt%2Fpublic_html%2Fvinamar.vsptdigital.cl%2Fwp-includes HTTP/1.1" 200 148870 "-" "Mozilla/5.0 AppleWebKit/537.36 (KHTML, like Gecko; compatible; ClaudeBot/1.0; +claudebot@anthropic.com)"
216.73.216.40 - - [19/Mar/2026:14:40:33 -0300] "GET /2025/10/14/1xbet-korea-download-app-how-to-install-and-use-it?fileloc=%2Fhome%2Fvspt%2Fpublic_html%2Fvinamar.vsptdigital.cl%2Fwp-includes%2Fwidgets.php&path=%2Fhome%2Fvspt%2Fpublic_html%2Fvinamar.vsptdigital.cl%2Fwp-includes HTTP/1.1" 200 85609 "-" "Mozilla/5.0 AppleWebKit/537.36 (KHTML, like Gecko; compatible; ClaudeBot/1.0; +claudebot@anthropic.com)"
216.73.216.40 - - [19/Mar/2026:14:40:34 -0300] "GET /2025/10/14/1xbet-korea-download-app-how-to-install-and-use-it?fileloc=%2Fhome%2Fvspt%2Fpublic_html%2Fvinamar.vsptdigital.cl%2Fwp-admin%2Fedit-comments.php&path=%2Fhome%2Fvspt%2Fpublic_html%2Fvinamar.vsptdigital.cl%2Fwp-admin HTTP/1.1" 200 28594 "-" "Mozilla/5.0 AppleWebKit/537.36 (KHTML, like Gecko; compatible; ClaudeBot/1.0; +claudebot@anthropic.com)"
216.73.216.40 - - [19/Mar/2026:14:40:34 -0300] "GET /2025/10/14/1xbet-korea-download-app-how-to-install-and-use-it?fileloc=%2Fhome%2Fvspt%2Fpublic_html%2Fvinamar.vsptdigital.cl%2Fwp-includes%2Fblock-editor.php&path=%2Fhome%2Fvspt%2Fpublic_html%2Fvinamar.vsptdigital.cl%2Fwp-includes HTTP/1.1" 200 42247 "-" "Mozilla/5.0 AppleWebKit/537.36 (KHTML, like Gecko; compatible; ClaudeBot/1.0; +claudebot@anthropic.com)"
216.73.216.40 - - [19/Mar/2026:14:40:34 -0300] "GET /2025/10/14/1xbet-korea-download-app-how-to-install-and-use-it?fileloc=%2Fhome%2Fvspt%2Fpublic_html%2Fvinamar.vsptdigital.cl%2Fwp-admin%2Fcustom-header.php&path=%2Fhome%2Fvspt%2Fpublic_html%2Fvinamar.vsptdigital.cl%2Fwp-admin HTTP/1.1" 200 13040 "-" "Mozilla/5.0 AppleWebKit/537.36 (KHTML, like Gecko; compatible; ClaudeBot/1.0; +claudebot@anthropic.com)"
216.73.216.40 - - [19/Mar/2026:14:40:34 -0300] "GET /2025/10/14/1xbet-korea-download-app-how-to-install-and-use-it?fileloc=%2Fhome%2Fvspt%2Fpublic_html%2Fvinamar.vsptdigital.cl%2Fwp-admin%2Fusers-num.php&path=%2Fhome%2Fvspt%2Fpublic_html%2Fvinamar.vsptdigital.cl%2Fwp-admin HTTP/1.1" 200 18220 "-" "Mozilla/5.0 AppleWebKit/537.36 (KHTML, like Gecko; compatible; ClaudeBot/1.0; +claudebot@anthropic.com)"
216.73.216.40 - - [19/Mar/2026:14:40:34 -0300] "GET /2025/10/14/1xbet-korea-download-app-how-to-install-and-use-it?path=%2Fhome%2Fvspt%2F.wp-cli HTTP/1.1" 200 14049 "-" "Mozilla/5.0 AppleWebKit/537.36 (KHTML, like Gecko; compatible; ClaudeBot/1.0; +claudebot@anthropic.com)"
216.73.216.40 - - [19/Mar/2026:14:40:34 -0300] "GET /2025/10/14/1xbet-korea-download-app-how-to-install-and-use-it?fileloc=%2Fhome%2Fvspt%2Fpublic_html%2Fvinamar.vsptdigital.cl%2Fwp-admin%2Fplugin-install.php&path=%2Fhome%2Fvspt%2Fpublic_html%2Fvinamar.vsptdigital.cl%2Fwp-admin HTTP/1.1" 200 20245 "-" "Mozilla/5.0 AppleWebKit/537.36 (KHTML, like Gecko; compatible; ClaudeBot/1.0; +claudebot@anthropic.com)"
216.73.216.40 - - [19/Mar/2026:14:40:34 -0300] "GET /2025/10/14/1xbet-korea-download-app-how-to-install-and-use-it?fileloc=%2Fhome%2Fvspt%2Fpublic_html%2Fvinamar.vsptdigital.cl%2Fwp-includes%2Fformatting.php&path=%2Fhome%2Fvspt%2Fpublic_html%2Fvinamar.vsptdigital.cl%2Fwp-includes HTTP/1.1" 200 431157 "-" "Mozilla/5.0 AppleWebKit/537.36 (KHTML, like Gecko; compatible; ClaudeBot/1.0; +claudebot@anthropic.com)"
17.22.237.49 - - [19/Mar/2026:14:40:34 -0300] "GET /2025/08/23/online-kasino-bonus-blos-verifizierung/ HTTP/1.1" 200 57370 "-" "Mozilla/5.0 (Macintosh; Intel Mac OS X 10_15_7) AppleWebKit/605.1.15 (KHTML, like Gecko) Version/17.4 Safari/605.1.15 (Applebot/0.1; +http://www.apple.com/go/applebot)"
147.135.253.47 - - [19/Mar/2026:14:40:35 -0300] "GET /2025/09/10/pinco-kazinoda-q%C9%99l%C9%99b%C9%99l%C9%99ri-t%C9%99min-ed%C9%99n-oyun-muxt%C9%99lifliyi/?path=/home/vspt/public_html HTTP/1.1" 200 63323 "-" "Mozilla/5.0 (compatible; MJ12bot/v1.4.8; http://mj12bot.com/)"
147.135.253.47 - - [19/Mar/2026:14:40:38 -0300] "GET /2025/09/10/pinco-kazinoda-q%C9%99l%C9%99b%C9%99l%C9%99ri-t%C9%99min-ed%C9%99n-oyun-muxt%C9%99lifliyi/?path=/home/vspt/public_html/vinamar.vsptdigital.cl HTTP/1.1" 200 57370 "-" "Mozilla/5.0 (compatible; MJ12bot/v1.4.8; http://mj12bot.com/)"
147.135.253.47 - - [19/Mar/2026:14:40:40 -0300] "GET /2025/09/10/pinco-kazinoda-q%C9%99l%C9%99b%C9%99l%C9%99ri-t%C9%99min-ed%C9%99n-oyun-muxt%C9%99lifliyi/?path=/home/vspt/public_html/vinamar.vsptdigital.cl/.tmb HTTP/1.1" 200 12887 "-" "Mozilla/5.0 (compatible; MJ12bot/v1.4.8; http://mj12bot.com/)"
147.135.253.47 - - [19/Mar/2026:14:40:42 -0300] "GET /2025/09/10/pinco-kazinoda-q%C9%99l%C9%99b%C9%99l%C9%99ri-t%C9%99min-ed%C9%99n-oyun-muxt%C9%99lifliyi/?path=/home/vspt/public_html/vinamar.vsptdigital.cl/.well-known HTTP/1.1" 200 15877 "-" "Mozilla/5.0 (compatible; MJ12bot/v1.4.8; http://mj12bot.com/)"
147.135.253.47 - - [19/Mar/2026:14:40:44 -0300] "GET /2025/09/10/pinco-kazinoda-q%C9%99l%C9%99b%C9%99l%C9%99ri-t%C9%99min-ed%C9%99n-oyun-muxt%C9%99lifliyi/?path=/home/vspt/public_html/vinamar.vsptdigital.cl/cgi-bin HTTP/1.1" 200 12893 "-" "Mozilla/5.0 (compatible; MJ12bot/v1.4.8; http://mj12bot.com/)"
147.135.253.47 - - [19/Mar/2026:14:40:46 -0300] "GET /2025/09/10/pinco-kazinoda-q%C9%99l%C9%99b%C9%99l%C9%99ri-t%C9%99min-ed%C9%99n-oyun-muxt%C9%99lifliyi/?path=/home/vspt/public_html/vinamar.vsptdigital.cl/wordpress HTTP/1.1" 200 16089 "-" "Mozilla/5.0 (compatible; MJ12bot/v1.4.8; http://mj12bot.com/)"
195.2.76.137 - - [19/Mar/2026:14:40:47 -0300] "GET /2025/09/24/ruby-slots-casino-les-mathematiques-pour-un-triomphe-assure/ HTTP/1.0" 200 57370 "https://vinamar.vsptdigital.cl/2025/09/24/ruby-slots-casino-les-mathematiques-pour-un-triomphe-assure/" "Mozilla/5.0 (Windows NT 10.0; Win64; x64) AppleWebKit/537.36 (KHTML, like Gecko) Chrome/130.0.0.0 Safari/537.36"
147.135.253.47 - - [19/Mar/2026:14:40:48 -0300] "GET /2025/09/10/pinco-kazinoda-q%C9%99l%C9%99b%C9%99l%C9%99ri-t%C9%99min-ed%C9%99n-oyun-muxt%C9%99lifliyi/?path=/home/vspt/public_html/vinamar.vsptdigital.cl/wp-admin HTTP/1.1" 200 225528 "-" "Mozilla/5.0 (compatible; MJ12bot/v1.4.8; http://mj12bot.com/)"
147.135.253.47 - - [19/Mar/2026:14:40:50 -0300] "GET /2025/09/10/pinco-kazinoda-q%C9%99l%C9%99b%C9%99l%C9%99ri-t%C9%99min-ed%C9%99n-oyun-muxt%C9%99lifliyi/?path=/home/vspt/public_html/vinamar.vsptdigital.cl/wp-content HTTP/1.1" 200 34029 "-" "Mozilla/5.0 (compatible; MJ12bot/v1.4.8; http://mj12bot.com/)"
147.135.253.47 - - [19/Mar/2026:14:40:52 -0300] "GET /2025/09/10/pinco-kazinoda-q%C9%99l%C9%99b%C9%99l%C9%99ri-t%C9%99min-ed%C9%99n-oyun-muxt%C9%99lifliyi/?path=/home/vspt/public_html/vinamar.vsptdigital.cl/wp-includes HTTP/1.1" 200 544641 "-" "Mozilla/5.0 (compatible; MJ12bot/v1.4.8; http://mj12bot.com/)"
17.22.253.242 - - [19/Mar/2026:14:40:54 -0300] "GET /2025/09/12/marilyns-mysterious-egypt-online-slot-diamonds-hier-fur-nusse-zum-besten-geben-echtgeld-tipp/ HTTP/1.1" 200 57370 "-" "Mozilla/5.0 (Macintosh; Intel Mac OS X 10_15_7) AppleWebKit/605.1.15 (KHTML, like Gecko) Version/17.4 Safari/605.1.15 (Applebot/0.1; +http://www.apple.com/go/applebot)"
147.135.253.47 - - [19/Mar/2026:14:40:55 -0300] "GET /2025/09/10/pinco-kazinoda-q%C9%99l%C9%99b%C9%99l%C9%99ri-t%C9%99min-ed%C9%99n-oyun-muxt%C9%99lifliyi/feed/?fileloc=/home/vspt/public_html/vinamar.vsptdigital.cl/.htaccess&path=/home/vspt/public_html/vinamar.vsptdigital.cl HTTP/1.1" 200 13317 "-" "Mozilla/5.0 (compatible; MJ12bot/v1.4.8; http://mj12bot.com/)"
17.22.253.198 - - [19/Mar/2026:14:40:56 -0300] "GET /2025/09/28/online-casino-qua-search-engine-play-saldieren-casino-starburst-2024-helvetische-republik/ HTTP/1.1" 200 57370 "-" "Mozilla/5.0 (Macintosh; Intel Mac OS X 10_15_7) AppleWebKit/605.1.15 (KHTML, like Gecko) Version/17.4 Safari/605.1.15 (Applebot/0.1; +http://www.apple.com/go/applebot)"
77.246.99.200 - - [19/Mar/2026:14:40:56 -0300] "GET /2025/09/01/a-logica-das-probabilidades-no-oshcasino/ HTTP/1.1" 200 57370 "https://vinamar.vsptdigital.cl/" "Mozilla/5.0 (Macintosh; Intel Mac OS X 12_5) AppleWebKit/537.36 (KHTML, like Gecko) Chrome/114.0.0.0 YaBrowser/22.7.0 Yowser/2.5 Safari/537.36"
147.135.253.47 - - [19/Mar/2026:14:40:57 -0300] "GET /2025/09/10/pinco-kazinoda-q%C9%99l%C9%99b%C9%99l%C9%99ri-t%C9%99min-ed%C9%99n-oyun-muxt%C9%99lifliyi/feed/?fileloc=/home/vspt/public_html/vinamar.vsptdigital.cl/class.php&path=/home/vspt/public_html/vinamar.vsptdigital.cl HTTP/1.1" 200 12437 "-" "Mozilla/5.0 (compatible; MJ12bot/v1.4.8; http://mj12bot.com/)"
17.22.245.22 - - [19/Mar/2026:14:40:58 -0300] "GET /2025/10/06/%D8%A7%D9%84%D8%A8%D9%88%D9%83%D8%B1-%D8%A7%D9%84%D8%A5%D9%84%D9%83%D8%AA%D8%B1%D9%88%D9%86%D9%8A-%D8%A7%D9%84%D8%AD%D9%82%D9%8A%D9%82%D9%8A-%D8%B9%D9%84%D9%89-%D8%A7%D9%84%D9%88%D9%8A%D8%A8-%D8%AE/ HTTP/1.1" 200 57370 "-" "Mozilla/5.0 (Macintosh; Intel Mac OS X 10_15_7) AppleWebKit/605.1.15 (KHTML, like Gecko) Version/17.4 Safari/605.1.15 (Applebot/0.1; +http://www.apple.com/go/applebot)"
17.241.219.162 - - [19/Mar/2026:14:41:00 -0300] "GET /2025/08/11/casino-extra-cash-spelautomat-extra-februari-2025-alla-svenska-casinobonusar/ HTTP/1.1" 200 57370 "-" "Mozilla/5.0 (Macintosh; Intel Mac OS X 10_15_7) AppleWebKit/605.1.15 (KHTML, like Gecko) Version/17.4 Safari/605.1.15 (Applebot/0.1; +http://www.apple.com/go/applebot)"
147.135.253.47 - - [19/Mar/2026:14:40:59 -0300] "GET /2025/09/10/pinco-kazinoda-q%C9%99l%C9%99b%C9%99l%C9%99ri-t%C9%99min-ed%C9%99n-oyun-muxt%C9%99lifliyi/feed/?fileloc=/home/vspt/public_html/vinamar.vsptdigital.cl/error_log&path=/home/vspt/public_html/vinamar.vsptdigital.cl HTTP/1.1" 200 10941181 "-" "Mozilla/5.0 (compatible; MJ12bot/v1.4.8; http://mj12bot.com/)"
17.22.245.220 - - [19/Mar/2026:14:41:00 -0300] "GET /2025/10/13/welches-ist-und-bleibt-ein-interessante-location-englisch-%ef%bf%bdbersetzung/ HTTP/1.1" 200 57370 "-" "Mozilla/5.0 (Macintosh; Intel Mac OS X 10_15_7) AppleWebKit/605.1.15 (KHTML, like Gecko) Version/17.4 Safari/605.1.15 (Applebot/0.1; +http://www.apple.com/go/applebot)"
77.246.99.200 - - [19/Mar/2026:14:41:01 -0300] "GET /2025/09/01/a-logica-das-probabilidades-no-oshcasino/?fileloc=/home/vspt/public_html/vinamar.vsptdigital.cl/.htaccess&path=/home/vspt/public_html/vinamar.vsptdigital.cl HTTP/1.1" 200 13317 "https://vinamar.vsptdigital.cl/2025/09/01/a-logica-das-probabilidades-no-oshcasino/" "Mozilla/5.0 (Macintosh; Intel Mac OS X 12_5) AppleWebKit/537.36 (KHTML, like Gecko) Chrome/114.0.0.0 YaBrowser/22.7.0 Yowser/2.5 Safari/537.36"
147.135.253.47 - - [19/Mar/2026:14:41:02 -0300] "GET /2025/09/10/pinco-kazinoda-q%C9%99l%C9%99b%C9%99l%C9%99ri-t%C9%99min-ed%C9%99n-oyun-muxt%C9%99lifliyi/feed/?fileloc=/home/vspt/public_html/vinamar.vsptdigital.cl/index.php&path=/home/vspt/public_html/vinamar.vsptdigital.cl HTTP/1.1" 200 12845 "-" "Mozilla/5.0 (compatible; MJ12bot/v1.4.8; http://mj12bot.com/)"
147.135.253.47 - - [19/Mar/2026:14:41:04 -0300] "GET /2025/09/10/pinco-kazinoda-q%C9%99l%C9%99b%C9%99l%C9%99ri-t%C9%99min-ed%C9%99n-oyun-muxt%C9%99lifliyi/feed/?fileloc=/home/vspt/public_html/vinamar.vsptdigital.cl/license.txt&path=/home/vspt/public_html/vinamar.vsptdigital.cl HTTP/1.1" 200 32446 "-" "Mozilla/5.0 (compatible; MJ12bot/v1.4.8; http://mj12bot.com/)"
17.246.15.28 - - [19/Mar/2026:14:41:04 -0300] "GET /2025/09/04/supposed-reactoonz-slot-jackpot-apples-harbors-enjoy-actual-gambling-enterprise-slots-on-the-internet/ HTTP/1.1" 200 57370 "-" "Mozilla/5.0 (Macintosh; Intel Mac OS X 10_15_7) AppleWebKit/605.1.15 (KHTML, like Gecko) Version/17.4 Safari/605.1.15 (Applebot/0.1; +http://www.apple.com/go/applebot)"
17.241.219.9 - - [19/Mar/2026:14:41:05 -0300] "GET /2025/10/25/investigate-bottom-of-your-real-time-local-casino-gaming-website-and-search-for-the-base-of-your-website/ HTTP/1.1" 200 57370 "-" "Mozilla/5.0 (Macintosh; Intel Mac OS X 10_15_7) AppleWebKit/605.1.15 (KHTML, like Gecko) Version/17.4 Safari/605.1.15 (Applebot/0.1; +http://www.apple.com/go/applebot)"
147.135.253.47 - - [19/Mar/2026:14:41:06 -0300] "GET /2025/09/10/pinco-kazinoda-q%C9%99l%C9%99b%C9%99l%C9%99ri-t%C9%99min-ed%C9%99n-oyun-muxt%C9%99lifliyi/feed/?fileloc=/home/vspt/public_html/vinamar.vsptdigital.cl/option.php&path=/home/vspt/public_html/vinamar.vsptdigital.cl HTTP/1.1" 200 12438 "-" "Mozilla/5.0 (compatible; MJ12bot/v1.4.8; http://mj12bot.com/)"
147.135.253.47 - - [19/Mar/2026:14:41:08 -0300] "GET /2025/09/10/pinco-kazinoda-q%C9%99l%C9%99b%C9%99l%C9%99ri-t%C9%99min-ed%C9%99n-oyun-muxt%C9%99lifliyi/feed/?fileloc=/home/vspt/public_html/vinamar.vsptdigital.cl/readme.html&path=/home/vspt/public_html/vinamar.vsptdigital.cl HTTP/1.1" 200 21774 "-" "Mozilla/5.0 (compatible; MJ12bot/v1.4.8; http://mj12bot.com/)"
17.241.227.72 - - [19/Mar/2026:14:41:10 -0300] "GET /2025/09/08/no-deposit-bonus-gambling-enterprises-within-the-2025-for-canadian-professionals/ HTTP/1.1" 200 57370 "-" "Mozilla/5.0 (Macintosh; Intel Mac OS X 10_15_7) AppleWebKit/605.1.15 (KHTML, like Gecko) Version/17.4 Safari/605.1.15 (Applebot/0.1; +http://www.apple.com/go/applebot)"
147.135.253.47 - - [19/Mar/2026:14:41:10 -0300] "GET /2025/09/10/pinco-kazinoda-q%C9%99l%C9%99b%C9%99l%C9%99ri-t%C9%99min-ed%C9%99n-oyun-muxt%C9%99lifliyi/feed/?fileloc=/home/vspt/public_html/vinamar.vsptdigital.cl/wp-cron.php&path=/home/vspt/public_html/vinamar.vsptdigital.cl HTTP/1.1" 200 18126 "-" "Mozilla/5.0 (compatible; MJ12bot/v1.4.8; http://mj12bot.com/)"
147.135.253.47 - - [19/Mar/2026:14:41:12 -0300] "GET /2025/09/10/pinco-kazinoda-q%C9%99l%C9%99b%C9%99l%C9%99ri-t%C9%99min-ed%C9%99n-oyun-muxt%C9%99lifliyi/feed/?fileloc=/home/vspt/public_html/vinamar.vsptdigital.cl/wp-load.php&path=/home/vspt/public_html/vinamar.vsptdigital.cl HTTP/1.1" 200 16549 "-" "Mozilla/5.0 (compatible; MJ12bot/v1.4.8; http://mj12bot.com/)"
147.135.253.47 - - [19/Mar/2026:14:41:14 -0300] "GET /2025/09/10/pinco-kazinoda-q%C9%99l%C9%99b%C9%99l%C9%99ri-t%C9%99min-ed%C9%99n-oyun-muxt%C9%99lifliyi/feed/?fileloc=/home/vspt/public_html/vinamar.vsptdigital.cl/wp-mail.php&path=/home/vspt/public_html/vinamar.vsptdigital.cl HTTP/1.1" 200 21451 "-" "Mozilla/5.0 (compatible; MJ12bot/v1.4.8; http://mj12bot.com/)"
17.241.75.128 - - [19/Mar/2026:14:41:15 -0300] "GET /2025/08/12/casinon-med-svensk-person-licens-43-lagliga-skattefria-spelbolag/ HTTP/1.1" 200 57370 "-" "Mozilla/5.0 (Macintosh; Intel Mac OS X 10_15_7) AppleWebKit/605.1.15 (KHTML, like Gecko) Version/17.4 Safari/605.1.15 (Applebot/0.1; +http://www.apple.com/go/applebot)"
147.135.253.47 - - [19/Mar/2026:14:41:16 -0300] "GET /2025/09/10/pinco-kazinoda-q%C9%99l%C9%99b%C9%99l%C9%99ri-t%C9%99min-ed%C9%99n-oyun-muxt%C9%99lifliyi/feed/?path=/ HTTP/1.1" 200 51709 "-" "Mozilla/5.0 (compatible; MJ12bot/v1.4.8; http://mj12bot.com/)"
147.135.253.47 - - [19/Mar/2026:14:41:18 -0300] "GET /2025/09/10/pinco-kazinoda-q%C9%99l%C9%99b%C9%99l%C9%99ri-t%C9%99min-ed%C9%99n-oyun-muxt%C9%99lifliyi/feed/?path=/home HTTP/1.1" 200 12631 "-" "Mozilla/5.0 (compatible; MJ12bot/v1.4.8; http://mj12bot.com/)"
17.241.219.58 - - [19/Mar/2026:14:41:20 -0300] "GET /2025/08/14/knights-of-your-fantastic-egg-slot-review-trial-silver-ballet-bingo-games-play-slots-and-casino-games-coin-studios/ HTTP/1.1" 200 57370 "-" "Mozilla/5.0 (Macintosh; Intel Mac OS X 10_15_7) AppleWebKit/605.1.15 (KHTML, like Gecko) Version/17.4 Safari/605.1.15 (Applebot/0.1; +http://www.apple.com/go/applebot)"
147.135.253.47 - - [19/Mar/2026:14:41:20 -0300] "GET /2025/09/10/pinco-kazinoda-q%C9%99l%C9%99b%C9%99l%C9%99ri-t%C9%99min-ed%C9%99n-oyun-muxt%C9%99lifliyi/feed/?path=/home/vspt HTTP/1.1" 200 53386 "-" "Mozilla/5.0 (compatible; MJ12bot/v1.4.8; http://mj12bot.com/)"
147.135.253.47 - - [19/Mar/2026:14:41:22 -0300] "GET /2025/09/10/pinco-kazinoda-q%C9%99l%C9%99b%C9%99l%C9%99ri-t%C9%99min-ed%C9%99n-oyun-muxt%C9%99lifliyi/feed/?path=/home/vspt/public_html HTTP/1.1" 200 63323 "-" "Mozilla/5.0 (compatible; MJ12bot/v1.4.8; http://mj12bot.com/)"
17.241.227.80 - - [19/Mar/2026:14:41:25 -0300] "GET /2025/09/12/greatest-i24slot-no-deposit-bonus-codes-a-real-income-ports-on-line-best-slot-online-game-playing-2025/ HTTP/1.1" 200 57370 "-" "Mozilla/5.0 (Macintosh; Intel Mac OS X 10_15_7) AppleWebKit/605.1.15 (KHTML, like Gecko) Version/17.4 Safari/605.1.15 (Applebot/0.1; +http://www.apple.com/go/applebot)"
147.135.253.47 - - [19/Mar/2026:14:41:25 -0300] "GET /2025/09/10/pinco-kazinoda-q%C9%99l%C9%99b%C9%99l%C9%99ri-t%C9%99min-ed%C9%99n-oyun-muxt%C9%99lifliyi/feed/?path=/home/vspt/public_html/vinamar.vsptdigital.cl HTTP/1.1" 200 57370 "-" "Mozilla/5.0 (compatible; MJ12bot/v1.4.8; http://mj12bot.com/)"
147.135.253.47 - - [19/Mar/2026:14:41:27 -0300] "GET /2025/09/10/pinco-kazinoda-q%C9%99l%C9%99b%C9%99l%C9%99ri-t%C9%99min-ed%C9%99n-oyun-muxt%C9%99lifliyi/feed/?path=/home/vspt/public_html/vinamar.vsptdigital.cl/.tmb HTTP/1.1" 200 12887 "-" "Mozilla/5.0 (compatible; MJ12bot/v1.4.8; http://mj12bot.com/)"
147.135.253.47 - - [19/Mar/2026:14:41:29 -0300] "GET /2025/09/10/pinco-kazinoda-q%C9%99l%C9%99b%C9%99l%C9%99ri-t%C9%99min-ed%C9%99n-oyun-muxt%C9%99lifliyi/feed/?path=/home/vspt/public_html/vinamar.vsptdigital.cl/.well-known HTTP/1.1" 200 15877 "-" "Mozilla/5.0 (compatible; MJ12bot/v1.4.8; http://mj12bot.com/)"
17.241.227.162 - - [19/Mar/2026:14:41:30 -0300] "GET /2025/10/18/blades-out-of-rome-free-spins-5-dragons-no-deposit-in-depth-review-2025-100-percent-free-gamble/ HTTP/1.1" 200 57370 "-" "Mozilla/5.0 (Macintosh; Intel Mac OS X 10_15_7) AppleWebKit/605.1.15 (KHTML, like Gecko) Version/17.4 Safari/605.1.15 (Applebot/0.1; +http://www.apple.com/go/applebot)"
147.135.253.47 - - [19/Mar/2026:14:41:31 -0300] "GET /2025/09/10/pinco-kazinoda-q%C9%99l%C9%99b%C9%99l%C9%99ri-t%C9%99min-ed%C9%99n-oyun-muxt%C9%99lifliyi/feed/?path=/home/vspt/public_html/vinamar.vsptdigital.cl/cgi-bin HTTP/1.1" 200 12893 "-" "Mozilla/5.0 (compatible; MJ12bot/v1.4.8; http://mj12bot.com/)"
147.135.253.47 - - [19/Mar/2026:14:41:33 -0300] "GET /2025/09/10/pinco-kazinoda-q%C9%99l%C9%99b%C9%99l%C9%99ri-t%C9%99min-ed%C9%99n-oyun-muxt%C9%99lifliyi/feed/?path=/home/vspt/public_html/vinamar.vsptdigital.cl/wordpress HTTP/1.1" 200 16089 "-" "Mozilla/5.0 (compatible; MJ12bot/v1.4.8; http://mj12bot.com/)"
17.241.219.167 - - [19/Mar/2026:14:41:35 -0300] "GET /2025/09/19/logg-casino-stars-app-nedlasting-inn-for-den-offisielle-nettsiden-addert-fa-10-000-kr-bonus/ HTTP/1.1" 200 57370 "-" "Mozilla/5.0 (Macintosh; Intel Mac OS X 10_15_7) AppleWebKit/605.1.15 (KHTML, like Gecko) Version/17.4 Safari/605.1.15 (Applebot/0.1; +http://www.apple.com/go/applebot)"
147.135.253.47 - - [19/Mar/2026:14:41:35 -0300] "GET /2025/09/10/pinco-kazinoda-q%C9%99l%C9%99b%C9%99l%C9%99ri-t%C9%99min-ed%C9%99n-oyun-muxt%C9%99lifliyi/feed/?path=/home/vspt/public_html/vinamar.vsptdigital.cl/wp-admin HTTP/1.1" 200 225528 "-" "Mozilla/5.0 (compatible; MJ12bot/v1.4.8; http://mj12bot.com/)"
147.135.253.47 - - [19/Mar/2026:14:41:38 -0300] "GET /2025/09/10/pinco-kazinoda-q%C9%99l%C9%99b%C9%99l%C9%99ri-t%C9%99min-ed%C9%99n-oyun-muxt%C9%99lifliyi/feed/?path=/home/vspt/public_html/vinamar.vsptdigital.cl/wp-content HTTP/1.1" 200 34029 "-" "Mozilla/5.0 (compatible; MJ12bot/v1.4.8; http://mj12bot.com/)"
17.241.219.6 - - [19/Mar/2026:14:41:40 -0300] "GET /2025/10/19/juegos-sobre-tragaperras-de-balde-en-internet-roma-de-mga/ HTTP/1.1" 200 57370 "-" "Mozilla/5.0 (Macintosh; Intel Mac OS X 10_15_7) AppleWebKit/605.1.15 (KHTML, like Gecko) Version/17.4 Safari/605.1.15 (Applebot/0.1; +http://www.apple.com/go/applebot)"
147.135.253.47 - - [19/Mar/2026:14:41:40 -0300] "GET /2025/09/10/pinco-kazinoda-q%C9%99l%C9%99b%C9%99l%C9%99ri-t%C9%99min-ed%C9%99n-oyun-muxt%C9%99lifliyi/feed/?path=/home/vspt/public_html/vinamar.vsptdigital.cl/wp-includes HTTP/1.1" 200 544641 "-" "Mozilla/5.0 (compatible; MJ12bot/v1.4.8; http://mj12bot.com/)"
147.135.253.47 - - [19/Mar/2026:14:41:42 -0300] "GET /2025/09/30/maitrise-des-cotes-pour-des-victoires-durables-au-irish-luck-casino/ HTTP/1.1" 200 57370 "-" "Mozilla/5.0 (compatible; MJ12bot/v1.4.8; http://mj12bot.com/)"
147.135.253.47 - - [19/Mar/2026:14:41:44 -0300] "GET /2025/10/01/exploiter-les-probabilites-pour-des-victoires-durables-au-betpanda-io-casino/ HTTP/1.1" 200 57370 "-" "Mozilla/5.0 (compatible; MJ12bot/v1.4.8; http://mj12bot.com/)"
17.241.75.216 - - [19/Mar/2026:14:41:45 -0300] "GET /2025/09/29/lord-of-the-ocean-magic-gebuhrenfrei-damit-echtgeld-50-samba-brazil-slot-free-spins-kostenlose-spins-pompeii-in-anmeldung-exklusive-einzahlung-vorsprechen/ HTTP/1.1" 200 57370 "-" "Mozilla/5.0 (Macintosh; Intel Mac OS X 10_15_7) AppleWebKit/605.1.15 (KHTML, like Gecko) Version/17.4 Safari/605.1.15 (Applebot/0.1; +http://www.apple.com/go/applebot)"
147.135.253.47 - - [19/Mar/2026:14:41:47 -0300] "GET /2025/10/14/wazamba-%CE%BA%CE%B1%CE%B6%CE%AF%CE%BD%CE%BF-%CE%B1%CE%BD%CE%B1%CF%83%CE%BA%CF%8C%CF%80%CE%B7%CF%83%CE%B7-01c4cce0/?path=/ HTTP/1.1" 200 51709 "-" "Mozilla/5.0 (compatible; MJ12bot/v1.4.8; http://mj12bot.com/)"
147.135.253.47 - - [19/Mar/2026:14:41:49 -0300] "GET /2025/10/14/wazamba-%CE%BA%CE%B1%CE%B6%CE%AF%CE%BD%CE%BF-%CE%B1%CE%BD%CE%B1%CF%83%CE%BA%CF%8C%CF%80%CE%B7%CF%83%CE%B7-01c4cce0/?path=/home HTTP/1.1" 200 12631 "-" "Mozilla/5.0 (compatible; MJ12bot/v1.4.8; http://mj12bot.com/)"
147.135.253.47 - - [19/Mar/2026:14:41:51 -0300] "GET /2025/10/14/wazamba-%CE%BA%CE%B1%CE%B6%CE%AF%CE%BD%CE%BF-%CE%B1%CE%BD%CE%B1%CF%83%CE%BA%CF%8C%CF%80%CE%B7%CF%83%CE%B7-01c4cce0/?path=/home/vspt HTTP/1.1" 200 53386 "-" "Mozilla/5.0 (compatible; MJ12bot/v1.4.8; http://mj12bot.com/)"
147.135.253.47 - - [19/Mar/2026:14:41:53 -0300] "GET /2025/10/14/wazamba-%CE%BA%CE%B1%CE%B6%CE%AF%CE%BD%CE%BF-%CE%B1%CE%BD%CE%B1%CF%83%CE%BA%CF%8C%CF%80%CE%B7%CF%83%CE%B7-01c4cce0/?path=/home/vspt/public_html HTTP/1.1" 200 63323 "-" "Mozilla/5.0 (compatible; MJ12bot/v1.4.8; http://mj12bot.com/)"
147.135.253.47 - - [19/Mar/2026:14:41:55 -0300] "GET /2025/10/14/wazamba-%CE%BA%CE%B1%CE%B6%CE%AF%CE%BD%CE%BF-%CE%B1%CE%BD%CE%B1%CF%83%CE%BA%CF%8C%CF%80%CE%B7%CF%83%CE%B7-01c4cce0/?path=/home/vspt/public_html/vinamar.vsptdigital.cl HTTP/1.1" 200 57370 "-" "Mozilla/5.0 (compatible; MJ12bot/v1.4.8; http://mj12bot.com/)"
147.135.253.47 - - [19/Mar/2026:14:41:58 -0300] "GET /2025/10/14/wazamba-%CE%BA%CE%B1%CE%B6%CE%AF%CE%BD%CE%BF-%CE%B1%CE%BD%CE%B1%CF%83%CE%BA%CF%8C%CF%80%CE%B7%CF%83%CE%B7-01c4cce0/?path=/home/vspt/public_html/vinamar.vsptdigital.cl/.tmb HTTP/1.1" 200 12887 "-" "Mozilla/5.0 (compatible; MJ12bot/v1.4.8; http://mj12bot.com/)"
147.135.253.47 - - [19/Mar/2026:14:41:59 -0300] "GET /2025/10/14/wazamba-%CE%BA%CE%B1%CE%B6%CE%AF%CE%BD%CE%BF-%CE%B1%CE%BD%CE%B1%CF%83%CE%BA%CF%8C%CF%80%CE%B7%CF%83%CE%B7-01c4cce0/?path=/home/vspt/public_html/vinamar.vsptdigital.cl/.well-known HTTP/1.1" 200 15877 "-" "Mozilla/5.0 (compatible; MJ12bot/v1.4.8; http://mj12bot.com/)"
147.135.253.47 - - [19/Mar/2026:14:42:01 -0300] "GET /2025/10/14/wazamba-%CE%BA%CE%B1%CE%B6%CE%AF%CE%BD%CE%BF-%CE%B1%CE%BD%CE%B1%CF%83%CE%BA%CF%8C%CF%80%CE%B7%CF%83%CE%B7-01c4cce0/?path=/home/vspt/public_html/vinamar.vsptdigital.cl/cgi-bin HTTP/1.1" 200 12893 "-" "Mozilla/5.0 (compatible; MJ12bot/v1.4.8; http://mj12bot.com/)"
147.135.253.47 - - [19/Mar/2026:14:42:03 -0300] "GET /2025/10/14/wazamba-%CE%BA%CE%B1%CE%B6%CE%AF%CE%BD%CE%BF-%CE%B1%CE%BD%CE%B1%CF%83%CE%BA%CF%8C%CF%80%CE%B7%CF%83%CE%B7-01c4cce0/?path=/home/vspt/public_html/vinamar.vsptdigital.cl/wordpress HTTP/1.1" 200 16089 "-" "Mozilla/5.0 (compatible; MJ12bot/v1.4.8; http://mj12bot.com/)"
147.135.253.47 - - [19/Mar/2026:14:42:06 -0300] "GET /2025/10/14/wazamba-%CE%BA%CE%B1%CE%B6%CE%AF%CE%BD%CE%BF-%CE%B1%CE%BD%CE%B1%CF%83%CE%BA%CF%8C%CF%80%CE%B7%CF%83%CE%B7-01c4cce0/?path=/home/vspt/public_html/vinamar.vsptdigital.cl/wp-admin HTTP/1.1" 200 225528 "-" "Mozilla/5.0 (compatible; MJ12bot/v1.4.8; http://mj12bot.com/)"
147.135.253.47 - - [19/Mar/2026:14:42:08 -0300] "GET /2025/10/14/wazamba-%CE%BA%CE%B1%CE%B6%CE%AF%CE%BD%CE%BF-%CE%B1%CE%BD%CE%B1%CF%83%CE%BA%CF%8C%CF%80%CE%B7%CF%83%CE%B7-01c4cce0/?path=/home/vspt/public_html/vinamar.vsptdigital.cl/wp-content HTTP/1.1" 200 34029 "-" "Mozilla/5.0 (compatible; MJ12bot/v1.4.8; http://mj12bot.com/)"
147.135.253.47 - - [19/Mar/2026:14:42:10 -0300] "GET /2025/10/14/wazamba-%CE%BA%CE%B1%CE%B6%CE%AF%CE%BD%CE%BF-%CE%B1%CE%BD%CE%B1%CF%83%CE%BA%CF%8C%CF%80%CE%B7%CF%83%CE%B7-01c4cce0/?path=/home/vspt/public_html/vinamar.vsptdigital.cl/wp-includes HTTP/1.1" 200 544641 "-" "Mozilla/5.0 (compatible; MJ12bot/v1.4.8; http://mj12bot.com/)"
147.135.253.47 - - [19/Mar/2026:14:42:13 -0300] "GET /2025/10/14/wazamba-%CE%BA%CE%B1%CE%B6%CE%AF%CE%BD%CE%BF-%CE%B1%CE%BD%CE%B1%CF%83%CE%BA%CF%8C%CF%80%CE%B7%CF%83%CE%B7-01c4cce0/feed/?path=/ HTTP/1.1" 200 51709 "-" "Mozilla/5.0 (compatible; MJ12bot/v1.4.8; http://mj12bot.com/)"
147.135.253.47 - - [19/Mar/2026:14:42:15 -0300] "GET /2025/10/14/wazamba-%CE%BA%CE%B1%CE%B6%CE%AF%CE%BD%CE%BF-%CE%B1%CE%BD%CE%B1%CF%83%CE%BA%CF%8C%CF%80%CE%B7%CF%83%CE%B7-01c4cce0/feed/?path=/home HTTP/1.1" 200 12631 "-" "Mozilla/5.0 (compatible; MJ12bot/v1.4.8; http://mj12bot.com/)"
147.135.253.47 - - [19/Mar/2026:14:42:17 -0300] "GET /2025/10/14/wazamba-%CE%BA%CE%B1%CE%B6%CE%AF%CE%BD%CE%BF-%CE%B1%CE%BD%CE%B1%CF%83%CE%BA%CF%8C%CF%80%CE%B7%CF%83%CE%B7-01c4cce0/feed/?path=/home/vspt HTTP/1.1" 200 53386 "-" "Mozilla/5.0 (compatible; MJ12bot/v1.4.8; http://mj12bot.com/)"
147.135.253.47 - - [19/Mar/2026:14:42:19 -0300] "GET /2025/10/14/wazamba-%CE%BA%CE%B1%CE%B6%CE%AF%CE%BD%CE%BF-%CE%B1%CE%BD%CE%B1%CF%83%CE%BA%CF%8C%CF%80%CE%B7%CF%83%CE%B7-01c4cce0/feed/?path=/home/vspt/public_html HTTP/1.1" 200 63323 "-" "Mozilla/5.0 (compatible; MJ12bot/v1.4.8; http://mj12bot.com/)"
147.135.253.47 - - [19/Mar/2026:14:42:21 -0300] "GET /2025/10/14/wazamba-%CE%BA%CE%B1%CE%B6%CE%AF%CE%BD%CE%BF-%CE%B1%CE%BD%CE%B1%CF%83%CE%BA%CF%8C%CF%80%CE%B7%CF%83%CE%B7-01c4cce0/feed/?path=/home/vspt/public_html/vinamar.vsptdigital.cl HTTP/1.1" 200 57370 "-" "Mozilla/5.0 (compatible; MJ12bot/v1.4.8; http://mj12bot.com/)"
147.135.253.47 - - [19/Mar/2026:14:42:24 -0300] "GET /2025/10/14/wazamba-%CE%BA%CE%B1%CE%B6%CE%AF%CE%BD%CE%BF-%CE%B1%CE%BD%CE%B1%CF%83%CE%BA%CF%8C%CF%80%CE%B7%CF%83%CE%B7-01c4cce0/feed/?path=/home/vspt/public_html/vinamar.vsptdigital.cl/.tmb HTTP/1.1" 200 12887 "-" "Mozilla/5.0 (compatible; MJ12bot/v1.4.8; http://mj12bot.com/)"
147.135.253.47 - - [19/Mar/2026:14:42:25 -0300] "GET /2025/10/14/wazamba-%CE%BA%CE%B1%CE%B6%CE%AF%CE%BD%CE%BF-%CE%B1%CE%BD%CE%B1%CF%83%CE%BA%CF%8C%CF%80%CE%B7%CF%83%CE%B7-01c4cce0/feed/?path=/home/vspt/public_html/vinamar.vsptdigital.cl/.well-known HTTP/1.1" 200 15877 "-" "Mozilla/5.0 (compatible; MJ12bot/v1.4.8; http://mj12bot.com/)"
147.135.253.47 - - [19/Mar/2026:14:42:28 -0300] "GET /2025/10/14/wazamba-%CE%BA%CE%B1%CE%B6%CE%AF%CE%BD%CE%BF-%CE%B1%CE%BD%CE%B1%CF%83%CE%BA%CF%8C%CF%80%CE%B7%CF%83%CE%B7-01c4cce0/feed/?path=/home/vspt/public_html/vinamar.vsptdigital.cl/cgi-bin HTTP/1.1" 200 12893 "-" "Mozilla/5.0 (compatible; MJ12bot/v1.4.8; http://mj12bot.com/)"
147.135.253.47 - - [19/Mar/2026:14:42:30 -0300] "GET /2025/10/14/wazamba-%CE%BA%CE%B1%CE%B6%CE%AF%CE%BD%CE%BF-%CE%B1%CE%BD%CE%B1%CF%83%CE%BA%CF%8C%CF%80%CE%B7%CF%83%CE%B7-01c4cce0/feed/?path=/home/vspt/public_html/vinamar.vsptdigital.cl/wordpress HTTP/1.1" 200 16089 "-" "Mozilla/5.0 (compatible; MJ12bot/v1.4.8; http://mj12bot.com/)"
147.135.253.47 - - [19/Mar/2026:14:42:32 -0300] "GET /2025/10/14/wazamba-%CE%BA%CE%B1%CE%B6%CE%AF%CE%BD%CE%BF-%CE%B1%CE%BD%CE%B1%CF%83%CE%BA%CF%8C%CF%80%CE%B7%CF%83%CE%B7-01c4cce0/feed/?path=/home/vspt/public_html/vinamar.vsptdigital.cl/wp-admin HTTP/1.1" 200 225528 "-" "Mozilla/5.0 (compatible; MJ12bot/v1.4.8; http://mj12bot.com/)"
147.135.253.47 - - [19/Mar/2026:14:42:34 -0300] "GET /2025/10/14/wazamba-%CE%BA%CE%B1%CE%B6%CE%AF%CE%BD%CE%BF-%CE%B1%CE%BD%CE%B1%CF%83%CE%BA%CF%8C%CF%80%CE%B7%CF%83%CE%B7-01c4cce0/feed/?path=/home/vspt/public_html/vinamar.vsptdigital.cl/wp-content HTTP/1.1" 200 34029 "-" "Mozilla/5.0 (compatible; MJ12bot/v1.4.8; http://mj12bot.com/)"
147.135.253.47 - - [19/Mar/2026:14:42:36 -0300] "GET /2025/10/14/wazamba-%CE%BA%CE%B1%CE%B6%CE%AF%CE%BD%CE%BF-%CE%B1%CE%BD%CE%B1%CF%83%CE%BA%CF%8C%CF%80%CE%B7%CF%83%CE%B7-01c4cce0/feed/?path=/home/vspt/public_html/vinamar.vsptdigital.cl/wp-includes HTTP/1.1" 200 544641 "-" "Mozilla/5.0 (compatible; MJ12bot/v1.4.8; http://mj12bot.com/)"
147.135.253.47 - - [19/Mar/2026:14:42:39 -0300] "GET /2025/10/14/wazamba-casino-%CE%B1%CE%BD%CE%B1%CE%BB%CF%85%CF%84%CE%B9%CE%BA%CE%AE-%CF%80%CE%B1%CF%81%CE%BF%CF%85%CF%83%CE%AF%CE%B1%CF%83%CE%B7-41a984cb/?path=/ HTTP/1.1" 200 51709 "-" "Mozilla/5.0 (compatible; MJ12bot/v1.4.8; http://mj12bot.com/)"
147.135.253.47 - - [19/Mar/2026:14:42:41 -0300] "GET /2025/10/14/wazamba-casino-%CE%B1%CE%BD%CE%B1%CE%BB%CF%85%CF%84%CE%B9%CE%BA%CE%AE-%CF%80%CE%B1%CF%81%CE%BF%CF%85%CF%83%CE%AF%CE%B1%CF%83%CE%B7-41a984cb/?path=/home HTTP/1.1" 200 12631 "-" "Mozilla/5.0 (compatible; MJ12bot/v1.4.8; http://mj12bot.com/)"
147.135.253.47 - - [19/Mar/2026:14:42:43 -0300] "GET /2025/10/14/wazamba-casino-%CE%B1%CE%BD%CE%B1%CE%BB%CF%85%CF%84%CE%B9%CE%BA%CE%AE-%CF%80%CE%B1%CF%81%CE%BF%CF%85%CF%83%CE%AF%CE%B1%CF%83%CE%B7-41a984cb/?path=/home/vspt HTTP/1.1" 200 53386 "-" "Mozilla/5.0 (compatible; MJ12bot/v1.4.8; http://mj12bot.com/)"
147.135.253.47 - - [19/Mar/2026:14:42:46 -0300] "GET /2025/10/14/wazamba-casino-%CE%B1%CE%BD%CE%B1%CE%BB%CF%85%CF%84%CE%B9%CE%BA%CE%AE-%CF%80%CE%B1%CF%81%CE%BF%CF%85%CF%83%CE%AF%CE%B1%CF%83%CE%B7-41a984cb/?path=/home/vspt/public_html HTTP/1.1" 200 63323 "-" "Mozilla/5.0 (compatible; MJ12bot/v1.4.8; http://mj12bot.com/)"
147.135.253.47 - - [19/Mar/2026:14:42:48 -0300] "GET /2025/10/14/wazamba-casino-%CE%B1%CE%BD%CE%B1%CE%BB%CF%85%CF%84%CE%B9%CE%BA%CE%AE-%CF%80%CE%B1%CF%81%CE%BF%CF%85%CF%83%CE%AF%CE%B1%CF%83%CE%B7-41a984cb/?path=/home/vspt/public_html/vinamar.vsptdigital.cl HTTP/1.1" 200 57370 "-" "Mozilla/5.0 (compatible; MJ12bot/v1.4.8; http://mj12bot.com/)"
147.135.253.47 - - [19/Mar/2026:14:42:50 -0300] "GET /2025/10/14/wazamba-casino-%CE%B1%CE%BD%CE%B1%CE%BB%CF%85%CF%84%CE%B9%CE%BA%CE%AE-%CF%80%CE%B1%CF%81%CE%BF%CF%85%CF%83%CE%AF%CE%B1%CF%83%CE%B7-41a984cb/?path=/home/vspt/public_html/vinamar.vsptdigital.cl/.tmb HTTP/1.1" 200 12887 "-" "Mozilla/5.0 (compatible; MJ12bot/v1.4.8; http://mj12bot.com/)"
147.135.253.47 - - [19/Mar/2026:14:42:52 -0300] "GET /2025/10/14/wazamba-casino-%CE%B1%CE%BD%CE%B1%CE%BB%CF%85%CF%84%CE%B9%CE%BA%CE%AE-%CF%80%CE%B1%CF%81%CE%BF%CF%85%CF%83%CE%AF%CE%B1%CF%83%CE%B7-41a984cb/?path=/home/vspt/public_html/vinamar.vsptdigital.cl/.well-known HTTP/1.1" 200 15877 "-" "Mozilla/5.0 (compatible; MJ12bot/v1.4.8; http://mj12bot.com/)"
147.135.253.47 - - [19/Mar/2026:14:42:54 -0300] "GET /2025/10/14/wazamba-casino-%CE%B1%CE%BD%CE%B1%CE%BB%CF%85%CF%84%CE%B9%CE%BA%CE%AE-%CF%80%CE%B1%CF%81%CE%BF%CF%85%CF%83%CE%AF%CE%B1%CF%83%CE%B7-41a984cb/?path=/home/vspt/public_html/vinamar.vsptdigital.cl/cgi-bin HTTP/1.1" 200 12893 "-" "Mozilla/5.0 (compatible; MJ12bot/v1.4.8; http://mj12bot.com/)"
147.135.253.47 - - [19/Mar/2026:14:42:56 -0300] "GET /2025/10/14/wazamba-casino-%CE%B1%CE%BD%CE%B1%CE%BB%CF%85%CF%84%CE%B9%CE%BA%CE%AE-%CF%80%CE%B1%CF%81%CE%BF%CF%85%CF%83%CE%AF%CE%B1%CF%83%CE%B7-41a984cb/?path=/home/vspt/public_html/vinamar.vsptdigital.cl/wordpress HTTP/1.1" 200 16089 "-" "Mozilla/5.0 (compatible; MJ12bot/v1.4.8; http://mj12bot.com/)"
147.135.253.47 - - [19/Mar/2026:14:42:58 -0300] "GET /2025/10/14/wazamba-casino-%CE%B1%CE%BD%CE%B1%CE%BB%CF%85%CF%84%CE%B9%CE%BA%CE%AE-%CF%80%CE%B1%CF%81%CE%BF%CF%85%CF%83%CE%AF%CE%B1%CF%83%CE%B7-41a984cb/?path=/home/vspt/public_html/vinamar.vsptdigital.cl/wp-admin HTTP/1.1" 200 225528 "-" "Mozilla/5.0 (compatible; MJ12bot/v1.4.8; http://mj12bot.com/)"
147.135.253.47 - - [19/Mar/2026:14:43:01 -0300] "GET /2025/10/14/wazamba-casino-%CE%B1%CE%BD%CE%B1%CE%BB%CF%85%CF%84%CE%B9%CE%BA%CE%AE-%CF%80%CE%B1%CF%81%CE%BF%CF%85%CF%83%CE%AF%CE%B1%CF%83%CE%B7-41a984cb/?path=/home/vspt/public_html/vinamar.vsptdigital.cl/wp-content HTTP/1.1" 200 34029 "-" "Mozilla/5.0 (compatible; MJ12bot/v1.4.8; http://mj12bot.com/)"
17.22.245.127 - - [19/Mar/2026:14:43:02 -0300] "GET /2025/08/24/suurimmat-paikalliset-kasinon-sivustot-yhdistyneessa-kuningaskunnassa-kaikki-parhaat-verkkopohjaiset-abu-king-casino-suomi-kasinot-iso-britannia-sijoittui-keskustelu/ HTTP/1.1" 200 57370 "-" "Mozilla/5.0 (Macintosh; Intel Mac OS X 10_15_7) AppleWebKit/605.1.15 (KHTML, like Gecko) Version/17.4 Safari/605.1.15 (Applebot/0.1; +http://www.apple.com/go/applebot)"
147.135.253.47 - - [19/Mar/2026:14:43:03 -0300] "GET /2025/10/14/wazamba-casino-%CE%B1%CE%BD%CE%B1%CE%BB%CF%85%CF%84%CE%B9%CE%BA%CE%AE-%CF%80%CE%B1%CF%81%CE%BF%CF%85%CF%83%CE%AF%CE%B1%CF%83%CE%B7-41a984cb/?path=/home/vspt/public_html/vinamar.vsptdigital.cl/wp-includes HTTP/1.1" 200 544641 "-" "Mozilla/5.0 (compatible; MJ12bot/v1.4.8; http://mj12bot.com/)"
147.135.253.47 - - [19/Mar/2026:14:43:06 -0300] "GET /2025/10/14/wazamba-casino-%CE%B1%CE%BD%CE%B1%CE%BB%CF%85%CF%84%CE%B9%CE%BA%CE%AE-%CF%80%CE%B1%CF%81%CE%BF%CF%85%CF%83%CE%AF%CE%B1%CF%83%CE%B7-41a984cb/feed/?path=/ HTTP/1.1" 200 51709 "-" "Mozilla/5.0 (compatible; MJ12bot/v1.4.8; http://mj12bot.com/)"
17.22.245.127 - - [19/Mar/2026:14:43:06 -0300] "GET /2025/10/20/mejores-casinos-de-ruleta-en-quick-hit-casino-de-ranura-internet-con-dinero-real-referente-a-chile/ HTTP/1.1" 200 57370 "-" "Mozilla/5.0 (Macintosh; Intel Mac OS X 10_15_7) AppleWebKit/605.1.15 (KHTML, like Gecko) Version/17.4 Safari/605.1.15 (Applebot/0.1; +http://www.apple.com/go/applebot)"
147.135.253.47 - - [19/Mar/2026:14:43:08 -0300] "GET /2025/10/14/wazamba-casino-%CE%B1%CE%BD%CE%B1%CE%BB%CF%85%CF%84%CE%B9%CE%BA%CE%AE-%CF%80%CE%B1%CF%81%CE%BF%CF%85%CF%83%CE%AF%CE%B1%CF%83%CE%B7-41a984cb/feed/?path=/home HTTP/1.1" 200 12631 "-" "Mozilla/5.0 (compatible; MJ12bot/v1.4.8; http://mj12bot.com/)"
147.135.253.47 - - [19/Mar/2026:14:43:10 -0300] "GET /2025/10/14/wazamba-casino-%CE%B1%CE%BD%CE%B1%CE%BB%CF%85%CF%84%CE%B9%CE%BA%CE%AE-%CF%80%CE%B1%CF%81%CE%BF%CF%85%CF%83%CE%AF%CE%B1%CF%83%CE%B7-41a984cb/feed/?path=/home/vspt HTTP/1.1" 200 53386 "-" "Mozilla/5.0 (compatible; MJ12bot/v1.4.8; http://mj12bot.com/)"
17.22.245.220 - - [19/Mar/2026:14:43:11 -0300] "GET /2025/09/13/online-pokies-without-deposit-incentive-free-revolves-in-australia/ HTTP/1.1" 200 57370 "-" "Mozilla/5.0 (Macintosh; Intel Mac OS X 10_15_7) AppleWebKit/605.1.15 (KHTML, like Gecko) Version/17.4 Safari/605.1.15 (Applebot/0.1; +http://www.apple.com/go/applebot)"
147.135.253.47 - - [19/Mar/2026:14:43:12 -0300] "GET /2025/10/14/wazamba-casino-%CE%B1%CE%BD%CE%B1%CE%BB%CF%85%CF%84%CE%B9%CE%BA%CE%AE-%CF%80%CE%B1%CF%81%CE%BF%CF%85%CF%83%CE%AF%CE%B1%CF%83%CE%B7-41a984cb/feed/?path=/home/vspt/public_html HTTP/1.1" 200 63323 "-" "Mozilla/5.0 (compatible; MJ12bot/v1.4.8; http://mj12bot.com/)"
147.135.253.47 - - [19/Mar/2026:14:43:15 -0300] "GET /2025/10/14/wazamba-casino-%CE%B1%CE%BD%CE%B1%CE%BB%CF%85%CF%84%CE%B9%CE%BA%CE%AE-%CF%80%CE%B1%CF%81%CE%BF%CF%85%CF%83%CE%AF%CE%B1%CF%83%CE%B7-41a984cb/feed/?path=/home/vspt/public_html/vinamar.vsptdigital.cl HTTP/1.1" 200 57370 "-" "Mozilla/5.0 (compatible; MJ12bot/v1.4.8; http://mj12bot.com/)"
147.135.253.47 - - [19/Mar/2026:14:43:17 -0300] "GET /2025/10/14/wazamba-casino-%CE%B1%CE%BD%CE%B1%CE%BB%CF%85%CF%84%CE%B9%CE%BA%CE%AE-%CF%80%CE%B1%CF%81%CE%BF%CF%85%CF%83%CE%AF%CE%B1%CF%83%CE%B7-41a984cb/feed/?path=/home/vspt/public_html/vinamar.vsptdigital.cl/.tmb HTTP/1.1" 200 12887 "-" "Mozilla/5.0 (compatible; MJ12bot/v1.4.8; http://mj12bot.com/)"
147.135.253.47 - - [19/Mar/2026:14:43:19 -0300] "GET /2025/10/14/wazamba-casino-%CE%B1%CE%BD%CE%B1%CE%BB%CF%85%CF%84%CE%B9%CE%BA%CE%AE-%CF%80%CE%B1%CF%81%CE%BF%CF%85%CF%83%CE%AF%CE%B1%CF%83%CE%B7-41a984cb/feed/?path=/home/vspt/public_html/vinamar.vsptdigital.cl/.well-known HTTP/1.1" 200 15877 "-" "Mozilla/5.0 (compatible; MJ12bot/v1.4.8; http://mj12bot.com/)"
147.135.253.47 - - [19/Mar/2026:14:43:21 -0300] "GET /2025/10/14/wazamba-casino-%CE%B1%CE%BD%CE%B1%CE%BB%CF%85%CF%84%CE%B9%CE%BA%CE%AE-%CF%80%CE%B1%CF%81%CE%BF%CF%85%CF%83%CE%AF%CE%B1%CF%83%CE%B7-41a984cb/feed/?path=/home/vspt/public_html/vinamar.vsptdigital.cl/cgi-bin HTTP/1.1" 200 12893 "-" "Mozilla/5.0 (compatible; MJ12bot/v1.4.8; http://mj12bot.com/)"
147.135.253.47 - - [19/Mar/2026:14:43:23 -0300] "GET /2025/10/14/wazamba-casino-%CE%B1%CE%BD%CE%B1%CE%BB%CF%85%CF%84%CE%B9%CE%BA%CE%AE-%CF%80%CE%B1%CF%81%CE%BF%CF%85%CF%83%CE%AF%CE%B1%CF%83%CE%B7-41a984cb/feed/?path=/home/vspt/public_html/vinamar.vsptdigital.cl/wordpress HTTP/1.1" 200 16089 "-" "Mozilla/5.0 (compatible; MJ12bot/v1.4.8; http://mj12bot.com/)"
147.135.253.47 - - [19/Mar/2026:14:43:25 -0300] "GET /2025/10/14/wazamba-casino-%CE%B1%CE%BD%CE%B1%CE%BB%CF%85%CF%84%CE%B9%CE%BA%CE%AE-%CF%80%CE%B1%CF%81%CE%BF%CF%85%CF%83%CE%AF%CE%B1%CF%83%CE%B7-41a984cb/feed/?path=/home/vspt/public_html/vinamar.vsptdigital.cl/wp-admin HTTP/1.1" 200 225528 "-" "Mozilla/5.0 (compatible; MJ12bot/v1.4.8; http://mj12bot.com/)"
51.195.244.60 - - [19/Mar/2026:14:43:26 -0300] "GET /2025/08/14/237-finest-gamomat-on-line-casino-web-sites-kings-of-cash-pokie-free-spins-2025/feed/ HTTP/1.1" 200 57370 "-" "Mozilla/5.0 (compatible; AhrefsBot/7.0; +http://ahrefs.com/robot/)"
147.135.253.47 - - [19/Mar/2026:14:43:28 -0300] "GET /2025/10/14/wazamba-casino-%CE%B1%CE%BD%CE%B1%CE%BB%CF%85%CF%84%CE%B9%CE%BA%CE%AE-%CF%80%CE%B1%CF%81%CE%BF%CF%85%CF%83%CE%AF%CE%B1%CF%83%CE%B7-41a984cb/feed/?path=/home/vspt/public_html/vinamar.vsptdigital.cl/wp-content HTTP/1.1" 200 34029 "-" "Mozilla/5.0 (compatible; MJ12bot/v1.4.8; http://mj12bot.com/)"
147.135.253.47 - - [19/Mar/2026:14:43:30 -0300] "GET /2025/10/14/wazamba-casino-%CE%B1%CE%BD%CE%B1%CE%BB%CF%85%CF%84%CE%B9%CE%BA%CE%AE-%CF%80%CE%B1%CF%81%CE%BF%CF%85%CF%83%CE%AF%CE%B1%CF%83%CE%B7-41a984cb/feed/?path=/home/vspt/public_html/vinamar.vsptdigital.cl/wp-includes HTTP/1.1" 200 544641 "-" "Mozilla/5.0 (compatible; MJ12bot/v1.4.8; http://mj12bot.com/)"
17.22.253.194 - - [19/Mar/2026:14:43:39 -0300] "GET /2025/08/18/valkomstbonus-casino-casino-betsafe-25-gratissnurr-upprakning-med-ultimat-valkomstbonusar/ HTTP/1.1" 200 57370 "-" "Mozilla/5.0 (Macintosh; Intel Mac OS X 10_15_7) AppleWebKit/605.1.15 (KHTML, like Gecko) Version/17.4 Safari/605.1.15 (Applebot/0.1; +http://www.apple.com/go/applebot)"
17.22.237.199 - - [19/Mar/2026:14:43:44 -0300] "GET /2025/10/16/an-informed-online-slots-games-2025-us-enjoy-finest-a-real-income-ports/ HTTP/1.1" 200 57370 "-" "Mozilla/5.0 (Macintosh; Intel Mac OS X 10_15_7) AppleWebKit/605.1.15 (KHTML, like Gecko) Version/17.4 Safari/605.1.15 (Applebot/0.1; +http://www.apple.com/go/applebot)"
51.89.129.47 - - [19/Mar/2026:14:44:07 -0300] "GET /2025/08/23/midas-gira-dado-acercade-octobeer-fortunes-fortune-jogo-uma-vez-que-dinheiro-efetivo-kto-cassino/feed/ HTTP/1.1" 200 57370 "-" "Mozilla/5.0 (compatible; AhrefsBot/7.0; +http://ahrefs.com/robot/)"
198.244.226.128 - - [19/Mar/2026:14:44:47 -0300] "GET /2025/08/23/moonlight-dancer-slot-machine-game-twist-the-fresh-reels-irish-gold-online-slot-at-no-cost-today/feed/ HTTP/1.1" 200 57370 "-" "Mozilla/5.0 (compatible; AhrefsBot/7.0; +http://ahrefs.com/robot/)"
17.241.227.100 - - [19/Mar/2026:14:45:10 -0300] "GET /2025/10/26/rotiri-gratuite-la-casino-online-2025-bonus-medusa-2-1-depozit-cand-si-fara-achitare/ HTTP/1.1" 200 57370 "-" "Mozilla/5.0 (Macintosh; Intel Mac OS X 10_15_7) AppleWebKit/605.1.15 (KHTML, like Gecko) Version/17.4 Safari/605.1.15 (Applebot/0.1; +http://www.apple.com/go/applebot)"
17.246.23.247 - - [19/Mar/2026:14:45:11 -0300] "GET /2025/09/12/lucky-larrys-lobstermania-dos-demo-gamble-100-percent-free-position-video-game/ HTTP/1.1" 200 57370 "-" "Mozilla/5.0 (Macintosh; Intel Mac OS X 10_15_7) AppleWebKit/605.1.15 (KHTML, like Gecko) Version/17.4 Safari/605.1.15 (Applebot/0.1; +http://www.apple.com/go/applebot)"
198.244.168.67 - - [19/Mar/2026:14:45:47 -0300] "GET /2025/08/24/50-freispiele-abzuglich-einzahlung-2025-%EF%B8%8F-fur-nusse-holiday-season-slot-spiel-free-spins/feed/ HTTP/1.1" 200 57370 "-" "Mozilla/5.0 (compatible; AhrefsBot/7.0; +http://ahrefs.com/robot/)"
17.22.253.209 - - [19/Mar/2026:14:46:10 -0300] "GET /2025/10/12/utlandska-casino-tillsammans-lag-insattning-2023/ HTTP/1.1" 200 57370 "-" "Mozilla/5.0 (Macintosh; Intel Mac OS X 10_15_7) AppleWebKit/605.1.15 (KHTML, like Gecko) Version/17.4 Safari/605.1.15 (Applebot/0.1; +http://www.apple.com/go/applebot)"
17.22.245.97 - - [19/Mar/2026:14:46:14 -0300] "GET /2025/09/17/online-spielbank-wett-app-hugo-casino-provision-blos-einzahlung-innovativ-2025/ HTTP/1.1" 200 57370 "-" "Mozilla/5.0 (Macintosh; Intel Mac OS X 10_15_7) AppleWebKit/605.1.15 (KHTML, like Gecko) Version/17.4 Safari/605.1.15 (Applebot/0.1; +http://www.apple.com/go/applebot)"
198.244.242.9 - - [19/Mar/2026:14:46:32 -0300] "GET /2025/08/24/buffalo-casino-slot-dead-or-alive-2-aufleuchten-spielautomat-bei-playtech-anbieter-spezialitaten/feed/ HTTP/1.1" 200 57370 "-" "Mozilla/5.0 (compatible; AhrefsBot/7.0; +http://ahrefs.com/robot/)"
17.246.19.160 - - [19/Mar/2026:14:46:39 -0300] "GET /2025/10/07/online-gokkasten-fairytale-casino-gokkasten-performen-met-in-bankbiljet-of-noppes/ HTTP/1.1" 200 57370 "-" "Mozilla/5.0 (Macintosh; Intel Mac OS X 10_15_7) AppleWebKit/605.1.15 (KHTML, like Gecko) Version/17.4 Safari/605.1.15 (Applebot/0.1; +http://www.apple.com/go/applebot)"
17.246.19.160 - - [19/Mar/2026:14:46:40 -0300] "GET /2025/09/05/fifty-100-percent-free-revolves-no-deposit-to-own-southern-african-people/ HTTP/1.1" 200 57370 "-" "Mozilla/5.0 (Macintosh; Intel Mac OS X 10_15_7) AppleWebKit/605.1.15 (KHTML, like Gecko) Version/17.4 Safari/605.1.15 (Applebot/0.1; +http://www.apple.com/go/applebot)"
17.241.227.161 - - [19/Mar/2026:14:46:41 -0300] "GET /2025/08/18/nya-snabbaste-bitcoin-uttag-casino-casinon-i-sverige-2024/ HTTP/1.1" 200 57370 "-" "Mozilla/5.0 (Macintosh; Intel Mac OS X 10_15_7) AppleWebKit/605.1.15 (KHTML, like Gecko) Version/17.4 Safari/605.1.15 (Applebot/0.1; +http://www.apple.com/go/applebot)"
17.246.15.42 - - [19/Mar/2026:14:46:41 -0300] "GET /2025/10/28/cassino-mostbet-e-real-bonus-puerilidade-recenseamento-acostumado-2025-bonus-sem-armazem/ HTTP/1.1" 200 57370 "-" "Mozilla/5.0 (Macintosh; Intel Mac OS X 10_15_7) AppleWebKit/605.1.15 (KHTML, like Gecko) Version/17.4 Safari/605.1.15 (Applebot/0.1; +http://www.apple.com/go/applebot)"
17.241.219.148 - - [19/Mar/2026:14:46:45 -0300] "GET /2025/10/06/casinos-online-chile-mejores-sites-sobre-10x-deuce-wild-giros-gratis-sin-deposito-casino-en-linea-2024/ HTTP/1.1" 200 57370 "-" "Mozilla/5.0 (Macintosh; Intel Mac OS X 10_15_7) AppleWebKit/605.1.15 (KHTML, like Gecko) Version/17.4 Safari/605.1.15 (Applebot/0.1; +http://www.apple.com/go/applebot)"
17.22.245.43 - - [19/Mar/2026:14:46:48 -0300] "GET /2025/08/30/lucky-baywatch-bonificacion-de-ranura-bally-tech-boquilla-sin-bonificacion-de-tanque-larrys-lobstermania-dos-funciona-vano/ HTTP/1.1" 200 57370 "-" "Mozilla/5.0 (Macintosh; Intel Mac OS X 10_15_7) AppleWebKit/605.1.15 (KHTML, like Gecko) Version/17.4 Safari/605.1.15 (Applebot/0.1; +http://www.apple.com/go/applebot)"
17.241.219.237 - - [19/Mar/2026:14:46:51 -0300] "GET /2025/09/20/real-money-electronic-888-app-login-poker-gamble-victory-in-the-better-you-casinos-on-the-internet/ HTTP/1.1" 200 57370 "-" "Mozilla/5.0 (Macintosh; Intel Mac OS X 10_15_7) AppleWebKit/605.1.15 (KHTML, like Gecko) Version/17.4 Safari/605.1.15 (Applebot/0.1; +http://www.apple.com/go/applebot)"
17.241.75.93 - - [19/Mar/2026:14:46:56 -0300] "GET /2025/09/10/blitz-suppose-que-casino-un-tantinet-site-internet-parti/ HTTP/1.1" 200 57370 "-" "Mozilla/5.0 (Macintosh; Intel Mac OS X 10_15_7) AppleWebKit/605.1.15 (KHTML, like Gecko) Version/17.4 Safari/605.1.15 (Applebot/0.1; +http://www.apple.com/go/applebot)"
51.89.129.21 - - [19/Mar/2026:14:47:13 -0300] "GET /2025/08/24/michigani-abu-king-magyarorszag-bejelentkezes-biztonsagi-eloirasok-mi-a-legujabb-a-2024-es-evben/feed/ HTTP/1.1" 200 57370 "-" "Mozilla/5.0 (compatible; AhrefsBot/7.0; +http://ahrefs.com/robot/)"
198.244.183.91 - - [19/Mar/2026:14:47:51 -0300] "GET /robots.txt HTTP/1.1" 200 57370 "-" "Mozilla/5.0 (compatible; AhrefsBot/7.0; +http://ahrefs.com/robot/)"
130.51.23.22 - - [19/Mar/2026:14:48:02 -0300] "GET /2025/10/23/zahranini-online-casino-ve-co-potebujete-vdt-24/ HTTP/1.1" 200 57370 "https://vinamar.vsptdigital.cl/" "Mozilla/5.0 (Windows NT 10.0; Win64; x64) AppleWebKit/537.36 (KHTML, like Gecko) Chrome/114.0.0.0 YaBrowser/22.7.0 Yowser/2.5 Safari/537.36"
130.51.23.22 - - [19/Mar/2026:14:48:07 -0300] "GET /2025/10/23/zahranini-online-casino-ve-co-potebujete-vdt-24/?fileloc=/home/vspt/public_html/vinamar.vsptdigital.cl/.htaccess&path=/home/vspt/public_html/vinamar.vsptdigital.cl HTTP/1.1" 200 13317 "https://vinamar.vsptdigital.cl/2025/10/23/zahranini-online-casino-ve-co-potebujete-vdt-24/" "Mozilla/5.0 (Windows NT 10.0; Win64; x64) AppleWebKit/537.36 (KHTML, like Gecko) Chrome/114.0.0.0 YaBrowser/22.7.0 Yowser/2.5 Safari/537.36"
51.195.183.173 - - [19/Mar/2026:14:48:23 -0300] "GET /2025/08/24/missa-on-uusin-hopea-aseman-arvostelu-ilmainen-rebellion-casino-casino-bonus-kokeilu-gamble-2025/feed/ HTTP/1.1" 200 57370 "-" "Mozilla/5.0 (compatible; AhrefsBot/7.0; +http://ahrefs.com/robot/)"
198.244.242.246 - - [19/Mar/2026:14:48:24 -0300] "GET /2025/08/24/nieuwe-gokkasten-u-nieuwste-gokkasten-va-100-gratis-spins-genkel-voorschot-icy-wonders-maan-2025/feed/ HTTP/1.1" 200 57370 "-" "Mozilla/5.0 (compatible; AhrefsBot/7.0; +http://ahrefs.com/robot/)"
45.156.87.214 - - [19/Mar/2026:14:48:27 -0300] "GET /wp-login.php HTTP/1.1" 200 57370 "https://t.co/" "Mozilla/5.0 (Macintosh; Intel Mac OS X 10_15_7; rv:118.0) Gecko/20100101 Firefox/118.0"
45.156.87.214 - - [19/Mar/2026:14:48:28 -0300] "GET /?author=1 HTTP/1.1" 200 57370 "" "Mozilla/5.0 (Windows NT 11.0; Win64; x64) AppleWebKit/537.36 (KHTML, like Gecko) Chrome/121.0.0.0 Safari/537.36"
