17.22.237.214 - - [19/Mar/2026:14:38:28 -0300] "GET /2025/10/06/%d8%a7%d9%84%d8%a8%d9%88%d9%83%d8%b1-%d8%a7%d9%84%d8%a5%d9%84%d9%83%d8%aa%d8%b1%d9%88%d9%86%d9%8a-%d8%a7%d9%84%d8%ad%d9%82%d9%8a%d9%82%d9%8a-%d8%b9%d9%84%d9%89-%d8%a7%d9%84%d9%88%d9%8a%d8%a8-%d8%ae/ HTTP/1.1" 200 57370 "-" "Mozilla/5.0 (Macintosh; Intel Mac OS X 10_15_7) AppleWebKit/605.1.15 (KHTML, like Gecko) Version/17.4 Safari/605.1.15 (Applebot/0.1; +http://www.apple.com/go/applebot)"
147.135.253.47 - - [19/Mar/2026:14:38:29 -0300] "GET /2025/09/10/pinco-kazino-s%C9%99rf%C9%99li-promosiyalar-v%C9%99-bonuslar/?path=/home/vspt/public_html/vinamar.vsptdigital.cl/.tmb HTTP/1.1" 200 12887 "-" "Mozilla/5.0 (compatible; MJ12bot/v1.4.8; http://mj12bot.com/)"
147.135.253.47 - - [19/Mar/2026:14:38:31 -0300] "GET /2025/09/10/pinco-kazino-s%C9%99rf%C9%99li-promosiyalar-v%C9%99-bonuslar/?path=/home/vspt/public_html/vinamar.vsptdigital.cl/.well-known HTTP/1.1" 200 15877 "-" "Mozilla/5.0 (compatible; MJ12bot/v1.4.8; http://mj12bot.com/)"
147.135.253.47 - - [19/Mar/2026:14:38:34 -0300] "GET /2025/09/10/pinco-kazino-s%C9%99rf%C9%99li-promosiyalar-v%C9%99-bonuslar/?path=/home/vspt/public_html/vinamar.vsptdigital.cl/cgi-bin HTTP/1.1" 200 12893 "-" "Mozilla/5.0 (compatible; MJ12bot/v1.4.8; http://mj12bot.com/)"
17.241.219.200 - - [19/Mar/2026:14:38:34 -0300] "GET /2025/09/02/ghost-isis-slot-fur-geld-pirates-slot-letter-spielautomaten-gratis-angeschlossen-spielen/ HTTP/1.1" 200 57370 "-" "Mozilla/5.0 (Macintosh; Intel Mac OS X 10_15_7) AppleWebKit/605.1.15 (KHTML, like Gecko) Version/17.4 Safari/605.1.15 (Applebot/0.1; +http://www.apple.com/go/applebot)"
147.135.253.47 - - [19/Mar/2026:14:38:35 -0300] "GET /2025/09/10/pinco-kazino-s%C9%99rf%C9%99li-promosiyalar-v%C9%99-bonuslar/?path=/home/vspt/public_html/vinamar.vsptdigital.cl/wordpress HTTP/1.1" 200 16089 "-" "Mozilla/5.0 (compatible; MJ12bot/v1.4.8; http://mj12bot.com/)"
147.135.253.47 - - [19/Mar/2026:14:38:38 -0300] "GET /2025/09/10/pinco-kazino-s%C9%99rf%C9%99li-promosiyalar-v%C9%99-bonuslar/?path=/home/vspt/public_html/vinamar.vsptdigital.cl/wp-admin HTTP/1.1" 200 225528 "-" "Mozilla/5.0 (compatible; MJ12bot/v1.4.8; http://mj12bot.com/)"
17.241.219.200 - - [19/Mar/2026:14:38:38 -0300] "GET /2025/10/21/unser-10-besten-erreichbar-banken-im-september-2025/ HTTP/1.1" 200 57370 "-" "Mozilla/5.0 (Macintosh; Intel Mac OS X 10_15_7) AppleWebKit/605.1.15 (KHTML, like Gecko) Version/17.4 Safari/605.1.15 (Applebot/0.1; +http://www.apple.com/go/applebot)"
147.135.253.47 - - [19/Mar/2026:14:38:40 -0300] "GET /2025/09/10/pinco-kazino-s%C9%99rf%C9%99li-promosiyalar-v%C9%99-bonuslar/?path=/home/vspt/public_html/vinamar.vsptdigital.cl/wp-content HTTP/1.1" 200 34029 "-" "Mozilla/5.0 (compatible; MJ12bot/v1.4.8; http://mj12bot.com/)"
147.135.253.47 - - [19/Mar/2026:14:38:42 -0300] "GET /2025/09/10/pinco-kazino-s%C9%99rf%C9%99li-promosiyalar-v%C9%99-bonuslar/?path=/home/vspt/public_html/vinamar.vsptdigital.cl/wp-includes HTTP/1.1" 200 544641 "-" "Mozilla/5.0 (compatible; MJ12bot/v1.4.8; http://mj12bot.com/)"
17.241.227.191 - - [19/Mar/2026:14:38:44 -0300] "GET /2025/09/27/inoffizieller-mitarbeiter-angeschlossen-spielbank-uber-handyrechnung-saldieren-schweiz-2024/ HTTP/1.1" 200 57370 "-" "Mozilla/5.0 (Macintosh; Intel Mac OS X 10_15_7) AppleWebKit/605.1.15 (KHTML, like Gecko) Version/17.4 Safari/605.1.15 (Applebot/0.1; +http://www.apple.com/go/applebot)"
216.73.216.40 - - [19/Mar/2026:14:38:44 -0300] "GET /2025/10/14/1xbet-korea-download-app-how-to-install-and-use-it?path=%2Fhome%2Fvspt%2Fpublic_html%2Fvinamar.vsptdigital.cl%2Fwp-includes%2Fabilities-api HTTP/1.1" 200 19975 "-" "Mozilla/5.0 AppleWebKit/537.36 (KHTML, like Gecko; compatible; ClaudeBot/1.0; +claudebot@anthropic.com)"
216.73.216.40 - - [19/Mar/2026:14:38:45 -0300] "GET /2025/10/14/1xbet-korea-download-app-how-to-install-and-use-it?fileloc=%2Fhome%2Fvspt%2Fpublic_html%2Fvinamar.vsptdigital.cl%2Fwp-includes%2Fspeculative-loading.php&path=%2Fhome%2Fvspt%2Fpublic_html%2Fvinamar.vsptdigital.cl%2Fwp-includes HTTP/1.1" 200 21386 "-" "Mozilla/5.0 AppleWebKit/537.36 (KHTML, like Gecko; compatible; ClaudeBot/1.0; +claudebot@anthropic.com)"
216.73.216.40 - - [19/Mar/2026:14:38:45 -0300] "GET /2025/10/14/1xbet-korea-download-app-how-to-install-and-use-it?fileloc=%2Fhome%2Fvspt%2Fpublic_html%2Fvinamar.vsptdigital.cl%2Fwp-admin%2Fplugin-editor.php&path=%2Fhome%2Fvspt%2Fpublic_html%2Fvinamar.vsptdigital.cl%2Fwp-admin HTTP/1.1" 200 28710 "-" "Mozilla/5.0 AppleWebKit/537.36 (KHTML, like Gecko; compatible; ClaudeBot/1.0; +claudebot@anthropic.com)"
216.73.216.40 - - [19/Mar/2026:14:38:45 -0300] "GET /2025/10/14/1xbet-korea-download-app-how-to-install-and-use-it?fileloc=%2Fhome%2Fvspt%2Fpublic_html%2Fvinamar.vsptdigital.cl%2Fwp-admin%2Fload-scripts.php&path=%2Fhome%2Fvspt%2Fpublic_html%2Fvinamar.vsptdigital.cl%2Fwp-admin HTTP/1.1" 200 14680 "-" "Mozilla/5.0 AppleWebKit/537.36 (KHTML, like Gecko; compatible; ClaudeBot/1.0; +claudebot@anthropic.com)"
216.73.216.40 - - [19/Mar/2026:14:38:45 -0300] "GET /2025/10/14/1xbet-korea-download-app-how-to-install-and-use-it?path=%2Fhome%2Fvspt%2Fpublic_html%2Fvinamar.vsptdigital.cl%2Fwp-includes%2Fphp-compat HTTP/1.1" 200 14659 "-" "Mozilla/5.0 AppleWebKit/537.36 (KHTML, like Gecko; compatible; ClaudeBot/1.0; +claudebot@anthropic.com)"
216.73.216.40 - - [19/Mar/2026:14:38:45 -0300] "GET /2025/10/14/1xbet-korea-download-app-how-to-install-and-use-it?path=%2F%2Fscripts HTTP/1.1" 200 678639 "-" "Mozilla/5.0 AppleWebKit/537.36 (KHTML, like Gecko; compatible; ClaudeBot/1.0; +claudebot@anthropic.com)"
216.73.216.40 - - [19/Mar/2026:14:38:45 -0300] "GET /2025/10/14/1xbet-korea-download-app-how-to-install-and-use-it?fileloc=%2Fhome%2Fvspt%2Fpublic_html%2Fvinamar.vsptdigital.cl%2Fwp-admin%2Fmenu-sql.php&path=%2Fhome%2Fvspt%2Fpublic_html%2Fvinamar.vsptdigital.cl%2Fwp-admin HTTP/1.1" 200 13534 "-" "Mozilla/5.0 AppleWebKit/537.36 (KHTML, like Gecko; compatible; ClaudeBot/1.0; +claudebot@anthropic.com)"
216.73.216.40 - - [19/Mar/2026:14:38:45 -0300] "GET /2025/10/14/1xbet-korea-download-app-how-to-install-and-use-it?fileloc=%2Fhome%2Fvspt%2Fpublic_html%2Fvinamar.vsptdigital.cl%2Fwp-includes%2Fwp-diff.php&path=%2Fhome%2Fvspt%2Fpublic_html%2Fvinamar.vsptdigital.cl%2Fwp-includes HTTP/1.1" 200 13343 "-" "Mozilla/5.0 AppleWebKit/537.36 (KHTML, like Gecko; compatible; ClaudeBot/1.0; +claudebot@anthropic.com)"
216.73.216.40 - - [19/Mar/2026:14:38:45 -0300] "GET /2025/10/14/1xbet-korea-download-app-how-to-install-and-use-it?path=%2Fhome%2Fvspt%2Fpublic_html%2Fvinamar.vsptdigital.cl%2Fwp-includes%2Finteractivity-api HTTP/1.1" 200 18338 "-" "Mozilla/5.0 AppleWebKit/537.36 (KHTML, like Gecko; compatible; ClaudeBot/1.0; +claudebot@anthropic.com)"
216.73.216.40 - - [19/Mar/2026:14:38:45 -0300] "GET /2025/10/14/1xbet-korea-download-app-how-to-install-and-use-it?path=%2Fhome%2Fvspt%2Fpublic_html%2Fvinamar.vsptdigital.cl%2Fwp-includes%2Fhtml-api HTTP/1.1" 200 38974 "-" "Mozilla/5.0 AppleWebKit/537.36 (KHTML, like Gecko; compatible; ClaudeBot/1.0; +claudebot@anthropic.com)"
216.73.216.40 - - [19/Mar/2026:14:38:45 -0300] "GET /2025/10/14/1xbet-korea-download-app-how-to-install-and-use-it?fileloc=%2Fhome%2Fvspt%2Fpublic_html%2Fvinamar.vsptdigital.cl%2Fwp-includes%2Fclass.wp-scripts.php&path=%2Fhome%2Fvspt%2Fpublic_html%2Fvinamar.vsptdigital.cl%2Fwp-includes HTTP/1.1" 200 12896 "-" "Mozilla/5.0 AppleWebKit/537.36 (KHTML, like Gecko; compatible; ClaudeBot/1.0; +claudebot@anthropic.com)"
216.73.216.40 - - [19/Mar/2026:14:38:45 -0300] "GET /2025/10/14/1xbet-korea-download-app-how-to-install-and-use-it?fileloc=%2Fhome%2Fvspt%2Fpublic_html%2Fvinamar.vsptdigital.cl%2Fwp-includes%2Ffunctions.wp-scripts.php&path=%2Fhome%2Fvspt%2Fpublic_html%2Fvinamar.vsptdigital.cl%2Fwp-includes HTTP/1.1" 200 28092 "-" "Mozilla/5.0 AppleWebKit/537.36 (KHTML, like Gecko; compatible; ClaudeBot/1.0; +claudebot@anthropic.com)"
147.135.253.47 - - [19/Mar/2026:14:38:45 -0300] "GET /2025/09/10/pinco-kazino-s%C9%99rf%C9%99li-promosiyalar-v%C9%99-bonuslar/feed/?fileloc=/home/vspt/public_html/vinamar.vsptdigital.cl/.htaccess&path=/home/vspt/public_html/vinamar.vsptdigital.cl HTTP/1.1" 200 13317 "-" "Mozilla/5.0 (compatible; MJ12bot/v1.4.8; http://mj12bot.com/)"
216.73.216.40 - - [19/Mar/2026:14:38:45 -0300] "GET /2025/10/14/1xbet-korea-download-app-how-to-install-and-use-it?fileloc=%2Fhome%2Fvspt%2Fpublic_html%2Fvinamar.vsptdigital.cl%2Fwp-includes%2Fscript-modules.php&path=%2Fhome%2Fvspt%2Fpublic_html%2Fvinamar.vsptdigital.cl%2Fwp-includes HTTP/1.1" 200 22576 "-" "Mozilla/5.0 AppleWebKit/537.36 (KHTML, like Gecko; compatible; ClaudeBot/1.0; +claudebot@anthropic.com)"
216.73.216.40 - - [19/Mar/2026:14:38:45 -0300] "GET /2025/10/14/1xbet-korea-download-app-how-to-install-and-use-it?fileloc=%2Fhome%2Fvspt%2Fpublic_html%2Fvinamar.vsptdigital.cl%2Fwp-includes%2Fscript-loader.php&path=%2Fhome%2Fvspt%2Fpublic_html%2Fvinamar.vsptdigital.cl%2Fwp-includes HTTP/1.1" 200 177725 "-" "Mozilla/5.0 AppleWebKit/537.36 (KHTML, like Gecko; compatible; ClaudeBot/1.0; +claudebot@anthropic.com)"
216.73.216.40 - - [19/Mar/2026:14:38:46 -0300] "GET /2025/10/14/1xbet-korea-download-app-how-to-install-and-use-it?fileloc=%2Fhome%2Fvspt%2Fpublic_html%2Fvinamar.vsptdigital.cl%2Fwp-includes%2Fhttps-detection.php&path=%2Fhome%2Fvspt%2Fpublic_html%2Fvinamar.vsptdigital.cl%2Fwp-includes HTTP/1.1" 200 18445 "-" "Mozilla/5.0 AppleWebKit/537.36 (KHTML, like Gecko; compatible; ClaudeBot/1.0; +claudebot@anthropic.com)"
216.73.216.40 - - [19/Mar/2026:14:38:46 -0300] "GET /2025/10/14/1xbet-korea-download-app-how-to-install-and-use-it?fileloc=%2Fhome%2Fvspt%2Fpublic_html%2Fvinamar.vsptdigital.cl%2Fwp-includes%2Fhttps-migration.php&path=%2Fhome%2Fvspt%2Fpublic_html%2Fvinamar.vsptdigital.cl%2Fwp-includes HTTP/1.1" 200 17309 "-" "Mozilla/5.0 AppleWebKit/537.36 (KHTML, like Gecko; compatible; ClaudeBot/1.0; +claudebot@anthropic.com)"
147.135.253.47 - - [19/Mar/2026:14:38:48 -0300] "GET /2025/09/10/pinco-kazino-s%C9%99rf%C9%99li-promosiyalar-v%C9%99-bonuslar/feed/?fileloc=/home/vspt/public_html/vinamar.vsptdigital.cl/class.php&path=/home/vspt/public_html/vinamar.vsptdigital.cl HTTP/1.1" 200 12437 "-" "Mozilla/5.0 (compatible; MJ12bot/v1.4.8; http://mj12bot.com/)"
147.135.253.47 - - [19/Mar/2026:14:38:50 -0300] "GET /2025/09/10/pinco-kazino-s%C9%99rf%C9%99li-promosiyalar-v%C9%99-bonuslar/feed/?fileloc=/home/vspt/public_html/vinamar.vsptdigital.cl/error_log&path=/home/vspt/public_html/vinamar.vsptdigital.cl HTTP/1.1" 200 10941181 "-" "Mozilla/5.0 (compatible; MJ12bot/v1.4.8; http://mj12bot.com/)"
147.135.253.47 - - [19/Mar/2026:14:38:53 -0300] "GET /2025/09/10/pinco-kazino-s%C9%99rf%C9%99li-promosiyalar-v%C9%99-bonuslar/feed/?fileloc=/home/vspt/public_html/vinamar.vsptdigital.cl/index.php&path=/home/vspt/public_html/vinamar.vsptdigital.cl HTTP/1.1" 200 12845 "-" "Mozilla/5.0 (compatible; MJ12bot/v1.4.8; http://mj12bot.com/)"
147.135.253.47 - - [19/Mar/2026:14:38:55 -0300] "GET /2025/09/10/pinco-kazino-s%C9%99rf%C9%99li-promosiyalar-v%C9%99-bonuslar/feed/?fileloc=/home/vspt/public_html/vinamar.vsptdigital.cl/license.txt&path=/home/vspt/public_html/vinamar.vsptdigital.cl HTTP/1.1" 200 32446 "-" "Mozilla/5.0 (compatible; MJ12bot/v1.4.8; http://mj12bot.com/)"
147.135.253.47 - - [19/Mar/2026:14:38:57 -0300] "GET /2025/09/10/pinco-kazino-s%C9%99rf%C9%99li-promosiyalar-v%C9%99-bonuslar/feed/?fileloc=/home/vspt/public_html/vinamar.vsptdigital.cl/option.php&path=/home/vspt/public_html/vinamar.vsptdigital.cl HTTP/1.1" 200 12438 "-" "Mozilla/5.0 (compatible; MJ12bot/v1.4.8; http://mj12bot.com/)"
147.135.253.47 - - [19/Mar/2026:14:38:59 -0300] "GET /2025/09/10/pinco-kazino-s%C9%99rf%C9%99li-promosiyalar-v%C9%99-bonuslar/feed/?fileloc=/home/vspt/public_html/vinamar.vsptdigital.cl/readme.html&path=/home/vspt/public_html/vinamar.vsptdigital.cl HTTP/1.1" 200 21774 "-" "Mozilla/5.0 (compatible; MJ12bot/v1.4.8; http://mj12bot.com/)"
147.135.253.47 - - [19/Mar/2026:14:39:01 -0300] "GET /2025/09/10/pinco-kazino-s%C9%99rf%C9%99li-promosiyalar-v%C9%99-bonuslar/feed/?fileloc=/home/vspt/public_html/vinamar.vsptdigital.cl/wordpress-6.1.1.zip&path=/home/vspt/public_html/vinamar.vsptdigital.cl HTTP/1.1" 200 12447 "-" "Mozilla/5.0 (compatible; MJ12bot/v1.4.8; http://mj12bot.com/)"
216.73.216.40 - - [19/Mar/2026:14:39:01 -0300] "GET /2025/10/14/1xbet-korea-download-app-how-to-install-and-use-it?fileloc=%2Fhome%2Fvspt%2Fpublic_html%2Fvinamar.vsptdigital.cl%2Fwp-admin%2Foptions-reading.php&path=%2Fhome%2Fvspt%2Fpublic_html%2Fvinamar.vsptdigital.cl%2Fwp-admin HTTP/1.1" 200 24786 "-" "Mozilla/5.0 AppleWebKit/537.36 (KHTML, like Gecko; compatible; ClaudeBot/1.0; +claudebot@anthropic.com)"
216.73.216.40 - - [19/Mar/2026:14:39:02 -0300] "GET /2025/10/14/1xbet-korea-download-app-how-to-install-and-use-it?fileloc=%2Fhome%2Fvspt%2Fpublic_html%2Fvinamar.vsptdigital.cl%2Fwp-admin%2Foptions-general.php&path=%2Fhome%2Fvspt%2Fpublic_html%2Fvinamar.vsptdigital.cl%2Fwp-admin HTTP/1.1" 200 39096 "-" "Mozilla/5.0 AppleWebKit/537.36 (KHTML, like Gecko; compatible; ClaudeBot/1.0; +claudebot@anthropic.com)"
216.73.216.40 - - [19/Mar/2026:14:39:02 -0300] "GET /2025/10/14/1xbet-korea-download-app-how-to-install-and-use-it?path=%2Fhome%2Fvspt%2Fpublic_html%2Fvinamar.vsptdigital.cl%2Fwp-includes%2Fsitemaps HTTP/1.1" 200 26540 "-" "Mozilla/5.0 AppleWebKit/537.36 (KHTML, like Gecko; compatible; ClaudeBot/1.0; +claudebot@anthropic.com)"
216.73.216.40 - - [19/Mar/2026:14:39:02 -0300] "GET /2025/10/14/1xbet-korea-download-app-how-to-install-and-use-it?fileloc=%2Fhome%2Fvspt%2Fpublic_html%2Fvinamar.vsptdigital.cl%2Fwp-content%2Fwp-content.php&path=%2Fhome%2Fvspt%2Fpublic_html%2Fvinamar.vsptdigital.cl%2Fwp-content HTTP/1.1" 200 12541 "-" "Mozilla/5.0 AppleWebKit/537.36 (KHTML, like Gecko; compatible; ClaudeBot/1.0; +claudebot@anthropic.com)"
216.73.216.40 - - [19/Mar/2026:14:39:02 -0300] "GET /2025/10/14/1xbet-korea-download-app-how-to-install-and-use-it?fileloc=%2Fhome%2Fvspt%2Fpublic_html%2Fvinamar.vsptdigital.cl%2Fwp-admin%2Fabout.php&path=%2Fhome%2Fvspt%2Fpublic_html%2Fvinamar.vsptdigital.cl%2Fwp-admin HTTP/1.1" 200 33962 "-" "Mozilla/5.0 AppleWebKit/537.36 (KHTML, like Gecko; compatible; ClaudeBot/1.0; +claudebot@anthropic.com)"
216.73.216.40 - - [19/Mar/2026:14:39:02 -0300] "GET /2025/10/14/1xbet-korea-download-app-how-to-install-and-use-it?fileloc=%2Fhome%2Fvspt%2Fpublic_html%2Fvinamar.vsptdigital.cl%2Fwp-includes%2Fmedia.php&path=%2Fhome%2Fvspt%2Fpublic_html%2Fvinamar.vsptdigital.cl%2Fwp-includes HTTP/1.1" 200 239185 "-" "Mozilla/5.0 AppleWebKit/537.36 (KHTML, like Gecko; compatible; ClaudeBot/1.0; +claudebot@anthropic.com)"
216.73.216.40 - - [19/Mar/2026:14:39:02 -0300] "GET /2025/10/14/1xbet-korea-download-app-how-to-install-and-use-it?path=%2Fhome%2Fvspt%2Fwp-includes HTTP/1.1" 200 12722 "-" "Mozilla/5.0 AppleWebKit/537.36 (KHTML, like Gecko; compatible; ClaudeBot/1.0; +claudebot@anthropic.com)"
216.73.216.40 - - [19/Mar/2026:14:39:02 -0300] "GET /2025/10/14/1xbet-korea-download-app-how-to-install-and-use-it?fileloc=%2Fhome%2Fvspt%2Fpublic_html%2Fvinamar.vsptdigital.cl%2Fwp-admin%2Fpress-this.php&path=%2Fhome%2Fvspt%2Fpublic_html%2Fvinamar.vsptdigital.cl%2Fwp-admin HTTP/1.1" 200 15083 "-" "Mozilla/5.0 AppleWebKit/537.36 (KHTML, like Gecko; compatible; ClaudeBot/1.0; +claudebot@anthropic.com)"
216.73.216.40 - - [19/Mar/2026:14:39:02 -0300] "GET /2025/10/14/1xbet-korea-download-app-how-to-install-and-use-it?path=%2Fhome%2Fvspt%2Fpublic_html%2Fvinamar.vsptdigital.cl%2Fwp-admin%2Fjs HTTP/1.1" 200 172612 "-" "Mozilla/5.0 AppleWebKit/537.36 (KHTML, like Gecko; compatible; ClaudeBot/1.0; +claudebot@anthropic.com)"
216.73.216.40 - - [19/Mar/2026:14:39:02 -0300] "GET /2025/10/14/1xbet-korea-download-app-how-to-install-and-use-it?fileloc=%2Fhome%2Fvspt%2Fpublic_html%2Fvinamar.vsptdigital.cl%2Fwp-admin%2Finstall-helper.php&path=%2Fhome%2Fvspt%2Fpublic_html%2Fvinamar.vsptdigital.cl%2Fwp-admin HTTP/1.1" 200 19694 "-" "Mozilla/5.0 AppleWebKit/537.36 (KHTML, like Gecko; compatible; ClaudeBot/1.0; +claudebot@anthropic.com)"
216.73.216.40 - - [19/Mar/2026:14:39:02 -0300] "GET /2025/10/14/1xbet-korea-download-app-how-to-install-and-use-it?path=%2Fhome%2Fvspt%2Fpublic_html%2Fvinamar.vsptdigital.cl%2Fwp-content%2Fmu-plugins HTTP/1.1" 200 14696 "-" "Mozilla/5.0 AppleWebKit/537.36 (KHTML, like Gecko; compatible; ClaudeBot/1.0; +claudebot@anthropic.com)"
216.73.216.40 - - [19/Mar/2026:14:39:02 -0300] "GET /2025/10/14/1xbet-korea-download-app-how-to-install-and-use-it?fileloc=%2Fhome%2Fvspt%2Fpublic_html%2Fvinamar.vsptdigital.cl%2Fwp-includes%2Ffonts.php&path=%2Fhome%2Fvspt%2Fpublic_html%2Fvinamar.vsptdigital.cl%2Fwp-includes HTTP/1.1" 200 22426 "-" "Mozilla/5.0 AppleWebKit/537.36 (KHTML, like Gecko; compatible; ClaudeBot/1.0; +claudebot@anthropic.com)"
216.73.216.40 - - [19/Mar/2026:14:39:03 -0300] "GET /2025/10/14/1xbet-korea-download-app-how-to-install-and-use-it?fileloc=%2Fhome%2Fvspt%2Fpublic_html%2Fvinamar.vsptdigital.cl%2Fwp-admin%2Fmoderation.php&path=%2Fhome%2Fvspt%2Fpublic_html%2Fvinamar.vsptdigital.cl%2Fwp-admin HTTP/1.1" 200 12845 "-" "Mozilla/5.0 AppleWebKit/537.36 (KHTML, like Gecko; compatible; ClaudeBot/1.0; +claudebot@anthropic.com)"
147.135.253.47 - - [19/Mar/2026:14:39:03 -0300] "GET /2025/09/10/pinco-kazino-s%C9%99rf%C9%99li-promosiyalar-v%C9%99-bonuslar/feed/?fileloc=/home/vspt/public_html/vinamar.vsptdigital.cl/wp-activate.php&path=/home/vspt/public_html/vinamar.vsptdigital.cl HTTP/1.1" 200 20776 "-" "Mozilla/5.0 (compatible; MJ12bot/v1.4.8; http://mj12bot.com/)"
216.73.216.40 - - [19/Mar/2026:14:39:03 -0300] "GET /2025/10/14/1xbet-korea-download-app-how-to-install-and-use-it?fileloc=%2Fhome%2Fvspt%2Fpublic_html%2Fvinamar.vsptdigital.cl%2Fwp-includes%2Fregistration-info.php&path=%2Fhome%2Fvspt%2Fpublic_html%2Fvinamar.vsptdigital.cl%2Fwp-includes HTTP/1.1" 200 13552 "-" "Mozilla/5.0 AppleWebKit/537.36 (KHTML, like Gecko; compatible; ClaudeBot/1.0; +claudebot@anthropic.com)"
216.73.216.40 - - [19/Mar/2026:14:39:03 -0300] "GET /2025/10/14/1xbet-korea-download-app-how-to-install-and-use-it?fileloc=%2Fhome%2Fvspt%2Fpublic_html%2Fvinamar.vsptdigital.cl%2Fwp-includes%2Fhttp-double.php&path=%2Fhome%2Fvspt%2Fpublic_html%2Fvinamar.vsptdigital.cl%2Fwp-includes HTTP/1.1" 200 18231 "-" "Mozilla/5.0 AppleWebKit/537.36 (KHTML, like Gecko; compatible; ClaudeBot/1.0; +claudebot@anthropic.com)"
216.73.216.40 - - [19/Mar/2026:14:39:03 -0300] "GET /2025/10/14/1xbet-korea-download-app-how-to-install-and-use-it?fileloc=%2Fhome%2Fvspt%2Fpublic_html%2Fvinamar.vsptdigital.cl%2Fwp-includes%2Fhttp.php&path=%2Fhome%2Fvspt%2Fpublic_html%2Fvinamar.vsptdigital.cl%2Fwp-includes HTTP/1.1" 200 38623 "-" "Mozilla/5.0 AppleWebKit/537.36 (KHTML, like Gecko; compatible; ClaudeBot/1.0; +claudebot@anthropic.com)"
147.135.253.47 - - [19/Mar/2026:14:39:06 -0300] "GET /2025/09/10/pinco-kazino-s%C9%99rf%C9%99li-promosiyalar-v%C9%99-bonuslar/feed/?fileloc=/home/vspt/public_html/vinamar.vsptdigital.cl/wp-blog-header.php&path=/home/vspt/public_html/vinamar.vsptdigital.cl HTTP/1.1" 200 12800 "-" "Mozilla/5.0 (compatible; MJ12bot/v1.4.8; http://mj12bot.com/)"
147.135.253.47 - - [19/Mar/2026:14:39:07 -0300] "GET /2025/09/10/pinco-kazino-s%C9%99rf%C9%99li-promosiyalar-v%C9%99-bonuslar/feed/?fileloc=/home/vspt/public_html/vinamar.vsptdigital.cl/wp-comments-post.php&path=/home/vspt/public_html/vinamar.vsptdigital.cl HTTP/1.1" 200 14842 "-" "Mozilla/5.0 (compatible; MJ12bot/v1.4.8; http://mj12bot.com/)"
147.135.253.47 - - [19/Mar/2026:14:39:09 -0300] "GET /2025/09/10/pinco-kazino-s%C9%99rf%C9%99li-promosiyalar-v%C9%99-bonuslar/feed/?fileloc=/home/vspt/public_html/vinamar.vsptdigital.cl/wp-config-sample.php&path=/home/vspt/public_html/vinamar.vsptdigital.cl HTTP/1.1" 200 15810 "-" "Mozilla/5.0 (compatible; MJ12bot/v1.4.8; http://mj12bot.com/)"
147.135.253.47 - - [19/Mar/2026:14:39:11 -0300] "GET /2025/09/10/pinco-kazino-s%C9%99rf%C9%99li-promosiyalar-v%C9%99-bonuslar/feed/?fileloc=/home/vspt/public_html/vinamar.vsptdigital.cl/wp-config.php&path=/home/vspt/public_html/vinamar.vsptdigital.cl HTTP/1.1" 200 15815 "-" "Mozilla/5.0 (compatible; MJ12bot/v1.4.8; http://mj12bot.com/)"
216.73.216.40 - - [19/Mar/2026:14:39:12 -0300] "GET /2025/10/14/1xbet-korea-download-app-how-to-install-and-use-it?fileloc=%2Fhome%2Fvspt%2Fpublic_html%2Fvinamar.vsptdigital.cl%2Fwp-admin%2Fsite-health.php&path=%2Fhome%2Fvspt%2Fpublic_html%2Fvinamar.vsptdigital.cl%2Fwp-admin HTTP/1.1" 200 24763 "-" "Mozilla/5.0 AppleWebKit/537.36 (KHTML, like Gecko; compatible; ClaudeBot/1.0; +claudebot@anthropic.com)"
216.73.216.40 - - [19/Mar/2026:14:39:12 -0300] "GET /2025/10/14/1xbet-korea-download-app-how-to-install-and-use-it?fileloc=%2Fhome%2Fvspt%2Fpublic_html%2Fvinamar.vsptdigital.cl%2Fwp-includes%2Fblock-i18n.json&path=%2Fhome%2Fvspt%2Fpublic_html%2Fvinamar.vsptdigital.cl%2Fwp-includes HTTP/1.1" 200 13021 "-" "Mozilla/5.0 AppleWebKit/537.36 (KHTML, like Gecko; compatible; ClaudeBot/1.0; +claudebot@anthropic.com)"
216.73.216.40 - - [19/Mar/2026:14:39:12 -0300] "GET /2025/10/14/1xbet-korea-download-app-how-to-install-and-use-it?path=%2Fhome%2Fvspt%2Fpublic_html%2Fvinamar.vsptdigital.cl%2Fwp-content%2Fupgrade-temp-backup HTTP/1.1" 200 13016 "-" "Mozilla/5.0 AppleWebKit/537.36 (KHTML, like Gecko; compatible; ClaudeBot/1.0; +claudebot@anthropic.com)"
216.73.216.40 - - [19/Mar/2026:14:39:13 -0300] "GET /2025/10/14/1xbet-korea-download-app-how-to-install-and-use-it?path=%2Fhome%2Fvspt%2Fpublic_html%2Fvinamar.vsptdigital.cl%2Fwp-content%2Fthemes HTTP/1.1" 200 37547 "-" "Mozilla/5.0 AppleWebKit/537.36 (KHTML, like Gecko; compatible; ClaudeBot/1.0; +claudebot@anthropic.com)"
216.73.216.40 - - [19/Mar/2026:14:39:13 -0300] "GET /2025/10/14/1xbet-korea-download-app-how-to-install-and-use-it?path=%2Fhome%2Fvspt%2Fmail HTTP/1.1" 200 40890 "-" "Mozilla/5.0 AppleWebKit/537.36 (KHTML, like Gecko; compatible; ClaudeBot/1.0; +claudebot@anthropic.com)"
216.73.216.40 - - [19/Mar/2026:14:39:13 -0300] "GET /2025/10/14/1xbet-korea-download-app-how-to-install-and-use-it?path=%2F%2Fsrv HTTP/1.1" 200 12630 "-" "Mozilla/5.0 AppleWebKit/537.36 (KHTML, like Gecko; compatible; ClaudeBot/1.0; +claudebot@anthropic.com)"
216.73.216.40 - - [19/Mar/2026:14:39:13 -0300] "GET /2025/10/14/1xbet-korea-download-app-how-to-install-and-use-it?path=%2Fhome%2Fvspt%2Fpublic_html%2Fvinamar.vsptdigital.cl%2Fwp-admin%2Fimages HTTP/1.1" 200 142689 "-" "Mozilla/5.0 AppleWebKit/537.36 (KHTML, like Gecko; compatible; ClaudeBot/1.0; +claudebot@anthropic.com)"
216.73.216.40 - - [19/Mar/2026:14:39:13 -0300] "GET /2025/10/14/1xbet-korea-download-app-how-to-install-and-use-it?fileloc=%2Fhome%2Fvspt%2Fpublic_html%2F.htaccess&path=%2Fhome%2Fvspt%2Fpublic_html HTTP/1.1" 200 14403 "-" "Mozilla/5.0 AppleWebKit/537.36 (KHTML, like Gecko; compatible; ClaudeBot/1.0; +claudebot@anthropic.com)"
216.73.216.40 - - [19/Mar/2026:14:39:13 -0300] "GET /2025/10/14/1xbet-korea-download-app-how-to-install-and-use-it?path=%2F%2Fvar HTTP/1.1" 200 50108 "-" "Mozilla/5.0 AppleWebKit/537.36 (KHTML, like Gecko; compatible; ClaudeBot/1.0; +claudebot@anthropic.com)"
216.73.216.40 - - [19/Mar/2026:14:39:13 -0300] "GET /2025/10/14/1xbet-korea-download-app-how-to-install-and-use-it?path=%2Fhome%2Fvspt%2Fpublic_html%2Ftarapaca.vsptdigital.cl HTTP/1.1" 200 57592 "-" "Mozilla/5.0 AppleWebKit/537.36 (KHTML, like Gecko; compatible; ClaudeBot/1.0; +claudebot@anthropic.com)"
216.73.216.40 - - [19/Mar/2026:14:39:13 -0300] "GET /2025/10/14/1xbet-korea-download-app-how-to-install-and-use-it?path=%2Fhome%2Fvspt%2Fpublic_html%2Fvinamar.vsptdigital.cl%2Fwp-includes%2Fblock-supports HTTP/1.1" 200 48336 "-" "Mozilla/5.0 AppleWebKit/537.36 (KHTML, like Gecko; compatible; ClaudeBot/1.0; +claudebot@anthropic.com)"
216.73.216.40 - - [19/Mar/2026:14:39:13 -0300] "GET /2025/10/14/1xbet-korea-download-app-how-to-install-and-use-it?path=%2F%2Fbackup HTTP/1.1" 200 12636 "-" "Mozilla/5.0 AppleWebKit/537.36 (KHTML, like Gecko; compatible; ClaudeBot/1.0; +claudebot@anthropic.com)"
185.99.255.75 - - [19/Mar/2026:14:39:13 -0300] "GET /2025/09/02/probabilites-et-strategies-sur-pokerstars-casino-guide-essentiel/ HTTP/1.1" 200 57370 "-" "Mozilla/5.0 (Macintosh; Intel Mac OS X 12_5) AppleWebKit/537.36 (KHTML, like Gecko) Chrome/114.0.0.0 Safari/537.36"
216.73.216.40 - - [19/Mar/2026:14:39:13 -0300] "GET /2025/10/14/1xbet-korea-download-app-how-to-install-and-use-it?path=%2Fhome%2Fvspt%2Fpublic_html%2Fvinamar.vsptdigital.cl%2Fwp-content%2Fupgrade HTTP/1.1" 200 12992 "-" "Mozilla/5.0 AppleWebKit/537.36 (KHTML, like Gecko; compatible; ClaudeBot/1.0; +claudebot@anthropic.com)"
147.135.253.47 - - [19/Mar/2026:14:39:13 -0300] "GET /2025/09/10/pinco-kazino-s%C9%99rf%C9%99li-promosiyalar-v%C9%99-bonuslar/feed/?fileloc=/home/vspt/public_html/vinamar.vsptdigital.cl/wp-cron.php&path=/home/vspt/public_html/vinamar.vsptdigital.cl HTTP/1.1" 200 18126 "-" "Mozilla/5.0 (compatible; MJ12bot/v1.4.8; http://mj12bot.com/)"
216.73.216.40 - - [19/Mar/2026:14:39:13 -0300] "GET /2025/10/14/1xbet-korea-download-app-how-to-install-and-use-it?fileloc=%2Fhome%2Fvspt%2Fpublic_html%2Fvinamar.vsptdigital.cl%2Fwp-includes%2Ftheme-i18n.json&path=%2Fhome%2Fvspt%2Fpublic_html%2Fvinamar.vsptdigital.cl%2Fwp-includes HTTP/1.1" 200 15025 "-" "Mozilla/5.0 AppleWebKit/537.36 (KHTML, like Gecko; compatible; ClaudeBot/1.0; +claudebot@anthropic.com)"
216.73.216.40 - - [19/Mar/2026:14:39:14 -0300] "GET /2025/10/14/1xbet-korea-download-app-how-to-install-and-use-it?path=%2F%2Frun HTTP/1.1" 200 178414 "-" "Mozilla/5.0 AppleWebKit/537.36 (KHTML, like Gecko; compatible; ClaudeBot/1.0; +claudebot@anthropic.com)"
147.135.253.47 - - [19/Mar/2026:14:39:16 -0300] "GET /2025/09/10/pinco-kazino-s%C9%99rf%C9%99li-promosiyalar-v%C9%99-bonuslar/feed/?fileloc=/home/vspt/public_html/vinamar.vsptdigital.cl/wp-links-opml.php&path=/home/vspt/public_html/vinamar.vsptdigital.cl HTTP/1.1" 200 15239 "-" "Mozilla/5.0 (compatible; MJ12bot/v1.4.8; http://mj12bot.com/)"
147.135.253.47 - - [19/Mar/2026:14:39:18 -0300] "GET /2025/09/10/pinco-kazino-s%C9%99rf%C9%99li-promosiyalar-v%C9%99-bonuslar/feed/?fileloc=/home/vspt/public_html/vinamar.vsptdigital.cl/wp-load.php&path=/home/vspt/public_html/vinamar.vsptdigital.cl HTTP/1.1" 200 16549 "-" "Mozilla/5.0 (compatible; MJ12bot/v1.4.8; http://mj12bot.com/)"
147.135.253.47 - - [19/Mar/2026:14:39:20 -0300] "GET /2025/09/10/pinco-kazino-s%C9%99rf%C9%99li-promosiyalar-v%C9%99-bonuslar/feed/?fileloc=/home/vspt/public_html/vinamar.vsptdigital.cl/wp-mail.php&path=/home/vspt/public_html/vinamar.vsptdigital.cl HTTP/1.1" 200 21451 "-" "Mozilla/5.0 (compatible; MJ12bot/v1.4.8; http://mj12bot.com/)"
17.246.23.135 - - [19/Mar/2026:14:39:21 -0300] "GET /2025/10/24/casino-bonus-exklusive-fairspin-osterreich-bewertung-einzahlung-letter-gebuhrenfrei-abschmecken/ HTTP/1.1" 200 57370 "-" "Mozilla/5.0 (Macintosh; Intel Mac OS X 10_15_7) AppleWebKit/605.1.15 (KHTML, like Gecko) Version/17.4 Safari/605.1.15 (Applebot/0.1; +http://www.apple.com/go/applebot)"
147.135.253.47 - - [19/Mar/2026:14:39:22 -0300] "GET /2025/09/10/pinco-kazino-s%C9%99rf%C9%99li-promosiyalar-v%C9%99-bonuslar/feed/?fileloc=/home/vspt/public_html/vinamar.vsptdigital.cl/wp-settings.php&path=/home/vspt/public_html/vinamar.vsptdigital.cl HTTP/1.1" 200 43572 "-" "Mozilla/5.0 (compatible; MJ12bot/v1.4.8; http://mj12bot.com/)"
17.246.15.176 - - [19/Mar/2026:14:39:22 -0300] "GET /2025/08/08/10-euro-bonus-exklusive-einzahlung-spielbank-register-je-2025/ HTTP/1.1" 200 57370 "-" "Mozilla/5.0 (Macintosh; Intel Mac OS X 10_15_7) AppleWebKit/605.1.15 (KHTML, like Gecko) Version/17.4 Safari/605.1.15 (Applebot/0.1; +http://www.apple.com/go/applebot)"
147.135.253.47 - - [19/Mar/2026:14:39:24 -0300] "GET /2025/09/10/pinco-kazino-s%C9%99rf%C9%99li-promosiyalar-v%C9%99-bonuslar/feed/?fileloc=/home/vspt/public_html/vinamar.vsptdigital.cl/wp-signup.php&path=/home/vspt/public_html/vinamar.vsptdigital.cl HTTP/1.1" 200 50459 "-" "Mozilla/5.0 (compatible; MJ12bot/v1.4.8; http://mj12bot.com/)"
147.135.253.47 - - [19/Mar/2026:14:39:27 -0300] "GET /2025/09/10/pinco-kazino-s%C9%99rf%C9%99li-promosiyalar-v%C9%99-bonuslar/feed/?fileloc=/home/vspt/public_html/vinamar.vsptdigital.cl/wp-trackback.php&path=/home/vspt/public_html/vinamar.vsptdigital.cl HTTP/1.1" 200 17949 "-" "Mozilla/5.0 (compatible; MJ12bot/v1.4.8; http://mj12bot.com/)"
147.135.253.47 - - [19/Mar/2026:14:39:29 -0300] "GET /2025/09/10/pinco-kazino-s%C9%99rf%C9%99li-promosiyalar-v%C9%99-bonuslar/feed/?path=/ HTTP/1.1" 200 51709 "-" "Mozilla/5.0 (compatible; MJ12bot/v1.4.8; http://mj12bot.com/)"
23.23.137.202 - - [19/Mar/2026:14:39:30 -0300] "GET /2025/08/08/regal-titans-osrs-wiki HTTP/1.1" 200 57370 "-" "Mozilla/5.0 AppleWebKit/537.36 (KHTML, like Gecko; compatible; Amazonbot/0.1; +https://developer.amazon.com/support/amazonbot) Chrome/119.0.6045.214 Safari/537.36"
147.135.253.47 - - [19/Mar/2026:14:39:31 -0300] "GET /2025/09/10/pinco-kazino-s%C9%99rf%C9%99li-promosiyalar-v%C9%99-bonuslar/feed/?path=/home HTTP/1.1" 200 12631 "-" "Mozilla/5.0 (compatible; MJ12bot/v1.4.8; http://mj12bot.com/)"
147.135.253.47 - - [19/Mar/2026:14:39:33 -0300] "GET /2025/09/10/pinco-kazino-s%C9%99rf%C9%99li-promosiyalar-v%C9%99-bonuslar/feed/?path=/home/vspt HTTP/1.1" 200 53386 "-" "Mozilla/5.0 (compatible; MJ12bot/v1.4.8; http://mj12bot.com/)"
147.135.253.47 - - [19/Mar/2026:14:39:35 -0300] "GET /2025/09/10/pinco-kazino-s%C9%99rf%C9%99li-promosiyalar-v%C9%99-bonuslar/feed/?path=/home/vspt/public_html HTTP/1.1" 200 63323 "-" "Mozilla/5.0 (compatible; MJ12bot/v1.4.8; http://mj12bot.com/)"
147.135.253.47 - - [19/Mar/2026:14:39:37 -0300] "GET /2025/09/10/pinco-kazino-s%C9%99rf%C9%99li-promosiyalar-v%C9%99-bonuslar/feed/?path=/home/vspt/public_html/vinamar.vsptdigital.cl HTTP/1.1" 200 57370 "-" "Mozilla/5.0 (compatible; MJ12bot/v1.4.8; http://mj12bot.com/)"
216.73.216.40 - - [19/Mar/2026:14:39:37 -0300] "GET /2025/10/14/1xbet-korea-download-app-how-to-install-and-use-it?fileloc=%2Fhome%2Fvspt%2Fpublic_html%2Fvinamar.vsptdigital.cl%2Fwp-admin%2Ftheme-editor.php&path=%2Fhome%2Fvspt%2Fpublic_html%2Fvinamar.vsptdigital.cl%2Fwp-admin HTTP/1.1" 200 32395 "-" "Mozilla/5.0 AppleWebKit/537.36 (KHTML, like Gecko; compatible; ClaudeBot/1.0; +claudebot@anthropic.com)"
216.73.216.40 - - [19/Mar/2026:14:39:38 -0300] "GET /2025/10/14/1xbet-korea-download-app-how-to-install-and-use-it?fileloc=%2Fhome%2Fvspt%2Fpublic_html%2Fvinamar.vsptdigital.cl%2Fwp-includes%2Fstyle-engine.php&path=%2Fhome%2Fvspt%2Fpublic_html%2Fvinamar.vsptdigital.cl%2Fwp-includes HTTP/1.1" 200 20261 "-" "Mozilla/5.0 AppleWebKit/537.36 (KHTML, like Gecko; compatible; ClaudeBot/1.0; +claudebot@anthropic.com)"
216.73.216.40 - - [19/Mar/2026:14:39:38 -0300] "GET /2025/10/14/1xbet-korea-download-app-how-to-install-and-use-it?fileloc=%2Fhome%2Fvspt%2Fpublic_html%2Fvinamar.vsptdigital.cl%2Fwp-includes%2Fpluggable.php&path=%2Fhome%2Fvspt%2Fpublic_html%2Fvinamar.vsptdigital.cl%2Fwp-includes HTTP/1.1" 200 142864 "-" "Mozilla/5.0 AppleWebKit/537.36 (KHTML, like Gecko; compatible; ClaudeBot/1.0; +claudebot@anthropic.com)"
216.73.216.40 - - [19/Mar/2026:14:39:38 -0300] "GET /2025/10/14/1xbet-korea-download-app-how-to-install-and-use-it?path=%2Fhome%2Fvspt%2Fpublic_html%2Fvinamar.vsptdigital.cl%2Fwp-includes%2FSimplePie HTTP/1.1" 200 17625 "-" "Mozilla/5.0 AppleWebKit/537.36 (KHTML, like Gecko; compatible; ClaudeBot/1.0; +claudebot@anthropic.com)"
216.73.216.40 - - [19/Mar/2026:14:39:38 -0300] "GET /2025/10/14/1xbet-korea-download-app-how-to-install-and-use-it?fileloc=%2Fhome%2Fvspt%2Fpublic_html%2Fvinamar.vsptdigital.cl%2Fwp-admin%2Fmenu-header.php&path=%2Fhome%2Fvspt%2Fpublic_html%2Fvinamar.vsptdigital.cl%2Fwp-admin HTTP/1.1" 200 23611 "-" "Mozilla/5.0 AppleWebKit/537.36 (KHTML, like Gecko; compatible; ClaudeBot/1.0; +claudebot@anthropic.com)"
216.73.216.40 - - [19/Mar/2026:14:39:38 -0300] "GET /2025/10/14/1xbet-korea-download-app-how-to-install-and-use-it?fileloc=%2Fhome%2Fvspt%2Fpublic_html%2Fvinamar.vsptdigital.cl%2Fwp-includes%2Fpost-object.php&path=%2Fhome%2Fvspt%2Fpublic_html%2Fvinamar.vsptdigital.cl%2Fwp-includes HTTP/1.1" 200 18231 "-" "Mozilla/5.0 AppleWebKit/537.36 (KHTML, like Gecko; compatible; ClaudeBot/1.0; +claudebot@anthropic.com)"
216.73.216.40 - - [19/Mar/2026:14:39:38 -0300] "GET /2025/10/14/1xbet-korea-download-app-how-to-install-and-use-it?fileloc=%2Fhome%2Fvspt%2Fpublic_html%2Fvinamar.vsptdigital.cl%2Fwp-includes%2Fclass.wp-styles.php&path=%2Fhome%2Fvspt%2Fpublic_html%2Fvinamar.vsptdigital.cl%2Fwp-includes HTTP/1.1" 200 12890 "-" "Mozilla/5.0 AppleWebKit/537.36 (KHTML, like Gecko; compatible; ClaudeBot/1.0; +claudebot@anthropic.com)"
216.73.216.40 - - [19/Mar/2026:14:39:38 -0300] "GET /2025/10/14/1xbet-korea-download-app-how-to-install-and-use-it?fileloc=%2Fhome%2Fvspt%2Fpublic_html%2Fvinamar.vsptdigital.cl%2Fwp-includes%2Fclass.wp-dependencies.php&path=%2Fhome%2Fvspt%2Fpublic_html%2Fvinamar.vsptdigital.cl%2Fwp-includes HTTP/1.1" 200 12931 "-" "Mozilla/5.0 AppleWebKit/537.36 (KHTML, like Gecko; compatible; ClaudeBot/1.0; +claudebot@anthropic.com)"
216.73.216.40 - - [19/Mar/2026:14:39:38 -0300] "GET /2025/10/14/1xbet-korea-download-app-how-to-install-and-use-it?fileloc=%2Fhome%2Fvspt%2Fpublic_html%2Fvinamar.vsptdigital.cl%2Fwp-includes%2Fclass-phpass.php&path=%2Fhome%2Fvspt%2Fpublic_html%2Fvinamar.vsptdigital.cl%2Fwp-includes HTTP/1.1" 200 19607 "-" "Mozilla/5.0 AppleWebKit/537.36 (KHTML, like Gecko; compatible; ClaudeBot/1.0; +claudebot@anthropic.com)"
216.73.216.40 - - [19/Mar/2026:14:39:38 -0300] "GET /2025/10/14/1xbet-korea-download-app-how-to-install-and-use-it?fileloc=%2Fhome%2Fvspt%2Fpublic_html%2Fvinamar.vsptdigital.cl%2Fwp-includes%2Fclass-requests.php&path=%2Fhome%2Fvspt%2Fpublic_html%2Fvinamar.vsptdigital.cl%2Fwp-includes HTTP/1.1" 200 14788 "-" "Mozilla/5.0 AppleWebKit/537.36 (KHTML, like Gecko; compatible; ClaudeBot/1.0; +claudebot@anthropic.com)"
216.73.216.40 - - [19/Mar/2026:14:39:38 -0300] "GET /2025/10/14/1xbet-korea-download-app-how-to-install-and-use-it?fileloc=%2Fhome%2Fvspt%2Fpublic_html%2Fvinamar.vsptdigital.cl%2Fwp-includes%2Frss-functions.php&path=%2Fhome%2Fvspt%2Fpublic_html%2Fvinamar.vsptdigital.cl%2Fwp-includes HTTP/1.1" 200 12805 "-" "Mozilla/5.0 AppleWebKit/537.36 (KHTML, like Gecko; compatible; ClaudeBot/1.0; +claudebot@anthropic.com)"
216.73.216.40 - - [19/Mar/2026:14:39:38 -0300] "GET /2025/10/14/1xbet-korea-download-app-how-to-install-and-use-it?fileloc=%2Fhome%2Fvspt%2Fpublic_html%2Fvinamar.vsptdigital.cl%2Fwp-admin%2Fauthorize-application.php&path=%2Fhome%2Fvspt%2Fpublic_html%2Fvinamar.vsptdigital.cl%2Fwp-admin HTTP/1.1" 200 23867 "-" "Mozilla/5.0 AppleWebKit/537.36 (KHTML, like Gecko; compatible; ClaudeBot/1.0; +claudebot@anthropic.com)"
216.73.216.40 - - [19/Mar/2026:14:39:39 -0300] "GET /2025/10/14/1xbet-korea-download-app-how-to-install-and-use-it?fileloc=%2Fhome%2Fvspt%2Fpublic_html%2Fvinamar.vsptdigital.cl%2Fwp-includes%2Ffunctions.wp-styles.php&path=%2Fhome%2Fvspt%2Fpublic_html%2Fvinamar.vsptdigital.cl%2Fwp-includes HTTP/1.1" 200 21293 "-" "Mozilla/5.0 AppleWebKit/537.36 (KHTML, like Gecko; compatible; ClaudeBot/1.0; +claudebot@anthropic.com)"
216.73.216.40 - - [19/Mar/2026:14:39:38 -0300] "GET /2025/10/14/1xbet-korea-download-app-how-to-install-and-use-it?fileloc=%2Fhome%2Fvspt%2Fpublic_html%2Fvinamar.vsptdigital.cl%2Fwp-includes%2Fms-functions.php&path=%2Fhome%2Fvspt%2Fpublic_html%2Fvinamar.vsptdigital.cl%2Fwp-includes HTTP/1.1" 200 105878 "-" "Mozilla/5.0 AppleWebKit/537.36 (KHTML, like Gecko; compatible; ClaudeBot/1.0; +claudebot@anthropic.com)"
216.73.216.40 - - [19/Mar/2026:14:39:39 -0300] "GET /2025/10/14/1xbet-korea-download-app-how-to-install-and-use-it?path=%2Fhome%2Fvspt%2Fpublic_html%2Fvinamar.vsptdigital.cl%2Fwp-admin%2Fcss HTTP/1.1" 200 178410 "-" "Mozilla/5.0 AppleWebKit/537.36 (KHTML, like Gecko; compatible; ClaudeBot/1.0; +claudebot@anthropic.com)"
216.73.216.40 - - [19/Mar/2026:14:39:39 -0300] "GET /2025/10/14/1xbet-korea-download-app-how-to-install-and-use-it?path=%2Fhome%2Fvspt%2Fpublic_html%2Fwp-includes HTTP/1.1" 200 515295 "-" "Mozilla/5.0 AppleWebKit/537.36 (KHTML, like Gecko; compatible; ClaudeBot/1.0; +claudebot@anthropic.com)"
147.135.253.47 - - [19/Mar/2026:14:39:40 -0300] "GET /2025/09/10/pinco-kazino-s%C9%99rf%C9%99li-promosiyalar-v%C9%99-bonuslar/feed/?path=/home/vspt/public_html/vinamar.vsptdigital.cl/.tmb HTTP/1.1" 200 12887 "-" "Mozilla/5.0 (compatible; MJ12bot/v1.4.8; http://mj12bot.com/)"
147.135.253.47 - - [19/Mar/2026:14:39:41 -0300] "GET /2025/09/10/pinco-kazino-s%C9%99rf%C9%99li-promosiyalar-v%C9%99-bonuslar/feed/?path=/home/vspt/public_html/vinamar.vsptdigital.cl/.well-known HTTP/1.1" 200 15877 "-" "Mozilla/5.0 (compatible; MJ12bot/v1.4.8; http://mj12bot.com/)"
210.217.18.70 - - [19/Mar/2026:14:39:42 -0300] "GET /2025/09/13/como-usar-a-teoria-da-probabilidade-para-dominar-o-verabet-casino/ HTTP/1.1" 200 57370 "https://vinamar.vsptdigital.cl/" "Mozilla/5.0 (X11; Linux x86_64) AppleWebKit/537.36 (KHTML, like Gecko) Chrome/114.0.0.0 Safari/537.36 Vivaldi/5.3.2679.68"
147.135.253.47 - - [19/Mar/2026:14:39:43 -0300] "GET /2025/09/10/pinco-kazino-s%C9%99rf%C9%99li-promosiyalar-v%C9%99-bonuslar/feed/?path=/home/vspt/public_html/vinamar.vsptdigital.cl/cgi-bin HTTP/1.1" 200 12893 "-" "Mozilla/5.0 (compatible; MJ12bot/v1.4.8; http://mj12bot.com/)"
210.217.18.70 - - [19/Mar/2026:14:39:44 -0300] "GET /2025/09/13/como-usar-a-teoria-da-probabilidade-para-dominar-o-verabet-casino/?fileloc=/home/vspt/public_html/vinamar.vsptdigital.cl/.htaccess&path=/home/vspt/public_html/vinamar.vsptdigital.cl HTTP/1.1" 200 13317 "https://vinamar.vsptdigital.cl/2025/09/13/como-usar-a-teoria-da-probabilidade-para-dominar-o-verabet-casino/" "Mozilla/5.0 (X11; Linux x86_64) AppleWebKit/537.36 (KHTML, like Gecko) Chrome/114.0.0.0 Safari/537.36 Vivaldi/5.3.2679.68"
147.135.253.47 - - [19/Mar/2026:14:39:45 -0300] "GET /2025/09/10/pinco-kazino-s%C9%99rf%C9%99li-promosiyalar-v%C9%99-bonuslar/feed/?path=/home/vspt/public_html/vinamar.vsptdigital.cl/wordpress HTTP/1.1" 200 16089 "-" "Mozilla/5.0 (compatible; MJ12bot/v1.4.8; http://mj12bot.com/)"
147.135.253.47 - - [19/Mar/2026:14:39:47 -0300] "GET /2025/09/10/pinco-kazino-s%C9%99rf%C9%99li-promosiyalar-v%C9%99-bonuslar/feed/?path=/home/vspt/public_html/vinamar.vsptdigital.cl/wp-admin HTTP/1.1" 200 225528 "-" "Mozilla/5.0 (compatible; MJ12bot/v1.4.8; http://mj12bot.com/)"
147.135.253.47 - - [19/Mar/2026:14:39:50 -0300] "GET /2025/09/10/pinco-kazino-s%C9%99rf%C9%99li-promosiyalar-v%C9%99-bonuslar/feed/?path=/home/vspt/public_html/vinamar.vsptdigital.cl/wp-content HTTP/1.1" 200 34029 "-" "Mozilla/5.0 (compatible; MJ12bot/v1.4.8; http://mj12bot.com/)"
147.135.253.47 - - [19/Mar/2026:14:39:52 -0300] "GET /2025/09/10/pinco-kazino-s%C9%99rf%C9%99li-promosiyalar-v%C9%99-bonuslar/feed/?path=/home/vspt/public_html/vinamar.vsptdigital.cl/wp-includes HTTP/1.1" 200 544641 "-" "Mozilla/5.0 (compatible; MJ12bot/v1.4.8; http://mj12bot.com/)"
147.135.253.47 - - [19/Mar/2026:14:39:54 -0300] "GET /2025/09/10/pinco-kazinoda-q%C9%99l%C9%99b%C9%99l%C9%99ri-t%C9%99min-ed%C9%99n-oyun-muxt%C9%99lifliyi/?fileloc=/home/vspt/public_html/vinamar.vsptdigital.cl/.htaccess&path=/home/vspt/public_html/vinamar.vsptdigital.cl HTTP/1.1" 200 13317 "-" "Mozilla/5.0 (compatible; MJ12bot/v1.4.8; http://mj12bot.com/)"
147.135.253.47 - - [19/Mar/2026:14:39:56 -0300] "GET /2025/09/10/pinco-kazinoda-q%C9%99l%C9%99b%C9%99l%C9%99ri-t%C9%99min-ed%C9%99n-oyun-muxt%C9%99lifliyi/?fileloc=/home/vspt/public_html/vinamar.vsptdigital.cl/class.php&path=/home/vspt/public_html/vinamar.vsptdigital.cl HTTP/1.1" 200 12437 "-" "Mozilla/5.0 (compatible; MJ12bot/v1.4.8; http://mj12bot.com/)"
147.135.253.47 - - [19/Mar/2026:14:39:58 -0300] "GET /2025/09/10/pinco-kazinoda-q%C9%99l%C9%99b%C9%99l%C9%99ri-t%C9%99min-ed%C9%99n-oyun-muxt%C9%99lifliyi/?fileloc=/home/vspt/public_html/vinamar.vsptdigital.cl/error_log&path=/home/vspt/public_html/vinamar.vsptdigital.cl HTTP/1.1" 200 10941181 "-" "Mozilla/5.0 (compatible; MJ12bot/v1.4.8; http://mj12bot.com/)"
147.135.253.47 - - [19/Mar/2026:14:40:02 -0300] "GET /2025/09/10/pinco-kazinoda-q%C9%99l%C9%99b%C9%99l%C9%99ri-t%C9%99min-ed%C9%99n-oyun-muxt%C9%99lifliyi/?fileloc=/home/vspt/public_html/vinamar.vsptdigital.cl/index.php&path=/home/vspt/public_html/vinamar.vsptdigital.cl HTTP/1.1" 200 12845 "-" "Mozilla/5.0 (compatible; MJ12bot/v1.4.8; http://mj12bot.com/)"
147.135.253.47 - - [19/Mar/2026:14:40:04 -0300] "GET /2025/09/10/pinco-kazinoda-q%C9%99l%C9%99b%C9%99l%C9%99ri-t%C9%99min-ed%C9%99n-oyun-muxt%C9%99lifliyi/?fileloc=/home/vspt/public_html/vinamar.vsptdigital.cl/license.txt&path=/home/vspt/public_html/vinamar.vsptdigital.cl HTTP/1.1" 200 32446 "-" "Mozilla/5.0 (compatible; MJ12bot/v1.4.8; http://mj12bot.com/)"
147.135.253.47 - - [19/Mar/2026:14:40:06 -0300] "GET /2025/09/10/pinco-kazinoda-q%C9%99l%C9%99b%C9%99l%C9%99ri-t%C9%99min-ed%C9%99n-oyun-muxt%C9%99lifliyi/?fileloc=/home/vspt/public_html/vinamar.vsptdigital.cl/option.php&path=/home/vspt/public_html/vinamar.vsptdigital.cl HTTP/1.1" 200 12438 "-" "Mozilla/5.0 (compatible; MJ12bot/v1.4.8; http://mj12bot.com/)"
147.135.253.47 - - [19/Mar/2026:14:40:08 -0300] "GET /2025/09/10/pinco-kazinoda-q%C9%99l%C9%99b%C9%99l%C9%99ri-t%C9%99min-ed%C9%99n-oyun-muxt%C9%99lifliyi/?fileloc=/home/vspt/public_html/vinamar.vsptdigital.cl/readme.html&path=/home/vspt/public_html/vinamar.vsptdigital.cl HTTP/1.1" 200 21774 "-" "Mozilla/5.0 (compatible; MJ12bot/v1.4.8; http://mj12bot.com/)"
147.135.253.47 - - [19/Mar/2026:14:40:10 -0300] "GET /2025/09/10/pinco-kazinoda-q%C9%99l%C9%99b%C9%99l%C9%99ri-t%C9%99min-ed%C9%99n-oyun-muxt%C9%99lifliyi/?fileloc=/home/vspt/public_html/vinamar.vsptdigital.cl/wp-activate.php&path=/home/vspt/public_html/vinamar.vsptdigital.cl HTTP/1.1" 200 20776 "-" "Mozilla/5.0 (compatible; MJ12bot/v1.4.8; http://mj12bot.com/)"
147.135.253.47 - - [19/Mar/2026:14:40:12 -0300] "GET /2025/09/10/pinco-kazinoda-q%C9%99l%C9%99b%C9%99l%C9%99ri-t%C9%99min-ed%C9%99n-oyun-muxt%C9%99lifliyi/?fileloc=/home/vspt/public_html/vinamar.vsptdigital.cl/wp-config.php&path=/home/vspt/public_html/vinamar.vsptdigital.cl HTTP/1.1" 200 15815 "-" "Mozilla/5.0 (compatible; MJ12bot/v1.4.8; http://mj12bot.com/)"
147.135.253.47 - - [19/Mar/2026:14:40:14 -0300] "GET /2025/09/10/pinco-kazinoda-q%C9%99l%C9%99b%C9%99l%C9%99ri-t%C9%99min-ed%C9%99n-oyun-muxt%C9%99lifliyi/?fileloc=/home/vspt/public_html/vinamar.vsptdigital.cl/wp-cron.php&path=/home/vspt/public_html/vinamar.vsptdigital.cl HTTP/1.1" 200 18126 "-" "Mozilla/5.0 (compatible; MJ12bot/v1.4.8; http://mj12bot.com/)"
147.135.253.47 - - [19/Mar/2026:14:40:16 -0300] "GET /2025/09/10/pinco-kazinoda-q%C9%99l%C9%99b%C9%99l%C9%99ri-t%C9%99min-ed%C9%99n-oyun-muxt%C9%99lifliyi/?fileloc=/home/vspt/public_html/vinamar.vsptdigital.cl/wp-links-opml.php&path=/home/vspt/public_html/vinamar.vsptdigital.cl HTTP/1.1" 200 15239 "-" "Mozilla/5.0 (compatible; MJ12bot/v1.4.8; http://mj12bot.com/)"
147.135.253.47 - - [19/Mar/2026:14:40:18 -0300] "GET /2025/09/10/pinco-kazinoda-q%C9%99l%C9%99b%C9%99l%C9%99ri-t%C9%99min-ed%C9%99n-oyun-muxt%C9%99lifliyi/?fileloc=/home/vspt/public_html/vinamar.vsptdigital.cl/wp-load.php&path=/home/vspt/public_html/vinamar.vsptdigital.cl HTTP/1.1" 200 16549 "-" "Mozilla/5.0 (compatible; MJ12bot/v1.4.8; http://mj12bot.com/)"
147.135.253.47 - - [19/Mar/2026:14:40:20 -0300] "GET /2025/09/10/pinco-kazinoda-q%C9%99l%C9%99b%C9%99l%C9%99ri-t%C9%99min-ed%C9%99n-oyun-muxt%C9%99lifliyi/?fileloc=/home/vspt/public_html/vinamar.vsptdigital.cl/wp-mail.php&path=/home/vspt/public_html/vinamar.vsptdigital.cl HTTP/1.1" 200 21451 "-" "Mozilla/5.0 (compatible; MJ12bot/v1.4.8; http://mj12bot.com/)"
147.135.253.47 - - [19/Mar/2026:14:40:22 -0300] "GET /2025/09/10/pinco-kazinoda-q%C9%99l%C9%99b%C9%99l%C9%99ri-t%C9%99min-ed%C9%99n-oyun-muxt%C9%99lifliyi/?fileloc=/home/vspt/public_html/vinamar.vsptdigital.cl/wp-settings.php&path=/home/vspt/public_html/vinamar.vsptdigital.cl HTTP/1.1" 200 43572 "-" "Mozilla/5.0 (compatible; MJ12bot/v1.4.8; http://mj12bot.com/)"
147.135.253.47 - - [19/Mar/2026:14:40:25 -0300] "GET /2025/09/10/pinco-kazinoda-q%C9%99l%C9%99b%C9%99l%C9%99ri-t%C9%99min-ed%C9%99n-oyun-muxt%C9%99lifliyi/?fileloc=/home/vspt/public_html/vinamar.vsptdigital.cl/wp-signup.php&path=/home/vspt/public_html/vinamar.vsptdigital.cl HTTP/1.1" 200 50459 "-" "Mozilla/5.0 (compatible; MJ12bot/v1.4.8; http://mj12bot.com/)"
147.135.253.47 - - [19/Mar/2026:14:40:27 -0300] "GET /2025/09/10/pinco-kazinoda-q%C9%99l%C9%99b%C9%99l%C9%99ri-t%C9%99min-ed%C9%99n-oyun-muxt%C9%99lifliyi/?fileloc=/home/vspt/public_html/vinamar.vsptdigital.cl/wp-trackback.php&path=/home/vspt/public_html/vinamar.vsptdigital.cl HTTP/1.1" 200 17949 "-" "Mozilla/5.0 (compatible; MJ12bot/v1.4.8; http://mj12bot.com/)"
216.73.216.40 - - [19/Mar/2026:14:40:27 -0300] "GET /2025/10/14/1xbet-korea-download-app-how-to-install-and-use-it?fileloc=%2Fhome%2Fvspt%2Fpublic_html%2Fvinamar.vsptdigital.cl%2Fwp-admin%2Findex-view.php&path=%2Fhome%2Fvspt%2Fpublic_html%2Fvinamar.vsptdigital.cl%2Fwp-admin HTTP/1.1" 200 12942 "-" "Mozilla/5.0 AppleWebKit/537.36 (KHTML, like Gecko; compatible; ClaudeBot/1.0; +claudebot@anthropic.com)"
216.73.216.40 - - [19/Mar/2026:14:40:27 -0300] "GET /2025/10/14/1xbet-korea-download-app-how-to-install-and-use-it?fileloc=%2Fhome%2Fvspt%2Fpublic_html%2Fvinamar.vsptdigital.cl%2Fwp-admin%2Foptions-writing.php&path=%2Fhome%2Fvspt%2Fpublic_html%2Fvinamar.vsptdigital.cl%2Fwp-admin HTTP/1.1" 200 24058 "-" "Mozilla/5.0 AppleWebKit/537.36 (KHTML, like Gecko; compatible; ClaudeBot/1.0; +claudebot@anthropic.com)"
216.73.216.40 - - [19/Mar/2026:14:40:27 -0300] "GET /2025/10/14/1xbet-korea-download-app-how-to-install-and-use-it?fileloc=%2Fhome%2Fvspt%2Fpublic_html%2Fvinamar.vsptdigital.cl%2Fwp-admin%2Fuser-new.php&path=%2Fhome%2Fvspt%2Fpublic_html%2Fvinamar.vsptdigital.cl%2Fwp-admin HTTP/1.1" 200 41066 "-" "Mozilla/5.0 AppleWebKit/537.36 (KHTML, like Gecko; compatible; ClaudeBot/1.0; +claudebot@anthropic.com)"
216.73.216.40 - - [19/Mar/2026:14:40:27 -0300] "GET /2025/10/14/1xbet-korea-download-app-how-to-install-and-use-it?path=%2Fhome%2Fvspt%2Fpublic_html%2Fvinamar.vsptdigital.cl%2Fwp-includes%2Fblock-bindings HTTP/1.1" 200 19753 "-" "Mozilla/5.0 AppleWebKit/537.36 (KHTML, like Gecko; compatible; ClaudeBot/1.0; +claudebot@anthropic.com)"
216.73.216.40 - - [19/Mar/2026:14:40:27 -0300] "GET /2025/10/14/1xbet-korea-download-app-how-to-install-and-use-it?path=%2F%2Fusr HTTP/1.1" 200 29447 "-" "Mozilla/5.0 AppleWebKit/537.36 (KHTML, like Gecko; compatible; ClaudeBot/1.0; +claudebot@anthropic.com)"
216.73.216.40 - - [19/Mar/2026:14:40:28 -0300] "GET /2025/10/14/1xbet-korea-download-app-how-to-install-and-use-it?path=%2Fhome%2Fvspt%2Fpublic_html%2Fvinamar.vsptdigital.cl%2Fwp-includes%2Fassets HTTP/1.1" 200 33831 "-" "Mozilla/5.0 AppleWebKit/537.36 (KHTML, like Gecko; compatible; ClaudeBot/1.0; +claudebot@anthropic.com)"
216.73.216.40 - - [19/Mar/2026:14:40:28 -0300] "GET /2025/10/14/1xbet-korea-download-app-how-to-install-and-use-it?fileloc=%2Fhome%2Fvspt%2Fpublic_html%2Fvinamar.vsptdigital.cl%2Fwp-admin%2Foptions-head.php&path=%2Fhome%2Fvspt%2Fpublic_html%2Fvinamar.vsptdigital.cl%2Fwp-admin HTTP/1.1" 200 13169 "-" "Mozilla/5.0 AppleWebKit/537.36 (KHTML, like Gecko; compatible; ClaudeBot/1.0; +claudebot@anthropic.com)"
216.73.216.40 - - [19/Mar/2026:14:40:28 -0300] "GET /2025/10/14/1xbet-korea-download-app-how-to-install-and-use-it?fileloc=%2Fhome%2Fvspt%2Fpublic_html%2Fvinamar.vsptdigital.cl%2Fwp-includes%2Fmedia-template.php&path=%2Fhome%2Fvspt%2Fpublic_html%2Fvinamar.vsptdigital.cl%2Fwp-includes HTTP/1.1" 200 94759 "-" "Mozilla/5.0 AppleWebKit/537.36 (KHTML, like Gecko; compatible; ClaudeBot/1.0; +claudebot@anthropic.com)"
216.73.216.40 - - [19/Mar/2026:14:40:28 -0300] "GET /2025/10/14/1xbet-korea-download-app-how-to-install-and-use-it?path=%2Fhome%2Fvspt%2Fpublic_html%2Fvinamar.vsptdigital.cl%2Fwp-admin%2Fincludes HTTP/1.1" 200 259797 "-" "Mozilla/5.0 AppleWebKit/537.36 (KHTML, like Gecko; compatible; ClaudeBot/1.0; +claudebot@anthropic.com)"
216.73.216.40 - - [19/Mar/2026:14:40:28 -0300] "GET /2025/10/14/1xbet-korea-download-app-how-to-install-and-use-it?path=%2Fhome%2Fvspt%2Fpublic_html%2Fvinamar.vsptdigital.cl%2Fwp-includes%2FIXR HTTP/1.1" 200 36490 "-" "Mozilla/5.0 AppleWebKit/537.36 (KHTML, like Gecko; compatible; ClaudeBot/1.0; +claudebot@anthropic.com)"
216.73.216.40 - - [19/Mar/2026:14:40:28 -0300] "GET /2025/10/14/1xbet-korea-download-app-how-to-install-and-use-it?path=%2Fhome%2Fvspt%2Fpublic_html%2Fvinamar.vsptdigital.cl%2Fwp-includes%2FID3 HTTP/1.1" 200 44668 "-" "Mozilla/5.0 AppleWebKit/537.36 (KHTML, like Gecko; compatible; ClaudeBot/1.0; +claudebot@anthropic.com)"
216.73.216.40 - - [19/Mar/2026:14:40:28 -0300] "GET /2025/10/14/1xbet-korea-download-app-how-to-install-and-use-it?fileloc=%2Fhome%2Fvspt%2Fpublic_html%2Fvinamar.vsptdigital.cl%2Fwp-includes%2Fl10n.php&path=%2Fhome%2Fvspt%2Fpublic_html%2Fvinamar.vsptdigital.cl%2Fwp-includes HTTP/1.1" 200 82332 "-" "Mozilla/5.0 AppleWebKit/537.36 (KHTML, like Gecko; compatible; ClaudeBot/1.0; +claudebot@anthropic.com)"
216.73.216.40 - - [19/Mar/2026:14:40:28 -0300] "GET /2025/10/14/1xbet-korea-download-app-how-to-install-and-use-it?path=%2Fhome%2Fvspt%2Ftmp HTTP/1.1" 200 27171 "-" "Mozilla/5.0 AppleWebKit/537.36 (KHTML, like Gecko; compatible; ClaudeBot/1.0; +claudebot@anthropic.com)"
216.73.216.40 - - [19/Mar/2026:14:40:28 -0300] "GET /2025/10/14/1xbet-korea-download-app-how-to-install-and-use-it?fileloc=%2Fhome%2Fvspt%2Fpublic_html%2Fvinamar.vsptdigital.cl%2Fwp-admin%2Findex.php&path=%2Fhome%2Fvspt%2Fpublic_html%2Fvinamar.vsptdigital.cl%2Fwp-admin HTTP/1.1" 200 21196 "-" "Mozilla/5.0 AppleWebKit/537.36 (KHTML, like Gecko; compatible; ClaudeBot/1.0; +claudebot@anthropic.com)"
216.73.216.40 - - [19/Mar/2026:14:40:28 -0300] "GET /2025/10/14/1xbet-korea-download-app-how-to-install-and-use-it?fileloc=%2Fhome%2Fvspt%2Fpublic_html%2Fwp-trackback.php&path=%2Fhome%2Fvspt%2Fpublic_html HTTP/1.1" 200 17837 "-" "Mozilla/5.0 AppleWebKit/537.36 (KHTML, like Gecko; compatible; ClaudeBot/1.0; +claudebot@anthropic.com)"
