216.73.216.40 - - [19/Mar/2026:14:15:23 -0300] "GET /234800472?special=0233814153 HTTP/1.1" 404 19866 "-" "Mozilla/5.0 AppleWebKit/537.36 (KHTML, like Gecko; compatible; ClaudeBot/1.0; +claudebot@anthropic.com)"
216.73.216.40 - - [19/Mar/2026:14:15:26 -0300] "GET /234909000?special=0233922225 HTTP/1.1" 404 19866 "-" "Mozilla/5.0 AppleWebKit/537.36 (KHTML, like Gecko; compatible; ClaudeBot/1.0; +claudebot@anthropic.com)"
216.73.216.40 - - [19/Mar/2026:14:15:29 -0300] "GET /234850848?special=0233864317 HTTP/1.1" 404 19866 "-" "Mozilla/5.0 AppleWebKit/537.36 (KHTML, like Gecko; compatible; ClaudeBot/1.0; +claudebot@anthropic.com)"
216.73.216.40 - - [19/Mar/2026:14:15:32 -0300] "GET /234868290?special=0233881686 HTTP/1.1" 404 19866 "-" "Mozilla/5.0 AppleWebKit/537.36 (KHTML, like Gecko; compatible; ClaudeBot/1.0; +claudebot@anthropic.com)"
216.73.216.40 - - [19/Mar/2026:14:15:35 -0300] "GET /234960230?special=0233973240 HTTP/1.1" 404 19866 "-" "Mozilla/5.0 AppleWebKit/537.36 (KHTML, like Gecko; compatible; ClaudeBot/1.0; +claudebot@anthropic.com)"
216.73.216.40 - - [19/Mar/2026:14:15:38 -0300] "GET /234865820?special=0233879227 HTTP/1.1" 404 19866 "-" "Mozilla/5.0 AppleWebKit/537.36 (KHTML, like Gecko; compatible; ClaudeBot/1.0; +claudebot@anthropic.com)"
216.73.216.40 - - [19/Mar/2026:14:15:41 -0300] "GET /234825352?special=0233838929 HTTP/1.1" 404 19866 "-" "Mozilla/5.0 AppleWebKit/537.36 (KHTML, like Gecko; compatible; ClaudeBot/1.0; +claudebot@anthropic.com)"
216.73.216.40 - - [19/Mar/2026:14:15:44 -0300] "GET /234824256?special=0233837837 HTTP/1.1" 404 19866 "-" "Mozilla/5.0 AppleWebKit/537.36 (KHTML, like Gecko; compatible; ClaudeBot/1.0; +claudebot@anthropic.com)"
216.73.216.40 - - [19/Mar/2026:14:15:47 -0300] "GET /234941930?special=0233955018 HTTP/1.1" 404 19866 "-" "Mozilla/5.0 AppleWebKit/537.36 (KHTML, like Gecko; compatible; ClaudeBot/1.0; +claudebot@anthropic.com)"
216.73.216.40 - - [19/Mar/2026:14:15:50 -0300] "GET /234909854?special=0233923076 HTTP/1.1" 404 19866 "-" "Mozilla/5.0 AppleWebKit/537.36 (KHTML, like Gecko; compatible; ClaudeBot/1.0; +claudebot@anthropic.com)"
216.73.216.40 - - [19/Mar/2026:14:15:54 -0300] "GET /234901220?special=0233914479 HTTP/1.1" 404 19866 "-" "Mozilla/5.0 AppleWebKit/537.36 (KHTML, like Gecko; compatible; ClaudeBot/1.0; +claudebot@anthropic.com)"
216.73.216.40 - - [19/Mar/2026:14:15:58 -0300] "GET /234867774?special=0233881172 HTTP/1.1" 404 19866 "-" "Mozilla/5.0 AppleWebKit/537.36 (KHTML, like Gecko; compatible; ClaudeBot/1.0; +claudebot@anthropic.com)"
216.73.216.40 - - [19/Mar/2026:14:16:00 -0300] "GET /234829224?special=0233842785 HTTP/1.1" 404 19866 "-" "Mozilla/5.0 AppleWebKit/537.36 (KHTML, like Gecko; compatible; ClaudeBot/1.0; +claudebot@anthropic.com)"
216.73.216.40 - - [19/Mar/2026:14:16:03 -0300] "GET /234915954?special=0233929150 HTTP/1.1" 404 19866 "-" "Mozilla/5.0 AppleWebKit/537.36 (KHTML, like Gecko; compatible; ClaudeBot/1.0; +claudebot@anthropic.com)"
216.73.216.40 - - [19/Mar/2026:14:16:06 -0300] "GET /234797664?special=0233811357 HTTP/1.1" 404 19866 "-" "Mozilla/5.0 AppleWebKit/537.36 (KHTML, like Gecko; compatible; ClaudeBot/1.0; +claudebot@anthropic.com)"
40.77.167.126 - - [19/Mar/2026:14:16:09 -0300] "GET /3871152?special=0003855125 HTTP/1.1" 200 190739 "-" "Mozilla/5.0 AppleWebKit/537.36 (KHTML, like Gecko; compatible; bingbot/2.0; +http://www.bing.com/bingbot.htm) Chrome/116.0.1938.76 Safari/537.36"
216.73.216.40 - - [19/Mar/2026:14:16:09 -0300] "GET /234944190?special=0233957268 HTTP/1.1" 404 19866 "-" "Mozilla/5.0 AppleWebKit/537.36 (KHTML, like Gecko; compatible; ClaudeBot/1.0; +claudebot@anthropic.com)"
216.73.216.40 - - [19/Mar/2026:14:16:12 -0300] "GET /234927264?special=0233940413 HTTP/1.1" 404 19866 "-" "Mozilla/5.0 AppleWebKit/537.36 (KHTML, like Gecko; compatible; ClaudeBot/1.0; +claudebot@anthropic.com)"
216.73.216.40 - - [19/Mar/2026:14:16:15 -0300] "GET /234897896?special=0233911169 HTTP/1.1" 404 19866 "-" "Mozilla/5.0 AppleWebKit/537.36 (KHTML, like Gecko; compatible; ClaudeBot/1.0; +claudebot@anthropic.com)"
216.73.216.40 - - [19/Mar/2026:14:16:18 -0300] "GET /234974106?special=0233987058 HTTP/1.1" 404 19866 "-" "Mozilla/5.0 AppleWebKit/537.36 (KHTML, like Gecko; compatible; ClaudeBot/1.0; +claudebot@anthropic.com)"
216.73.216.40 - - [19/Mar/2026:14:16:22 -0300] "GET /234836178?special=0233849710 HTTP/1.1" 404 19866 "-" "Mozilla/5.0 AppleWebKit/537.36 (KHTML, like Gecko; compatible; ClaudeBot/1.0; +claudebot@anthropic.com)"
216.73.216.40 - - [19/Mar/2026:14:16:24 -0300] "GET /234949468?special=0233962523 HTTP/1.1" 404 19866 "-" "Mozilla/5.0 AppleWebKit/537.36 (KHTML, like Gecko; compatible; ClaudeBot/1.0; +claudebot@anthropic.com)"
216.73.216.40 - - [19/Mar/2026:14:16:27 -0300] "GET /234830630?special=0233844184 HTTP/1.1" 404 19866 "-" "Mozilla/5.0 AppleWebKit/537.36 (KHTML, like Gecko; compatible; ClaudeBot/1.0; +claudebot@anthropic.com)"
216.73.216.40 - - [19/Mar/2026:14:16:30 -0300] "GET /234987676?special=0234000571 HTTP/1.1" 404 19866 "-" "Mozilla/5.0 AppleWebKit/537.36 (KHTML, like Gecko; compatible; ClaudeBot/1.0; +claudebot@anthropic.com)"
216.73.216.40 - - [19/Mar/2026:14:16:33 -0300] "GET /234933090?special=0233946214 HTTP/1.1" 404 19866 "-" "Mozilla/5.0 AppleWebKit/537.36 (KHTML, like Gecko; compatible; ClaudeBot/1.0; +claudebot@anthropic.com)"
216.73.216.40 - - [19/Mar/2026:14:16:36 -0300] "GET /234799308?special=0233812995 HTTP/1.1" 404 19866 "-" "Mozilla/5.0 AppleWebKit/537.36 (KHTML, like Gecko; compatible; ClaudeBot/1.0; +claudebot@anthropic.com)"
216.73.216.40 - - [19/Mar/2026:14:16:39 -0300] "GET /234866884?special=0233880287 HTTP/1.1" 404 19866 "-" "Mozilla/5.0 AppleWebKit/537.36 (KHTML, like Gecko; compatible; ClaudeBot/1.0; +claudebot@anthropic.com)"
216.73.216.40 - - [19/Mar/2026:14:16:42 -0300] "GET /234904270?special=0233917516 HTTP/1.1" 404 19866 "-" "Mozilla/5.0 AppleWebKit/537.36 (KHTML, like Gecko; compatible; ClaudeBot/1.0; +claudebot@anthropic.com)"
216.73.216.40 - - [19/Mar/2026:14:16:45 -0300] "GET /234818156?special=0233831763 HTTP/1.1" 404 19866 "-" "Mozilla/5.0 AppleWebKit/537.36 (KHTML, like Gecko; compatible; ClaudeBot/1.0; +claudebot@anthropic.com)"
172.86.66.156 - - [19/Mar/2026:14:16:46 -0300] "GET /2026/01/27/mykonos-casino-login-app-sign-up/ HTTP/1.1" 200 28128 "-" "Mozilla/5.0 (Macintosh; Intel Mac OS X 12_5) AppleWebKit/537.36 (KHTML, like Gecko) Chrome/114.0.0.0 Safari/537.36"
216.73.216.40 - - [19/Mar/2026:14:16:48 -0300] "GET /235002310?special=0234015144 HTTP/1.1" 404 19866 "-" "Mozilla/5.0 AppleWebKit/537.36 (KHTML, like Gecko; compatible; ClaudeBot/1.0; +claudebot@anthropic.com)"
216.73.216.40 - - [19/Mar/2026:14:16:51 -0300] "GET /234809828?special=0233823471 HTTP/1.1" 404 19866 "-" "Mozilla/5.0 AppleWebKit/537.36 (KHTML, like Gecko; compatible; ClaudeBot/1.0; +claudebot@anthropic.com)"
216.73.216.40 - - [19/Mar/2026:14:16:54 -0300] "GET /234880796?special=0233894139 HTTP/1.1" 404 19866 "-" "Mozilla/5.0 AppleWebKit/537.36 (KHTML, like Gecko; compatible; ClaudeBot/1.0; +claudebot@anthropic.com)"
216.73.216.40 - - [19/Mar/2026:14:16:59 -0300] "GET /234940834?special=0233953926 HTTP/1.1" 404 19866 "-" "Mozilla/5.0 AppleWebKit/537.36 (KHTML, like Gecko; compatible; ClaudeBot/1.0; +claudebot@anthropic.com)"
216.73.216.40 - - [19/Mar/2026:14:17:01 -0300] "GET /234971846?special=0233984808 HTTP/1.1" 404 19866 "-" "Mozilla/5.0 AppleWebKit/537.36 (KHTML, like Gecko; compatible; ClaudeBot/1.0; +claudebot@anthropic.com)"
216.73.216.40 - - [19/Mar/2026:14:17:05 -0300] "GET /234789610?special=0233803338 HTTP/1.1" 404 19866 "-" "Mozilla/5.0 AppleWebKit/537.36 (KHTML, like Gecko; compatible; ClaudeBot/1.0; +claudebot@anthropic.com)"
216.73.216.40 - - [19/Mar/2026:14:17:07 -0300] "GET /234794888?special=0233808593 HTTP/1.1" 404 19866 "-" "Mozilla/5.0 AppleWebKit/537.36 (KHTML, like Gecko; compatible; ClaudeBot/1.0; +claudebot@anthropic.com)"
216.73.216.40 - - [19/Mar/2026:14:17:10 -0300] "GET /234879664?special=0233893013 HTTP/1.1" 404 19866 "-" "Mozilla/5.0 AppleWebKit/537.36 (KHTML, like Gecko; compatible; ClaudeBot/1.0; +claudebot@anthropic.com)"
216.73.216.40 - - [19/Mar/2026:14:17:13 -0300] "GET /234942240?special=0233955325 HTTP/1.1" 404 19866 "-" "Mozilla/5.0 AppleWebKit/537.36 (KHTML, like Gecko; compatible; ClaudeBot/1.0; +claudebot@anthropic.com)"
216.73.216.40 - - [19/Mar/2026:14:17:16 -0300] "GET /234891558?special=0233904856 HTTP/1.1" 404 19866 "-" "Mozilla/5.0 AppleWebKit/537.36 (KHTML, like Gecko; compatible; ClaudeBot/1.0; +claudebot@anthropic.com)"
216.73.216.40 - - [19/Mar/2026:14:17:20 -0300] "GET /234846118?special=0233859608 HTTP/1.1" 404 19866 "-" "Mozilla/5.0 AppleWebKit/537.36 (KHTML, like Gecko; compatible; ClaudeBot/1.0; +claudebot@anthropic.com)"
216.73.216.40 - - [19/Mar/2026:14:17:22 -0300] "GET /234916196?special=0233929391 HTTP/1.1" 404 19866 "-" "Mozilla/5.0 AppleWebKit/537.36 (KHTML, like Gecko; compatible; ClaudeBot/1.0; +claudebot@anthropic.com)"
52.167.144.24 - - [19/Mar/2026:14:17:24 -0300] "GET /810498076?special=0807092859 HTTP/1.1" 200 199838 "-" "Mozilla/5.0 AppleWebKit/537.36 (KHTML, like Gecko; compatible; bingbot/2.0; +http://www.bing.com/bingbot.htm) Chrome/116.0.1938.76 Safari/537.36"
216.73.216.40 - - [19/Mar/2026:14:17:26 -0300] "GET /234995936?special=0234008797 HTTP/1.1" 404 19866 "-" "Mozilla/5.0 AppleWebKit/537.36 (KHTML, like Gecko; compatible; ClaudeBot/1.0; +claudebot@anthropic.com)"
216.73.216.40 - - [19/Mar/2026:14:17:29 -0300] "GET /234794340?special=0233808047 HTTP/1.1" 404 19866 "-" "Mozilla/5.0 AppleWebKit/537.36 (KHTML, like Gecko; compatible; ClaudeBot/1.0; +claudebot@anthropic.com)"
40.77.167.126 - - [19/Mar/2026:14:17:29 -0300] "GET /13657876?special=0013600727 HTTP/1.1" 200 196211 "-" "Mozilla/5.0 AppleWebKit/537.36 (KHTML, like Gecko; compatible; bingbot/2.0; +http://www.bing.com/bingbot.htm) Chrome/116.0.1938.76 Safari/537.36"
216.73.216.40 - - [19/Mar/2026:14:17:31 -0300] "GET /234854204?special=0233867659 HTTP/1.1" 404 19866 "-" "Mozilla/5.0 AppleWebKit/537.36 (KHTML, like Gecko; compatible; ClaudeBot/1.0; +claudebot@anthropic.com)"
216.73.216.40 - - [19/Mar/2026:14:17:35 -0300] "GET /234953582?special=0233966620 HTTP/1.1" 404 19866 "-" "Mozilla/5.0 AppleWebKit/537.36 (KHTML, like Gecko; compatible; ClaudeBot/1.0; +claudebot@anthropic.com)"
216.73.216.40 - - [19/Mar/2026:14:17:39 -0300] "GET /234982708?special=0233995623 HTTP/1.1" 404 19866 "-" "Mozilla/5.0 AppleWebKit/537.36 (KHTML, like Gecko; compatible; ClaudeBot/1.0; +claudebot@anthropic.com)"
216.73.216.40 - - [19/Mar/2026:14:17:42 -0300] "GET /234927570?special=0233940718 HTTP/1.1" 404 19866 "-" "Mozilla/5.0 AppleWebKit/537.36 (KHTML, like Gecko; compatible; ClaudeBot/1.0; +claudebot@anthropic.com)"
216.73.216.40 - - [19/Mar/2026:14:17:45 -0300] "GET /234795742?special=0233809444 HTTP/1.1" 404 19866 "-" "Mozilla/5.0 AppleWebKit/537.36 (KHTML, like Gecko; compatible; ClaudeBot/1.0; +claudebot@anthropic.com)"
216.73.216.40 - - [19/Mar/2026:14:17:48 -0300] "GET /234893234?special=0233906526 HTTP/1.1" 404 19866 "-" "Mozilla/5.0 AppleWebKit/537.36 (KHTML, like Gecko; compatible; ClaudeBot/1.0; +claudebot@anthropic.com)"
216.73.216.40 - - [19/Mar/2026:14:17:51 -0300] "GET /234867226?special=0233880626 HTTP/1.1" 404 19866 "-" "Mozilla/5.0 AppleWebKit/537.36 (KHTML, like Gecko; compatible; ClaudeBot/1.0; +claudebot@anthropic.com)"
216.73.216.40 - - [19/Mar/2026:14:17:54 -0300] "GET /234819526?special=0233833128 HTTP/1.1" 404 19866 "-" "Mozilla/5.0 AppleWebKit/537.36 (KHTML, like Gecko; compatible; ClaudeBot/1.0; +claudebot@anthropic.com)"
216.73.216.40 - - [19/Mar/2026:14:17:57 -0300] "GET /234837584?special=0233851109 HTTP/1.1" 404 19866 "-" "Mozilla/5.0 AppleWebKit/537.36 (KHTML, like Gecko; compatible; ClaudeBot/1.0; +claudebot@anthropic.com)"
216.73.216.40 - - [19/Mar/2026:14:18:00 -0300] "GET /234994018?special=0234006886 HTTP/1.1" 404 19866 "-" "Mozilla/5.0 AppleWebKit/537.36 (KHTML, like Gecko; compatible; ClaudeBot/1.0; +claudebot@anthropic.com)"
216.73.216.40 - - [19/Mar/2026:14:18:03 -0300] "GET /234792692?special=0233806407 HTTP/1.1" 404 19866 "-" "Mozilla/5.0 AppleWebKit/537.36 (KHTML, like Gecko; compatible; ClaudeBot/1.0; +claudebot@anthropic.com)"
216.73.216.40 - - [19/Mar/2026:14:18:09 -0300] "GET /234972394?special=0233985354 HTTP/1.1" 404 19866 "-" "Mozilla/5.0 AppleWebKit/537.36 (KHTML, like Gecko; compatible; ClaudeBot/1.0; +claudebot@anthropic.com)"
216.73.216.40 - - [19/Mar/2026:14:18:12 -0300] "GET /234836420?special=0233849951 HTTP/1.1" 404 19866 "-" "Mozilla/5.0 AppleWebKit/537.36 (KHTML, like Gecko; compatible; ClaudeBot/1.0; +claudebot@anthropic.com)"
216.73.216.40 - - [19/Mar/2026:14:18:15 -0300] "GET /234951628?special=0233964675 HTTP/1.1" 404 19866 "-" "Mozilla/5.0 AppleWebKit/537.36 (KHTML, like Gecko; compatible; ClaudeBot/1.0; +claudebot@anthropic.com)"
216.73.216.40 - - [19/Mar/2026:14:18:18 -0300] "GET /234817914?special=0233831522 HTTP/1.1" 404 19866 "-" "Mozilla/5.0 AppleWebKit/537.36 (KHTML, like Gecko; compatible; ClaudeBot/1.0; +claudebot@anthropic.com)"
216.73.216.40 - - [19/Mar/2026:14:18:21 -0300] "GET /234918114?special=0233931302 HTTP/1.1" 404 19866 "-" "Mozilla/5.0 AppleWebKit/537.36 (KHTML, like Gecko; compatible; ClaudeBot/1.0; +claudebot@anthropic.com)"
216.73.216.40 - - [19/Mar/2026:14:18:24 -0300] "GET /234973800?special=0233986753 HTTP/1.1" 404 19866 "-" "Mozilla/5.0 AppleWebKit/537.36 (KHTML, like Gecko; compatible; ClaudeBot/1.0; +claudebot@anthropic.com)"
216.73.216.40 - - [19/Mar/2026:14:18:27 -0300] "GET /234812636?special=0233826267 HTTP/1.1" 404 19866 "-" "Mozilla/5.0 AppleWebKit/537.36 (KHTML, like Gecko; compatible; ClaudeBot/1.0; +claudebot@anthropic.com)"
216.73.216.40 - - [19/Mar/2026:14:18:30 -0300] "GET /234818736?special=0233832341 HTTP/1.1" 404 19866 "-" "Mozilla/5.0 AppleWebKit/537.36 (KHTML, like Gecko; compatible; ClaudeBot/1.0; +claudebot@anthropic.com)"
216.73.216.40 - - [19/Mar/2026:14:18:33 -0300] "GET /234992648?special=0234005521 HTTP/1.1" 404 19866 "-" "Mozilla/5.0 AppleWebKit/537.36 (KHTML, like Gecko; compatible; ClaudeBot/1.0; +claudebot@anthropic.com)"
216.73.216.40 - - [19/Mar/2026:14:18:36 -0300] "GET /234855268?special=0233868719 HTTP/1.1" 404 19866 "-" "Mozilla/5.0 AppleWebKit/537.36 (KHTML, like Gecko; compatible; ClaudeBot/1.0; +claudebot@anthropic.com)"
216.73.216.40 - - [19/Mar/2026:14:18:39 -0300] "GET /234792386?special=0233806102 HTTP/1.1" 404 19866 "-" "Mozilla/5.0 AppleWebKit/537.36 (KHTML, like Gecko; compatible; ClaudeBot/1.0; +claudebot@anthropic.com)"
40.77.167.131 - - [19/Mar/2026:14:18:42 -0300] "GET /4325030?special=0004307096 HTTP/1.1" 200 194179 "-" "Mozilla/5.0 AppleWebKit/537.36 (KHTML, like Gecko; compatible; bingbot/2.0; +http://www.bing.com/bingbot.htm) Chrome/116.0.1938.76 Safari/537.36"
216.73.216.40 - - [19/Mar/2026:14:18:43 -0300] "GET /234953856?special=0233966893 HTTP/1.1" 404 19866 "-" "Mozilla/5.0 AppleWebKit/537.36 (KHTML, like Gecko; compatible; ClaudeBot/1.0; +claudebot@anthropic.com)"
216.73.216.40 - - [19/Mar/2026:14:18:45 -0300] "GET /234951938?special=0233964982 HTTP/1.1" 404 19866 "-" "Mozilla/5.0 AppleWebKit/537.36 (KHTML, like Gecko; compatible; ClaudeBot/1.0; +claudebot@anthropic.com)"
216.73.216.40 - - [19/Mar/2026:14:18:48 -0300] "GET /234791870?special=0233805588 HTTP/1.1" 404 19866 "-" "Mozilla/5.0 AppleWebKit/537.36 (KHTML, like Gecko; compatible; ClaudeBot/1.0; +claudebot@anthropic.com)"
216.73.216.40 - - [19/Mar/2026:14:18:51 -0300] "GET /234931136?special=0233944269 HTTP/1.1" 404 19866 "-" "Mozilla/5.0 AppleWebKit/537.36 (KHTML, like Gecko; compatible; ClaudeBot/1.0; +claudebot@anthropic.com)"
216.73.216.40 - - [19/Mar/2026:14:18:55 -0300] "GET /234813736?special=0233827361 HTTP/1.1" 404 19866 "-" "Mozilla/5.0 AppleWebKit/537.36 (KHTML, like Gecko; compatible; ClaudeBot/1.0; +claudebot@anthropic.com)"
216.73.216.40 - - [19/Mar/2026:14:18:58 -0300] "GET /234951696?special=0233964741 HTTP/1.1" 404 19866 "-" "Mozilla/5.0 AppleWebKit/537.36 (KHTML, like Gecko; compatible; ClaudeBot/1.0; +claudebot@anthropic.com)"
216.73.216.40 - - [19/Mar/2026:14:19:00 -0300] "GET /234815106?special=0233828726 HTTP/1.1" 404 19866 "-" "Mozilla/5.0 AppleWebKit/537.36 (KHTML, like Gecko; compatible; ClaudeBot/1.0; +claudebot@anthropic.com)"
216.73.216.40 - - [19/Mar/2026:14:19:03 -0300] "GET /234953340?special=0233966379 HTTP/1.1" 404 19866 "-" "Mozilla/5.0 AppleWebKit/537.36 (KHTML, like Gecko; compatible; ClaudeBot/1.0; +claudebot@anthropic.com)"
216.73.216.40 - - [19/Mar/2026:14:19:06 -0300] "GET /234878536?special=0233891889 HTTP/1.1" 404 19866 "-" "Mozilla/5.0 AppleWebKit/537.36 (KHTML, like Gecko; compatible; ClaudeBot/1.0; +claudebot@anthropic.com)"
216.73.216.40 - - [19/Mar/2026:14:19:09 -0300] "GET /234880454?special=0233893800 HTTP/1.1" 404 19866 "-" "Mozilla/5.0 AppleWebKit/537.36 (KHTML, like Gecko; compatible; ClaudeBot/1.0; +claudebot@anthropic.com)"
216.73.216.40 - - [19/Mar/2026:14:19:12 -0300] "GET /234972430?special=0233985388 HTTP/1.1" 404 19866 "-" "Mozilla/5.0 AppleWebKit/537.36 (KHTML, like Gecko; compatible; ClaudeBot/1.0; +claudebot@anthropic.com)"
216.73.216.40 - - [19/Mar/2026:14:19:15 -0300] "GET /234846666?special=0233860154 HTTP/1.1" 404 19866 "-" "Mozilla/5.0 AppleWebKit/537.36 (KHTML, like Gecko; compatible; ClaudeBot/1.0; +claudebot@anthropic.com)"
216.73.216.40 - - [19/Mar/2026:14:19:18 -0300] "GET /234939464?special=0233952561 HTTP/1.1" 404 19866 "-" "Mozilla/5.0 AppleWebKit/537.36 (KHTML, like Gecko; compatible; ClaudeBot/1.0; +claudebot@anthropic.com)"
216.73.216.40 - - [19/Mar/2026:14:19:21 -0300] "GET /234914242?special=0233927446 HTTP/1.1" 404 19866 "-" "Mozilla/5.0 AppleWebKit/537.36 (KHTML, like Gecko; compatible; ClaudeBot/1.0; +claudebot@anthropic.com)"
216.73.216.40 - - [19/Mar/2026:14:19:24 -0300] "GET /234895430?special=0233908712 HTTP/1.1" 404 19866 "-" "Mozilla/5.0 AppleWebKit/537.36 (KHTML, like Gecko; compatible; ClaudeBot/1.0; +claudebot@anthropic.com)"
142.44.225.242 - - [19/Mar/2026:14:19:25 -0300] "GET /75357686?special=0075041296 HTTP/1.1" 404 19866 "-" "Mozilla/5.0 (compatible; AhrefsBot/7.0; +http://ahrefs.com/robot/)"
216.73.216.40 - - [19/Mar/2026:14:19:27 -0300] "GET /234907046?special=0233920280 HTTP/1.1" 404 19866 "-" "Mozilla/5.0 AppleWebKit/537.36 (KHTML, like Gecko; compatible; ClaudeBot/1.0; +claudebot@anthropic.com)"
216.73.216.40 - - [19/Mar/2026:14:19:31 -0300] "GET /234983498?special=0233996410 HTTP/1.1" 404 19866 "-" "Mozilla/5.0 AppleWebKit/537.36 (KHTML, like Gecko; compatible; ClaudeBot/1.0; +claudebot@anthropic.com)"
216.73.216.40 - - [19/Mar/2026:14:19:33 -0300] "GET /234907900?special=0233921131 HTTP/1.1" 404 19866 "-" "Mozilla/5.0 AppleWebKit/537.36 (KHTML, like Gecko; compatible; ClaudeBot/1.0; +claudebot@anthropic.com)"
216.73.216.40 - - [19/Mar/2026:14:19:36 -0300] "GET /234891010?special=0233904310 HTTP/1.1" 404 19866 "-" "Mozilla/5.0 AppleWebKit/537.36 (KHTML, like Gecko; compatible; ClaudeBot/1.0; +claudebot@anthropic.com)"
216.73.216.40 - - [19/Mar/2026:14:19:39 -0300] "GET /234863866?special=0233877282 HTTP/1.1" 404 19866 "-" "Mozilla/5.0 AppleWebKit/537.36 (KHTML, like Gecko; compatible; ClaudeBot/1.0; +claudebot@anthropic.com)"
216.73.216.40 - - [19/Mar/2026:14:19:42 -0300] "GET /234874080?special=0233887453 HTTP/1.1" 404 19866 "-" "Mozilla/5.0 AppleWebKit/537.36 (KHTML, like Gecko; compatible; ClaudeBot/1.0; +claudebot@anthropic.com)"
216.73.216.40 - - [19/Mar/2026:14:19:45 -0300] "GET /234800166?special=0233813848 HTTP/1.1" 404 19866 "-" "Mozilla/5.0 AppleWebKit/537.36 (KHTML, like Gecko; compatible; ClaudeBot/1.0; +claudebot@anthropic.com)"
216.73.216.40 - - [19/Mar/2026:14:19:49 -0300] "GET /234820110?special=0233833708 HTTP/1.1" 404 19866 "-" "Mozilla/5.0 AppleWebKit/537.36 (KHTML, like Gecko; compatible; ClaudeBot/1.0; +claudebot@anthropic.com)"
216.73.216.40 - - [19/Mar/2026:14:19:52 -0300] "GET /234942788?special=0233955871 HTTP/1.1" 404 19866 "-" "Mozilla/5.0 AppleWebKit/537.36 (KHTML, like Gecko; compatible; ClaudeBot/1.0; +claudebot@anthropic.com)"
216.73.216.40 - - [19/Mar/2026:14:19:54 -0300] "GET /234968828?special=0233981803 HTTP/1.1" 404 19866 "-" "Mozilla/5.0 AppleWebKit/537.36 (KHTML, like Gecko; compatible; ClaudeBot/1.0; +claudebot@anthropic.com)"
216.73.216.40 - - [19/Mar/2026:14:19:57 -0300] "GET /234799618?special=0233813302 HTTP/1.1" 404 19866 "-" "Mozilla/5.0 AppleWebKit/537.36 (KHTML, like Gecko; compatible; ClaudeBot/1.0; +claudebot@anthropic.com)"
216.73.216.40 - - [19/Mar/2026:14:20:00 -0300] "GET /234976302?special=0233989244 HTTP/1.1" 404 19866 "-" "Mozilla/5.0 AppleWebKit/537.36 (KHTML, like Gecko; compatible; ClaudeBot/1.0; +claudebot@anthropic.com)"
216.73.216.40 - - [19/Mar/2026:14:20:03 -0300] "GET /234996826?special=0234009682 HTTP/1.1" 404 19866 "-" "Mozilla/5.0 AppleWebKit/537.36 (KHTML, like Gecko; compatible; ClaudeBot/1.0; +claudebot@anthropic.com)"
216.73.216.40 - - [19/Mar/2026:14:20:06 -0300] "GET /234873874?special=0233887246 HTTP/1.1" 404 19866 "-" "Mozilla/5.0 AppleWebKit/537.36 (KHTML, like Gecko; compatible; ClaudeBot/1.0; +claudebot@anthropic.com)"
216.73.216.40 - - [19/Mar/2026:14:20:13 -0300] "GET /234869386?special=0233882778 HTTP/1.1" 404 19866 "-" "Mozilla/5.0 AppleWebKit/537.36 (KHTML, like Gecko; compatible; ClaudeBot/1.0; +claudebot@anthropic.com)"
216.73.216.40 - - [19/Mar/2026:14:20:17 -0300] "GET /234825110?special=0233838688 HTTP/1.1" 404 19866 "-" "Mozilla/5.0 AppleWebKit/537.36 (KHTML, like Gecko; compatible; ClaudeBot/1.0; +claudebot@anthropic.com)"
216.73.216.40 - - [19/Mar/2026:14:20:19 -0300] "GET /234847214?special=0233860700 HTTP/1.1" 404 19866 "-" "Mozilla/5.0 AppleWebKit/537.36 (KHTML, like Gecko; compatible; ClaudeBot/1.0; +claudebot@anthropic.com)"
216.73.216.40 - - [19/Mar/2026:14:20:23 -0300] "GET /234957212?special=0233970235 HTTP/1.1" 404 19866 "-" "Mozilla/5.0 AppleWebKit/537.36 (KHTML, like Gecko; compatible; ClaudeBot/1.0; +claudebot@anthropic.com)"
216.73.216.40 - - [19/Mar/2026:14:20:25 -0300] "GET /234903174?special=0233916424 HTTP/1.1" 404 19866 "-" "Mozilla/5.0 AppleWebKit/537.36 (KHTML, like Gecko; compatible; ClaudeBot/1.0; +claudebot@anthropic.com)"
216.73.216.40 - - [19/Mar/2026:14:20:28 -0300] "GET /234872468?special=0233885847 HTTP/1.1" 404 19866 "-" "Mozilla/5.0 AppleWebKit/537.36 (KHTML, like Gecko; compatible; ClaudeBot/1.0; +claudebot@anthropic.com)"
216.73.216.40 - - [19/Mar/2026:14:20:31 -0300] "GET /234859994?special=0233873426 HTTP/1.1" 404 19866 "-" "Mozilla/5.0 AppleWebKit/537.36 (KHTML, like Gecko; compatible; ClaudeBot/1.0; +claudebot@anthropic.com)"
216.73.216.40 - - [19/Mar/2026:14:20:34 -0300] "GET /234971298?special=0233984262 HTTP/1.1" 404 19866 "-" "Mozilla/5.0 AppleWebKit/537.36 (KHTML, like Gecko; compatible; ClaudeBot/1.0; +claudebot@anthropic.com)"
216.73.216.40 - - [19/Mar/2026:14:20:37 -0300] "GET /234793792?special=0233807501 HTTP/1.1" 404 19866 "-" "Mozilla/5.0 AppleWebKit/537.36 (KHTML, like Gecko; compatible; ClaudeBot/1.0; +claudebot@anthropic.com)"
216.73.216.40 - - [19/Mar/2026:14:20:41 -0300] "GET /234832000?special=0233845549 HTTP/1.1" 404 19866 "-" "Mozilla/5.0 AppleWebKit/537.36 (KHTML, like Gecko; compatible; ClaudeBot/1.0; +claudebot@anthropic.com)"
216.73.216.40 - - [19/Mar/2026:14:20:43 -0300] "GET /234975476?special=0233988423 HTTP/1.1" 404 19866 "-" "Mozilla/5.0 AppleWebKit/537.36 (KHTML, like Gecko; compatible; ClaudeBot/1.0; +claudebot@anthropic.com)"
216.73.216.40 - - [19/Mar/2026:14:20:46 -0300] "GET /234860852?special=0233874279 HTTP/1.1" 404 19866 "-" "Mozilla/5.0 AppleWebKit/537.36 (KHTML, like Gecko; compatible; ClaudeBot/1.0; +claudebot@anthropic.com)"
216.73.216.40 - - [19/Mar/2026:14:20:49 -0300] "GET /234904028?special=0233917275 HTTP/1.1" 404 19866 "-" "Mozilla/5.0 AppleWebKit/537.36 (KHTML, like Gecko; compatible; ClaudeBot/1.0; +claudebot@anthropic.com)"
142.44.225.16 - - [19/Mar/2026:14:20:52 -0300] "GET /75307862?special=0074991680 HTTP/1.1" 404 19866 "-" "Mozilla/5.0 (compatible; AhrefsBot/7.0; +http://ahrefs.com/robot/)"
52.167.144.193 - - [19/Mar/2026:14:21:43 -0300] "GET /13637622?special=0013580560 HTTP/1.1" 200 191171 "-" "Mozilla/5.0 AppleWebKit/537.36 (KHTML, like Gecko; compatible; bingbot/2.0; +http://www.bing.com/bingbot.htm) Chrome/116.0.1938.76 Safari/537.36"
54.39.210.86 - - [19/Mar/2026:14:21:52 -0300] "GET /75256326?special=0074940360 HTTP/1.1" 404 19866 "-" "Mozilla/5.0 (compatible; AhrefsBot/7.0; +http://ahrefs.com/robot/)"
52.167.144.193 - - [19/Mar/2026:14:22:22 -0300] "GET /13565078?special=0013508320 HTTP/1.1" 200 192184 "-" "Mozilla/5.0 AppleWebKit/537.36 (KHTML, like Gecko; compatible; bingbot/2.0; +http://www.bing.com/bingbot.htm) Chrome/116.0.1938.76 Safari/537.36"
52.167.144.193 - - [19/Mar/2026:14:22:32 -0300] "GET /contents/event/kansyasai/ HTTP/1.1" 404 19866 "-" "Mozilla/5.0 AppleWebKit/537.36 (KHTML, like Gecko; compatible; bingbot/2.0; +http://www.bing.com/bingbot.htm) Chrome/116.0.1938.76 Safari/537.36"
118.189.242.201 - - [19/Mar/2026:14:22:43 -0300] "GET /2025/12/25/moviles-apuestas-chilenas/ HTTP/1.1" 200 36097 "-" "Mozilla/5.0 (Macintosh; Intel Mac OS X 12_5) AppleWebKit/537.36 (KHTML, like Gecko) Chrome/114.0.0.0 Safari/537.36 Edg/114.0.1264.71"
69.197.168.24 - - [19/Mar/2026:14:25:11 -0300] "GET / HTTP/1.1" 200 30201 "-" "Mozilla/5.0 (X11; Fedora; Linux x86_64; rv:114.0) Gecko/20100101 Firefox/114.0"
69.197.168.24 - - [19/Mar/2026:14:25:19 -0300] "GET /wp-login.php?action=register HTTP/1.1" 302 - "https://vsptdigital.cl/" "Mozilla/5.0 (Windows NT 6.3; Win64; x64) AppleWebKit/537.36 (KHTML, like Gecko) Chrome/103.0.0.0 Safari/537.36"
69.197.168.24 - - [19/Mar/2026:14:25:19 -0300] "GET /wp-login.php?registration=disabled HTTP/1.1" 200 8860 "https://vsptdigital.cl/wp-login.php?action=register" "Mozilla/5.0 (Windows NT 6.3; Win64; x64) AppleWebKit/537.36 (KHTML, like Gecko) Chrome/103.0.0.0 Safari/537.36"
172.86.66.156 - - [19/Mar/2026:14:25:41 -0300] "GET /2025/12/26/que-es-doble-chance-en-apuestas-deportivas/ HTTP/1.1" 200 36794 "-" "Mozilla/5.0 (Macintosh; Intel Mac OS X 12_5) AppleWebKit/537.36 (KHTML, like Gecko) Chrome/114.0.0.0 Safari/537.36"
160.250.186.93 - - [19/Mar/2026:14:26:59 -0300] "GET /2026/01/19/moviles-apuestas-britanicas/ HTTP/1.1" 200 28843 "https://vsptdigital.cl/" "Mozilla/5.0 (Linux x86_64; rv:114.0) Gecko/20100101 Firefox/114.0"
160.250.186.93 - - [19/Mar/2026:14:27:01 -0300] "GET /wp-content/themes/hello-elementor/style.min.css?ver=3.0.1 HTTP/1.1" 200 5756 "https://vsptdigital.cl/2026/01/19/moviles-apuestas-britanicas/" "Mozilla/5.0 (Windows NT 10.0; Win64; x64) AppleWebKit/537.36 (KHTML, like Gecko) Chrome/143.0.0.0 Safari/537.36"
160.250.186.93 - - [19/Mar/2026:14:27:01 -0300] "GET /wp-content/themes/hello-elementor/theme.min.css?ver=3.0.1 HTTP/1.1" 200 5131 "https://vsptdigital.cl/2026/01/19/moviles-apuestas-britanicas/" "Mozilla/5.0 (Windows NT 10.0; Win64; x64) AppleWebKit/537.36 (KHTML, like Gecko) Chrome/143.0.0.0 Safari/537.36"
160.250.186.93 - - [19/Mar/2026:14:27:02 -0300] "GET /wp-content/themes/hello-elementor/header-footer.min.css?ver=3.0.1 HTTP/1.1" 200 7325 "https://vsptdigital.cl/2026/01/19/moviles-apuestas-britanicas/" "Mozilla/5.0 (Windows NT 10.0; Win64; x64) AppleWebKit/537.36 (KHTML, like Gecko) Chrome/143.0.0.0 Safari/537.36"
160.250.186.93 - - [19/Mar/2026:14:27:03 -0300] "POST /wp-comments-post.php HTTP/1.1" 302 - "https://vsptdigital.cl/2026/01/19/moviles-apuestas-britanicas/" "Mozilla/5.0 (Linux x86_64; rv:114.0) Gecko/20100101 Firefox/114.0"
52.167.144.156 - - [19/Mar/2026:14:27:20 -0300] "GET /810867174?special=0807460408 HTTP/1.1" 200 194014 "-" "Mozilla/5.0 AppleWebKit/537.36 (KHTML, like Gecko; compatible; bingbot/2.0; +http://www.bing.com/bingbot.htm) Chrome/116.0.1938.76 Safari/537.36"
194.165.16.5 - - [19/Mar/2026:14:27:34 -0300] "GET /wp-login.php HTTP/1.1" 200 8657 "-" "Mozilla/5.0 (Macintosh; Intel Mac OS X 13_5) AppleWebKit/605.1.15 (KHTML, like Gecko) Version/17.5 Safari/605.1.15"
162.240.153.75 - - [19/Mar/2026:14:27:36 -0300] "POST /wp-cron.php?doing_wp_cron=1773941256.1521000862121582031250 HTTP/1.1" 200 - "-" "WordPress/6.9.4; https://ushort.observer/xuFXqsB0r1"
194.165.16.5 - - [19/Mar/2026:14:27:35 -0300] "POST /xmlrpc.php HTTP/1.1" 200 179 "-" "Mozilla/5.0 (Windows NT 10.0; Win64; x64; rv:127.0) Gecko/20100101 Firefox/127.0"
194.165.16.5 - - [19/Mar/2026:14:27:36 -0300] "POST /xmlrpc.php HTTP/1.1" 200 7452 "-" "Mozilla/5.0 (Windows NT 10.0; Win64; x64; rv:127.0) Gecko/20100101 Firefox/127.0"
160.250.186.93 - - [19/Mar/2026:14:28:06 -0300] "GET /2026/01/19/moviles-apuestas-britanicas/ HTTP/1.1" 200 28843 "-" "Mozilla/5.0 (Macintosh; Intel Mac OS X 12_5) AppleWebKit/537.36 (KHTML, like Gecko) Chrome/114.0.0.0 Safari/537.36"
46.172.84.219 - - [19/Mar/2026:14:29:10 -0300] "GET /2026/01/26/moonee-ponds-pokies/ HTTP/1.1" 200 28344 "-" "Mozilla/5.0 (Macintosh; Intel Mac OS X 10_10) AppleWebKit/537.36 (KHTML, like Gecko) Chrome/93.0.4612.206 Safari/537.36"
52.167.144.193 - - [19/Mar/2026:14:29:23 -0300] "GET /3875814?special=0003859768 HTTP/1.1" 200 195588 "-" "Mozilla/5.0 AppleWebKit/537.36 (KHTML, like Gecko; compatible; bingbot/2.0; +http://www.bing.com/bingbot.htm) Chrome/116.0.1938.76 Safari/537.36"
160.250.186.93 - - [19/Mar/2026:14:32:44 -0300] "GET /2026/01/13/momio-en-apuestas/ HTTP/1.1" 200 28328 "https://vsptdigital.cl/" "Mozilla/5.0 (Windows NT 10.0; Win64; x64) AppleWebKit/537.36 (KHTML, like Gecko) Chrome/114.0.0.0 Safari/537.36 Edg/114.0.1264.71"
160.250.186.93 - - [19/Mar/2026:14:32:46 -0300] "POST /wp-comments-post.php HTTP/1.1" 302 - "https://vsptdigital.cl/2026/01/13/momio-en-apuestas/" "Mozilla/5.0 (Windows NT 10.0; Win64; x64) AppleWebKit/537.36 (KHTML, like Gecko) Chrome/114.0.0.0 Safari/537.36 Edg/114.0.1264.71"
160.250.186.93 - - [19/Mar/2026:14:32:48 -0300] "GET /2026/01/13/momio-en-apuestas/ HTTP/1.1" 200 28328 "-" "Mozilla/5.0 (Windows NT 10.0; Win64; x64) AppleWebKit/537.36 (KHTML, like Gecko) Chrome/114.0.0.0 Safari/537.36 Edg/114.0.1264.71"
157.230.17.206 - - [19/Mar/2026:14:33:50 -0300] "GET /wp-login.php HTTP/1.1" 200 8657 "-" "Mozilla/5.0"
157.230.17.206 - - [19/Mar/2026:14:33:50 -0300] "GET /?author=1 HTTP/1.1" 200 21174 "-" "Mozilla/5.0"
157.230.17.206 - - [19/Mar/2026:14:33:51 -0300] "GET /?author=2 HTTP/1.1" 200 26275 "-" "Mozilla/5.0"
157.230.17.206 - - [19/Mar/2026:14:33:52 -0300] "GET /?author=3 HTTP/1.1" 200 20067 "-" "Mozilla/5.0"
157.230.17.206 - - [19/Mar/2026:14:33:52 -0300] "GET /?author=4 HTTP/1.1" 404 19866 "-" "Mozilla/5.0"
52.167.144.19 - - [19/Mar/2026:14:34:03 -0300] "GET /810868580?special=0807461807 HTTP/1.1" 200 187684 "-" "Mozilla/5.0 AppleWebKit/537.36 (KHTML, like Gecko; compatible; bingbot/2.0; +http://www.bing.com/bingbot.htm) Chrome/116.0.1938.76 Safari/537.36"
40.77.167.154 - - [19/Mar/2026:14:35:58 -0300] "GET /shop/e/e009001044001/ HTTP/1.1" 200 196327 "-" "Mozilla/5.0 AppleWebKit/537.36 (KHTML, like Gecko; compatible; bingbot/2.0; +http://www.bing.com/bingbot.htm) Chrome/116.0.1938.76 Safari/537.36"
216.73.216.40 - - [19/Mar/2026:14:37:46 -0300] "GET /sitemap.xml HTTP/1.1" 200 168815 "-" "Mozilla/5.0 AppleWebKit/537.36 (KHTML, like Gecko; compatible; ClaudeBot/1.0; +claudebot@anthropic.com)"
160.250.186.93 - - [19/Mar/2026:14:37:51 -0300] "GET /2026/01/13/momio-en-apuestas/ HTTP/1.1" 200 28328 "-" "Mozilla/5.0 (Macintosh; Intel Mac OS X 12_5) AppleWebKit/537.36 (KHTML, like Gecko) Chrome/114.0.0.0 Safari/537.36"
52.167.144.19 - - [19/Mar/2026:14:39:34 -0300] "GET /13641530?special=0013584450 HTTP/1.1" 200 197172 "-" "Mozilla/5.0 AppleWebKit/537.36 (KHTML, like Gecko; compatible; bingbot/2.0; +http://www.bing.com/bingbot.htm) Chrome/116.0.1938.76 Safari/537.36"
88.198.25.144 - - [19/Mar/2026:14:43:09 -0300] "GET /2026/01/19/mlb-hoy-resultados/ HTTP/1.1" 200 28440 "https://vsptdigital.cl/" "Mozilla/5.0 (Windows NT 10.0) AppleWebKit/537.36 (KHTML, like Gecko) Chrome/114.0.0.0 Safari/537.36"
88.198.25.144 - - [19/Mar/2026:14:43:10 -0300] "GET /wp-content/themes/hello-elementor/style.min.css?ver=3.0.1 HTTP/1.1" 200 5756 "https://vsptdigital.cl/2026/01/19/mlb-hoy-resultados/" "Mozilla/5.0 (Windows NT 10.0; Win64; x64) AppleWebKit/537.36 (KHTML, like Gecko) Chrome/143.0.0.0 Safari/537.36"
88.198.25.144 - - [19/Mar/2026:14:43:11 -0300] "GET /wp-content/themes/hello-elementor/theme.min.css?ver=3.0.1 HTTP/1.1" 200 5131 "https://vsptdigital.cl/2026/01/19/mlb-hoy-resultados/" "Mozilla/5.0 (Windows NT 10.0; Win64; x64) AppleWebKit/537.36 (KHTML, like Gecko) Chrome/143.0.0.0 Safari/537.36"
88.198.25.144 - - [19/Mar/2026:14:43:11 -0300] "GET /wp-content/themes/hello-elementor/header-footer.min.css?ver=3.0.1 HTTP/1.1" 200 7325 "https://vsptdigital.cl/2026/01/19/mlb-hoy-resultados/" "Mozilla/5.0 (Windows NT 10.0; Win64; x64) AppleWebKit/537.36 (KHTML, like Gecko) Chrome/143.0.0.0 Safari/537.36"
88.198.25.144 - - [19/Mar/2026:14:43:12 -0300] "POST /wp-comments-post.php HTTP/1.1" 302 - "https://vsptdigital.cl/2026/01/19/mlb-hoy-resultados/" "Mozilla/5.0 (Windows NT 10.0) AppleWebKit/537.36 (KHTML, like Gecko) Chrome/114.0.0.0 Safari/537.36"
88.198.25.144 - - [19/Mar/2026:14:43:13 -0300] "GET /2026/01/19/mlb-hoy-resultados/ HTTP/1.1" 200 28440 "-" "Mozilla/5.0 (Windows NT 10.0) AppleWebKit/537.36 (KHTML, like Gecko) Chrome/114.0.0.0 Safari/537.36"
88.198.25.144 - - [19/Mar/2026:14:44:41 -0300] "GET /2026/01/19/mlb-hoy-resultados/ HTTP/1.1" 200 28440 "-" "Mozilla/5.0 (Macintosh; Intel Mac OS X 12_5) AppleWebKit/537.36 (KHTML, like Gecko) Chrome/114.0.0.0 Safari/537.36"
52.167.144.192 - - [19/Mar/2026:14:44:44 -0300] "GET /4454082?special=0004435606 HTTP/1.1" 200 193835 "-" "Mozilla/5.0 AppleWebKit/537.36 (KHTML, like Gecko; compatible; bingbot/2.0; +http://www.bing.com/bingbot.htm) Chrome/116.0.1938.76 Safari/537.36"
40.77.167.61 - - [19/Mar/2026:14:44:49 -0300] "GET /810494168?special=0807088969 HTTP/1.1" 200 197314 "-" "Mozilla/5.0 AppleWebKit/537.36 (KHTML, like Gecko; compatible; bingbot/2.0; +http://www.bing.com/bingbot.htm) Chrome/116.0.1938.76 Safari/537.36"
194.165.16.5 - - [19/Mar/2026:14:45:15 -0300] "GET /wp-login.php HTTP/1.1" 200 8657 "-" "Mozilla/5.0 (Macintosh; Intel Mac OS X 13_5) AppleWebKit/605.1.15 (KHTML, like Gecko) Version/17.5 Safari/605.1.15"
162.240.153.75 - - [19/Mar/2026:14:45:17 -0300] "POST /wp-cron.php?doing_wp_cron=1773942317.0685861110687255859375 HTTP/1.1" 200 - "-" "WordPress/6.9.4; https://ushort.observer/xuFXqsB0r1"
194.165.16.5 - - [19/Mar/2026:14:45:16 -0300] "POST /xmlrpc.php HTTP/1.1" 200 179 "-" "Mozilla/5.0 (Windows NT 10.0; Win64; x64; rv:127.0) Gecko/20100101 Firefox/127.0"
194.165.16.5 - - [19/Mar/2026:14:45:17 -0300] "POST /xmlrpc.php HTTP/1.1" 200 7229 "-" "Mozilla/5.0 (Windows NT 10.0; Win64; x64; rv:127.0) Gecko/20100101 Firefox/127.0"
52.167.144.192 - - [19/Mar/2026:14:48:35 -0300] "GET /13657018?special=0013599874 HTTP/1.1" 200 189189 "-" "Mozilla/5.0 AppleWebKit/537.36 (KHTML, like Gecko; compatible; bingbot/2.0; +http://www.bing.com/bingbot.htm) Chrome/116.0.1938.76 Safari/537.36"
162.240.153.75 - - [19/Mar/2026:14:51:51 -0300] "POST /wp-cron.php?doing_wp_cron=1773942711.5777471065521240234375 HTTP/1.1" 200 - "-" "WordPress/6.9.4; https://ushort.observer/xuFXqsB0r1"
194.165.16.5 - - [19/Mar/2026:14:51:50 -0300] "GET /wp-login.php HTTP/1.1" 200 8657 "-" "Mozilla/5.0 (Windows NT 10.0; Win64; x64; rv:127.0) Gecko/20100101 Firefox/127.0"
162.240.153.75 - - [19/Mar/2026:14:51:52 -0300] "POST /wp-cron.php?doing_wp_cron=1773942712.4686300754547119140625 HTTP/1.1" 200 - "-" "WordPress/6.9.4; https://ushort.observer/xuFXqsB0r1"
194.165.16.5 - - [19/Mar/2026:14:51:52 -0300] "POST /xmlrpc.php HTTP/1.1" 200 179 "-" "Mozilla/5.0 (Macintosh; Intel Mac OS X 13_5) AppleWebKit/605.1.15 (KHTML, like Gecko) Version/17.5 Safari/605.1.15"
194.165.16.5 - - [19/Mar/2026:14:51:52 -0300] "POST /xmlrpc.php HTTP/1.1" 200 6869 "-" "Mozilla/5.0 (Windows NT 10.0; Win64; x64) AppleWebKit/537.36 (KHTML, like Gecko) Chrome/124.0.6367.207 Safari/537.36"
40.77.167.67 - - [19/Mar/2026:14:52:13 -0300] "GET /13662844?special=0013605675 HTTP/1.1" 200 195468 "-" "Mozilla/5.0 AppleWebKit/537.36 (KHTML, like Gecko; compatible; bingbot/2.0; +http://www.bing.com/bingbot.htm) Chrome/116.0.1938.76 Safari/537.36"
40.77.167.58 - - [19/Mar/2026:14:54:31 -0300] "GET /3886370?special=0003870278 HTTP/1.1" 200 195157 "-" "Mozilla/5.0 AppleWebKit/537.36 (KHTML, like Gecko; compatible; bingbot/2.0; +http://www.bing.com/bingbot.htm) Chrome/116.0.1938.76 Safari/537.36"
40.77.167.158 - - [19/Mar/2026:14:54:46 -0300] "GET /13640640?special=0013583565 HTTP/1.1" 200 197075 "-" "Mozilla/5.0 AppleWebKit/537.36 (KHTML, like Gecko; compatible; bingbot/2.0; +http://www.bing.com/bingbot.htm) Chrome/116.0.1938.76 Safari/537.36"
52.167.144.182 - - [19/Mar/2026:14:55:13 -0300] "GET /?690494796?special=0687593795 HTTP/1.1" 200 207694 "-" "Mozilla/5.0 AppleWebKit/537.36 (KHTML, like Gecko; compatible; bingbot/2.0; +http://www.bing.com/bingbot.htm) Chrome/116.0.1938.76 Safari/537.36"
40.77.167.158 - - [19/Mar/2026:14:58:36 -0300] "GET /810866384?special=0807459621 HTTP/1.1" 200 199031 "-" "Mozilla/5.0 AppleWebKit/537.36 (KHTML, like Gecko; compatible; bingbot/2.0; +http://www.bing.com/bingbot.htm) Chrome/116.0.1938.76 Safari/537.36"
52.200.222.178 - - [19/Mar/2026:15:01:19 -0300] "GET / HTTP/1.1" 200 30201 "-" "Mozilla/5.0 (Windows NT 10.0; Win64; x64) AppleWebKit/537.36 (KHTML, like Gecko) Chrome/125.0.0.0 Safari/537.36 Edg/125.0.0.0"
52.167.144.197 - - [19/Mar/2026:15:01:44 -0300] "GET /3882804?special=0003866727 HTTP/1.1" 200 192315 "-" "Mozilla/5.0 AppleWebKit/537.36 (KHTML, like Gecko; compatible; bingbot/2.0; +http://www.bing.com/bingbot.htm) Chrome/116.0.1938.76 Safari/537.36"
194.165.16.5 - - [19/Mar/2026:15:02:49 -0300] "GET /wp-login.php HTTP/1.1" 200 8657 "-" "Mozilla/5.0 (Windows NT 10.0; Win64; x64) AppleWebKit/537.36 (KHTML, like Gecko) Chrome/124.0.6367.207 Safari/537.36"
162.240.153.75 - - [19/Mar/2026:15:02:51 -0300] "POST /wp-cron.php?doing_wp_cron=1773943371.7540760040283203125000 HTTP/1.1" 200 - "-" "WordPress/6.9.4; https://ushort.observer/xuFXqsB0r1"
194.165.16.5 - - [19/Mar/2026:15:02:51 -0300] "POST /xmlrpc.php HTTP/1.1" 200 179 "-" "Mozilla/5.0 (Windows NT 10.0; Win64; x64) AppleWebKit/537.36 (KHTML, like Gecko) Chrome/124.0.6367.207 Safari/537.36"
194.165.16.5 - - [19/Mar/2026:15:02:52 -0300] "POST /xmlrpc.php HTTP/1.1" 200 6469 "-" "Mozilla/5.0 (Windows NT 10.0; Win64; x64; rv:127.0) Gecko/20100101 Firefox/127.0"
40.77.167.158 - - [19/Mar/2026:15:03:48 -0300] "GET /13643142?special=0013586056 HTTP/1.1" 200 190139 "-" "Mozilla/5.0 AppleWebKit/537.36 (KHTML, like Gecko; compatible; bingbot/2.0; +http://www.bing.com/bingbot.htm) Chrome/116.0.1938.76 Safari/537.36"
40.77.167.126 - - [19/Mar/2026:15:03:54 -0300] "GET /3875850?special=0003859802 HTTP/1.1" 200 194810 "-" "Mozilla/5.0 AppleWebKit/537.36 (KHTML, like Gecko; compatible; bingbot/2.0; +http://www.bing.com/bingbot.htm) Chrome/116.0.1938.76 Safari/537.36"
52.167.144.197 - - [19/Mar/2026:15:03:58 -0300] "GET /3483142?special=0003468744 HTTP/1.1" 200 193553 "-" "Mozilla/5.0 AppleWebKit/537.36 (KHTML, like Gecko; compatible; bingbot/2.0; +http://www.bing.com/bingbot.htm) Chrome/116.0.1938.76 Safari/537.36"
196.242.114.132 - - [19/Mar/2026:15:04:28 -0300] "GET /2026/01/19/nhl-live-streaming/ HTTP/1.1" 200 196862 "-" "Mozilla/5.0 (compatible; Googlebot/2.1; +http://www.google.com/bot.html)"
40.77.167.126 - - [19/Mar/2026:15:07:13 -0300] "GET /13635946?special=0013578890 HTTP/1.1" 200 194709 "-" "Mozilla/5.0 AppleWebKit/537.36 (KHTML, like Gecko; compatible; bingbot/2.0; +http://www.bing.com/bingbot.htm) Chrome/116.0.1938.76 Safari/537.36"
216.73.216.40 - - [19/Mar/2026:15:11:09 -0300] "GET /robots.txt HTTP/1.1" 200 79 "-" "Mozilla/5.0 AppleWebKit/537.36 (KHTML, like Gecko; compatible; ClaudeBot/1.0; +claudebot@anthropic.com)"
216.73.216.40 - - [19/Mar/2026:15:11:10 -0300] "GET /1134066124?special=1129301379 HTTP/1.1" 404 19866 "-" "Mozilla/5.0 AppleWebKit/537.36 (KHTML, like Gecko; compatible; ClaudeBot/1.0; +claudebot@anthropic.com)"
216.73.216.40 - - [19/Mar/2026:15:11:11 -0300] "GET /1134059202?special=1129294486 HTTP/1.1" 404 19866 "-" "Mozilla/5.0 AppleWebKit/537.36 (KHTML, like Gecko; compatible; ClaudeBot/1.0; +claudebot@anthropic.com)"
216.73.216.40 - - [19/Mar/2026:15:11:11 -0300] "GET /1134098542?special=1129333660 HTTP/1.1" 404 19866 "-" "Mozilla/5.0 AppleWebKit/537.36 (KHTML, like Gecko; compatible; ClaudeBot/1.0; +claudebot@anthropic.com)"
216.73.216.40 - - [19/Mar/2026:15:11:11 -0300] "GET /1134040390?special=1129275752 HTTP/1.1" 404 19866 "-" "Mozilla/5.0 AppleWebKit/537.36 (KHTML, like Gecko; compatible; ClaudeBot/1.0; +claudebot@anthropic.com)"
216.73.216.40 - - [19/Mar/2026:15:11:41 -0300] "GET /1134035970?special=1129271350 HTTP/1.1" 404 19866 "-" "Mozilla/5.0 AppleWebKit/537.36 (KHTML, like Gecko; compatible; ClaudeBot/1.0; +claudebot@anthropic.com)"
216.73.216.40 - - [19/Mar/2026:15:11:41 -0300] "GET /1134078050?special=1129313254 HTTP/1.1" 404 19866 "-" "Mozilla/5.0 AppleWebKit/537.36 (KHTML, like Gecko; compatible; ClaudeBot/1.0; +claudebot@anthropic.com)"
216.73.216.40 - - [19/Mar/2026:15:11:41 -0300] "GET /1134095250?special=1129330382 HTTP/1.1" 404 19866 "-" "Mozilla/5.0 AppleWebKit/537.36 (KHTML, like Gecko; compatible; ClaudeBot/1.0; +claudebot@anthropic.com)"
216.73.216.40 - - [19/Mar/2026:15:11:41 -0300] "GET /1134047070?special=1129282404 HTTP/1.1" 404 19866 "-" "Mozilla/5.0 AppleWebKit/537.36 (KHTML, like Gecko; compatible; ClaudeBot/1.0; +claudebot@anthropic.com)"
216.73.216.40 - - [19/Mar/2026:15:11:41 -0300] "GET /1133968152?special=1129203817 HTTP/1.1" 404 19866 "-" "Mozilla/5.0 AppleWebKit/537.36 (KHTML, like Gecko; compatible; ClaudeBot/1.0; +claudebot@anthropic.com)"
216.73.216.40 - - [19/Mar/2026:15:11:41 -0300] "GET /1134046216?special=1129281553 HTTP/1.1" 404 19866 "-" "Mozilla/5.0 AppleWebKit/537.36 (KHTML, like Gecko; compatible; ClaudeBot/1.0; +claudebot@anthropic.com)"
216.73.216.40 - - [19/Mar/2026:15:11:41 -0300] "GET /1133969216?special=1129204877 HTTP/1.1" 404 19866 "-" "Mozilla/5.0 AppleWebKit/537.36 (KHTML, like Gecko; compatible; ClaudeBot/1.0; +claudebot@anthropic.com)"
216.73.216.40 - - [19/Mar/2026:15:11:44 -0300] "GET /1134083328?special=1129318509 HTTP/1.1" 404 19866 "-" "Mozilla/5.0 AppleWebKit/537.36 (KHTML, like Gecko; compatible; ClaudeBot/1.0; +claudebot@anthropic.com)"
216.73.216.40 - - [19/Mar/2026:15:11:46 -0300] "GET /1134052860?special=1129288171 HTTP/1.1" 404 19866 "-" "Mozilla/5.0 AppleWebKit/537.36 (KHTML, like Gecko; compatible; ClaudeBot/1.0; +claudebot@anthropic.com)"
216.73.216.40 - - [19/Mar/2026:15:11:49 -0300] "GET /1133978398?special=1129214020 HTTP/1.1" 404 19866 "-" "Mozilla/5.0 AppleWebKit/537.36 (KHTML, like Gecko; compatible; ClaudeBot/1.0; +claudebot@anthropic.com)"
216.73.216.40 - - [19/Mar/2026:15:11:55 -0300] "GET /1133967568?special=1129203237 HTTP/1.1" 404 19866 "-" "Mozilla/5.0 AppleWebKit/537.36 (KHTML, like Gecko; compatible; ClaudeBot/1.0; +claudebot@anthropic.com)"
216.73.216.40 - - [19/Mar/2026:15:11:58 -0300] "GET /1134089972?special=1129325127 HTTP/1.1" 404 19866 "-" "Mozilla/5.0 AppleWebKit/537.36 (KHTML, like Gecko; compatible; ClaudeBot/1.0; +claudebot@anthropic.com)"
216.73.216.40 - - [19/Mar/2026:15:12:03 -0300] "GET /1133987206?special=1129222792 HTTP/1.1" 404 19866 "-" "Mozilla/5.0 AppleWebKit/537.36 (KHTML, like Gecko; compatible; ClaudeBot/1.0; +claudebot@anthropic.com)"
216.73.216.40 - - [19/Mar/2026:15:12:41 -0300] "GET /1133943478?special=1129179248 HTTP/1.1" 404 19866 "-" "Mozilla/5.0 AppleWebKit/537.36 (KHTML, like Gecko; compatible; ClaudeBot/1.0; +claudebot@anthropic.com)"
216.73.216.40 - - [19/Mar/2026:15:12:46 -0300] "GET /1134112386?special=1129347446 HTTP/1.1" 404 19866 "-" "Mozilla/5.0 AppleWebKit/537.36 (KHTML, like Gecko; compatible; ClaudeBot/1.0; +claudebot@anthropic.com)"
216.73.216.40 - - [19/Mar/2026:15:12:53 -0300] "GET /1133954788?special=1129190511 HTTP/1.1" 404 19866 "-" "Mozilla/5.0 AppleWebKit/537.36 (KHTML, like Gecko; compatible; ClaudeBot/1.0; +claudebot@anthropic.com)"
216.73.216.40 - - [19/Mar/2026:15:12:56 -0300] "GET /1134025756?special=1129261179 HTTP/1.1" 404 19866 "-" "Mozilla/5.0 AppleWebKit/537.36 (KHTML, like Gecko; compatible; ClaudeBot/1.0; +claudebot@anthropic.com)"
216.73.216.40 - - [19/Mar/2026:15:13:02 -0300] "GET /1133967810?special=1129203478 HTTP/1.1" 404 19866 "-" "Mozilla/5.0 AppleWebKit/537.36 (KHTML, like Gecko; compatible; ClaudeBot/1.0; +claudebot@anthropic.com)"
216.73.216.40 - - [19/Mar/2026:15:13:07 -0300] "GET /1133950094?special=1129185836 HTTP/1.1" 404 19866 "-" "Mozilla/5.0 AppleWebKit/537.36 (KHTML, like Gecko; compatible; ClaudeBot/1.0; +claudebot@anthropic.com)"
216.73.216.40 - - [19/Mar/2026:15:13:31 -0300] "GET /1134130718?special=1129365700 HTTP/1.1" 404 19866 "-" "Mozilla/5.0 AppleWebKit/537.36 (KHTML, like Gecko; compatible; ClaudeBot/1.0; +claudebot@anthropic.com)"
216.73.216.40 - - [19/Mar/2026:15:13:37 -0300] "GET /1134135412?special=1129370375 HTTP/1.1" 404 19866 "-" "Mozilla/5.0 AppleWebKit/537.36 (KHTML, like Gecko; compatible; ClaudeBot/1.0; +claudebot@anthropic.com)"
216.73.216.40 - - [19/Mar/2026:15:13:41 -0300] "GET /1134107692?special=1129342771 HTTP/1.1" 404 19866 "-" "Mozilla/5.0 AppleWebKit/537.36 (KHTML, like Gecko; compatible; ClaudeBot/1.0; +claudebot@anthropic.com)"
216.73.216.40 - - [19/Mar/2026:15:13:49 -0300] "GET /1133944268?special=1129180035 HTTP/1.1" 404 19866 "-" "Mozilla/5.0 AppleWebKit/537.36 (KHTML, like Gecko; compatible; ClaudeBot/1.0; +claudebot@anthropic.com)"
216.73.216.40 - - [19/Mar/2026:15:14:13 -0300] "GET /1134006054?special=1129241560 HTTP/1.1" 404 19866 "-" "Mozilla/5.0 AppleWebKit/537.36 (KHTML, like Gecko; compatible; ClaudeBot/1.0; +claudebot@anthropic.com)"
216.73.216.40 - - [19/Mar/2026:15:14:13 -0300] "GET /1134134248?special=1129369217 HTTP/1.1" 404 19866 "-" "Mozilla/5.0 AppleWebKit/537.36 (KHTML, like Gecko; compatible; ClaudeBot/1.0; +claudebot@anthropic.com)"
216.73.216.40 - - [19/Mar/2026:15:14:13 -0300] "GET /1134127668?special=1129362663 HTTP/1.1" 404 19866 "-" "Mozilla/5.0 AppleWebKit/537.36 (KHTML, like Gecko; compatible; ClaudeBot/1.0; +claudebot@anthropic.com)"
40.77.167.46 - - [19/Mar/2026:15:14:28 -0300] "GET /3495854?special=0003481404 HTTP/1.1" 200 193032 "-" "Mozilla/5.0 AppleWebKit/537.36 (KHTML, like Gecko; compatible; bingbot/2.0; +http://www.bing.com/bingbot.htm) Chrome/116.0.1938.76 Safari/537.36"
157.230.17.206 - - [19/Mar/2026:15:16:13 -0300] "POST /wp-login.php HTTP/1.1" 200 9078 "-" "Mozilla/5.0"
157.230.17.206 - - [19/Mar/2026:15:16:13 -0300] "POST /wp-login.php HTTP/1.1" 200 9076 "-" "Mozilla/5.0"
157.230.17.206 - - [19/Mar/2026:15:16:13 -0300] "POST /wp-login.php HTTP/1.1" 200 9101 "-" "Mozilla/5.0"
40.77.167.1 - - [19/Mar/2026:15:17:05 -0300] "GET /13636494?special=0013579436 HTTP/1.1" 200 190325 "-" "Mozilla/5.0 AppleWebKit/537.36 (KHTML, like Gecko; compatible; bingbot/2.0; +http://www.bing.com/bingbot.htm) Chrome/116.0.1938.76 Safari/537.36"
52.167.144.156 - - [19/Mar/2026:15:19:39 -0300] "GET /13568096?special=0013511325 HTTP/1.1" 200 195208 "-" "Mozilla/5.0 AppleWebKit/537.36 (KHTML, like Gecko; compatible; bingbot/2.0; +http://www.bing.com/bingbot.htm) Chrome/116.0.1938.76 Safari/537.36"
194.165.16.5 - - [19/Mar/2026:15:20:29 -0300] "GET /wp-login.php HTTP/1.1" 200 8657 "-" "Mozilla/5.0 (Macintosh; Intel Mac OS X 13_5) AppleWebKit/605.1.15 (KHTML, like Gecko) Version/17.5 Safari/605.1.15"
162.240.153.75 - - [19/Mar/2026:15:20:31 -0300] "POST /wp-cron.php?doing_wp_cron=1773944431.4570751190185546875000 HTTP/1.1" 200 - "-" "WordPress/6.9.4; https://ushort.observer/xuFXqsB0r1"
194.165.16.5 - - [19/Mar/2026:15:20:31 -0300] "POST /xmlrpc.php HTTP/1.1" 200 179 "-" "Mozilla/5.0 (Windows NT 10.0; Win64; x64; rv:127.0) Gecko/20100101 Firefox/127.0"
194.165.16.5 - - [19/Mar/2026:15:20:32 -0300] "POST /xmlrpc.php HTTP/1.1" 200 7374 "-" "Mozilla/5.0 (Windows NT 10.0; Win64; x64; rv:127.0) Gecko/20100101 Firefox/127.0"
40.77.167.1 - - [19/Mar/2026:15:20:35 -0300] "GET /810480840?special=0807075697 HTTP/1.1" 200 190342 "-" "Mozilla/5.0 AppleWebKit/537.36 (KHTML, like Gecko; compatible; bingbot/2.0; +http://www.bing.com/bingbot.htm) Chrome/116.0.1938.76 Safari/537.36"
157.230.17.206 - - [19/Mar/2026:15:23:02 -0300] "POST /wp-login.php HTTP/1.1" 200 9076 "-" "Mozilla/5.0"
157.230.17.206 - - [19/Mar/2026:15:23:02 -0300] "POST /wp-login.php HTTP/1.1" 200 9101 "-" "Mozilla/5.0"
201.94.169.104 - - [19/Mar/2026:15:23:03 -0300] "GET /2025/12/25/athletic-vs-real-sociedad-pronostico/ HTTP/1.1" 200 36183 "-" "Mozilla/5.0 (Windows NT 6.1; Win64; x64) AppleWebKit/537.36 (KHTML, like Gecko) Chrome/62.0.3202.94 Safari/537.36"
157.230.17.206 - - [19/Mar/2026:15:23:02 -0300] "POST /wp-login.php HTTP/1.1" 200 9078 "-" "Mozilla/5.0"
95.5.106.126 - - [19/Mar/2026:15:24:24 -0300] "GET /2026/01/27/work-for-online-casino/ HTTP/1.1" 200 28171 "-" "Mozilla/5.0 (Macintosh; Intel Mac OS X 12_5) AppleWebKit/537.36 (KHTML, like Gecko) Chrome/114.0.0.0 Safari/537.36"
52.167.144.225 - - [19/Mar/2026:15:26:48 -0300] "GET /13654552?special=0013597417 HTTP/1.1" 200 190347 "-" "Mozilla/5.0 AppleWebKit/537.36 (KHTML, like Gecko; compatible; bingbot/2.0; +http://www.bing.com/bingbot.htm) Chrome/116.0.1938.76 Safari/537.36"
52.167.144.222 - - [19/Mar/2026:15:26:52 -0300] "GET /4453840?special=0004435365 HTTP/1.1" 200 189246 "-" "Mozilla/5.0 AppleWebKit/537.36 (KHTML, like Gecko; compatible; bingbot/2.0; +http://www.bing.com/bingbot.htm) Chrome/116.0.1938.76 Safari/537.36"
148.113.128.7 - - [19/Mar/2026:15:28:00 -0300] "GET /6732782?special=0006704732 HTTP/1.1" 404 19866 "-" "Mozilla/5.0 (compatible; AhrefsBot/7.0; +http://ahrefs.com/robot/)"
51.161.65.56 - - [19/Mar/2026:15:28:52 -0300] "GET /6722878?special=0006694868 HTTP/1.1" 404 19866 "-" "Mozilla/5.0 (compatible; AhrefsBot/7.0; +http://ahrefs.com/robot/)"
