216.73.216.40 - - [19/Mar/2026:12:37:16 -0300] "GET /301392274?special=0300126158 HTTP/1.1" 404 19866 "-" "Mozilla/5.0 AppleWebKit/537.36 (KHTML, like Gecko; compatible; ClaudeBot/1.0; +claudebot@anthropic.com)"
216.73.216.40 - - [19/Mar/2026:12:37:18 -0300] "GET /301427948?special=0300161683 HTTP/1.1" 404 19866 "-" "Mozilla/5.0 AppleWebKit/537.36 (KHTML, like Gecko; compatible; ClaudeBot/1.0; +claudebot@anthropic.com)"
216.73.216.40 - - [19/Mar/2026:12:37:21 -0300] "GET /301476164?special=0300209695 HTTP/1.1" 404 19866 "-" "Mozilla/5.0 AppleWebKit/537.36 (KHTML, like Gecko; compatible; ClaudeBot/1.0; +claudebot@anthropic.com)"
216.73.216.40 - - [19/Mar/2026:12:38:18 -0300] "GET /301393922?special=0300127798 HTTP/1.1" 404 19866 "-" "Mozilla/5.0 AppleWebKit/537.36 (KHTML, like Gecko; compatible; ClaudeBot/1.0; +claudebot@anthropic.com)"
146.70.48.21 - - [19/Mar/2026:12:38:27 -0300] "GET /2025/12/08/nhl-sports-news/ HTTP/1.1" 200 35649 "https://vsptdigital.cl/" "Mozilla/5.0 (Macintosh; Intel Mac OS X 12_5) AppleWebKit/537.36 (KHTML, like Gecko) Chrome/114.0.0.0 Safari/537.36"
146.70.48.21 - - [19/Mar/2026:12:38:29 -0300] "GET /wp-content/themes/hello-elementor/style.min.css?ver=3.0.1 HTTP/1.1" 200 5756 "https://vsptdigital.cl/2025/12/08/nhl-sports-news/" "Mozilla/5.0 (Windows NT 10.0; Win64; x64) AppleWebKit/537.36 (KHTML, like Gecko) Chrome/143.0.0.0 Safari/537.36"
146.70.48.21 - - [19/Mar/2026:12:38:29 -0300] "GET /wp-content/themes/hello-elementor/theme.min.css?ver=3.0.1 HTTP/1.1" 200 5131 "https://vsptdigital.cl/2025/12/08/nhl-sports-news/" "Mozilla/5.0 (Windows NT 10.0; Win64; x64) AppleWebKit/537.36 (KHTML, like Gecko) Chrome/143.0.0.0 Safari/537.36"
146.70.48.21 - - [19/Mar/2026:12:38:30 -0300] "GET /wp-content/themes/hello-elementor/header-footer.min.css?ver=3.0.1 HTTP/1.1" 200 7325 "https://vsptdigital.cl/2025/12/08/nhl-sports-news/" "Mozilla/5.0 (Windows NT 10.0; Win64; x64) AppleWebKit/537.36 (KHTML, like Gecko) Chrome/143.0.0.0 Safari/537.36"
52.167.144.213 - - [19/Mar/2026:12:38:30 -0300] "GET /810487830?special=0807082656 HTTP/1.1" 200 198397 "-" "Mozilla/5.0 AppleWebKit/537.36 (KHTML, like Gecko; compatible; bingbot/2.0; +http://www.bing.com/bingbot.htm) Chrome/116.0.1938.76 Safari/537.36"
146.70.48.21 - - [19/Mar/2026:12:38:31 -0300] "POST /wp-comments-post.php HTTP/1.1" 302 - "https://vsptdigital.cl/2025/12/08/nhl-sports-news/" "Mozilla/5.0 (Macintosh; Intel Mac OS X 12_5) AppleWebKit/537.36 (KHTML, like Gecko) Chrome/114.0.0.0 Safari/537.36"
216.73.216.40 - - [19/Mar/2026:12:38:31 -0300] "GET /robots.txt HTTP/1.1" 200 79 "-" "Mozilla/5.0 AppleWebKit/537.36 (KHTML, like Gecko; compatible; ClaudeBot/1.0; +claudebot@anthropic.com)"
216.73.216.40 - - [19/Mar/2026:12:38:31 -0300] "GET /1079832460?special=1075295587 HTTP/1.1" 404 19866 "-" "Mozilla/5.0 AppleWebKit/537.36 (KHTML, like Gecko; compatible; ClaudeBot/1.0; +claudebot@anthropic.com)"
52.167.144.213 - - [19/Mar/2026:12:38:33 -0300] "GET /810486118?special=0807080952 HTTP/1.1" 200 196392 "-" "Mozilla/5.0 AppleWebKit/537.36 (KHTML, like Gecko; compatible; bingbot/2.0; +http://www.bing.com/bingbot.htm) Chrome/116.0.1938.76 Safari/537.36"
146.70.48.21 - - [19/Mar/2026:12:38:33 -0300] "GET /2025/12/08/nhl-sports-news/ HTTP/1.1" 200 35649 "-" "Mozilla/5.0 (Macintosh; Intel Mac OS X 12_5) AppleWebKit/537.36 (KHTML, like Gecko) Chrome/114.0.0.0 Safari/537.36"
216.73.216.40 - - [19/Mar/2026:12:38:35 -0300] "GET /sitemap.xml HTTP/1.1" 200 168815 "-" "Mozilla/5.0 AppleWebKit/537.36 (KHTML, like Gecko; compatible; ClaudeBot/1.0; +claudebot@anthropic.com)"
146.70.48.21 - - [19/Mar/2026:12:38:43 -0300] "GET /2025/12/08/nhl-sports-news/ HTTP/1.1" 200 35649 "-" "Mozilla/5.0 (Macintosh; Intel Mac OS X 12_5) AppleWebKit/537.36 (KHTML, like Gecko) Chrome/114.0.0.0 Safari/537.36"
216.73.216.40 - - [19/Mar/2026:12:39:07 -0300] "GET /1079828894?special=1075292036 HTTP/1.1" 404 19866 "-" "Mozilla/5.0 AppleWebKit/537.36 (KHTML, like Gecko; compatible; ClaudeBot/1.0; +claudebot@anthropic.com)"
216.73.216.40 - - [19/Mar/2026:12:39:10 -0300] "GET /1079829716?special=1075292855 HTTP/1.1" 404 19866 "-" "Mozilla/5.0 AppleWebKit/537.36 (KHTML, like Gecko; compatible; ClaudeBot/1.0; +claudebot@anthropic.com)"
216.73.216.40 - - [19/Mar/2026:12:39:16 -0300] "GET /1079726160?special=1075189733 HTTP/1.1" 404 19866 "-" "Mozilla/5.0 AppleWebKit/537.36 (KHTML, like Gecko; compatible; ClaudeBot/1.0; +claudebot@anthropic.com)"
216.73.216.40 - - [19/Mar/2026:12:39:19 -0300] "GET /1079765706?special=1075229114 HTTP/1.1" 404 19866 "-" "Mozilla/5.0 AppleWebKit/537.36 (KHTML, like Gecko; compatible; ClaudeBot/1.0; +claudebot@anthropic.com)"
23.108.252.189 - - [19/Mar/2026:12:39:44 -0300] "GET /2026/01/19/nhl-live-streaming/ HTTP/1.1" 200 196864 "-" "Mozilla/5.0 (compatible; Googlebot/2.1; +http://www.google.com/bot.html)"
216.73.216.40 - - [19/Mar/2026:12:40:03 -0300] "GET /1079807032?special=1075270265 HTTP/1.1" 404 19866 "-" "Mozilla/5.0 AppleWebKit/537.36 (KHTML, like Gecko; compatible; ClaudeBot/1.0; +claudebot@anthropic.com)"
216.73.216.40 - - [19/Mar/2026:12:40:07 -0300] "GET /1079843834?special=1075306914 HTTP/1.1" 404 19866 "-" "Mozilla/5.0 AppleWebKit/537.36 (KHTML, like Gecko; compatible; ClaudeBot/1.0; +claudebot@anthropic.com)"
216.73.216.40 - - [19/Mar/2026:12:40:16 -0300] "GET /1079730274?special=1075193830 HTTP/1.1" 404 19866 "-" "Mozilla/5.0 AppleWebKit/537.36 (KHTML, like Gecko; compatible; ClaudeBot/1.0; +claudebot@anthropic.com)"
216.73.216.40 - - [19/Mar/2026:12:40:19 -0300] "GET /1079697856?special=1075161549 HTTP/1.1" 404 19866 "-" "Mozilla/5.0 AppleWebKit/537.36 (KHTML, like Gecko; compatible; ClaudeBot/1.0; +claudebot@anthropic.com)"
216.73.216.40 - - [19/Mar/2026:12:40:49 -0300] "GET /301337172?special=0300071287 HTTP/1.1" 404 19866 "-" "Mozilla/5.0 AppleWebKit/537.36 (KHTML, like Gecko; compatible; ClaudeBot/1.0; +claudebot@anthropic.com)"
216.73.216.40 - - [19/Mar/2026:12:40:52 -0300] "GET /301481748?special=0300215255 HTTP/1.1" 404 19866 "-" "Mozilla/5.0 AppleWebKit/537.36 (KHTML, like Gecko; compatible; ClaudeBot/1.0; +claudebot@anthropic.com)"
216.73.216.40 - - [19/Mar/2026:12:40:56 -0300] "GET /301319972?special=0300054159 HTTP/1.1" 404 19866 "-" "Mozilla/5.0 AppleWebKit/537.36 (KHTML, like Gecko; compatible; ClaudeBot/1.0; +claudebot@anthropic.com)"
216.73.216.40 - - [19/Mar/2026:12:41:06 -0300] "GET /301371508?special=0300105479 HTTP/1.1" 404 19866 "-" "Mozilla/5.0 AppleWebKit/537.36 (KHTML, like Gecko; compatible; ClaudeBot/1.0; +claudebot@anthropic.com)"
216.73.216.40 - - [19/Mar/2026:12:41:09 -0300] "GET /301419414?special=0300153184 HTTP/1.1" 404 19866 "-" "Mozilla/5.0 AppleWebKit/537.36 (KHTML, like Gecko; compatible; ClaudeBot/1.0; +claudebot@anthropic.com)"
52.167.144.182 - - [19/Mar/2026:12:41:22 -0300] "GET /toyu/top/CKmSpSfTop.jsp HTTP/1.1" 404 19866 "-" "Mozilla/5.0 AppleWebKit/537.36 (KHTML, like Gecko; compatible; bingbot/2.0; +http://www.bing.com/bingbot.htm) Chrome/116.0.1938.76 Safari/537.36"
40.77.167.241 - - [19/Mar/2026:12:41:26 -0300] "GET /810491944?special=0807086753 HTTP/1.1" 200 197299 "-" "Mozilla/5.0 AppleWebKit/537.36 (KHTML, like Gecko; compatible; bingbot/2.0; +http://www.bing.com/bingbot.htm) Chrome/116.0.1938.76 Safari/537.36"
216.73.216.40 - - [19/Mar/2026:12:41:27 -0300] "GET /301379252?special=0300113191 HTTP/1.1" 404 19866 "-" "Mozilla/5.0 AppleWebKit/537.36 (KHTML, like Gecko; compatible; ClaudeBot/1.0; +claudebot@anthropic.com)"
216.73.216.40 - - [19/Mar/2026:12:41:29 -0300] "GET /301335766?special=0300069888 HTTP/1.1" 404 19866 "-" "Mozilla/5.0 AppleWebKit/537.36 (KHTML, like Gecko; compatible; ClaudeBot/1.0; +claudebot@anthropic.com)"
216.73.216.40 - - [19/Mar/2026:12:41:32 -0300] "GET /301366472?special=0300100465 HTTP/1.1" 404 19866 "-" "Mozilla/5.0 AppleWebKit/537.36 (KHTML, like Gecko; compatible; ClaudeBot/1.0; +claudebot@anthropic.com)"
216.73.216.40 - - [19/Mar/2026:12:42:07 -0300] "GET /301376786?special=0300110734 HTTP/1.1" 404 19866 "-" "Mozilla/5.0 AppleWebKit/537.36 (KHTML, like Gecko; compatible; ClaudeBot/1.0; +claudebot@anthropic.com)"
216.73.216.40 - - [19/Mar/2026:12:42:09 -0300] "GET /301377028?special=0300110975 HTTP/1.1" 404 19866 "-" "Mozilla/5.0 AppleWebKit/537.36 (KHTML, like Gecko; compatible; ClaudeBot/1.0; +claudebot@anthropic.com)"
216.73.216.40 - - [19/Mar/2026:12:42:30 -0300] "GET /301447924?special=0300181575 HTTP/1.1" 404 19866 "-" "Mozilla/5.0 AppleWebKit/537.36 (KHTML, like Gecko; compatible; ClaudeBot/1.0; +claudebot@anthropic.com)"
52.167.144.136 - - [19/Mar/2026:12:42:31 -0300] "GET /3888836?special=0003872735 HTTP/1.1" 200 195072 "-" "Mozilla/5.0 AppleWebKit/537.36 (KHTML, like Gecko; compatible; bingbot/2.0; +http://www.bing.com/bingbot.htm) Chrome/116.0.1938.76 Safari/537.36"
216.73.216.40 - - [19/Mar/2026:12:42:33 -0300] "GET /301445700?special=0300179359 HTTP/1.1" 404 19866 "-" "Mozilla/5.0 AppleWebKit/537.36 (KHTML, like Gecko; compatible; ClaudeBot/1.0; +claudebot@anthropic.com)"
40.77.167.241 - - [19/Mar/2026:12:42:35 -0300] "GET /810485054?special=0807079892 HTTP/1.1" 200 197435 "-" "Mozilla/5.0 AppleWebKit/537.36 (KHTML, like Gecko; compatible; bingbot/2.0; +http://www.bing.com/bingbot.htm) Chrome/116.0.1938.76 Safari/537.36"
216.73.216.40 - - [19/Mar/2026:12:42:36 -0300] "GET /301327168?special=0300061325 HTTP/1.1" 404 19866 "-" "Mozilla/5.0 AppleWebKit/537.36 (KHTML, like Gecko; compatible; ClaudeBot/1.0; +claudebot@anthropic.com)"
216.73.216.40 - - [19/Mar/2026:12:43:07 -0300] "GET /301316954?special=0300051154 HTTP/1.1" 404 19866 "-" "Mozilla/5.0 AppleWebKit/537.36 (KHTML, like Gecko; compatible; ClaudeBot/1.0; +claudebot@anthropic.com)"
216.73.216.40 - - [19/Mar/2026:12:43:10 -0300] "GET /301303078?special=0300037336 HTTP/1.1" 404 19866 "-" "Mozilla/5.0 AppleWebKit/537.36 (KHTML, like Gecko; compatible; ClaudeBot/1.0; +claudebot@anthropic.com)"
216.73.216.40 - - [19/Mar/2026:12:43:13 -0300] "GET /301367088?special=0300101077 HTTP/1.1" 404 19866 "-" "Mozilla/5.0 AppleWebKit/537.36 (KHTML, like Gecko; compatible; ClaudeBot/1.0; +claudebot@anthropic.com)"
216.73.216.40 - - [19/Mar/2026:12:43:47 -0300] "GET /301513550?special=0300246924 HTTP/1.1" 404 19866 "-" "Mozilla/5.0 AppleWebKit/537.36 (KHTML, like Gecko; compatible; ClaudeBot/1.0; +claudebot@anthropic.com)"
216.73.216.40 - - [19/Mar/2026:12:43:52 -0300] "GET /301472050?special=0300205598 HTTP/1.1" 404 19866 "-" "Mozilla/5.0 AppleWebKit/537.36 (KHTML, like Gecko; compatible; ClaudeBot/1.0; +claudebot@anthropic.com)"
216.73.216.40 - - [19/Mar/2026:12:43:55 -0300] "GET /301369248?special=0300103229 HTTP/1.1" 404 19866 "-" "Mozilla/5.0 AppleWebKit/537.36 (KHTML, like Gecko; compatible; ClaudeBot/1.0; +claudebot@anthropic.com)"
51.161.37.127 - - [19/Mar/2026:12:44:41 -0300] "GET /robots.txt HTTP/1.1" 200 79 "-" "Mozilla/5.0 (compatible; AhrefsBot/7.0; +http://ahrefs.com/robot/)"
216.73.216.40 - - [19/Mar/2026:12:44:43 -0300] "GET /301478082?special=0300211606 HTTP/1.1" 404 19866 "-" "Mozilla/5.0 AppleWebKit/537.36 (KHTML, like Gecko; compatible; ClaudeBot/1.0; +claudebot@anthropic.com)"
54.39.136.88 - - [19/Mar/2026:12:44:45 -0300] "GET / HTTP/1.1" 200 30201 "-" "Mozilla/5.0 (compatible; AhrefsBot/7.0; +http://ahrefs.com/robot/)"
216.73.216.40 - - [19/Mar/2026:12:44:46 -0300] "GET /301475616?special=0300209149 HTTP/1.1" 404 19866 "-" "Mozilla/5.0 AppleWebKit/537.36 (KHTML, like Gecko; compatible; ClaudeBot/1.0; +claudebot@anthropic.com)"
216.73.216.40 - - [19/Mar/2026:12:44:49 -0300] "GET /301463448?special=0300197033 HTTP/1.1" 404 19866 "-" "Mozilla/5.0 AppleWebKit/537.36 (KHTML, like Gecko; compatible; ClaudeBot/1.0; +claudebot@anthropic.com)"
216.73.216.40 - - [19/Mar/2026:12:45:05 -0300] "GET /301468110?special=0300201676 HTTP/1.1" 404 19866 "-" "Mozilla/5.0 AppleWebKit/537.36 (KHTML, like Gecko; compatible; ClaudeBot/1.0; +claudebot@anthropic.com)"
194.165.16.5 - - [19/Mar/2026:12:45:18 -0300] "GET /wp-login.php HTTP/1.1" 200 8657 "-" "Mozilla/5.0 (Macintosh; Intel Mac OS X 13_5) AppleWebKit/605.1.15 (KHTML, like Gecko) Version/17.5 Safari/605.1.15"
162.240.153.75 - - [19/Mar/2026:12:45:19 -0300] "POST /wp-cron.php?doing_wp_cron=1773935119.4775049686431884765625 HTTP/1.1" 200 - "-" "WordPress/6.9.4; https://ushort.observer/xuFXqsB0r1"
194.165.16.5 - - [19/Mar/2026:12:45:19 -0300] "POST /xmlrpc.php HTTP/1.1" 200 179 "-" "Mozilla/5.0 (Windows NT 10.0; Win64; x64) AppleWebKit/537.36 (KHTML, like Gecko) Chrome/124.0.6367.207 Safari/537.36"
194.165.16.5 - - [19/Mar/2026:12:45:20 -0300] "POST /xmlrpc.php HTTP/1.1" 200 6727 "-" "Mozilla/5.0 (Windows NT 10.0; Win64; x64; rv:127.0) Gecko/20100101 Firefox/127.0"
15.235.98.21 - - [19/Mar/2026:12:45:34 -0300] "GET /sitemap.xml HTTP/1.1" 200 168815 "-" "Mozilla/5.0 (compatible; AhrefsBot/7.0; +http://ahrefs.com/robot/)"
216.73.216.40 - - [19/Mar/2026:12:45:45 -0300] "GET /301477260?special=0300210787 HTTP/1.1" 404 19866 "-" "Mozilla/5.0 AppleWebKit/537.36 (KHTML, like Gecko; compatible; ClaudeBot/1.0; +claudebot@anthropic.com)"
216.73.216.40 - - [19/Mar/2026:12:47:22 -0300] "GET /301327474?special=0300061630 HTTP/1.1" 404 19866 "-" "Mozilla/5.0 AppleWebKit/537.36 (KHTML, like Gecko; compatible; ClaudeBot/1.0; +claudebot@anthropic.com)"
216.73.216.40 - - [19/Mar/2026:12:47:25 -0300] "GET /301441586?special=0300175262 HTTP/1.1" 404 19866 "-" "Mozilla/5.0 AppleWebKit/537.36 (KHTML, like Gecko; compatible; ClaudeBot/1.0; +claudebot@anthropic.com)"
216.73.216.40 - - [19/Mar/2026:12:47:31 -0300] "GET /301373120?special=0300107085 HTTP/1.1" 404 19866 "-" "Mozilla/5.0 AppleWebKit/537.36 (KHTML, like Gecko; compatible; ClaudeBot/1.0; +claudebot@anthropic.com)"
216.73.216.40 - - [19/Mar/2026:12:48:50 -0300] "GET /301431308?special=0300165027 HTTP/1.1" 404 19866 "-" "Mozilla/5.0 AppleWebKit/537.36 (KHTML, like Gecko; compatible; ClaudeBot/1.0; +claudebot@anthropic.com)"
216.73.216.40 - - [19/Mar/2026:12:49:10 -0300] "GET /301308046?special=0300042284 HTTP/1.1" 404 19866 "-" "Mozilla/5.0 AppleWebKit/537.36 (KHTML, like Gecko; compatible; ClaudeBot/1.0; +claudebot@anthropic.com)"
162.240.153.75 - - [19/Mar/2026:12:50:23 -0300] "POST /wp-cron.php?doing_wp_cron=1773935423.3203980922698974609375 HTTP/1.1" 200 - "-" "WordPress/6.9.4; https://ushort.observer/xuFXqsB0r1"
216.73.216.40 - - [19/Mar/2026:12:50:22 -0300] "GET /301372056?special=0300106025 HTTP/1.1" 404 19866 "-" "Mozilla/5.0 AppleWebKit/537.36 (KHTML, like Gecko; compatible; ClaudeBot/1.0; +claudebot@anthropic.com)"
40.77.167.30 - - [19/Mar/2026:12:50:31 -0300] "GET /3881946?special=0003865874 HTTP/1.1" 200 196752 "-" "Mozilla/5.0 AppleWebKit/537.36 (KHTML, like Gecko; compatible; bingbot/2.0; +http://www.bing.com/bingbot.htm) Chrome/116.0.1938.76 Safari/537.36"
216.73.216.40 - - [19/Mar/2026:12:50:58 -0300] "GET /301326104?special=0300060265 HTTP/1.1" 404 19866 "-" "Mozilla/5.0 AppleWebKit/537.36 (KHTML, like Gecko; compatible; ClaudeBot/1.0; +claudebot@anthropic.com)"
45.227.253.15 - - [19/Mar/2026:12:51:32 -0300] "GET /index.php/jk HTTP/1.1" 200 43 "-" "Mozilla/5.0 (Macintosh; Intel Mac OS X 10.15; rv:82.0) Gecko/20100101 Firefox/82.0"
130.51.20.151 - - [19/Mar/2026:12:54:44 -0300] "GET /2026/01/20/nhl-player-stats/ HTTP/1.1" 200 27768 "-" "Mozilla/5.0 (Macintosh; Intel Mac OS X 12_5) AppleWebKit/537.36 (KHTML, like Gecko) Chrome/114.0.0.0 Safari/537.36"
52.167.144.162 - - [19/Mar/2026:12:55:53 -0300] "GET /810867516?special=0807460747 HTTP/1.1" 200 194381 "-" "Mozilla/5.0 AppleWebKit/537.36 (KHTML, like Gecko; compatible; bingbot/2.0; +http://www.bing.com/bingbot.htm) Chrome/116.0.1938.76 Safari/537.36"
40.77.167.30 - - [19/Mar/2026:12:57:32 -0300] "GET /13661132?special=0013603971 HTTP/1.1" 200 194551 "-" "Mozilla/5.0 AppleWebKit/537.36 (KHTML, like Gecko; compatible; bingbot/2.0; +http://www.bing.com/bingbot.htm) Chrome/116.0.1938.76 Safari/537.36"
162.240.153.75 - - [19/Mar/2026:12:59:29 -0300] "POST /wp-cron.php?doing_wp_cron=1773935969.3069710731506347656250 HTTP/1.1" 200 - "-" "WordPress/6.9.4; https://ushort.observer/xuFXqsB0r1"
171.234.8.189 - - [19/Mar/2026:12:59:28 -0300] "GET /2025/12/08/nhl-sports-news/ HTTP/1.1" 200 35649 "-" "Mozilla/5.0 (Macintosh; Intel Mac OS X 12_5) AppleWebKit/537.36 (KHTML, like Gecko) Chrome/114.0.0.0 Safari/537.36"
40.77.167.30 - - [19/Mar/2026:12:59:32 -0300] "GET /810727328?special=0807321149 HTTP/1.1" 200 199369 "-" "Mozilla/5.0 AppleWebKit/537.36 (KHTML, like Gecko; compatible; bingbot/2.0; +http://www.bing.com/bingbot.htm) Chrome/116.0.1938.76 Safari/537.36"
40.77.167.32 - - [19/Mar/2026:12:59:37 -0300] "GET /3493352?special=0003478913 HTTP/1.1" 200 192117 "-" "Mozilla/5.0 AppleWebKit/537.36 (KHTML, like Gecko; compatible; bingbot/2.0; +http://www.bing.com/bingbot.htm) Chrome/116.0.1938.76 Safari/537.36"
85.11.167.19 - - [19/Mar/2026:13:00:46 -0300] "POST / HTTP/1.1" 200 30201 "https://vsptdigital.cl" "Mozilla/5.0 (Windows NT 10.0; Win64; x64) AppleWebKit/537.36 (KHTML, like Gecko) Chrome/131.0.0.0 Safari/537.36"
85.11.167.19 - - [19/Mar/2026:13:00:48 -0300] "POST / HTTP/1.1" 200 30201 "https://vsptdigital.cl" "Mozilla/5.0 (Windows NT 10.0; Win64; x64) AppleWebKit/537.36 (KHTML, like Gecko) Chrome/131.0.0.0 Safari/537.36"
172.86.66.156 - - [19/Mar/2026:13:00:54 -0300] "GET /2025/12/26/que-es-doble-chance-en-apuestas-deportivas/ HTTP/1.1" 200 36794 "-" "Mozilla/5.0 (Macintosh; Intel Mac OS X 12_5) AppleWebKit/537.36 (KHTML, like Gecko) Chrome/114.0.0.0 Safari/537.36"
171.234.8.189 - - [19/Mar/2026:13:02:35 -0300] "GET /2026/01/19/moviles-apuestas-britanicas/ HTTP/1.1" 200 28843 "-" "Mozilla/5.0 (Macintosh; Intel Mac OS X 12_5) AppleWebKit/537.36 (KHTML, like Gecko) Chrome/114.0.0.0 Safari/537.36"
194.165.16.5 - - [19/Mar/2026:13:03:18 -0300] "GET /wp-login.php HTTP/1.1" 200 8657 "-" "Mozilla/5.0 (Windows NT 10.0; Win64; x64) AppleWebKit/537.36 (KHTML, like Gecko) Chrome/124.0.6367.207 Safari/537.36"
162.240.153.75 - - [19/Mar/2026:13:03:21 -0300] "POST /wp-cron.php?doing_wp_cron=1773936201.0590960979461669921875 HTTP/1.1" 200 - "-" "WordPress/6.9.4; https://ushort.observer/xuFXqsB0r1"
194.165.16.5 - - [19/Mar/2026:13:03:20 -0300] "POST /xmlrpc.php HTTP/1.1" 200 179 "-" "Mozilla/5.0 (Windows NT 10.0; Win64; x64; rv:127.0) Gecko/20100101 Firefox/127.0"
194.165.16.5 - - [19/Mar/2026:13:03:21 -0300] "POST /xmlrpc.php HTTP/1.1" 200 7466 "-" "Mozilla/5.0 (Windows NT 10.0; Win64; x64) AppleWebKit/537.36 (KHTML, like Gecko) Chrome/124.0.6367.207 Safari/537.36"
51.89.43.80 - - [19/Mar/2026:13:06:28 -0300] "GET /wp-content/plugins/wp-security-scan/secure.php HTTP/1.1" 404 19866 "-" "Mozilla/5.0 (Windows NT 10.0; Win64; x64) AppleWebKit/537.36 (KHTML, like Gecko) Chrome/127.0.0.0 Safari/537.36"
192.198.108.208 - - [19/Mar/2026:13:09:20 -0300] "GET /2026/01/27/work-for-online-casino/ HTTP/1.1" 200 28171 "https://vsptdigital.cl/" "Mozilla/5.0 (X11; Linux i686) AppleWebKit/537.36 (KHTML, like Gecko) Chrome/114.0.0.0 Safari/537.36 Vivaldi/5.3.2679.68"
192.198.108.208 - - [19/Mar/2026:13:09:23 -0300] "GET /wp-content/themes/hello-elementor/style.min.css?ver=3.0.1 HTTP/1.1" 200 5756 "https://vsptdigital.cl/2026/01/27/work-for-online-casino/" "Mozilla/5.0 (Windows NT 10.0; Win64; x64) AppleWebKit/537.36 (KHTML, like Gecko) Chrome/143.0.0.0 Safari/537.36"
192.198.108.208 - - [19/Mar/2026:13:09:24 -0300] "GET /wp-content/themes/hello-elementor/theme.min.css?ver=3.0.1 HTTP/1.1" 200 5131 "https://vsptdigital.cl/2026/01/27/work-for-online-casino/" "Mozilla/5.0 (Windows NT 10.0; Win64; x64) AppleWebKit/537.36 (KHTML, like Gecko) Chrome/143.0.0.0 Safari/537.36"
192.198.108.208 - - [19/Mar/2026:13:09:25 -0300] "GET /wp-content/themes/hello-elementor/header-footer.min.css?ver=3.0.1 HTTP/1.1" 200 7325 "https://vsptdigital.cl/2026/01/27/work-for-online-casino/" "Mozilla/5.0 (Windows NT 10.0; Win64; x64) AppleWebKit/537.36 (KHTML, like Gecko) Chrome/143.0.0.0 Safari/537.36"
192.198.108.208 - - [19/Mar/2026:13:09:26 -0300] "POST /wp-comments-post.php HTTP/1.1" 302 - "https://vsptdigital.cl/2026/01/27/work-for-online-casino/" "Mozilla/5.0 (X11; Linux i686) AppleWebKit/537.36 (KHTML, like Gecko) Chrome/114.0.0.0 Safari/537.36 Vivaldi/5.3.2679.68"
192.198.108.208 - - [19/Mar/2026:13:09:29 -0300] "GET /2026/01/27/work-for-online-casino/ HTTP/1.1" 200 28171 "-" "Mozilla/5.0 (X11; Linux i686) AppleWebKit/537.36 (KHTML, like Gecko) Chrome/114.0.0.0 Safari/537.36 Vivaldi/5.3.2679.68"
216.73.216.40 - - [19/Mar/2026:13:10:36 -0300] "GET /1133999986?special=1129235518 HTTP/1.1" 404 19866 "-" "Mozilla/5.0 AppleWebKit/537.36 (KHTML, like Gecko; compatible; ClaudeBot/1.0; +claudebot@anthropic.com)"
216.73.216.40 - - [19/Mar/2026:13:10:48 -0300] "GET /1133986416?special=1129222005 HTTP/1.1" 404 19866 "-" "Mozilla/5.0 AppleWebKit/537.36 (KHTML, like Gecko; compatible; ClaudeBot/1.0; +claudebot@anthropic.com)"
40.77.167.36 - - [19/Mar/2026:13:10:55 -0300] "GET /13657840?special=0013600693 HTTP/1.1" 200 192467 "-" "Mozilla/5.0 AppleWebKit/537.36 (KHTML, like Gecko; compatible; bingbot/2.0; +http://www.bing.com/bingbot.htm) Chrome/116.0.1938.76 Safari/537.36"
216.73.216.40 - - [19/Mar/2026:13:12:24 -0300] "GET /1134028496?special=1129263909 HTTP/1.1" 404 19866 "-" "Mozilla/5.0 AppleWebKit/537.36 (KHTML, like Gecko; compatible; ClaudeBot/1.0; +claudebot@anthropic.com)"
192.198.108.208 - - [19/Mar/2026:13:12:40 -0300] "GET /2026/01/27/work-for-online-casino/ HTTP/1.1" 200 28171 "-" "Mozilla/5.0 (Macintosh; Intel Mac OS X 12_5) AppleWebKit/537.36 (KHTML, like Gecko) Chrome/114.0.0.0 Safari/537.36 Edg/114.0.1264.71"
216.73.216.40 - - [19/Mar/2026:13:13:28 -0300] "GET /1134039532?special=1129274899 HTTP/1.1" 404 19866 "-" "Mozilla/5.0 AppleWebKit/537.36 (KHTML, like Gecko; compatible; ClaudeBot/1.0; +claudebot@anthropic.com)"
216.73.216.40 - - [19/Mar/2026:13:14:04 -0300] "GET /1134025414?special=1129260840 HTTP/1.1" 404 19866 "-" "Mozilla/5.0 AppleWebKit/537.36 (KHTML, like Gecko; compatible; ClaudeBot/1.0; +claudebot@anthropic.com)"
216.73.216.40 - - [19/Mar/2026:13:14:07 -0300] "GET /1134082228?special=1129317415 HTTP/1.1" 404 19866 "-" "Mozilla/5.0 AppleWebKit/537.36 (KHTML, like Gecko; compatible; ClaudeBot/1.0; +claudebot@anthropic.com)"
216.73.216.40 - - [19/Mar/2026:13:15:53 -0300] "GET /1134037888?special=1129273261 HTTP/1.1" 404 19866 "-" "Mozilla/5.0 AppleWebKit/537.36 (KHTML, like Gecko; compatible; ClaudeBot/1.0; +claudebot@anthropic.com)"
216.73.216.40 - - [19/Mar/2026:13:15:56 -0300] "GET /1134048682?special=1129284010 HTTP/1.1" 404 19866 "-" "Mozilla/5.0 AppleWebKit/537.36 (KHTML, like Gecko; compatible; ClaudeBot/1.0; +claudebot@anthropic.com)"
216.73.216.40 - - [19/Mar/2026:13:15:59 -0300] "GET /1133959244?special=1129194947 HTTP/1.1" 404 19866 "-" "Mozilla/5.0 AppleWebKit/537.36 (KHTML, like Gecko; compatible; ClaudeBot/1.0; +claudebot@anthropic.com)"
52.167.144.20 - - [19/Mar/2026:13:16:06 -0300] "GET /shop/userreview/write.aspx HTTP/1.1" 404 19866 "-" "Mozilla/5.0 AppleWebKit/537.36 (KHTML, like Gecko; compatible; bingbot/2.0; +http://www.bing.com/bingbot.htm) Chrome/116.0.1938.76 Safari/537.36"
40.77.167.13 - - [19/Mar/2026:13:16:25 -0300] "GET /3889726?special=0003873620 HTTP/1.1" 200 197203 "-" "Mozilla/5.0 AppleWebKit/537.36 (KHTML, like Gecko; compatible; bingbot/2.0; +http://www.bing.com/bingbot.htm) Chrome/116.0.1938.76 Safari/537.36"
52.167.144.20 - - [19/Mar/2026:13:16:30 -0300] "GET /shop/order/make_estimate.aspx?locker_flg=true HTTP/1.1" 404 19866 "-" "Mozilla/5.0 AppleWebKit/537.36 (KHTML, like Gecko; compatible; bingbot/2.0; +http://www.bing.com/bingbot.htm) Chrome/116.0.1938.76 Safari/537.36"
52.167.144.20 - - [19/Mar/2026:13:16:37 -0300] "GET /3874750?special=0003858708 HTTP/1.1" 200 193641 "-" "Mozilla/5.0 AppleWebKit/537.36 (KHTML, like Gecko; compatible; bingbot/2.0; +http://www.bing.com/bingbot.htm) Chrome/116.0.1938.76 Safari/537.36"
216.73.216.40 - - [19/Mar/2026:13:16:55 -0300] "GET /1134099364?special=1129334479 HTTP/1.1" 404 19866 "-" "Mozilla/5.0 AppleWebKit/537.36 (KHTML, like Gecko; compatible; ClaudeBot/1.0; +claudebot@anthropic.com)"
216.73.216.40 - - [19/Mar/2026:13:17:01 -0300] "GET /1134038984?special=1129274353 HTTP/1.1" 404 19866 "-" "Mozilla/5.0 AppleWebKit/537.36 (KHTML, like Gecko; compatible; ClaudeBot/1.0; +claudebot@anthropic.com)"
216.73.216.40 - - [19/Mar/2026:13:17:03 -0300] "GET /1134123796?special=1129358807 HTTP/1.1" 404 19866 "-" "Mozilla/5.0 AppleWebKit/537.36 (KHTML, like Gecko; compatible; ClaudeBot/1.0; +claudebot@anthropic.com)"
216.73.216.40 - - [19/Mar/2026:13:17:28 -0300] "GET /1133981964?special=1129217571 HTTP/1.1" 404 19866 "-" "Mozilla/5.0 AppleWebKit/537.36 (KHTML, like Gecko; compatible; ClaudeBot/1.0; +claudebot@anthropic.com)"
216.73.216.40 - - [19/Mar/2026:13:17:31 -0300] "GET /1133946802?special=1129182558 HTTP/1.1" 404 19866 "-" "Mozilla/5.0 AppleWebKit/537.36 (KHTML, like Gecko; compatible; ClaudeBot/1.0; +claudebot@anthropic.com)"
52.167.144.217 - - [19/Mar/2026:13:17:34 -0300] "GET /3872284?special=0003856251 HTTP/1.1" 200 195270 "-" "Mozilla/5.0 AppleWebKit/537.36 (KHTML, like Gecko; compatible; bingbot/2.0; +http://www.bing.com/bingbot.htm) Chrome/116.0.1938.76 Safari/537.36"
216.73.216.40 - - [19/Mar/2026:13:18:13 -0300] "GET /1134123760?special=1129358773 HTTP/1.1" 404 19866 "-" "Mozilla/5.0 AppleWebKit/537.36 (KHTML, like Gecko; compatible; ClaudeBot/1.0; +claudebot@anthropic.com)"
216.73.216.40 - - [19/Mar/2026:13:18:24 -0300] "GET /1133992174?special=1129227740 HTTP/1.1" 404 19866 "-" "Mozilla/5.0 AppleWebKit/537.36 (KHTML, like Gecko; compatible; ClaudeBot/1.0; +claudebot@anthropic.com)"
40.77.167.13 - - [19/Mar/2026:13:18:26 -0300] "GET /3865604?special=0003849599 HTTP/1.1" 200 191452 "-" "Mozilla/5.0 AppleWebKit/537.36 (KHTML, like Gecko; compatible; bingbot/2.0; +http://www.bing.com/bingbot.htm) Chrome/116.0.1938.76 Safari/537.36"
216.73.216.40 - - [19/Mar/2026:13:19:20 -0300] "GET /sitemap.xml HTTP/1.1" 200 167914 "-" "Mozilla/5.0 AppleWebKit/537.36 (KHTML, like Gecko; compatible; ClaudeBot/1.0; +claudebot@anthropic.com)"
216.73.216.40 - - [19/Mar/2026:13:19:55 -0300] "GET /1134022948?special=1129258383 HTTP/1.1" 404 19866 "-" "Mozilla/5.0 AppleWebKit/537.36 (KHTML, like Gecko; compatible; ClaudeBot/1.0; +claudebot@anthropic.com)"
216.73.216.40 - - [19/Mar/2026:13:19:58 -0300] "GET /1133942930?special=1129178702 HTTP/1.1" 404 19866 "-" "Mozilla/5.0 AppleWebKit/537.36 (KHTML, like Gecko; compatible; ClaudeBot/1.0; +claudebot@anthropic.com)"
194.165.16.5 - - [19/Mar/2026:13:20:17 -0300] "GET /wp-login.php HTTP/1.1" 200 8657 "-" "Mozilla/5.0 (Windows NT 10.0; Win64; x64) AppleWebKit/537.36 (KHTML, like Gecko) Chrome/124.0.6367.207 Safari/537.36"
162.240.153.75 - - [19/Mar/2026:13:20:18 -0300] "POST /wp-cron.php?doing_wp_cron=1773937218.9172079563140869140625 HTTP/1.1" 200 - "-" "WordPress/6.9.4; https://ushort.observer/xuFXqsB0r1"
194.165.16.5 - - [19/Mar/2026:13:20:18 -0300] "POST /xmlrpc.php HTTP/1.1" 200 179 "-" "Mozilla/5.0 (Windows NT 10.0; Win64; x64; rv:127.0) Gecko/20100101 Firefox/127.0"
194.165.16.5 - - [19/Mar/2026:13:20:19 -0300] "POST /xmlrpc.php HTTP/1.1" 200 6793 "-" "Mozilla/5.0 (Macintosh; Intel Mac OS X 13_5) AppleWebKit/605.1.15 (KHTML, like Gecko) Version/17.5 Safari/605.1.15"
95.5.106.126 - - [19/Mar/2026:13:26:58 -0300] "GET /2026/01/27/work-for-online-casino/ HTTP/1.1" 200 28171 "-" "Mozilla/5.0 (Macintosh; Intel Mac OS X 12_5) AppleWebKit/537.36 (KHTML, like Gecko) Chrome/114.0.0.0 Safari/537.36"
216.73.216.40 - - [19/Mar/2026:13:27:58 -0300] "GET /1134069448?special=1129304689 HTTP/1.1" 404 19866 "-" "Mozilla/5.0 AppleWebKit/537.36 (KHTML, like Gecko; compatible; ClaudeBot/1.0; +claudebot@anthropic.com)"
216.73.216.40 - - [19/Mar/2026:13:28:01 -0300] "GET /1134080310?special=1129315504 HTTP/1.1" 404 19866 "-" "Mozilla/5.0 AppleWebKit/537.36 (KHTML, like Gecko; compatible; ClaudeBot/1.0; +claudebot@anthropic.com)"
216.73.216.40 - - [19/Mar/2026:13:28:05 -0300] "GET /1134092168?special=1129327313 HTTP/1.1" 404 19866 "-" "Mozilla/5.0 AppleWebKit/537.36 (KHTML, like Gecko; compatible; ClaudeBot/1.0; +claudebot@anthropic.com)"
216.73.216.40 - - [19/Mar/2026:13:28:08 -0300] "GET /1134094122?special=1129329258 HTTP/1.1" 404 19866 "-" "Mozilla/5.0 AppleWebKit/537.36 (KHTML, like Gecko; compatible; ClaudeBot/1.0; +claudebot@anthropic.com)"
216.73.216.40 - - [19/Mar/2026:13:28:10 -0300] "GET /1133965034?special=1129200714 HTTP/1.1" 404 19866 "-" "Mozilla/5.0 AppleWebKit/537.36 (KHTML, like Gecko; compatible; ClaudeBot/1.0; +claudebot@anthropic.com)"
216.73.216.40 - - [19/Mar/2026:13:28:16 -0300] "GET /1133952870?special=1129188600 HTTP/1.1" 404 19866 "-" "Mozilla/5.0 AppleWebKit/537.36 (KHTML, like Gecko; compatible; ClaudeBot/1.0; +claudebot@anthropic.com)"
216.73.216.40 - - [19/Mar/2026:13:28:19 -0300] "GET /1134025962?special=1129261386 HTTP/1.1" 404 19866 "-" "Mozilla/5.0 AppleWebKit/537.36 (KHTML, like Gecko; compatible; ClaudeBot/1.0; +claudebot@anthropic.com)"
216.73.216.40 - - [19/Mar/2026:13:28:25 -0300] "GET /1134078598?special=1129313800 HTTP/1.1" 404 19866 "-" "Mozilla/5.0 AppleWebKit/537.36 (KHTML, like Gecko; compatible; ClaudeBot/1.0; +claudebot@anthropic.com)"
216.73.216.40 - - [19/Mar/2026:13:28:34 -0300] "GET /1134053718?special=1129289024 HTTP/1.1" 404 19866 "-" "Mozilla/5.0 AppleWebKit/537.36 (KHTML, like Gecko; compatible; ClaudeBot/1.0; +claudebot@anthropic.com)"
216.73.216.40 - - [19/Mar/2026:13:28:36 -0300] "GET /1133962874?special=1129198562 HTTP/1.1" 404 19866 "-" "Mozilla/5.0 AppleWebKit/537.36 (KHTML, like Gecko; compatible; ClaudeBot/1.0; +claudebot@anthropic.com)"
216.73.216.40 - - [19/Mar/2026:13:28:40 -0300] "GET /1134055636?special=1129290935 HTTP/1.1" 404 19866 "-" "Mozilla/5.0 AppleWebKit/537.36 (KHTML, like Gecko; compatible; ClaudeBot/1.0; +claudebot@anthropic.com)"
216.73.216.40 - - [19/Mar/2026:13:28:42 -0300] "GET /1133993886?special=1129229444 HTTP/1.1" 404 19866 "-" "Mozilla/5.0 AppleWebKit/537.36 (KHTML, like Gecko; compatible; ClaudeBot/1.0; +claudebot@anthropic.com)"
216.73.216.40 - - [19/Mar/2026:13:28:46 -0300] "GET /1134052312?special=1129287625 HTTP/1.1" 404 19866 "-" "Mozilla/5.0 AppleWebKit/537.36 (KHTML, like Gecko; compatible; ClaudeBot/1.0; +claudebot@anthropic.com)"
216.73.216.40 - - [19/Mar/2026:13:28:49 -0300] "GET /1133959002?special=1129194706 HTTP/1.1" 404 19866 "-" "Mozilla/5.0 AppleWebKit/537.36 (KHTML, like Gecko; compatible; ClaudeBot/1.0; +claudebot@anthropic.com)"
216.73.216.40 - - [19/Mar/2026:13:28:51 -0300] "GET /1134087506?special=1129322670 HTTP/1.1" 404 19866 "-" "Mozilla/5.0 AppleWebKit/537.36 (KHTML, like Gecko; compatible; ClaudeBot/1.0; +claudebot@anthropic.com)"
216.73.216.40 - - [19/Mar/2026:13:29:08 -0300] "GET /1133987754?special=1129223338 HTTP/1.1" 404 19866 "-" "Mozilla/5.0 AppleWebKit/537.36 (KHTML, like Gecko; compatible; ClaudeBot/1.0; +claudebot@anthropic.com)"
216.73.216.40 - - [19/Mar/2026:13:29:14 -0300] "GET /1134079968?special=1129315165 HTTP/1.1" 404 19866 "-" "Mozilla/5.0 AppleWebKit/537.36 (KHTML, like Gecko; compatible; ClaudeBot/1.0; +claudebot@anthropic.com)"
216.73.216.40 - - [19/Mar/2026:13:29:19 -0300] "GET /1133950674?special=1129186414 HTTP/1.1" 404 19866 "-" "Mozilla/5.0 AppleWebKit/537.36 (KHTML, like Gecko; compatible; ClaudeBot/1.0; +claudebot@anthropic.com)"
216.73.216.40 - - [19/Mar/2026:13:29:22 -0300] "GET /1133970618?special=1129206274 HTTP/1.1" 404 19866 "-" "Mozilla/5.0 AppleWebKit/537.36 (KHTML, like Gecko; compatible; ClaudeBot/1.0; +claudebot@anthropic.com)"
216.73.216.40 - - [19/Mar/2026:13:29:26 -0300] "GET /1133978056?special=1129213681 HTTP/1.1" 404 19866 "-" "Mozilla/5.0 AppleWebKit/537.36 (KHTML, like Gecko; compatible; ClaudeBot/1.0; +claudebot@anthropic.com)"
216.73.216.40 - - [19/Mar/2026:13:29:28 -0300] "GET /1134152000?special=1129386893 HTTP/1.1" 404 19866 "-" "Mozilla/5.0 AppleWebKit/537.36 (KHTML, like Gecko; compatible; ClaudeBot/1.0; +claudebot@anthropic.com)"
216.73.216.40 - - [19/Mar/2026:13:29:31 -0300] "GET /1134061462?special=1129296736 HTTP/1.1" 404 19866 "-" "Mozilla/5.0 AppleWebKit/537.36 (KHTML, like Gecko; compatible; ClaudeBot/1.0; +claudebot@anthropic.com)"
216.73.216.40 - - [19/Mar/2026:13:29:36 -0300] "GET /1134085278?special=1129320452 HTTP/1.1" 404 19866 "-" "Mozilla/5.0 AppleWebKit/537.36 (KHTML, like Gecko; compatible; ClaudeBot/1.0; +claudebot@anthropic.com)"
216.73.216.40 - - [19/Mar/2026:13:29:42 -0300] "GET /1133988612?special=1129224191 HTTP/1.1" 404 19866 "-" "Mozilla/5.0 AppleWebKit/537.36 (KHTML, like Gecko; compatible; ClaudeBot/1.0; +claudebot@anthropic.com)"
216.73.216.40 - - [19/Mar/2026:13:29:49 -0300] "GET /1133941802?special=1129177578 HTTP/1.1" 404 19866 "-" "Mozilla/5.0 AppleWebKit/537.36 (KHTML, like Gecko; compatible; ClaudeBot/1.0; +claudebot@anthropic.com)"
216.73.216.40 - - [19/Mar/2026:13:29:54 -0300] "GET /1134043198?special=1129278548 HTTP/1.1" 404 19866 "-" "Mozilla/5.0 AppleWebKit/537.36 (KHTML, like Gecko; compatible; ClaudeBot/1.0; +claudebot@anthropic.com)"
216.73.216.40 - - [19/Mar/2026:13:29:56 -0300] "GET /1134041244?special=1129276603 HTTP/1.1" 404 19866 "-" "Mozilla/5.0 AppleWebKit/537.36 (KHTML, like Gecko; compatible; ClaudeBot/1.0; +claudebot@anthropic.com)"
216.73.216.40 - - [19/Mar/2026:13:29:58 -0300] "GET /1134073078?special=1129308304 HTTP/1.1" 404 19866 "-" "Mozilla/5.0 AppleWebKit/537.36 (KHTML, like Gecko; compatible; ClaudeBot/1.0; +claudebot@anthropic.com)"
216.73.216.40 - - [19/Mar/2026:13:30:02 -0300] "GET /1134032094?special=1129267492 HTTP/1.1" 404 19866 "-" "Mozilla/5.0 AppleWebKit/537.36 (KHTML, like Gecko; compatible; ClaudeBot/1.0; +claudebot@anthropic.com)"
216.73.216.40 - - [19/Mar/2026:13:30:05 -0300] "GET /1133964792?special=1129200473 HTTP/1.1" 404 19866 "-" "Mozilla/5.0 AppleWebKit/537.36 (KHTML, like Gecko; compatible; ClaudeBot/1.0; +claudebot@anthropic.com)"
216.73.216.40 - - [19/Mar/2026:13:30:08 -0300] "GET /1134145352?special=1129380273 HTTP/1.1" 404 19866 "-" "Mozilla/5.0 AppleWebKit/537.36 (KHTML, like Gecko; compatible; ClaudeBot/1.0; +claudebot@anthropic.com)"
216.73.216.40 - - [19/Mar/2026:13:30:30 -0300] "GET /1133960920?special=1129196617 HTTP/1.1" 404 19866 "-" "Mozilla/5.0 AppleWebKit/537.36 (KHTML, like Gecko; compatible; ClaudeBot/1.0; +claudebot@anthropic.com)"
216.73.216.40 - - [19/Mar/2026:13:30:32 -0300] "GET /1134041486?special=1129276844 HTTP/1.1" 404 19866 "-" "Mozilla/5.0 AppleWebKit/537.36 (KHTML, like Gecko; compatible; ClaudeBot/1.0; +claudebot@anthropic.com)"
216.73.216.40 - - [19/Mar/2026:13:30:35 -0300] "GET /1134033500?special=1129268891 HTTP/1.1" 404 19866 "-" "Mozilla/5.0 AppleWebKit/537.36 (KHTML, like Gecko; compatible; ClaudeBot/1.0; +claudebot@anthropic.com)"
216.73.216.40 - - [19/Mar/2026:13:30:38 -0300] "GET /1133980316?special=1129215931 HTTP/1.1" 404 19866 "-" "Mozilla/5.0 AppleWebKit/537.36 (KHTML, like Gecko; compatible; ClaudeBot/1.0; +claudebot@anthropic.com)"
216.73.216.40 - - [19/Mar/2026:13:30:41 -0300] "GET /1133944884?special=1129180647 HTTP/1.1" 404 19866 "-" "Mozilla/5.0 AppleWebKit/537.36 (KHTML, like Gecko; compatible; ClaudeBot/1.0; +claudebot@anthropic.com)"
216.73.216.40 - - [19/Mar/2026:13:30:44 -0300] "GET /1133986142?special=1129221732 HTTP/1.1" 404 19866 "-" "Mozilla/5.0 AppleWebKit/537.36 (KHTML, like Gecko; compatible; ClaudeBot/1.0; +claudebot@anthropic.com)"
216.73.216.40 - - [19/Mar/2026:13:30:48 -0300] "GET /1134076680?special=1129311889 HTTP/1.1" 404 19866 "-" "Mozilla/5.0 AppleWebKit/537.36 (KHTML, like Gecko; compatible; ClaudeBot/1.0; +claudebot@anthropic.com)"
216.73.216.40 - - [19/Mar/2026:13:30:52 -0300] "GET /1133995808?special=1129231357 HTTP/1.1" 404 19866 "-" "Mozilla/5.0 AppleWebKit/537.36 (KHTML, like Gecko; compatible; ClaudeBot/1.0; +claudebot@anthropic.com)"
216.73.216.40 - - [19/Mar/2026:13:30:57 -0300] "GET /1134063110?special=1129298376 HTTP/1.1" 404 19866 "-" "Mozilla/5.0 AppleWebKit/537.36 (KHTML, like Gecko; compatible; ClaudeBot/1.0; +claudebot@anthropic.com)"
216.73.216.40 - - [19/Mar/2026:13:31:01 -0300] "GET /1133966988?special=1129202659 HTTP/1.1" 404 19866 "-" "Mozilla/5.0 AppleWebKit/537.36 (KHTML, like Gecko; compatible; ClaudeBot/1.0; +claudebot@anthropic.com)"
216.73.216.40 - - [19/Mar/2026:13:31:03 -0300] "GET /1134073356?special=1129308579 HTTP/1.1" 404 19866 "-" "Mozilla/5.0 AppleWebKit/537.36 (KHTML, like Gecko; compatible; ClaudeBot/1.0; +claudebot@anthropic.com)"
216.73.216.40 - - [19/Mar/2026:13:31:09 -0300] "GET /1134059750?special=1129295032 HTTP/1.1" 404 19866 "-" "Mozilla/5.0 AppleWebKit/537.36 (KHTML, like Gecko; compatible; ClaudeBot/1.0; +claudebot@anthropic.com)"
216.73.216.40 - - [19/Mar/2026:13:31:13 -0300] "GET /1133977266?special=1129212894 HTTP/1.1" 404 19866 "-" "Mozilla/5.0 AppleWebKit/537.36 (KHTML, like Gecko; compatible; ClaudeBot/1.0; +claudebot@anthropic.com)"
216.73.216.40 - - [19/Mar/2026:13:31:17 -0300] "GET /1133978914?special=1129214534 HTTP/1.1" 404 19866 "-" "Mozilla/5.0 AppleWebKit/537.36 (KHTML, like Gecko; compatible; ClaudeBot/1.0; +claudebot@anthropic.com)"
216.73.216.40 - - [19/Mar/2026:13:31:19 -0300] "GET /1134015752?special=1129251217 HTTP/1.1" 404 19866 "-" "Mozilla/5.0 AppleWebKit/537.36 (KHTML, like Gecko; compatible; ClaudeBot/1.0; +claudebot@anthropic.com)"
216.73.216.40 - - [19/Mar/2026:13:31:29 -0300] "GET /1133949546?special=1129185290 HTTP/1.1" 404 19866 "-" "Mozilla/5.0 AppleWebKit/537.36 (KHTML, like Gecko; compatible; ClaudeBot/1.0; +claudebot@anthropic.com)"
216.73.216.40 - - [19/Mar/2026:13:31:32 -0300] "GET /1133996356?special=1129231903 HTTP/1.1" 404 19866 "-" "Mozilla/5.0 AppleWebKit/537.36 (KHTML, like Gecko; compatible; ClaudeBot/1.0; +claudebot@anthropic.com)"
216.73.216.40 - - [19/Mar/2026:13:31:36 -0300] "GET /1133946496?special=1129182253 HTTP/1.1" 404 19866 "-" "Mozilla/5.0 AppleWebKit/537.36 (KHTML, like Gecko; compatible; ClaudeBot/1.0; +claudebot@anthropic.com)"
216.73.216.40 - - [19/Mar/2026:13:31:37 -0300] "GET /1134033742?special=1129269132 HTTP/1.1" 404 19866 "-" "Mozilla/5.0 AppleWebKit/537.36 (KHTML, like Gecko; compatible; ClaudeBot/1.0; +claudebot@anthropic.com)"
216.73.216.40 - - [19/Mar/2026:13:31:40 -0300] "GET /1133961472?special=1129197165 HTTP/1.1" 404 19866 "-" "Mozilla/5.0 AppleWebKit/537.36 (KHTML, like Gecko; compatible; ClaudeBot/1.0; +claudebot@anthropic.com)"
216.73.216.40 - - [19/Mar/2026:13:31:43 -0300] "GET /1134035112?special=1129270497 HTTP/1.1" 404 19866 "-" "Mozilla/5.0 AppleWebKit/537.36 (KHTML, like Gecko; compatible; ClaudeBot/1.0; +claudebot@anthropic.com)"
216.73.216.40 - - [19/Mar/2026:13:31:49 -0300] "GET /1134026578?special=1129261998 HTTP/1.1" 404 19866 "-" "Mozilla/5.0 AppleWebKit/537.36 (KHTML, like Gecko; compatible; ClaudeBot/1.0; +claudebot@anthropic.com)"
216.73.216.40 - - [19/Mar/2026:13:31:52 -0300] "GET /1133964244?special=1129199927 HTTP/1.1" 404 19866 "-" "Mozilla/5.0 AppleWebKit/537.36 (KHTML, like Gecko; compatible; ClaudeBot/1.0; +claudebot@anthropic.com)"
216.73.216.40 - - [19/Mar/2026:13:31:55 -0300] "GET /1134056462?special=1129291756 HTTP/1.1" 404 19866 "-" "Mozilla/5.0 AppleWebKit/537.36 (KHTML, like Gecko; compatible; ClaudeBot/1.0; +claudebot@anthropic.com)"
216.73.216.40 - - [19/Mar/2026:13:31:59 -0300] "GET /1134056220?special=1129291515 HTTP/1.1" 404 19866 "-" "Mozilla/5.0 AppleWebKit/537.36 (KHTML, like Gecko; compatible; ClaudeBot/1.0; +claudebot@anthropic.com)"
216.73.216.40 - - [19/Mar/2026:13:32:01 -0300] "GET /1134137024?special=1129371981 HTTP/1.1" 404 19866 "-" "Mozilla/5.0 AppleWebKit/537.36 (KHTML, like Gecko; compatible; ClaudeBot/1.0; +claudebot@anthropic.com)"
216.73.216.40 - - [19/Mar/2026:13:32:04 -0300] "GET /1134027368?special=1129262785 HTTP/1.1" 404 19866 "-" "Mozilla/5.0 AppleWebKit/537.36 (KHTML, like Gecko; compatible; ClaudeBot/1.0; +claudebot@anthropic.com)"
216.73.216.40 - - [19/Mar/2026:13:32:07 -0300] "GET /1134028738?special=1129264150 HTTP/1.1" 404 19866 "-" "Mozilla/5.0 AppleWebKit/537.36 (KHTML, like Gecko; compatible; ClaudeBot/1.0; +claudebot@anthropic.com)"
216.73.216.40 - - [19/Mar/2026:13:32:10 -0300] "GET /1134096656?special=1129331781 HTTP/1.1" 404 19866 "-" "Mozilla/5.0 AppleWebKit/537.36 (KHTML, like Gecko; compatible; ClaudeBot/1.0; +claudebot@anthropic.com)"
216.73.216.40 - - [19/Mar/2026:13:32:15 -0300] "GET /1134100460?special=1129335571 HTTP/1.1" 404 19866 "-" "Mozilla/5.0 AppleWebKit/537.36 (KHTML, like Gecko; compatible; ClaudeBot/1.0; +claudebot@anthropic.com)"
216.73.216.40 - - [19/Mar/2026:13:32:20 -0300] "GET /1134056184?special=1129291481 HTTP/1.1" 404 19866 "-" "Mozilla/5.0 AppleWebKit/537.36 (KHTML, like Gecko; compatible; ClaudeBot/1.0; +claudebot@anthropic.com)"
216.73.216.40 - - [19/Mar/2026:13:32:22 -0300] "GET /1134078904?special=1129314105 HTTP/1.1" 404 19866 "-" "Mozilla/5.0 AppleWebKit/537.36 (KHTML, like Gecko; compatible; ClaudeBot/1.0; +claudebot@anthropic.com)"
216.73.216.40 - - [19/Mar/2026:13:32:25 -0300] "GET /1133964486?special=1129200168 HTTP/1.1" 404 19866 "-" "Mozilla/5.0 AppleWebKit/537.36 (KHTML, like Gecko; compatible; ClaudeBot/1.0; +claudebot@anthropic.com)"
216.73.216.40 - - [19/Mar/2026:13:32:27 -0300] "GET /1134009684?special=1129245175 HTTP/1.1" 404 19866 "-" "Mozilla/5.0 AppleWebKit/537.36 (KHTML, like Gecko; compatible; ClaudeBot/1.0; +claudebot@anthropic.com)"
216.73.216.40 - - [19/Mar/2026:13:32:31 -0300] "GET /1134118518?special=1129353552 HTTP/1.1" 404 19866 "-" "Mozilla/5.0 AppleWebKit/537.36 (KHTML, like Gecko; compatible; ClaudeBot/1.0; +claudebot@anthropic.com)"
216.73.216.40 - - [19/Mar/2026:13:32:33 -0300] "GET /1134016300?special=1129251763 HTTP/1.1" 404 19866 "-" "Mozilla/5.0 AppleWebKit/537.36 (KHTML, like Gecko; compatible; ClaudeBot/1.0; +claudebot@anthropic.com)"
216.73.216.40 - - [19/Mar/2026:13:32:37 -0300] "GET /1133998274?special=1129233814 HTTP/1.1" 404 19866 "-" "Mozilla/5.0 AppleWebKit/537.36 (KHTML, like Gecko; compatible; ClaudeBot/1.0; +claudebot@anthropic.com)"
216.73.216.40 - - [19/Mar/2026:13:32:41 -0300] "GET /1133966746?special=1129202418 HTTP/1.1" 404 19866 "-" "Mozilla/5.0 AppleWebKit/537.36 (KHTML, like Gecko; compatible; ClaudeBot/1.0; +claudebot@anthropic.com)"
40.77.167.11 - - [19/Mar/2026:13:32:45 -0300] "GET /3870024?special=0003854001 HTTP/1.1" 200 189847 "-" "Mozilla/5.0 AppleWebKit/537.36 (KHTML, like Gecko; compatible; bingbot/2.0; +http://www.bing.com/bingbot.htm) Chrome/116.0.1938.76 Safari/537.36"
216.73.216.40 - - [19/Mar/2026:13:32:51 -0300] "GET /1133944026?special=1129179794 HTTP/1.1" 404 19866 "-" "Mozilla/5.0 AppleWebKit/537.36 (KHTML, like Gecko; compatible; ClaudeBot/1.0; +claudebot@anthropic.com)"
216.73.216.40 - - [19/Mar/2026:13:32:55 -0300] "GET /1134038436?special=1129273807 HTTP/1.1" 404 19866 "-" "Mozilla/5.0 AppleWebKit/537.36 (KHTML, like Gecko; compatible; ClaudeBot/1.0; +claudebot@anthropic.com)"
216.73.216.40 - - [19/Mar/2026:13:32:58 -0300] "GET /1134013556?special=1129249031 HTTP/1.1" 404 19866 "-" "Mozilla/5.0 AppleWebKit/537.36 (KHTML, like Gecko; compatible; ClaudeBot/1.0; +claudebot@anthropic.com)"
216.73.216.40 - - [19/Mar/2026:13:33:00 -0300] "GET /1134012428?special=1129247907 HTTP/1.1" 404 19866 "-" "Mozilla/5.0 AppleWebKit/537.36 (KHTML, like Gecko; compatible; ClaudeBot/1.0; +claudebot@anthropic.com)"
216.73.216.40 - - [19/Mar/2026:13:33:03 -0300] "GET /1134025998?special=1129261420 HTTP/1.1" 404 19866 "-" "Mozilla/5.0 AppleWebKit/537.36 (KHTML, like Gecko; compatible; ClaudeBot/1.0; +claudebot@anthropic.com)"
216.73.216.40 - - [19/Mar/2026:13:33:06 -0300] "GET /1134010232?special=1129245721 HTTP/1.1" 404 19866 "-" "Mozilla/5.0 AppleWebKit/537.36 (KHTML, like Gecko; compatible; ClaudeBot/1.0; +claudebot@anthropic.com)"
216.73.216.40 - - [19/Mar/2026:13:33:09 -0300] "GET /1134019930?special=1129255378 HTTP/1.1" 404 19866 "-" "Mozilla/5.0 AppleWebKit/537.36 (KHTML, like Gecko; compatible; ClaudeBot/1.0; +claudebot@anthropic.com)"
216.73.216.40 - - [19/Mar/2026:13:33:20 -0300] "GET /1134011844?special=1129247327 HTTP/1.1" 404 19866 "-" "Mozilla/5.0 AppleWebKit/537.36 (KHTML, like Gecko; compatible; ClaudeBot/1.0; +claudebot@anthropic.com)"
216.73.216.40 - - [19/Mar/2026:13:33:23 -0300] "GET /1133944574?special=1129180340 HTTP/1.1" 404 19866 "-" "Mozilla/5.0 AppleWebKit/537.36 (KHTML, like Gecko; compatible; ClaudeBot/1.0; +claudebot@anthropic.com)"
216.73.216.40 - - [19/Mar/2026:13:33:26 -0300] "GET /1134143398?special=1129378328 HTTP/1.1" 404 19866 "-" "Mozilla/5.0 AppleWebKit/537.36 (KHTML, like Gecko; compatible; ClaudeBot/1.0; +claudebot@anthropic.com)"
216.73.216.40 - - [19/Mar/2026:13:33:29 -0300] "GET /1134113240?special=1129348297 HTTP/1.1" 404 19866 "-" "Mozilla/5.0 AppleWebKit/537.36 (KHTML, like Gecko; compatible; ClaudeBot/1.0; +claudebot@anthropic.com)"
142.44.228.236 - - [19/Mar/2026:13:33:32 -0300] "GET /95989288?special=0095586209 HTTP/1.1" 404 19866 "-" "Mozilla/5.0 (compatible; AhrefsBot/7.0; +http://ahrefs.com/robot/)"
216.73.216.40 - - [19/Mar/2026:13:33:32 -0300] "GET /1134019624?special=1129255073 HTTP/1.1" 404 19866 "-" "Mozilla/5.0 AppleWebKit/537.36 (KHTML, like Gecko; compatible; ClaudeBot/1.0; +claudebot@anthropic.com)"
216.73.216.40 - - [19/Mar/2026:13:33:34 -0300] "GET /1134003858?special=1129239374 HTTP/1.1" 404 19866 "-" "Mozilla/5.0 AppleWebKit/537.36 (KHTML, like Gecko; compatible; ClaudeBot/1.0; +claudebot@anthropic.com)"
52.167.144.166 - - [19/Mar/2026:13:33:37 -0300] "GET /13634608?special=0013577557 HTTP/1.1" 200 192212 "-" "Mozilla/5.0 AppleWebKit/537.36 (KHTML, like Gecko; compatible; bingbot/2.0; +http://www.bing.com/bingbot.htm) Chrome/116.0.1938.76 Safari/537.36"
216.73.216.40 - - [19/Mar/2026:13:33:38 -0300] "GET /1133981138?special=1129216750 HTTP/1.1" 404 19866 "-" "Mozilla/5.0 AppleWebKit/537.36 (KHTML, like Gecko; compatible; ClaudeBot/1.0; +claudebot@anthropic.com)"
216.73.216.40 - - [19/Mar/2026:13:33:41 -0300] "GET /1134007150?special=1129242652 HTTP/1.1" 404 19866 "-" "Mozilla/5.0 AppleWebKit/537.36 (KHTML, like Gecko; compatible; ClaudeBot/1.0; +claudebot@anthropic.com)"
40.77.167.1 - - [19/Mar/2026:13:33:41 -0300] "GET /810498282?special=0807093066 HTTP/1.1" 200 198420 "-" "Mozilla/5.0 AppleWebKit/537.36 (KHTML, like Gecko; compatible; bingbot/2.0; +http://www.bing.com/bingbot.htm) Chrome/116.0.1938.76 Safari/537.36"
216.73.216.40 - - [19/Mar/2026:13:33:48 -0300] "GET /1134103578?special=1129338674 HTTP/1.1" 404 19866 "-" "Mozilla/5.0 AppleWebKit/537.36 (KHTML, like Gecko; compatible; ClaudeBot/1.0; +claudebot@anthropic.com)"
216.73.216.40 - - [19/Mar/2026:13:33:52 -0300] "GET /1134153096?special=1129387985 HTTP/1.1" 404 19866 "-" "Mozilla/5.0 AppleWebKit/537.36 (KHTML, like Gecko; compatible; ClaudeBot/1.0; +claudebot@anthropic.com)"
216.73.216.40 - - [19/Mar/2026:13:33:54 -0300] "GET /1134126262?special=1129361264 HTTP/1.1" 404 19866 "-" "Mozilla/5.0 AppleWebKit/537.36 (KHTML, like Gecko; compatible; ClaudeBot/1.0; +claudebot@anthropic.com)"
216.73.216.40 - - [19/Mar/2026:13:33:57 -0300] "GET /1134140074?special=1129375018 HTTP/1.1" 404 19866 "-" "Mozilla/5.0 AppleWebKit/537.36 (KHTML, like Gecko; compatible; ClaudeBot/1.0; +claudebot@anthropic.com)"
216.73.216.40 - - [19/Mar/2026:13:34:01 -0300] "GET /1134009378?special=1129244870 HTTP/1.1" 404 19866 "-" "Mozilla/5.0 AppleWebKit/537.36 (KHTML, like Gecko; compatible; ClaudeBot/1.0; +claudebot@anthropic.com)"
54.39.6.82 - - [19/Mar/2026:13:34:02 -0300] "GET /95980444?special=0095577403 HTTP/1.1" 404 19866 "-" "Mozilla/5.0 (compatible; AhrefsBot/7.0; +http://ahrefs.com/robot/)"
216.73.216.40 - - [19/Mar/2026:13:34:03 -0300] "GET /1134018766?special=1129254220 HTTP/1.1" 404 19866 "-" "Mozilla/5.0 AppleWebKit/537.36 (KHTML, like Gecko; compatible; ClaudeBot/1.0; +claudebot@anthropic.com)"
216.73.216.40 - - [19/Mar/2026:13:34:07 -0300] "GET /1134152306?special=1129387198 HTTP/1.1" 404 19866 "-" "Mozilla/5.0 AppleWebKit/537.36 (KHTML, like Gecko; compatible; ClaudeBot/1.0; +claudebot@anthropic.com)"
216.73.216.40 - - [19/Mar/2026:13:34:10 -0300] "GET /1134010474?special=1129245962 HTTP/1.1" 404 19866 "-" "Mozilla/5.0 AppleWebKit/537.36 (KHTML, like Gecko; compatible; ClaudeBot/1.0; +claudebot@anthropic.com)"
216.73.216.40 - - [19/Mar/2026:13:34:13 -0300] "GET /1133960614?special=1129196312 HTTP/1.1" 404 19866 "-" "Mozilla/5.0 AppleWebKit/537.36 (KHTML, like Gecko; compatible; ClaudeBot/1.0; +claudebot@anthropic.com)"
216.73.216.40 - - [19/Mar/2026:13:34:16 -0300] "GET /1134082776?special=1129317961 HTTP/1.1" 404 19866 "-" "Mozilla/5.0 AppleWebKit/537.36 (KHTML, like Gecko; compatible; ClaudeBot/1.0; +claudebot@anthropic.com)"
216.73.216.40 - - [19/Mar/2026:13:34:19 -0300] "GET /1134137330?special=1129372286 HTTP/1.1" 404 19866 "-" "Mozilla/5.0 AppleWebKit/537.36 (KHTML, like Gecko; compatible; ClaudeBot/1.0; +claudebot@anthropic.com)"
216.73.216.40 - - [19/Mar/2026:13:34:22 -0300] "GET /1134062868?special=1129298135 HTTP/1.1" 404 19866 "-" "Mozilla/5.0 AppleWebKit/537.36 (KHTML, like Gecko; compatible; ClaudeBot/1.0; +claudebot@anthropic.com)"
216.73.216.40 - - [19/Mar/2026:13:34:25 -0300] "GET /1134101624?special=1129336729 HTTP/1.1" 404 19866 "-" "Mozilla/5.0 AppleWebKit/537.36 (KHTML, like Gecko; compatible; ClaudeBot/1.0; +claudebot@anthropic.com)"
216.73.216.40 - - [19/Mar/2026:13:34:28 -0300] "GET /1134119066?special=1129354098 HTTP/1.1" 404 19866 "-" "Mozilla/5.0 AppleWebKit/537.36 (KHTML, like Gecko; compatible; ClaudeBot/1.0; +claudebot@anthropic.com)"
54.39.203.127 - - [19/Mar/2026:13:34:37 -0300] "GET /95975170?special=0095572150 HTTP/1.1" 404 19866 "-" "Mozilla/5.0 (compatible; AhrefsBot/7.0; +http://ahrefs.com/robot/)"
216.73.216.40 - - [19/Mar/2026:13:34:39 -0300] "GET /1134002730?special=1129238250 HTTP/1.1" 404 19866 "-" "Mozilla/5.0 AppleWebKit/537.36 (KHTML, like Gecko; compatible; ClaudeBot/1.0; +claudebot@anthropic.com)"
216.73.216.40 - - [19/Mar/2026:13:34:41 -0300] "GET /1134110468?special=1129345535 HTTP/1.1" 404 19866 "-" "Mozilla/5.0 AppleWebKit/537.36 (KHTML, like Gecko; compatible; ClaudeBot/1.0; +claudebot@anthropic.com)"
