40.77.167.10 - - [19/Mar/2026:11:12:44 -0300] "GET /13665314?special=0013608134 HTTP/1.1" 200 192939 "-" "Mozilla/5.0 AppleWebKit/537.36 (KHTML, like Gecko; compatible; bingbot/2.0; +http://www.bing.com/bingbot.htm) Chrome/116.0.1938.76 Safari/537.36"
216.73.216.40 - - [19/Mar/2026:11:13:27 -0300] "GET /301468178?special=0300201742 HTTP/1.1" 404 19866 "-" "Mozilla/5.0 AppleWebKit/537.36 (KHTML, like Gecko; compatible; ClaudeBot/1.0; +claudebot@anthropic.com)"
216.73.216.40 - - [19/Mar/2026:11:13:30 -0300] "GET /301371750?special=0300105720 HTTP/1.1" 404 19866 "-" "Mozilla/5.0 AppleWebKit/537.36 (KHTML, like Gecko; compatible; ClaudeBot/1.0; +claudebot@anthropic.com)"
216.73.216.40 - - [19/Mar/2026:11:13:32 -0300] "GET /301374252?special=0300108211 HTTP/1.1" 404 19866 "-" "Mozilla/5.0 AppleWebKit/537.36 (KHTML, like Gecko; compatible; ClaudeBot/1.0; +claudebot@anthropic.com)"
216.73.216.40 - - [19/Mar/2026:11:13:35 -0300] "GET /301384530?special=0300118446 HTTP/1.1" 404 19866 "-" "Mozilla/5.0 AppleWebKit/537.36 (KHTML, like Gecko; compatible; ClaudeBot/1.0; +claudebot@anthropic.com)"
216.73.216.40 - - [19/Mar/2026:11:13:38 -0300] "GET /301397484?special=0300131347 HTTP/1.1" 404 19866 "-" "Mozilla/5.0 AppleWebKit/537.36 (KHTML, like Gecko; compatible; ClaudeBot/1.0; +claudebot@anthropic.com)"
216.73.216.40 - - [19/Mar/2026:11:13:41 -0300] "GET /301386174?special=0300120084 HTTP/1.1" 404 19866 "-" "Mozilla/5.0 AppleWebKit/537.36 (KHTML, like Gecko; compatible; ClaudeBot/1.0; +claudebot@anthropic.com)"
216.73.216.40 - - [19/Mar/2026:11:13:44 -0300] "GET /301370960?special=0300104933 HTTP/1.1" 404 19866 "-" "Mozilla/5.0 AppleWebKit/537.36 (KHTML, like Gecko; compatible; ClaudeBot/1.0; +claudebot@anthropic.com)"
216.73.216.40 - - [19/Mar/2026:11:13:47 -0300] "GET /301325246?special=0300059412 HTTP/1.1" 404 19866 "-" "Mozilla/5.0 AppleWebKit/537.36 (KHTML, like Gecko; compatible; ClaudeBot/1.0; +claudebot@anthropic.com)"
216.73.216.40 - - [19/Mar/2026:11:13:50 -0300] "GET /301511596?special=0300244979 HTTP/1.1" 404 19866 "-" "Mozilla/5.0 AppleWebKit/537.36 (KHTML, like Gecko; compatible; ClaudeBot/1.0; +claudebot@anthropic.com)"
216.73.216.40 - - [19/Mar/2026:11:14:08 -0300] "GET /301447618?special=0300181270 HTTP/1.1" 404 19866 "-" "Mozilla/5.0 AppleWebKit/537.36 (KHTML, like Gecko; compatible; ClaudeBot/1.0; +claudebot@anthropic.com)"
216.73.216.40 - - [19/Mar/2026:11:14:11 -0300] "GET /301488876?special=0300222355 HTTP/1.1" 404 19866 "-" "Mozilla/5.0 AppleWebKit/537.36 (KHTML, like Gecko; compatible; ClaudeBot/1.0; +claudebot@anthropic.com)"
31.30.164.234 - - [19/Mar/2026:11:14:12 -0300] "GET /2026/01/27/work-for-online-casino/ HTTP/1.1" 200 28171 "-" "Mozilla/5.0 (Macintosh; Intel Mac OS X 12_5) AppleWebKit/537.36 (KHTML, like Gecko) Chrome/114.0.0.0 Safari/537.36"
216.73.216.40 - - [19/Mar/2026:11:14:15 -0300] "GET /301343546?special=0300077634 HTTP/1.1" 404 19866 "-" "Mozilla/5.0 AppleWebKit/537.36 (KHTML, like Gecko; compatible; ClaudeBot/1.0; +claudebot@anthropic.com)"
216.73.216.40 - - [19/Mar/2026:11:14:18 -0300] "GET /301476712?special=0300210241 HTTP/1.1" 404 19866 "-" "Mozilla/5.0 AppleWebKit/537.36 (KHTML, like Gecko; compatible; ClaudeBot/1.0; +claudebot@anthropic.com)"
216.73.216.40 - - [19/Mar/2026:11:14:20 -0300] "GET /301452622?special=0300186252 HTTP/1.1" 404 19866 "-" "Mozilla/5.0 AppleWebKit/537.36 (KHTML, like Gecko; compatible; ClaudeBot/1.0; +claudebot@anthropic.com)"
216.73.216.40 - - [19/Mar/2026:11:14:23 -0300] "GET /301435760?special=0300169461 HTTP/1.1" 404 19866 "-" "Mozilla/5.0 AppleWebKit/537.36 (KHTML, like Gecko; compatible; ClaudeBot/1.0; +claudebot@anthropic.com)"
216.73.216.40 - - [19/Mar/2026:11:14:26 -0300] "GET /301462900?special=0300196487 HTTP/1.1" 404 19866 "-" "Mozilla/5.0 AppleWebKit/537.36 (KHTML, like Gecko; compatible; ClaudeBot/1.0; +claudebot@anthropic.com)"
216.73.216.40 - - [19/Mar/2026:11:14:29 -0300] "GET /301477018?special=0300210546 HTTP/1.1" 404 19866 "-" "Mozilla/5.0 AppleWebKit/537.36 (KHTML, like Gecko; compatible; ClaudeBot/1.0; +claudebot@anthropic.com)"
216.73.216.40 - - [19/Mar/2026:11:14:32 -0300] "GET /301457074?special=0300190686 HTTP/1.1" 404 19866 "-" "Mozilla/5.0 AppleWebKit/537.36 (KHTML, like Gecko; compatible; ClaudeBot/1.0; +claudebot@anthropic.com)"
216.73.216.40 - - [19/Mar/2026:11:14:38 -0300] "GET /301465060?special=0300198639 HTTP/1.1" 404 19866 "-" "Mozilla/5.0 AppleWebKit/537.36 (KHTML, like Gecko; compatible; ClaudeBot/1.0; +claudebot@anthropic.com)"
216.73.216.40 - - [19/Mar/2026:11:14:41 -0300] "GET /301396388?special=0300130255 HTTP/1.1" 404 19866 "-" "Mozilla/5.0 AppleWebKit/537.36 (KHTML, like Gecko; compatible; ClaudeBot/1.0; +claudebot@anthropic.com)"
216.73.216.40 - - [19/Mar/2026:11:14:44 -0300] "GET /301448750?special=0300182396 HTTP/1.1" 404 19866 "-" "Mozilla/5.0 AppleWebKit/537.36 (KHTML, like Gecko; compatible; ClaudeBot/1.0; +claudebot@anthropic.com)"
216.73.216.40 - - [19/Mar/2026:11:14:47 -0300] "GET /301346254?special=0300080332 HTTP/1.1" 404 19866 "-" "Mozilla/5.0 AppleWebKit/537.36 (KHTML, like Gecko; compatible; ClaudeBot/1.0; +claudebot@anthropic.com)"
216.73.216.40 - - [19/Mar/2026:11:14:50 -0300] "GET /301418286?special=0300152060 HTTP/1.1" 404 19866 "-" "Mozilla/5.0 AppleWebKit/537.36 (KHTML, like Gecko; compatible; ClaudeBot/1.0; +claudebot@anthropic.com)"
216.73.216.40 - - [19/Mar/2026:11:14:53 -0300] "GET /301467868?special=0300201435 HTTP/1.1" 404 19866 "-" "Mozilla/5.0 AppleWebKit/537.36 (KHTML, like Gecko; compatible; ClaudeBot/1.0; +claudebot@anthropic.com)"
216.73.216.40 - - [19/Mar/2026:11:14:56 -0300] "GET /301354614?special=0300088656 HTTP/1.1" 404 19866 "-" "Mozilla/5.0 AppleWebKit/537.36 (KHTML, like Gecko; compatible; ClaudeBot/1.0; +claudebot@anthropic.com)"
216.73.216.40 - - [19/Mar/2026:11:14:59 -0300] "GET /301375622?special=0300109576 HTTP/1.1" 404 19866 "-" "Mozilla/5.0 AppleWebKit/537.36 (KHTML, like Gecko; compatible; ClaudeBot/1.0; +claudebot@anthropic.com)"
216.73.216.40 - - [19/Mar/2026:11:15:02 -0300] "GET /301494702?special=0300228156 HTTP/1.1" 404 19866 "-" "Mozilla/5.0 AppleWebKit/537.36 (KHTML, like Gecko; compatible; ClaudeBot/1.0; +claudebot@anthropic.com)"
216.73.216.40 - - [19/Mar/2026:11:15:10 -0300] "GET /301339638?special=0300073744 HTTP/1.1" 404 19866 "-" "Mozilla/5.0 AppleWebKit/537.36 (KHTML, like Gecko; compatible; ClaudeBot/1.0; +claudebot@anthropic.com)"
216.73.216.40 - - [19/Mar/2026:11:15:13 -0300] "GET /301458722?special=0300192326 HTTP/1.1" 404 19866 "-" "Mozilla/5.0 AppleWebKit/537.36 (KHTML, like Gecko; compatible; ClaudeBot/1.0; +claudebot@anthropic.com)"
216.73.216.40 - - [19/Mar/2026:11:15:16 -0300] "GET /301314694?special=0300048904 HTTP/1.1" 404 19866 "-" "Mozilla/5.0 AppleWebKit/537.36 (KHTML, like Gecko; compatible; ClaudeBot/1.0; +claudebot@anthropic.com)"
216.73.216.40 - - [19/Mar/2026:11:15:18 -0300] "GET /301439874?special=0300173558 HTTP/1.1" 404 19866 "-" "Mozilla/5.0 AppleWebKit/537.36 (KHTML, like Gecko; compatible; ClaudeBot/1.0; +claudebot@anthropic.com)"
216.73.216.40 - - [19/Mar/2026:11:15:21 -0300] "GET /301430482?special=0300164206 HTTP/1.1" 404 19866 "-" "Mozilla/5.0 AppleWebKit/537.36 (KHTML, like Gecko; compatible; ClaudeBot/1.0; +claudebot@anthropic.com)"
216.73.216.40 - - [19/Mar/2026:11:15:24 -0300] "GET /301490830?special=0300224300 HTTP/1.1" 404 19866 "-" "Mozilla/5.0 AppleWebKit/537.36 (KHTML, like Gecko; compatible; ClaudeBot/1.0; +claudebot@anthropic.com)"
216.73.216.40 - - [19/Mar/2026:11:15:41 -0300] "GET /301492542?special=0300226004 HTTP/1.1" 404 19866 "-" "Mozilla/5.0 AppleWebKit/537.36 (KHTML, like Gecko; compatible; ClaudeBot/1.0; +claudebot@anthropic.com)"
216.73.216.40 - - [19/Mar/2026:11:15:44 -0300] "GET /301363148?special=0300097155 HTTP/1.1" 404 19866 "-" "Mozilla/5.0 AppleWebKit/537.36 (KHTML, like Gecko; compatible; ClaudeBot/1.0; +claudebot@anthropic.com)"
216.73.216.40 - - [19/Mar/2026:11:15:47 -0300] "GET /301488670?special=0300222148 HTTP/1.1" 404 19866 "-" "Mozilla/5.0 AppleWebKit/537.36 (KHTML, like Gecko; compatible; ClaudeBot/1.0; +claudebot@anthropic.com)"
216.73.216.40 - - [19/Mar/2026:11:15:50 -0300] "GET /301350194?special=0300084254 HTTP/1.1" 404 19866 "-" "Mozilla/5.0 AppleWebKit/537.36 (KHTML, like Gecko; compatible; ClaudeBot/1.0; +claudebot@anthropic.com)"
216.73.216.40 - - [19/Mar/2026:11:15:53 -0300] "GET /301426030?special=0300159772 HTTP/1.1" 404 19866 "-" "Mozilla/5.0 AppleWebKit/537.36 (KHTML, like Gecko; compatible; ClaudeBot/1.0; +claudebot@anthropic.com)"
216.73.216.40 - - [19/Mar/2026:11:15:56 -0300] "GET /301383366?special=0300117288 HTTP/1.1" 404 19866 "-" "Mozilla/5.0 AppleWebKit/537.36 (KHTML, like Gecko; compatible; ClaudeBot/1.0; +claudebot@anthropic.com)"
216.73.216.40 - - [19/Mar/2026:11:15:59 -0300] "GET /301372298?special=0300106266 HTTP/1.1" 404 19866 "-" "Mozilla/5.0 AppleWebKit/537.36 (KHTML, like Gecko; compatible; ClaudeBot/1.0; +claudebot@anthropic.com)"
216.73.216.40 - - [19/Mar/2026:11:16:02 -0300] "GET /301404132?special=0300137967 HTTP/1.1" 404 19866 "-" "Mozilla/5.0 AppleWebKit/537.36 (KHTML, like Gecko; compatible; ClaudeBot/1.0; +claudebot@anthropic.com)"
216.73.216.40 - - [19/Mar/2026:11:16:05 -0300] "GET /301324392?special=0300058561 HTTP/1.1" 404 19866 "-" "Mozilla/5.0 AppleWebKit/537.36 (KHTML, like Gecko; compatible; ClaudeBot/1.0; +claudebot@anthropic.com)"
216.73.216.40 - - [19/Mar/2026:11:16:08 -0300] "GET /301496688?special=0300230133 HTTP/1.1" 404 19866 "-" "Mozilla/5.0 AppleWebKit/537.36 (KHTML, like Gecko; compatible; ClaudeBot/1.0; +claudebot@anthropic.com)"
216.73.216.40 - - [19/Mar/2026:11:16:11 -0300] "GET /301446248?special=0300179905 HTTP/1.1" 404 19866 "-" "Mozilla/5.0 AppleWebKit/537.36 (KHTML, like Gecko; compatible; ClaudeBot/1.0; +claudebot@anthropic.com)"
216.73.216.40 - - [19/Mar/2026:11:16:14 -0300] "GET /301363764?special=0300097767 HTTP/1.1" 404 19866 "-" "Mozilla/5.0 AppleWebKit/537.36 (KHTML, like Gecko; compatible; ClaudeBot/1.0; +claudebot@anthropic.com)"
216.73.216.40 - - [19/Mar/2026:11:16:18 -0300] "GET /301501350?special=0300234776 HTTP/1.1" 404 19866 "-" "Mozilla/5.0 AppleWebKit/537.36 (KHTML, like Gecko; compatible; ClaudeBot/1.0; +claudebot@anthropic.com)"
216.73.216.40 - - [19/Mar/2026:11:16:20 -0300] "GET /301312192?special=0300046413 HTTP/1.1" 404 19866 "-" "Mozilla/5.0 AppleWebKit/537.36 (KHTML, like Gecko; compatible; ClaudeBot/1.0; +claudebot@anthropic.com)"
216.73.216.40 - - [19/Mar/2026:11:16:23 -0300] "GET /301328812?special=0300062963 HTTP/1.1" 404 19866 "-" "Mozilla/5.0 AppleWebKit/537.36 (KHTML, like Gecko; compatible; ClaudeBot/1.0; +claudebot@anthropic.com)"
216.73.216.40 - - [19/Mar/2026:11:16:26 -0300] "GET /301416912?special=0300150693 HTTP/1.1" 404 19866 "-" "Mozilla/5.0 AppleWebKit/537.36 (KHTML, like Gecko; compatible; ClaudeBot/1.0; +claudebot@anthropic.com)"
216.73.216.40 - - [19/Mar/2026:11:16:29 -0300] "GET /301314146?special=0300048358 HTTP/1.1" 404 19866 "-" "Mozilla/5.0 AppleWebKit/537.36 (KHTML, like Gecko; compatible; ClaudeBot/1.0; +claudebot@anthropic.com)"
216.73.216.40 - - [19/Mar/2026:11:16:32 -0300] "GET /301486716?special=0300220203 HTTP/1.1" 404 19866 "-" "Mozilla/5.0 AppleWebKit/537.36 (KHTML, like Gecko; compatible; ClaudeBot/1.0; +claudebot@anthropic.com)"
216.73.216.40 - - [19/Mar/2026:11:16:39 -0300] "GET /301402520?special=0300136361 HTTP/1.1" 404 19866 "-" "Mozilla/5.0 AppleWebKit/537.36 (KHTML, like Gecko; compatible; ClaudeBot/1.0; +claudebot@anthropic.com)"
216.73.216.40 - - [19/Mar/2026:11:16:42 -0300] "GET /301460124?special=0300193723 HTTP/1.1" 404 19866 "-" "Mozilla/5.0 AppleWebKit/537.36 (KHTML, like Gecko; compatible; ClaudeBot/1.0; +claudebot@anthropic.com)"
216.73.216.40 - - [19/Mar/2026:11:16:45 -0300] "GET /301421368?special=0300155129 HTTP/1.1" 404 19866 "-" "Mozilla/5.0 AppleWebKit/537.36 (KHTML, like Gecko; compatible; ClaudeBot/1.0; +claudebot@anthropic.com)"
216.73.216.40 - - [19/Mar/2026:11:16:48 -0300] "GET /301486410?special=0300219898 HTTP/1.1" 404 19866 "-" "Mozilla/5.0 AppleWebKit/537.36 (KHTML, like Gecko; compatible; ClaudeBot/1.0; +claudebot@anthropic.com)"
216.73.216.40 - - [19/Mar/2026:11:16:51 -0300] "GET /301505528?special=0300238937 HTTP/1.1" 404 19866 "-" "Mozilla/5.0 AppleWebKit/537.36 (KHTML, like Gecko; compatible; ClaudeBot/1.0; +claudebot@anthropic.com)"
216.73.216.40 - - [19/Mar/2026:11:16:54 -0300] "GET /301441518?special=0300175196 HTTP/1.1" 404 19866 "-" "Mozilla/5.0 AppleWebKit/537.36 (KHTML, like Gecko; compatible; ClaudeBot/1.0; +claudebot@anthropic.com)"
216.73.216.40 - - [19/Mar/2026:11:16:57 -0300] "GET /301346322?special=0300080398 HTTP/1.1" 404 19866 "-" "Mozilla/5.0 AppleWebKit/537.36 (KHTML, like Gecko; compatible; ClaudeBot/1.0; +claudebot@anthropic.com)"
216.73.216.40 - - [19/Mar/2026:11:17:00 -0300] "GET /301424386?special=0300158134 HTTP/1.1" 404 19866 "-" "Mozilla/5.0 AppleWebKit/537.36 (KHTML, like Gecko; compatible; ClaudeBot/1.0; +claudebot@anthropic.com)"
216.73.216.40 - - [19/Mar/2026:11:17:03 -0300] "GET /301339880?special=0300073985 HTTP/1.1" 404 19866 "-" "Mozilla/5.0 AppleWebKit/537.36 (KHTML, like Gecko; compatible; ClaudeBot/1.0; +claudebot@anthropic.com)"
172.86.66.156 - - [19/Mar/2026:11:17:04 -0300] "GET /2025/12/26/que-es-doble-chance-en-apuestas-deportivas/ HTTP/1.1" 200 36794 "-" "Mozilla/5.0 (Macintosh; Intel Mac OS X 12_5) AppleWebKit/537.36 (KHTML, like Gecko) Chrome/114.0.0.0 Safari/537.36"
216.73.216.40 - - [19/Mar/2026:11:17:10 -0300] "GET /301498884?special=0300232319 HTTP/1.1" 404 19866 "-" "Mozilla/5.0 AppleWebKit/537.36 (KHTML, like Gecko; compatible; ClaudeBot/1.0; +claudebot@anthropic.com)"
216.73.216.40 - - [19/Mar/2026:11:17:12 -0300] "GET /301450120?special=0300183761 HTTP/1.1" 404 19866 "-" "Mozilla/5.0 AppleWebKit/537.36 (KHTML, like Gecko; compatible; ClaudeBot/1.0; +claudebot@anthropic.com)"
216.73.216.40 - - [19/Mar/2026:11:17:16 -0300] "GET /301437098?special=0300170794 HTTP/1.1" 404 19866 "-" "Mozilla/5.0 AppleWebKit/537.36 (KHTML, like Gecko; compatible; ClaudeBot/1.0; +claudebot@anthropic.com)"
216.73.216.40 - - [19/Mar/2026:11:17:18 -0300] "GET /301386996?special=0300120903 HTTP/1.1" 404 19866 "-" "Mozilla/5.0 AppleWebKit/537.36 (KHTML, like Gecko; compatible; ClaudeBot/1.0; +claudebot@anthropic.com)"
216.73.216.40 - - [19/Mar/2026:11:17:22 -0300] "GET /301509094?special=0300242488 HTTP/1.1" 404 19866 "-" "Mozilla/5.0 AppleWebKit/537.36 (KHTML, like Gecko; compatible; ClaudeBot/1.0; +claudebot@anthropic.com)"
216.73.216.40 - - [19/Mar/2026:11:17:24 -0300] "GET /301502514?special=0300235934 HTTP/1.1" 404 19866 "-" "Mozilla/5.0 AppleWebKit/537.36 (KHTML, like Gecko; compatible; ClaudeBot/1.0; +claudebot@anthropic.com)"
216.73.216.40 - - [19/Mar/2026:11:17:27 -0300] "GET /301326068?special=0300060231 HTTP/1.1" 404 19866 "-" "Mozilla/5.0 AppleWebKit/537.36 (KHTML, like Gecko; compatible; ClaudeBot/1.0; +claudebot@anthropic.com)"
216.73.216.40 - - [19/Mar/2026:11:17:30 -0300] "GET /301479794?special=0300213310 HTTP/1.1" 404 19866 "-" "Mozilla/5.0 AppleWebKit/537.36 (KHTML, like Gecko; compatible; ClaudeBot/1.0; +claudebot@anthropic.com)"
216.73.216.40 - - [19/Mar/2026:11:17:33 -0300] "GET /301473388?special=0300206931 HTTP/1.1" 404 19866 "-" "Mozilla/5.0 AppleWebKit/537.36 (KHTML, like Gecko; compatible; ClaudeBot/1.0; +claudebot@anthropic.com)"
216.73.216.40 - - [19/Mar/2026:11:17:38 -0300] "GET /301309210?special=0300043442 HTTP/1.1" 404 19866 "-" "Mozilla/5.0 AppleWebKit/537.36 (KHTML, like Gecko; compatible; ClaudeBot/1.0; +claudebot@anthropic.com)"
216.73.216.40 - - [19/Mar/2026:11:17:40 -0300] "GET /301421610?special=0300155370 HTTP/1.1" 404 19866 "-" "Mozilla/5.0 AppleWebKit/537.36 (KHTML, like Gecko; compatible; ClaudeBot/1.0; +claudebot@anthropic.com)"
216.73.216.40 - - [19/Mar/2026:11:17:43 -0300] "GET /301370138?special=0300104114 HTTP/1.1" 404 19866 "-" "Mozilla/5.0 AppleWebKit/537.36 (KHTML, like Gecko; compatible; ClaudeBot/1.0; +claudebot@anthropic.com)"
216.73.216.40 - - [19/Mar/2026:11:17:46 -0300] "GET /301390904?special=0300124793 HTTP/1.1" 404 19866 "-" "Mozilla/5.0 AppleWebKit/537.36 (KHTML, like Gecko; compatible; ClaudeBot/1.0; +claudebot@anthropic.com)"
216.73.216.40 - - [19/Mar/2026:11:17:49 -0300] "GET /301411912?special=0300145713 HTTP/1.1" 404 19866 "-" "Mozilla/5.0 AppleWebKit/537.36 (KHTML, like Gecko; compatible; ClaudeBot/1.0; +claudebot@anthropic.com)"
216.73.216.40 - - [19/Mar/2026:11:17:52 -0300] "GET /301416332?special=0300150115 HTTP/1.1" 404 19866 "-" "Mozilla/5.0 AppleWebKit/537.36 (KHTML, like Gecko; compatible; ClaudeBot/1.0; +claudebot@anthropic.com)"
216.73.216.40 - - [19/Mar/2026:11:17:55 -0300] "GET /301437646?special=0300171340 HTTP/1.1" 404 19866 "-" "Mozilla/5.0 AppleWebKit/537.36 (KHTML, like Gecko; compatible; ClaudeBot/1.0; +claudebot@anthropic.com)"
216.73.216.40 - - [19/Mar/2026:11:17:58 -0300] "GET /301342962?special=0300077054 HTTP/1.1" 404 19866 "-" "Mozilla/5.0 AppleWebKit/537.36 (KHTML, like Gecko; compatible; ClaudeBot/1.0; +claudebot@anthropic.com)"
216.73.216.40 - - [19/Mar/2026:11:18:01 -0300] "GET /301512212?special=0300245591 HTTP/1.1" 404 19866 "-" "Mozilla/5.0 AppleWebKit/537.36 (KHTML, like Gecko; compatible; ClaudeBot/1.0; +claudebot@anthropic.com)"
85.90.208.149 - - [19/Mar/2026:11:18:13 -0300] "POST /xmlrpc.php HTTP/1.1" 200 416 "-" "Mozilla/5.0 (Windows NT 10.0; WOW64) AppleWebKit/537.36 (KHTML, like Gecko) Chrome/114.0.0.0 Safari/537.36 Vivaldi/5.3.2679.68"
85.90.208.149 - - [19/Mar/2026:11:18:15 -0300] "POST /xmlrpc.php HTTP/1.1" 200 416 "-" "Mozilla/5.0 (Windows NT 10.0; WOW64) AppleWebKit/537.36 (KHTML, like Gecko) Chrome/114.0.0.0 Safari/537.36 Vivaldi/5.3.2679.68"
85.90.208.149 - - [19/Mar/2026:11:18:16 -0300] "POST /xmlrpc.php HTTP/1.1" 200 416 "-" "Mozilla/5.0 (Windows NT 10.0; WOW64) AppleWebKit/537.36 (KHTML, like Gecko) Chrome/114.0.0.0 Safari/537.36 Vivaldi/5.3.2679.68"
85.90.208.149 - - [19/Mar/2026:11:18:18 -0300] "POST /xmlrpc.php HTTP/1.1" 200 416 "-" "Mozilla/5.0 (Windows NT 10.0; WOW64) AppleWebKit/537.36 (KHTML, like Gecko) Chrome/114.0.0.0 Safari/537.36 Vivaldi/5.3.2679.68"
85.90.208.149 - - [19/Mar/2026:11:18:20 -0300] "POST /xmlrpc.php HTTP/1.1" 200 416 "-" "Mozilla/5.0 (Windows NT 10.0; WOW64) AppleWebKit/537.36 (KHTML, like Gecko) Chrome/114.0.0.0 Safari/537.36 Vivaldi/5.3.2679.68"
85.90.208.149 - - [19/Mar/2026:11:18:22 -0300] "POST /xmlrpc.php HTTP/1.1" 200 416 "-" "Mozilla/5.0 (Windows NT 10.0; WOW64) AppleWebKit/537.36 (KHTML, like Gecko) Chrome/114.0.0.0 Safari/537.36 Vivaldi/5.3.2679.68"
85.90.208.149 - - [19/Mar/2026:11:18:24 -0300] "POST /xmlrpc.php HTTP/1.1" 200 416 "-" "Mozilla/5.0 (Windows NT 10.0; WOW64) AppleWebKit/537.36 (KHTML, like Gecko) Chrome/114.0.0.0 Safari/537.36 Vivaldi/5.3.2679.68"
85.90.208.149 - - [19/Mar/2026:11:18:27 -0300] "POST /xmlrpc.php HTTP/1.1" 200 416 "-" "Mozilla/5.0 (Windows NT 10.0; WOW64) AppleWebKit/537.36 (KHTML, like Gecko) Chrome/114.0.0.0 Safari/537.36 Vivaldi/5.3.2679.68"
85.90.208.149 - - [19/Mar/2026:11:18:30 -0300] "POST /xmlrpc.php HTTP/1.1" 200 416 "-" "Mozilla/5.0 (Windows NT 10.0; WOW64) AppleWebKit/537.36 (KHTML, like Gecko) Chrome/114.0.0.0 Safari/537.36 Vivaldi/5.3.2679.68"
216.73.216.40 - - [19/Mar/2026:11:18:44 -0300] "GET /301425788?special=0300159531 HTTP/1.1" 404 19866 "-" "Mozilla/5.0 AppleWebKit/537.36 (KHTML, like Gecko; compatible; ClaudeBot/1.0; +claudebot@anthropic.com)"
216.73.216.40 - - [19/Mar/2026:11:18:47 -0300] "GET /301383914?special=0300117834 HTTP/1.1" 404 19866 "-" "Mozilla/5.0 AppleWebKit/537.36 (KHTML, like Gecko; compatible; ClaudeBot/1.0; +claudebot@anthropic.com)"
216.73.216.40 - - [19/Mar/2026:11:18:50 -0300] "GET /301399196?special=0300133051 HTTP/1.1" 404 19866 "-" "Mozilla/5.0 AppleWebKit/537.36 (KHTML, like Gecko; compatible; ClaudeBot/1.0; +claudebot@anthropic.com)"
216.73.216.40 - - [19/Mar/2026:11:18:53 -0300] "GET /301408894?special=0300142708 HTTP/1.1" 404 19866 "-" "Mozilla/5.0 AppleWebKit/537.36 (KHTML, like Gecko; compatible; ClaudeBot/1.0; +claudebot@anthropic.com)"
216.73.216.40 - - [19/Mar/2026:11:18:56 -0300] "GET /301464854?special=0300198432 HTTP/1.1" 404 19866 "-" "Mozilla/5.0 AppleWebKit/537.36 (KHTML, like Gecko; compatible; ClaudeBot/1.0; +claudebot@anthropic.com)"
216.73.216.40 - - [19/Mar/2026:11:18:59 -0300] "GET /301355710?special=0300089748 HTTP/1.1" 404 19866 "-" "Mozilla/5.0 AppleWebKit/537.36 (KHTML, like Gecko; compatible; ClaudeBot/1.0; +claudebot@anthropic.com)"
216.73.216.40 - - [19/Mar/2026:11:19:02 -0300] "GET /301355404?special=0300089443 HTTP/1.1" 404 19866 "-" "Mozilla/5.0 AppleWebKit/537.36 (KHTML, like Gecko; compatible; ClaudeBot/1.0; +claudebot@anthropic.com)"
216.73.216.40 - - [19/Mar/2026:11:19:05 -0300] "GET /301461188?special=0300194783 HTTP/1.1" 404 19866 "-" "Mozilla/5.0 AppleWebKit/537.36 (KHTML, like Gecko; compatible; ClaudeBot/1.0; +claudebot@anthropic.com)"
216.73.216.40 - - [19/Mar/2026:11:19:08 -0300] "GET /301477566?special=0300211092 HTTP/1.1" 404 19866 "-" "Mozilla/5.0 AppleWebKit/537.36 (KHTML, like Gecko; compatible; ClaudeBot/1.0; +claudebot@anthropic.com)"
216.73.216.40 - - [19/Mar/2026:11:19:12 -0300] "GET /301437920?special=0300171613 HTTP/1.1" 404 19866 "-" "Mozilla/5.0 AppleWebKit/537.36 (KHTML, like Gecko; compatible; ClaudeBot/1.0; +claudebot@anthropic.com)"
216.73.216.40 - - [19/Mar/2026:11:19:15 -0300] "GET /301377576?special=0300111521 HTTP/1.1" 404 19866 "-" "Mozilla/5.0 AppleWebKit/537.36 (KHTML, like Gecko; compatible; ClaudeBot/1.0; +claudebot@anthropic.com)"
216.73.216.40 - - [19/Mar/2026:11:19:19 -0300] "GET /301436308?special=0300170007 HTTP/1.1" 404 19866 "-" "Mozilla/5.0 AppleWebKit/537.36 (KHTML, like Gecko; compatible; ClaudeBot/1.0; +claudebot@anthropic.com)"
216.73.216.40 - - [19/Mar/2026:11:19:21 -0300] "GET /301377882?special=0300111826 HTTP/1.1" 404 19866 "-" "Mozilla/5.0 AppleWebKit/537.36 (KHTML, like Gecko; compatible; ClaudeBot/1.0; +claudebot@anthropic.com)"
216.73.216.40 - - [19/Mar/2026:11:19:24 -0300] "GET /301393680?special=0300127557 HTTP/1.1" 404 19866 "-" "Mozilla/5.0 AppleWebKit/537.36 (KHTML, like Gecko; compatible; ClaudeBot/1.0; +claudebot@anthropic.com)"
216.73.216.40 - - [19/Mar/2026:11:19:27 -0300] "GET /225721342?special=0224773172 HTTP/1.1" 404 19866 "-" "Mozilla/5.0 AppleWebKit/537.36 (KHTML, like Gecko; compatible; ClaudeBot/1.0; +claudebot@anthropic.com)"
216.73.216.40 - - [19/Mar/2026:11:19:30 -0300] "GET /225578688?special=0224631117 HTTP/1.1" 404 19866 "-" "Mozilla/5.0 AppleWebKit/537.36 (KHTML, like Gecko; compatible; ClaudeBot/1.0; +claudebot@anthropic.com)"
51.81.245.138 - - [19/Mar/2026:11:19:31 -0300] "GET / HTTP/1.1" 200 30201 "-" "Mozilla/5.0 (Windows NT 10.0; Win64; x64) AppleWebKit/537.36 (KHTML, like Gecko) Chrome/108.0.0.0 Safari/537.36"
51.81.245.138 - - [19/Mar/2026:11:19:32 -0300] "GET /favicon.ico HTTP/1.1" 302 - "-" "python-requests/2.25.1"
51.81.245.138 - - [19/Mar/2026:11:19:32 -0300] "GET /wp-content/uploads/2023/09/cropped-Pin-negro-rose-1-02-32x32.png HTTP/1.1" 200 1037 "-" "python-requests/2.25.1"
216.73.216.40 - - [19/Mar/2026:11:19:33 -0300] "GET /225578994?special=0224631422 HTTP/1.1" 404 19866 "-" "Mozilla/5.0 AppleWebKit/537.36 (KHTML, like Gecko; compatible; ClaudeBot/1.0; +claudebot@anthropic.com)"
216.73.216.40 - - [19/Mar/2026:11:19:38 -0300] "GET /301373426?special=0300107390 HTTP/1.1" 404 19866 "-" "Mozilla/5.0 AppleWebKit/537.36 (KHTML, like Gecko; compatible; ClaudeBot/1.0; +claudebot@anthropic.com)"
139.59.231.238 - - [19/Mar/2026:11:19:39 -0300] "GET / HTTP/1.1" 200 30201 "-" "Mozilla/5.0 (l9scan/2.0.5373e2335313e2034323e2236313; +https://leakix.net)"
139.59.231.238 - - [19/Mar/2026:11:19:40 -0300] "GET /console/ HTTP/1.1" 404 19866 "-" "Mozilla/5.0 (l9scan/2.0.5373e2335313e2034323e2236313; +https://leakix.net)"
216.73.216.40 - - [19/Mar/2026:11:19:41 -0300] "GET /301437956?special=0300171647 HTTP/1.1" 404 19866 "-" "Mozilla/5.0 AppleWebKit/537.36 (KHTML, like Gecko; compatible; ClaudeBot/1.0; +claudebot@anthropic.com)"
139.59.231.238 - - [19/Mar/2026:11:19:42 -0300] "GET /server HTTP/1.1" 404 19866 "-" "Mozilla/5.0 (l9scan/2.0.5373e2335313e2034323e2236313; +https://leakix.net)"
139.59.231.238 - - [19/Mar/2026:11:19:43 -0300] "GET /server-status HTTP/1.1" 404 19866 "-" "Mozilla/5.0 (l9scan/2.0.5373e2335313e2034323e2236313; +https://leakix.net)"
216.73.216.40 - - [19/Mar/2026:11:19:44 -0300] "GET /301432130?special=0300165846 HTTP/1.1" 404 19866 "-" "Mozilla/5.0 AppleWebKit/537.36 (KHTML, like Gecko; compatible; ClaudeBot/1.0; +claudebot@anthropic.com)"
139.59.231.238 - - [19/Mar/2026:11:19:44 -0300] "GET /about HTTP/1.1" 404 19866 "-" "Mozilla/5.0 (l9scan/2.0.5373e2335313e2034323e2236313; +https://leakix.net)"
139.59.231.238 - - [19/Mar/2026:11:19:46 -0300] "GET /login.action HTTP/1.1" 404 19866 "-" "Mozilla/5.0 (l9scan/2.0.5373e2335313e2034323e2236313; +https://leakix.net)"
96.41.38.202 - - [19/Mar/2026:11:19:47 -0300] "GET / HTTP/1.1" 200 30201 "-" "Mozilla/5.0 (Macintosh; Intel Mac OS X 10.15; rv:139.0) Gecko/20100101 Firefox/139.0"
139.59.231.238 - - [19/Mar/2026:11:19:47 -0300] "GET /v2/_catalog HTTP/1.1" 404 19866 "-" "Mozilla/5.0 (l9scan/2.0.5373e2335313e2034323e2236313; +https://leakix.net)"
216.73.216.40 - - [19/Mar/2026:11:19:47 -0300] "GET /301434390?special=0300168096 HTTP/1.1" 404 19866 "-" "Mozilla/5.0 AppleWebKit/537.36 (KHTML, like Gecko; compatible; ClaudeBot/1.0; +claudebot@anthropic.com)"
96.41.38.202 - - [19/Mar/2026:11:19:47 -0300] "GET /@vite/env HTTP/1.1" 404 19866 "-" "Mozilla/5.0 (Macintosh; Intel Mac OS X 10.15; rv:139.0) Gecko/20100101 Firefox/139.0"
96.41.38.202 - - [19/Mar/2026:11:19:48 -0300] "GET /.vscode/sftp.json HTTP/1.1" 404 19866 "-" "Mozilla/5.0 (Macintosh; Intel Mac OS X 10.15; rv:139.0) Gecko/20100101 Firefox/139.0"
139.59.231.238 - - [19/Mar/2026:11:19:48 -0300] "GET /.DS_Store HTTP/1.1" 404 19866 "-" "Mozilla/5.0 (l9scan/2.0.5373e2335313e2034323e2236313; +https://leakix.net)"
96.41.38.202 - - [19/Mar/2026:11:19:48 -0300] "GET /.env HTTP/1.1" 404 19866 "-" "Mozilla/5.0 (Macintosh; Intel Mac OS X 10.15; rv:139.0) Gecko/20100101 Firefox/139.0"
96.41.38.202 - - [19/Mar/2026:11:19:49 -0300] "GET /.git/config HTTP/1.1" 404 19866 "-" "Mozilla/5.0 (Macintosh; Intel Mac OS X 10.15; rv:139.0) Gecko/20100101 Firefox/139.0"
139.59.231.238 - - [19/Mar/2026:11:19:49 -0300] "GET /.env HTTP/1.1" 404 19866 "-" "Mozilla/5.0 (l9scan/2.0.5373e2335313e2034323e2236313; +https://leakix.net)"
216.73.216.40 - - [19/Mar/2026:11:19:50 -0300] "GET /301349888?special=0300083949 HTTP/1.1" 404 19866 "-" "Mozilla/5.0 AppleWebKit/537.36 (KHTML, like Gecko; compatible; ClaudeBot/1.0; +claudebot@anthropic.com)"
139.59.231.238 - - [19/Mar/2026:11:19:51 -0300] "GET /ecp/Current/exporttool/microsoft.exchange.ediscovery.exporttool.application HTTP/1.1" 404 19866 "-" "Mozilla/5.0 (l9scan/2.0.5373e2335313e2034323e2236313; +https://leakix.net)"
216.73.216.40 - - [19/Mar/2026:11:19:53 -0300] "GET /301305544?special=0300039793 HTTP/1.1" 404 19866 "-" "Mozilla/5.0 AppleWebKit/537.36 (KHTML, like Gecko; compatible; ClaudeBot/1.0; +claudebot@anthropic.com)"
139.59.231.238 - - [19/Mar/2026:11:19:53 -0300] "GET /.git/config HTTP/1.1" 404 19866 "-" "Mozilla/5.0 (l9scan/2.0.5373e2335313e2034323e2236313; +https://leakix.net)"
139.59.231.238 - - [19/Mar/2026:11:19:54 -0300] "POST /graphql HTTP/1.1" 404 19866 "-" "Mozilla/5.0 (l9scan/2.0.5373e2335313e2034323e2236313; +https://leakix.net)"
139.59.231.238 - - [19/Mar/2026:11:19:55 -0300] "POST /api HTTP/1.1" 404 19866 "-" "Mozilla/5.0 (l9scan/2.0.5373e2335313e2034323e2236313; +https://leakix.net)"
139.59.231.238 - - [19/Mar/2026:11:19:56 -0300] "POST /api/graphql HTTP/1.1" 404 19866 "-" "Mozilla/5.0 (l9scan/2.0.5373e2335313e2034323e2236313; +https://leakix.net)"
216.73.216.40 - - [19/Mar/2026:11:19:56 -0300] "GET /301342656?special=0300076749 HTTP/1.1" 404 19866 "-" "Mozilla/5.0 AppleWebKit/537.36 (KHTML, like Gecko; compatible; ClaudeBot/1.0; +claudebot@anthropic.com)"
139.59.231.238 - - [19/Mar/2026:11:19:57 -0300] "POST /graphql/api HTTP/1.1" 404 19866 "-" "Mozilla/5.0 (l9scan/2.0.5373e2335313e2034323e2236313; +https://leakix.net)"
139.59.231.238 - - [19/Mar/2026:11:19:58 -0300] "POST /api/gql HTTP/1.1" 404 19866 "-" "Mozilla/5.0 (l9scan/2.0.5373e2335313e2034323e2236313; +https://leakix.net)"
216.73.216.40 - - [19/Mar/2026:11:19:59 -0300] "GET /301319662?special=0300053852 HTTP/1.1" 404 19866 "-" "Mozilla/5.0 AppleWebKit/537.36 (KHTML, like Gecko; compatible; ClaudeBot/1.0; +claudebot@anthropic.com)"
139.59.231.238 - - [19/Mar/2026:11:19:59 -0300] "GET /s/5373e2335313e2034323e2236313/_/;/META-INF/maven/com.atlassian.jira/jira-webapp-dist/pom.properties HTTP/1.1" 404 19866 "-" "Mozilla/5.0 (l9scan/2.0.5373e2335313e2034323e2236313; +https://leakix.net)"
139.59.231.238 - - [19/Mar/2026:11:20:00 -0300] "GET /config.json HTTP/1.1" 404 19866 "-" "Mozilla/5.0 (l9scan/2.0.5373e2335313e2034323e2236313; +https://leakix.net)"
216.73.216.40 - - [19/Mar/2026:11:20:02 -0300] "GET /301509678?special=0300243068 HTTP/1.1" 404 19866 "-" "Mozilla/5.0 AppleWebKit/537.36 (KHTML, like Gecko; compatible; ClaudeBot/1.0; +claudebot@anthropic.com)"
139.59.231.238 - - [19/Mar/2026:11:20:02 -0300] "GET /telescope/requests HTTP/1.1" 404 19866 "-" "Mozilla/5.0 (l9scan/2.0.5373e2335313e2034323e2236313; +https://leakix.net)"
139.59.231.238 - - [19/Mar/2026:11:20:03 -0300] "GET /info.php HTTP/1.1" 404 19866 "-" "Mozilla/5.0 (l9scan/2.0.5373e2335313e2034323e2236313; +https://leakix.net)"
139.59.231.238 - - [19/Mar/2026:11:20:04 -0300] "GET /.well-known/security.txt HTTP/1.1" 404 19866 "-" "Mozilla/5.0 (l9scan/2.0.5373e2335313e2034323e2236313; +https://leakix.net)"
139.59.231.238 - - [19/Mar/2026:11:20:05 -0300] "GET /actuator/env HTTP/1.1" 404 19866 "-" "Mozilla/5.0 (l9scan/2.0.5373e2335313e2034323e2236313; +https://leakix.net)"
139.59.231.238 - - [19/Mar/2026:11:20:07 -0300] "GET /swagger-ui.html HTTP/1.1" 404 19866 "-" "Mozilla/5.0 (l9scan/2.0.5373e2335313e2034323e2236313; +https://leakix.net)"
216.73.216.40 - - [19/Mar/2026:11:20:07 -0300] "GET /225608878?special=0224661180 HTTP/1.1" 404 19866 "-" "Mozilla/5.0 AppleWebKit/537.36 (KHTML, like Gecko; compatible; ClaudeBot/1.0; +claudebot@anthropic.com)"
139.59.231.238 - - [19/Mar/2026:11:20:08 -0300] "GET /swagger/index.html HTTP/1.1" 404 19866 "-" "Mozilla/5.0 (l9scan/2.0.5373e2335313e2034323e2236313; +https://leakix.net)"
139.59.231.238 - - [19/Mar/2026:11:20:10 -0300] "GET /swagger/swagger-ui.html HTTP/1.1" 404 19866 "-" "Mozilla/5.0 (l9scan/2.0.5373e2335313e2034323e2236313; +https://leakix.net)"
216.73.216.40 - - [19/Mar/2026:11:20:10 -0300] "GET /1079769030?special=1075232424 HTTP/1.1" 404 19866 "-" "Mozilla/5.0 AppleWebKit/537.36 (KHTML, like Gecko; compatible; ClaudeBot/1.0; +claudebot@anthropic.com)"
139.59.231.238 - - [19/Mar/2026:11:20:11 -0300] "GET /webjars/swagger-ui/index.html HTTP/1.1" 404 19866 "-" "Mozilla/5.0 (l9scan/2.0.5373e2335313e2034323e2236313; +https://leakix.net)"
139.59.231.238 - - [19/Mar/2026:11:20:12 -0300] "GET /swagger.json HTTP/1.1" 404 19866 "-" "Mozilla/5.0 (l9scan/2.0.5373e2335313e2034323e2236313; +https://leakix.net)"
139.59.231.238 - - [19/Mar/2026:11:20:13 -0300] "GET /swagger/v1/swagger.json HTTP/1.1" 404 19866 "-" "Mozilla/5.0 (l9scan/2.0.5373e2335313e2034323e2236313; +https://leakix.net)"
216.73.216.40 - - [19/Mar/2026:11:20:13 -0300] "GET /1079822520?special=1075285689 HTTP/1.1" 404 19866 "-" "Mozilla/5.0 AppleWebKit/537.36 (KHTML, like Gecko; compatible; ClaudeBot/1.0; +claudebot@anthropic.com)"
139.59.231.238 - - [19/Mar/2026:11:20:15 -0300] "GET /v2/api-docs HTTP/1.1" 404 19866 "-" "Mozilla/5.0 (l9scan/2.0.5373e2335313e2034323e2236313; +https://leakix.net)"
139.59.231.238 - - [19/Mar/2026:11:20:16 -0300] "GET /v3/api-docs HTTP/1.1" 404 19866 "-" "Mozilla/5.0 (l9scan/2.0.5373e2335313e2034323e2236313; +https://leakix.net)"
216.73.216.40 - - [19/Mar/2026:11:20:17 -0300] "GET /1079743844?special=1075207343 HTTP/1.1" 404 19866 "-" "Mozilla/5.0 AppleWebKit/537.36 (KHTML, like Gecko; compatible; ClaudeBot/1.0; +claudebot@anthropic.com)"
139.59.231.238 - - [19/Mar/2026:11:20:17 -0300] "GET /api-docs/swagger.json HTTP/1.1" 404 19866 "-" "Mozilla/5.0 (l9scan/2.0.5373e2335313e2034323e2236313; +https://leakix.net)"
139.59.231.238 - - [19/Mar/2026:11:20:18 -0300] "GET /api/swagger.json HTTP/1.1" 404 19866 "-" "Mozilla/5.0 (l9scan/2.0.5373e2335313e2034323e2236313; +https://leakix.net)"
139.59.231.238 - - [19/Mar/2026:11:20:20 -0300] "GET /trace.axd HTTP/1.1" 404 19866 "-" "Mozilla/5.0 (l9scan/2.0.5373e2335313e2034323e2236313; +https://leakix.net)"
216.73.216.40 - - [19/Mar/2026:11:20:20 -0300] "GET /1079683464?special=1075147217 HTTP/1.1" 404 19866 "-" "Mozilla/5.0 AppleWebKit/537.36 (KHTML, like Gecko; compatible; ClaudeBot/1.0; +claudebot@anthropic.com)"
139.59.231.238 - - [19/Mar/2026:11:20:21 -0300] "GET /@vite/env HTTP/1.1" 404 19866 "-" "Mozilla/5.0 (l9scan/2.0.5373e2335313e2034323e2236313; +https://leakix.net)"
139.59.231.238 - - [19/Mar/2026:11:20:22 -0300] "GET /.vscode/sftp.json HTTP/1.1" 404 19866 "-" "Mozilla/5.0 (l9scan/2.0.5373e2335313e2034323e2236313; +https://leakix.net)"
216.73.216.40 - - [19/Mar/2026:11:20:22 -0300] "GET /1079811694?special=1075274908 HTTP/1.1" 404 19866 "-" "Mozilla/5.0 AppleWebKit/537.36 (KHTML, like Gecko; compatible; ClaudeBot/1.0; +claudebot@anthropic.com)"
139.59.231.238 - - [19/Mar/2026:11:20:23 -0300] "OPTIONS / HTTP/1.1" 200 30201 "-" "Mozilla/5.0 (l9scan/2.0.5373e2335313e2034323e2236313; +https://leakix.net)"
139.59.231.238 - - [19/Mar/2026:11:20:24 -0300] "GET /?rest_route=/wp/v2/users/ HTTP/1.1" 200 1360 "-" "Mozilla/5.0 (l9scan/2.0.5373e2335313e2034323e2236313; +https://leakix.net)"
139.59.231.238 - - [19/Mar/2026:11:20:25 -0300] "GET /debug/default/view?panel=config HTTP/1.1" 404 19866 "-" "Mozilla/5.0 (l9scan/2.0.5373e2335313e2034323e2236313; +https://leakix.net)"
216.73.216.40 - - [19/Mar/2026:11:20:27 -0300] "GET /301496930?special=0300230374 HTTP/1.1" 404 19866 "-" "Mozilla/5.0 AppleWebKit/537.36 (KHTML, like Gecko; compatible; ClaudeBot/1.0; +claudebot@anthropic.com)"
216.73.216.40 - - [19/Mar/2026:11:20:30 -0300] "GET /301376992?special=0300110941 HTTP/1.1" 404 19866 "-" "Mozilla/5.0 AppleWebKit/537.36 (KHTML, like Gecko; compatible; ClaudeBot/1.0; +claudebot@anthropic.com)"
216.73.216.40 - - [19/Mar/2026:11:20:32 -0300] "GET /301369554?special=0300103534 HTTP/1.1" 404 19866 "-" "Mozilla/5.0 AppleWebKit/537.36 (KHTML, like Gecko; compatible; ClaudeBot/1.0; +claudebot@anthropic.com)"
216.73.216.40 - - [19/Mar/2026:11:20:35 -0300] "GET /301429354?special=0300163082 HTTP/1.1" 404 19866 "-" "Mozilla/5.0 AppleWebKit/537.36 (KHTML, like Gecko; compatible; ClaudeBot/1.0; +claudebot@anthropic.com)"
216.73.216.40 - - [19/Mar/2026:11:20:38 -0300] "GET /301509130?special=0300242522 HTTP/1.1" 404 19866 "-" "Mozilla/5.0 AppleWebKit/537.36 (KHTML, like Gecko; compatible; ClaudeBot/1.0; +claudebot@anthropic.com)"
216.73.216.40 - - [19/Mar/2026:11:20:41 -0300] "GET /301479214?special=0300212732 HTTP/1.1" 404 19866 "-" "Mozilla/5.0 AppleWebKit/537.36 (KHTML, like Gecko; compatible; ClaudeBot/1.0; +claudebot@anthropic.com)"
216.73.216.40 - - [19/Mar/2026:11:20:44 -0300] "GET /301429902?special=0300163628 HTTP/1.1" 404 19866 "-" "Mozilla/5.0 AppleWebKit/537.36 (KHTML, like Gecko; compatible; ClaudeBot/1.0; +claudebot@anthropic.com)"
216.73.216.40 - - [19/Mar/2026:11:20:47 -0300] "GET /301429112?special=0300162841 HTTP/1.1" 404 19866 "-" "Mozilla/5.0 AppleWebKit/537.36 (KHTML, like Gecko; compatible; ClaudeBot/1.0; +claudebot@anthropic.com)"
216.73.216.40 - - [19/Mar/2026:11:20:50 -0300] "GET /301429660?special=0300163387 HTTP/1.1" 404 19866 "-" "Mozilla/5.0 AppleWebKit/537.36 (KHTML, like Gecko; compatible; ClaudeBot/1.0; +claudebot@anthropic.com)"
216.73.216.40 - - [19/Mar/2026:11:21:19 -0300] "GET /301426852?special=0300160591 HTTP/1.1" 404 19866 "-" "Mozilla/5.0 AppleWebKit/537.36 (KHTML, like Gecko; compatible; ClaudeBot/1.0; +claudebot@anthropic.com)"
216.73.216.40 - - [19/Mar/2026:11:21:22 -0300] "GET /301363458?special=0300097462 HTTP/1.1" 404 19866 "-" "Mozilla/5.0 AppleWebKit/537.36 (KHTML, like Gecko; compatible; ClaudeBot/1.0; +claudebot@anthropic.com)"
216.73.216.40 - - [19/Mar/2026:11:21:24 -0300] "GET /301432984?special=0300166697 HTTP/1.1" 404 19866 "-" "Mozilla/5.0 AppleWebKit/537.36 (KHTML, like Gecko; compatible; ClaudeBot/1.0; +claudebot@anthropic.com)"
216.73.216.40 - - [19/Mar/2026:11:21:28 -0300] "GET /301491410?special=0300224878 HTTP/1.1" 404 19866 "-" "Mozilla/5.0 AppleWebKit/537.36 (KHTML, like Gecko; compatible; ClaudeBot/1.0; +claudebot@anthropic.com)"
216.73.216.40 - - [19/Mar/2026:11:21:30 -0300] "GET /301472598?special=0300206144 HTTP/1.1" 404 19866 "-" "Mozilla/5.0 AppleWebKit/537.36 (KHTML, like Gecko; compatible; ClaudeBot/1.0; +claudebot@anthropic.com)"
216.73.216.40 - - [19/Mar/2026:11:21:33 -0300] "GET /301502756?special=0300236175 HTTP/1.1" 404 19866 "-" "Mozilla/5.0 AppleWebKit/537.36 (KHTML, like Gecko; compatible; ClaudeBot/1.0; +claudebot@anthropic.com)"
216.73.216.40 - - [19/Mar/2026:11:21:36 -0300] "GET /301462594?special=0300196182 HTTP/1.1" 404 19866 "-" "Mozilla/5.0 AppleWebKit/537.36 (KHTML, like Gecko; compatible; ClaudeBot/1.0; +claudebot@anthropic.com)"
216.73.216.40 - - [19/Mar/2026:11:21:39 -0300] "GET /301424076?special=0300157827 HTTP/1.1" 404 19866 "-" "Mozilla/5.0 AppleWebKit/537.36 (KHTML, like Gecko; compatible; ClaudeBot/1.0; +claudebot@anthropic.com)"
216.73.216.40 - - [19/Mar/2026:11:21:46 -0300] "GET /301321648?special=0300055829 HTTP/1.1" 404 19866 "-" "Mozilla/5.0 AppleWebKit/537.36 (KHTML, like Gecko; compatible; ClaudeBot/1.0; +claudebot@anthropic.com)"
216.73.216.40 - - [19/Mar/2026:11:21:52 -0300] "GET /301312740?special=0300046959 HTTP/1.1" 404 19866 "-" "Mozilla/5.0 AppleWebKit/537.36 (KHTML, like Gecko; compatible; ClaudeBot/1.0; +claudebot@anthropic.com)"
216.73.216.40 - - [19/Mar/2026:11:21:54 -0300] "GET /301315000?special=0300049209 HTTP/1.1" 404 19866 "-" "Mozilla/5.0 AppleWebKit/537.36 (KHTML, like Gecko; compatible; ClaudeBot/1.0; +claudebot@anthropic.com)"
216.73.216.40 - - [19/Mar/2026:11:21:56 -0300] "GET /301316406?special=0300050608 HTTP/1.1" 404 19866 "-" "Mozilla/5.0 AppleWebKit/537.36 (KHTML, like Gecko; compatible; ClaudeBot/1.0; +claudebot@anthropic.com)"
216.73.216.40 - - [19/Mar/2026:11:21:59 -0300] "GET /301475306?special=0300208842 HTTP/1.1" 404 19866 "-" "Mozilla/5.0 AppleWebKit/537.36 (KHTML, like Gecko; compatible; ClaudeBot/1.0; +claudebot@anthropic.com)"
216.73.216.40 - - [19/Mar/2026:11:22:02 -0300] "GET /301473968?special=0300207509 HTTP/1.1" 404 19866 "-" "Mozilla/5.0 AppleWebKit/537.36 (KHTML, like Gecko; compatible; ClaudeBot/1.0; +claudebot@anthropic.com)"
216.73.216.40 - - [19/Mar/2026:11:22:05 -0300] "GET /301499980?special=0300233411 HTTP/1.1" 404 19866 "-" "Mozilla/5.0 AppleWebKit/537.36 (KHTML, like Gecko; compatible; ClaudeBot/1.0; +claudebot@anthropic.com)"
216.73.216.40 - - [19/Mar/2026:11:22:08 -0300] "GET /301449572?special=0300183215 HTTP/1.1" 404 19866 "-" "Mozilla/5.0 AppleWebKit/537.36 (KHTML, like Gecko; compatible; ClaudeBot/1.0; +claudebot@anthropic.com)"
216.73.216.40 - - [19/Mar/2026:11:22:11 -0300] "GET /301387274?special=0300121178 HTTP/1.1" 404 19866 "-" "Mozilla/5.0 AppleWebKit/537.36 (KHTML, like Gecko; compatible; ClaudeBot/1.0; +claudebot@anthropic.com)"
216.73.216.40 - - [19/Mar/2026:11:22:16 -0300] "GET /301365102?special=0300099100 HTTP/1.1" 404 19866 "-" "Mozilla/5.0 AppleWebKit/537.36 (KHTML, like Gecko; compatible; ClaudeBot/1.0; +claudebot@anthropic.com)"
216.73.216.40 - - [19/Mar/2026:11:22:19 -0300] "GET /301388950?special=0300122848 HTTP/1.1" 404 19866 "-" "Mozilla/5.0 AppleWebKit/537.36 (KHTML, like Gecko; compatible; ClaudeBot/1.0; +claudebot@anthropic.com)"
216.73.216.40 - - [19/Mar/2026:11:22:22 -0300] "GET /301330524?special=0300064667 HTTP/1.1" 404 19866 "-" "Mozilla/5.0 AppleWebKit/537.36 (KHTML, like Gecko; compatible; ClaudeBot/1.0; +claudebot@anthropic.com)"
216.73.216.40 - - [19/Mar/2026:11:23:01 -0300] "GET /301505770?special=0300239178 HTTP/1.1" 404 19866 "-" "Mozilla/5.0 AppleWebKit/537.36 (KHTML, like Gecko; compatible; ClaudeBot/1.0; +claudebot@anthropic.com)"
92.63.224.146 - - [19/Mar/2026:11:23:05 -0300] "POST /xmlrpc.php HTTP/1.1" 200 416 "-" "Mozilla/5.0 (X11; Linux x86_64) AppleWebKit/537.36 (KHTML, like Gecko) Chrome/114.0.0.0 Safari/537.36 Vivaldi/5.3.2679.68"
216.73.216.40 - - [19/Mar/2026:11:23:04 -0300] "GET /301433532?special=0300167243 HTTP/1.1" 404 19866 "-" "Mozilla/5.0 AppleWebKit/537.36 (KHTML, like Gecko; compatible; ClaudeBot/1.0; +claudebot@anthropic.com)"
216.73.216.40 - - [19/Mar/2026:11:23:07 -0300] "GET /301447376?special=0300181029 HTTP/1.1" 404 19866 "-" "Mozilla/5.0 AppleWebKit/537.36 (KHTML, like Gecko; compatible; ClaudeBot/1.0; +claudebot@anthropic.com)"
92.63.224.146 - - [19/Mar/2026:11:23:09 -0300] "POST /xmlrpc.php HTTP/1.1" 200 416 "-" "Mozilla/5.0 (X11; Linux x86_64) AppleWebKit/537.36 (KHTML, like Gecko) Chrome/114.0.0.0 Safari/537.36 Vivaldi/5.3.2679.68"
216.73.216.40 - - [19/Mar/2026:11:23:10 -0300] "GET /301478972?special=0300212491 HTTP/1.1" 404 19866 "-" "Mozilla/5.0 AppleWebKit/537.36 (KHTML, like Gecko; compatible; ClaudeBot/1.0; +claudebot@anthropic.com)"
92.63.224.146 - - [19/Mar/2026:11:23:12 -0300] "POST /xmlrpc.php HTTP/1.1" 200 416 "-" "Mozilla/5.0 (X11; Linux x86_64) AppleWebKit/537.36 (KHTML, like Gecko) Chrome/114.0.0.0 Safari/537.36 Vivaldi/5.3.2679.68"
216.73.216.40 - - [19/Mar/2026:11:23:13 -0300] "GET /301360682?special=0300094698 HTTP/1.1" 404 19866 "-" "Mozilla/5.0 AppleWebKit/537.36 (KHTML, like Gecko; compatible; ClaudeBot/1.0; +claudebot@anthropic.com)"
92.63.224.146 - - [19/Mar/2026:11:23:16 -0300] "POST /xmlrpc.php HTTP/1.1" 200 416 "-" "Mozilla/5.0 (X11; Linux x86_64) AppleWebKit/537.36 (KHTML, like Gecko) Chrome/114.0.0.0 Safari/537.36 Vivaldi/5.3.2679.68"
216.73.216.40 - - [19/Mar/2026:11:23:16 -0300] "GET /301402762?special=0300136602 HTTP/1.1" 404 19866 "-" "Mozilla/5.0 AppleWebKit/537.36 (KHTML, like Gecko; compatible; ClaudeBot/1.0; +claudebot@anthropic.com)"
216.73.216.40 - - [19/Mar/2026:11:23:19 -0300] "GET /301448166?special=0300181816 HTTP/1.1" 404 19866 "-" "Mozilla/5.0 AppleWebKit/537.36 (KHTML, like Gecko; compatible; ClaudeBot/1.0; +claudebot@anthropic.com)"
92.63.224.146 - - [19/Mar/2026:11:23:19 -0300] "POST /xmlrpc.php HTTP/1.1" 200 416 "-" "Mozilla/5.0 (X11; Linux x86_64) AppleWebKit/537.36 (KHTML, like Gecko) Chrome/114.0.0.0 Safari/537.36 Vivaldi/5.3.2679.68"
216.73.216.40 - - [19/Mar/2026:11:23:22 -0300] "GET /301448202?special=0300181850 HTTP/1.1" 404 19866 "-" "Mozilla/5.0 AppleWebKit/537.36 (KHTML, like Gecko; compatible; ClaudeBot/1.0; +claudebot@anthropic.com)"
92.63.224.146 - - [19/Mar/2026:11:23:24 -0300] "POST /xmlrpc.php HTTP/1.1" 200 416 "-" "Mozilla/5.0 (X11; Linux x86_64) AppleWebKit/537.36 (KHTML, like Gecko) Chrome/114.0.0.0 Safari/537.36 Vivaldi/5.3.2679.68"
216.73.216.40 - - [19/Mar/2026:11:23:25 -0300] "GET /301381206?special=0300115136 HTTP/1.1" 404 19866 "-" "Mozilla/5.0 AppleWebKit/537.36 (KHTML, like Gecko; compatible; ClaudeBot/1.0; +claudebot@anthropic.com)"
92.63.224.146 - - [19/Mar/2026:11:23:27 -0300] "POST /xmlrpc.php HTTP/1.1" 200 416 "-" "Mozilla/5.0 (X11; Linux x86_64) AppleWebKit/537.36 (KHTML, like Gecko) Chrome/114.0.0.0 Safari/537.36 Vivaldi/5.3.2679.68"
92.63.224.146 - - [19/Mar/2026:11:23:31 -0300] "POST /xmlrpc.php HTTP/1.1" 200 416 "-" "Mozilla/5.0 (X11; Linux x86_64) AppleWebKit/537.36 (KHTML, like Gecko) Chrome/114.0.0.0 Safari/537.36 Vivaldi/5.3.2679.68"
92.63.224.146 - - [19/Mar/2026:11:23:33 -0300] "POST /xmlrpc.php HTTP/1.1" 200 416 "-" "Mozilla/5.0 (X11; Linux x86_64) AppleWebKit/537.36 (KHTML, like Gecko) Chrome/114.0.0.0 Safari/537.36 Vivaldi/5.3.2679.68"
143.244.47.83 - - [19/Mar/2026:11:24:27 -0300] "HEAD / HTTP/1.1" 200 - "-" "Mozilla/5.0 (Windows NT 10.0; Win64; x64) AppleWebKit/537.36 (KHTML, like Gecko) Chrome/58.0.3029.110 Safari/537.3"
77.83.185.58 - - [19/Mar/2026:11:24:43 -0300] "GET /2026/01/27/work-for-online-casino/ HTTP/1.1" 200 28171 "-" "Mozilla/5.0 (Macintosh; Intel Mac OS X 12_5) AppleWebKit/537.36 (KHTML, like Gecko) Chrome/114.0.0.0 Safari/537.36"
149.88.104.250 - - [19/Mar/2026:11:24:51 -0300] "GET / HTTP/1.1" 200 30201 "-" "Mozilla/5.0 (Macintosh; Intel Mac OS X 10_15_7) AppleWebKit/537.36 (KHTML, like Gecko) Chrome/144.0.0.0 Safari/537.36"
149.88.104.250 - - [19/Mar/2026:11:25:50 -0300] "GET /wp-content/uploads/2023/09/cropped-Pin-negro-rose-1-02-180x180.png HTTP/1.1" 200 10007 "-" "Mozilla/5.0 (Macintosh; Intel Mac OS X 10_15_7) AppleWebKit/537.36 (KHTML, like Gecko) Chrome/144.0.0.0 Safari/537.36"
40.77.167.48 - - [19/Mar/2026:11:25:50 -0300] "GET /3869476?special=0003853455 HTTP/1.1" 200 194730 "-" "Mozilla/5.0 AppleWebKit/537.36 (KHTML, like Gecko; compatible; bingbot/2.0; +http://www.bing.com/bingbot.htm) Chrome/116.0.1938.76 Safari/537.36"
149.88.104.250 - - [19/Mar/2026:11:25:51 -0300] "GET /wp-content/uploads/2023/09/cropped-Pin-negro-rose-1-02-192x192.png HTTP/1.1" 200 11084 "-" "Mozilla/5.0 (Macintosh; Intel Mac OS X 10_15_7) AppleWebKit/537.36 (KHTML, like Gecko) Chrome/144.0.0.0 Safari/537.36"
194.165.16.5 - - [19/Mar/2026:11:25:55 -0300] "GET /wp-login.php HTTP/1.1" 200 8657 "-" "Mozilla/5.0 (Windows NT 10.0; Win64; x64; rv:127.0) Gecko/20100101 Firefox/127.0"
149.88.104.250 - - [19/Mar/2026:11:25:56 -0300] "GET /wp-content/uploads/2023/09/cropped-Pin-negro-rose-1-02-32x32.png HTTP/1.1" 200 1037 "-" "Mozilla/5.0 (Macintosh; Intel Mac OS X 10_15_7) AppleWebKit/537.36 (KHTML, like Gecko) Chrome/144.0.0.0 Safari/537.36"
162.240.153.75 - - [19/Mar/2026:11:25:56 -0300] "POST /wp-cron.php?doing_wp_cron=1773930356.8939189910888671875000 HTTP/1.1" 200 - "-" "WordPress/6.9.4; https://ushort.observer/xuFXqsB0r1"
194.165.16.5 - - [19/Mar/2026:11:25:56 -0300] "POST /xmlrpc.php HTTP/1.1" 200 179 "-" "Mozilla/5.0 (Macintosh; Intel Mac OS X 13_5) AppleWebKit/605.1.15 (KHTML, like Gecko) Version/17.5 Safari/605.1.15"
194.165.16.5 - - [19/Mar/2026:11:25:57 -0300] "POST /xmlrpc.php HTTP/1.1" 200 5271 "-" "Mozilla/5.0 (Windows NT 10.0; Win64; x64; rv:127.0) Gecko/20100101 Firefox/127.0"
149.88.104.250 - - [19/Mar/2026:11:26:29 -0300] "GET /favicon.ico HTTP/1.1" 302 - "-" "Mozilla/5.0 (Macintosh; Intel Mac OS X 10_15_7) AppleWebKit/537.36 (KHTML, like Gecko) Chrome/144.0.0.0 Safari/537.36"
149.88.104.250 - - [19/Mar/2026:11:26:32 -0300] "GET /wp-content/uploads/2023/09/cropped-Pin-negro-rose-1-02-32x32.png HTTP/1.1" 200 1037 "-" "req/v3 (https://github.com/imroc/req)"
118.189.242.201 - - [19/Mar/2026:11:28:26 -0300] "GET /2026/01/19/nhl-live-streaming/ HTTP/1.1" 200 27882 "https://vsptdigital.cl/" "Mozilla/5.0 (Windows NT 10.0; WOW64) AppleWebKit/537.36 (KHTML, like Gecko) Chrome/114.0.0.0 YaBrowser/22.7.0 Yowser/2.5 Safari/537.36"
118.189.242.201 - - [19/Mar/2026:11:28:27 -0300] "GET /wp-content/themes/hello-elementor/style.min.css?ver=3.0.1 HTTP/1.1" 200 5756 "https://vsptdigital.cl/2026/01/19/nhl-live-streaming/" "Mozilla/5.0 (Windows NT 10.0; Win64; x64) AppleWebKit/537.36 (KHTML, like Gecko) Chrome/143.0.0.0 Safari/537.36"
118.189.242.201 - - [19/Mar/2026:11:28:28 -0300] "GET /wp-content/themes/hello-elementor/theme.min.css?ver=3.0.1 HTTP/1.1" 200 5131 "https://vsptdigital.cl/2026/01/19/nhl-live-streaming/" "Mozilla/5.0 (Windows NT 10.0; Win64; x64) AppleWebKit/537.36 (KHTML, like Gecko) Chrome/143.0.0.0 Safari/537.36"
118.189.242.201 - - [19/Mar/2026:11:28:28 -0300] "GET /wp-content/themes/hello-elementor/header-footer.min.css?ver=3.0.1 HTTP/1.1" 200 7325 "https://vsptdigital.cl/2026/01/19/nhl-live-streaming/" "Mozilla/5.0 (Windows NT 10.0; Win64; x64) AppleWebKit/537.36 (KHTML, like Gecko) Chrome/143.0.0.0 Safari/537.36"
118.189.242.201 - - [19/Mar/2026:11:28:29 -0300] "POST /wp-comments-post.php HTTP/1.1" 302 - "https://vsptdigital.cl/2026/01/19/nhl-live-streaming/" "Mozilla/5.0 (Windows NT 10.0; WOW64) AppleWebKit/537.36 (KHTML, like Gecko) Chrome/114.0.0.0 YaBrowser/22.7.0 Yowser/2.5 Safari/537.36"
118.189.242.201 - - [19/Mar/2026:11:28:31 -0300] "GET /2026/01/19/nhl-live-streaming/ HTTP/1.1" 200 27882 "-" "Mozilla/5.0 (Windows NT 10.0; WOW64) AppleWebKit/537.36 (KHTML, like Gecko) Chrome/114.0.0.0 YaBrowser/22.7.0 Yowser/2.5 Safari/537.36"
92.63.224.151 - - [19/Mar/2026:11:29:47 -0300] "POST /xmlrpc.php HTTP/1.1" 200 416 "-" "Mozilla/5.0 (Windows NT 10.0; WOW64) AppleWebKit/537.36 (KHTML, like Gecko) Chrome/80.0.3987.132 Safari/537.36"
92.63.224.151 - - [19/Mar/2026:11:29:56 -0300] "POST /xmlrpc.php HTTP/1.1" 200 416 "-" "Mozilla/5.0 (Windows NT 10.0; WOW64) AppleWebKit/537.36 (KHTML, like Gecko) Chrome/80.0.3987.132 Safari/537.36"
92.63.224.151 - - [19/Mar/2026:11:30:08 -0300] "POST /xmlrpc.php HTTP/1.1" 200 416 "-" "Mozilla/5.0 (Windows NT 10.0; WOW64) AppleWebKit/537.36 (KHTML, like Gecko) Chrome/80.0.3987.132 Safari/537.36"
118.189.242.201 - - [19/Mar/2026:11:30:11 -0300] "GET /2026/01/19/nhl-live-streaming/ HTTP/1.1" 200 27882 "-" "Mozilla/5.0 (Macintosh; Intel Mac OS X 12_5) AppleWebKit/537.36 (KHTML, like Gecko) Chrome/114.0.0.0 Safari/537.36"
92.63.224.151 - - [19/Mar/2026:11:30:16 -0300] "POST /xmlrpc.php HTTP/1.1" 200 416 "-" "Mozilla/5.0 (Windows NT 10.0; WOW64) AppleWebKit/537.36 (KHTML, like Gecko) Chrome/80.0.3987.132 Safari/537.36"
142.44.233.156 - - [19/Mar/2026:11:30:21 -0300] "GET /36426342?special=0036273528 HTTP/1.1" 404 19866 "-" "Mozilla/5.0 (compatible; AhrefsBot/7.0; +http://ahrefs.com/robot/)"
92.63.224.151 - - [19/Mar/2026:11:30:24 -0300] "POST /xmlrpc.php HTTP/1.1" 200 416 "-" "Mozilla/5.0 (Windows NT 10.0; WOW64) AppleWebKit/537.36 (KHTML, like Gecko) Chrome/80.0.3987.132 Safari/537.36"
92.63.224.151 - - [19/Mar/2026:11:30:31 -0300] "POST /xmlrpc.php HTTP/1.1" 200 416 "-" "Mozilla/5.0 (Windows NT 10.0; WOW64) AppleWebKit/537.36 (KHTML, like Gecko) Chrome/80.0.3987.132 Safari/537.36"
